[INFO] fetching crate symjit 2.27.2...
[INFO] testing symjit-2.27.2 against 1.100.0-beta.1+cargoflags=--release for beta-release-1.100-2
[INFO] extracting crate symjit 2.27.2 into /workspace/builds/worker-0-tc2/source
[INFO] started tweaking crates.io crate symjit 2.27.2
[INFO] removed 0 missing tests
[INFO] finished tweaking crates.io crate symjit 2.27.2
[INFO] tweaked toml for crates.io crate symjit 2.27.2 written to /workspace/builds/worker-0-tc2/source/Cargo.toml
[INFO] validating manifest of crates.io crate symjit 2.27.2 on toolchain 1.100.0-beta.1
[INFO] running `Command { std: CARGO_HOME="/workspace/cargo-home" RUSTUP_HOME="/workspace/rustup-home" "/workspace/cargo-home/bin/cargo" "+1.100.0-beta.1" "metadata" "--manifest-path" "Cargo.toml" "--no-deps", kill_on_drop: false }`
[INFO] crate crates.io crate symjit 2.27.2 already has a lockfile, it will not be regenerated
[INFO] running `Command { std: CARGO_HOME="/workspace/cargo-home" RUSTUP_HOME="/workspace/rustup-home" "/workspace/cargo-home/bin/cargo" "+1.100.0-beta.1" "fetch" "--manifest-path" "Cargo.toml", kill_on_drop: false }`
[INFO] running `Command { std: "docker" "create" "-v" "/var/lib/crater-agent-workspace/builds/worker-0-tc2/source:/opt/rustwide/workdir:ro,Z" "-v" "/var/lib/crater-agent-workspace/builds/worker-0-tc2/target:/opt/rustwide/target:rw,Z" "-v" "/var/lib/crater-agent-workspace/cargo-home:/opt/rustwide/cargo-home:ro,Z" "-v" "/var/lib/crater-agent-workspace/rustup-home:/opt/rustwide/rustup-home:ro,Z" "-m" "1610612736" "--network" "none" "ghcr.io/rust-lang/crates-build-env/linux@sha256:77db811e55d90add9212f6832c23229e3de5f1c1f9905e8cb07319ea15df73ac" "sleep" "infinity", kill_on_drop: false }`
[INFO] [stdout] 6f36b31f1dc7f8c605e17a0bd619c135dcabde3c1b28ed9a1bb5e0644ed31581
[INFO] running `Command { std: "docker" "start" "6f36b31f1dc7f8c605e17a0bd619c135dcabde3c1b28ed9a1bb5e0644ed31581", kill_on_drop: false }`
[INFO] running `Command { std: "docker" "inspect" "6f36b31f1dc7f8c605e17a0bd619c135dcabde3c1b28ed9a1bb5e0644ed31581", kill_on_drop: false }`
[INFO] running `Command { std: "docker" "exec" "-e" "SOURCE_DIR=/opt/rustwide/workdir" "-e" "CARGO_HOME=/opt/rustwide/cargo-home" "-e" "RUSTUP_HOME=/opt/rustwide/rustup-home" "-e" "CARGO_TARGET_DIR=/opt/rustwide/target" "-w" "/opt/rustwide/workdir" "--user" "0:0" "6f36b31f1dc7f8c605e17a0bd619c135dcabde3c1b28ed9a1bb5e0644ed31581" "/opt/rustwide/cargo-home/bin/cargo" "+1.100.0-beta.1" "metadata" "--no-deps" "--format-version=1", kill_on_drop: false }`
[INFO] running `Command { std: "docker" "inspect" "6f36b31f1dc7f8c605e17a0bd619c135dcabde3c1b28ed9a1bb5e0644ed31581", kill_on_drop: false }`
[INFO] running `Command { std: "docker" "exec" "-e" "SOURCE_DIR=/opt/rustwide/workdir" "-e" "CARGO_HOME=/opt/rustwide/cargo-home" "-e" "RUSTUP_HOME=/opt/rustwide/rustup-home" "-e" "CARGO_TARGET_DIR=/opt/rustwide/target" "-e" "CARGO_INCREMENTAL=0" "-e" "RUST_BACKTRACE=full" "-e" "RUSTFLAGS=--cap-lints=warn" "-e" "RUSTDOCFLAGS=--cap-lints=warn" "-w" "/opt/rustwide/workdir" "--user" "0:0" "6f36b31f1dc7f8c605e17a0bd619c135dcabde3c1b28ed9a1bb5e0644ed31581" "/opt/rustwide/cargo-home/bin/cargo" "+1.100.0-beta.1" "build" "--frozen" "--message-format=json" "--release", kill_on_drop: false }`
[INFO] [stderr]    Compiling libc v0.2.190
[INFO] [stderr]    Compiling cfg-if v1.0.5
[INFO] [stderr]    Compiling serde_core v1.0.229
[INFO] [stderr]    Compiling num-traits v0.2.19
[INFO] [stderr]    Compiling zerocopy v0.8.62
[INFO] [stderr]    Compiling getrandom v0.3.4
[INFO] [stderr]    Compiling proc-macro2 v1.0.107
[INFO] [stderr]    Compiling crossbeam-utils v0.8.23
[INFO] [stderr]    Compiling crossbeam-epoch v0.9.21
[INFO] [stderr]    Compiling unicode-ident v1.0.26
[INFO] [stderr]    Compiling quote v1.0.47
[INFO] [stderr]    Compiling crossbeam-deque v0.8.8
[INFO] [stderr]    Compiling version_check v0.9.5
[INFO] [stderr]    Compiling rayon-core v1.13.0
[INFO] [stderr]    Compiling zmij v1.0.23
[INFO] [stderr]    Compiling anyhow v1.0.104
[INFO] [stderr]    Compiling ahash v0.8.12
[INFO] [stderr]    Compiling corosensei v0.3.4
[INFO] [stderr]    Compiling winnow v1.0.4
[INFO] [stderr]    Compiling serde_json v1.0.151
[INFO] [stderr]    Compiling serde v1.0.229
[INFO] [stderr]    Compiling safe_arch v1.2.0
[INFO] [stderr]    Compiling syn v3.0.7
[INFO] [stderr]    Compiling toml_parser v1.1.5+spec-1.1.0
[INFO] [stderr]    Compiling rand_core v0.9.5
[INFO] [stderr]    Compiling num-integer v0.1.47
[INFO] [stderr]    Compiling num-bigint v0.4.8
[INFO] [stderr]    Compiling itoa v1.0.18
[INFO] [stderr]    Compiling foldhash v0.2.0
[INFO] [stderr]    Compiling allocator-api2 v0.2.21
[INFO] [stderr]    Compiling once_cell v1.21.4
[INFO] [stderr]    Compiling scopeguard v1.2.0
[INFO] [stderr]    Compiling bitflags v1.3.2
[INFO] [stderr]    Compiling toml_writer v1.1.3+spec-1.1.0
[INFO] [stderr]    Compiling equivalent v1.0.2
[INFO] [stderr]    Compiling either v1.19.0
[INFO] [stderr]    Compiling memchr v2.8.3
[INFO] [stderr]    Compiling rayon v1.12.0
[INFO] [stderr]    Compiling hashbrown v0.16.1
[INFO] [stderr]    Compiling serde_spanned v1.1.2
[INFO] [stderr]    Compiling toml_datetime v1.1.2+spec-1.1.0
[INFO] [stderr]    Compiling region v3.0.2
[INFO] [stderr]    Compiling toml v1.1.8+spec-1.1.0
[INFO] [stderr]    Compiling num-rational v0.4.2
[INFO] [stderr]    Compiling serde_derive v1.0.229
[INFO] [stderr]    Compiling wasmtime-jit-icache-coherence v34.0.2
[INFO] [stderr]    Compiling wide v1.7.1
[INFO] [stderr]    Compiling hugepage-rs v0.1.1
[INFO] [stderr]    Compiling ppv-lite86 v0.2.21
[INFO] [stderr]    Compiling num-complex v0.4.6
[INFO] [stderr]    Compiling rand_chacha v0.9.0
[INFO] [stderr]    Compiling rand v0.9.5
[INFO] [stderr]    Compiling lazy_static v1.5.1
[INFO] [stderr]    Compiling spec_math v0.1.6
[INFO] [stderr]    Compiling symjit v2.27.2 (/opt/rustwide/workdir)
[INFO] [stdout] warning: associated function `c_name` is never used
[INFO] [stdout]    --> rust/code.rs:162:12
[INFO] [stdout]     |
[INFO] [stdout] 158 | impl VirtualTable {
[INFO] [stdout]     | ----------------- associated function in this implementation
[INFO] [stdout] ...
[INFO] [stdout] 162 |     pub fn c_name(op: &str) -> Option<&'static str> {
[INFO] [stdout]     |            ^^^^^^
[INFO] [stdout]     |
[INFO] [stdout]     = note: `#[warn(dead_code)]` (part of `#[warn(unused)]`) on by default
[INFO] [stdout] 
[INFO] [stdout] 
[INFO] [stderr] warning: unused dependency `ahash`
[INFO] [stderr]  --> Cargo.toml:1:15
[INFO] [stderr]   |
[INFO] [stderr] 1 | [dependencies.ahash]
[INFO] [stderr]   |               ^^^^^^
[INFO] [stderr]   |
[INFO] [stderr]   = note: `cargo::unused_dependencies` is set to `warn` by default
[INFO] [stderr] help: consider removing the dependency on `ahash`
[INFO] [stderr] warning: unused dependency `hashbrown`
[INFO] [stderr]   --> Cargo.toml:11:15
[INFO] [stderr]    |
[INFO] [stderr] 11 | [dependencies.hashbrown]
[INFO] [stderr]    |               ^^^^^^^^^^
[INFO] [stderr]    |
[INFO] [stderr] help: consider removing the dependency on `hashbrown`
[INFO] [stderr] warning: `symjit` (manifest) generated 2 warnings
[INFO] [stderr]     Finished `release` profile [optimized] target(s) in 1m 27s
[INFO] running `Command { std: "docker" "inspect" "6f36b31f1dc7f8c605e17a0bd619c135dcabde3c1b28ed9a1bb5e0644ed31581", kill_on_drop: false }`
[INFO] running `Command { std: "docker" "exec" "-e" "SOURCE_DIR=/opt/rustwide/workdir" "-e" "CARGO_HOME=/opt/rustwide/cargo-home" "-e" "RUSTUP_HOME=/opt/rustwide/rustup-home" "-e" "CARGO_TARGET_DIR=/opt/rustwide/target" "-e" "CARGO_INCREMENTAL=0" "-e" "RUST_BACKTRACE=full" "-e" "RUSTFLAGS=--cap-lints=warn" "-e" "RUSTDOCFLAGS=--cap-lints=warn" "-w" "/opt/rustwide/workdir" "--user" "0:0" "6f36b31f1dc7f8c605e17a0bd619c135dcabde3c1b28ed9a1bb5e0644ed31581" "/opt/rustwide/cargo-home/bin/cargo" "+1.100.0-beta.1" "test" "--frozen" "--no-run" "--message-format=json" "--release", kill_on_drop: false }`
[INFO] [stdout] warning: associated function `c_name` is never used
[INFO] [stdout]    --> rust/code.rs:162:12
[INFO] [stdout]     |
[INFO] [stdout] 158 | impl VirtualTable {
[INFO] [stdout]     | ----------------- associated function in this implementation
[INFO] [stdout] ...
[INFO] [stdout] 162 |     pub fn c_name(op: &str) -> Option<&'static str> {
[INFO] [stdout]     |            ^^^^^^
[INFO] [stdout]     |
[INFO] [stdout]     = note: `#[warn(dead_code)]` (part of `#[warn(unused)]`) on by default
[INFO] [stdout] 
[INFO] [stdout] 
[INFO] [stderr]    Compiling symjit v2.27.2 (/opt/rustwide/workdir)
[INFO] [stdout] warning: associated function `c_name` is never used
[INFO] [stdout]    --> rust/code.rs:162:12
[INFO] [stdout]     |
[INFO] [stdout] 158 | impl VirtualTable {
[INFO] [stdout]     | ----------------- associated function in this implementation
[INFO] [stdout] ...
[INFO] [stdout] 162 |     pub fn c_name(op: &str) -> Option<&'static str> {
[INFO] [stdout]     |            ^^^^^^
[INFO] [stdout]     |
[INFO] [stdout]     = note: `#[warn(dead_code)]` (part of `#[warn(unused)]`) on by default
[INFO] [stdout] 
[INFO] [stdout] 
[INFO] [stderr] warning: unused dependency `ahash`
[INFO] [stderr]  --> Cargo.toml:1:15
[INFO] [stderr]   |
[INFO] [stderr] 1 | [dependencies.ahash]
[INFO] [stderr]   |               ^^^^^^
[INFO] [stderr]   |
[INFO] [stderr]   = note: `cargo::unused_dependencies` is set to `warn` by default
[INFO] [stderr] help: consider removing the dependency on `ahash`
[INFO] [stderr] warning: unused dependency `hashbrown`
[INFO] [stderr]   --> Cargo.toml:11:15
[INFO] [stderr]    |
[INFO] [stderr] 11 | [dependencies.hashbrown]
[INFO] [stderr]    |               ^^^^^^^^^^
[INFO] [stderr]    |
[INFO] [stderr] help: consider removing the dependency on `hashbrown`
[INFO] [stderr] warning: `symjit` (manifest) generated 2 warnings
[INFO] [stderr]     Finished `release` profile [optimized] target(s) in 51.27s
[INFO] running `Command { std: "docker" "inspect" "6f36b31f1dc7f8c605e17a0bd619c135dcabde3c1b28ed9a1bb5e0644ed31581", kill_on_drop: false }`
[INFO] running `Command { std: "docker" "exec" "-e" "SOURCE_DIR=/opt/rustwide/workdir" "-e" "CARGO_HOME=/opt/rustwide/cargo-home" "-e" "RUSTUP_HOME=/opt/rustwide/rustup-home" "-e" "CARGO_TARGET_DIR=/opt/rustwide/target" "-e" "CARGO_INCREMENTAL=0" "-e" "RUST_BACKTRACE=full" "-e" "RUSTFLAGS=--cap-lints=warn" "-e" "RUSTDOCFLAGS=--cap-lints=warn" "-w" "/opt/rustwide/workdir" "--user" "0:0" "6f36b31f1dc7f8c605e17a0bd619c135dcabde3c1b28ed9a1bb5e0644ed31581" "/opt/rustwide/cargo-home/bin/cargo" "+1.100.0-beta.1" "test" "--frozen" "--release", kill_on_drop: false }`
[INFO] [stderr] warning: associated function `c_name` is never used
[INFO] [stderr]    --> rust/code.rs:162:12
[INFO] [stderr]     |
[INFO] [stderr] 158 | impl VirtualTable {
[INFO] [stderr]     | ----------------- associated function in this implementation
[INFO] [stderr] ...
[INFO] [stderr] 162 |     pub fn c_name(op: &str) -> Option<&'static str> {
[INFO] [stderr]     |            ^^^^^^
[INFO] [stderr]     |
[INFO] [stderr]     = note: `#[warn(dead_code)]` (part of `#[warn(unused)]`) on by default
[INFO] [stderr] 
[INFO] [stderr] warning: `symjit` (lib) generated 1 warning
[INFO] [stderr] warning: `symjit` (lib test) generated 1 warning (1 duplicate)
[INFO] [stderr] warning: unused dependency `ahash`
[INFO] [stderr]  --> Cargo.toml:1:15
[INFO] [stderr]   |
[INFO] [stderr] 1 | [dependencies.ahash]
[INFO] [stderr]   |               ^^^^^^
[INFO] [stderr]   |
[INFO] [stderr]   = note: `cargo::unused_dependencies` is set to `warn` by default
[INFO] [stderr] help: consider removing the dependency on `ahash`
[INFO] [stderr] warning: unused dependency `hashbrown`
[INFO] [stderr]   --> Cargo.toml:11:15
[INFO] [stderr]    |
[INFO] [stderr] 11 | [dependencies.hashbrown]
[INFO] [stderr]    |               ^^^^^^^^^^
[INFO] [stderr]    |
[INFO] [stderr] help: consider removing the dependency on `hashbrown`
[INFO] [stderr] warning: `symjit` (manifest) generated 2 warnings
[INFO] [stderr]     Finished `release` profile [optimized] target(s) in 0.16s
[INFO] [stderr]      Running unittests rust/lib.rs (/opt/rustwide/target/release/build/symjit/9656fcd12f3c7a6c/out/symjit-9656fcd12f3c7a6c)
[INFO] [stdout] 
[INFO] [stdout] running 2152 tests
[INFO] [stdout] test amd::tests::add_imm_2 ... ok
[INFO] [stdout] test amd::tests::addsd_0 ... ok
[INFO] [stdout] test amd::tests::add_imm_0 ... ok
[INFO] [stdout] test amd::tests::add_imm_1 ... ok
[INFO] [stdout] test amd::tests::addsd_1 ... ok
[INFO] [stdout] test amd::tests::add_0 ... ok
[INFO] [stdout] test amd::tests::add_rsp_0 ... ok
[INFO] [stdout] test amd::tests::and_imm_1 ... ok
[INFO] [stdout] test amd::tests::add_1 ... ok
[INFO] [stdout] test amd::tests::addsd_2 ... ok
[INFO] [stdout] test amd::tests::and_imm_0 ... ok
[INFO] [stdout] test amd::tests::andnpd_0 ... ok
[INFO] [stdout] test amd::tests::andnpd_2 ... ok
[INFO] [stdout] test amd::tests::and_imm_2 ... ok
[INFO] [stdout] test amd::tests::andnpd_1 ... ok
[INFO] [stdout] test amd::tests::andnpd_label_1 ... ok
[INFO] [stdout] test amd::tests::andnpd_label_0 ... ok
[INFO] [stdout] test amd::tests::andpd_0 ... ok
[INFO] [stdout] test amd::tests::andpd_1 ... ok
[INFO] [stdout] test amd::tests::andpd_label_1 ... ok
[INFO] [stdout] test amd::tests::andpd_label_0 ... ok
[INFO] [stdout] test amd::tests::call_1 ... ok
[INFO] [stdout] test amd::tests::call_3 ... ok
[INFO] [stdout] test amd::tests::andpd_2 ... ok
[INFO] [stdout] test amd::tests::cmovnz_1 ... ok
[INFO] [stdout] test amd::tests::cmovnz_2 ... ok
[INFO] [stdout] test amd::tests::cmovz_1 ... ok
[INFO] [stdout] test amd::tests::call_relative_0 ... ok
[INFO] [stdout] test amd::tests::cmovz_2 ... ok
[INFO] [stdout] test amd::tests::cmovnz_0 ... ok
[INFO] [stdout] test amd::tests::call_0 ... ok
[INFO] [stdout] test amd::tests::call_2 ... ok
[INFO] [stdout] test amd::tests::call_indirect_0 ... ok
[INFO] [stdout] test amd::tests::cmovz_0 ... ok
[INFO] [stdout] test amd::tests::cmp_imm_2 ... ok
[INFO] [stdout] test amd::tests::cmpeqsd_1 ... ok
[INFO] [stdout] test amd::tests::cmp_imm_0 ... ok
[INFO] [stdout] test amd::tests::cmp_imm_1 ... ok
[INFO] [stdout] test amd::tests::cmpeqsd_0 ... ok
[INFO] [stdout] test amd::tests::cmpltsd_1 ... ok
[INFO] [stdout] test amd::tests::cmpeqsd_2 ... ok
[INFO] [stdout] test amd::tests::cmplesd_1 ... ok
[INFO] [stdout] test amd::tests::cmplesd_0 ... ok
[INFO] [stdout] test amd::tests::cmpneqsd_0 ... ok
[INFO] [stdout] test amd::tests::cmpnlesd_0 ... ok
[INFO] [stdout] test amd::tests::cmpltsd_2 ... ok
[INFO] [stdout] test amd::tests::cmpneqsd_1 ... ok
[INFO] [stdout] test amd::tests::cmpneqsd_2 ... ok
[INFO] [stdout] test amd::tests::cmplesd_2 ... ok
[INFO] [stdout] test amd::tests::cmpltsd_0 ... ok
[INFO] [stdout] test amd::tests::cmpnlesd_1 ... ok
[INFO] [stdout] test amd::tests::cmpnlesd_2 ... ok
[INFO] [stdout] test amd::tests::cmpnltsd_0 ... ok
[INFO] [stdout] test amd::tests::cmpordsd_1 ... ok
[INFO] [stdout] test amd::tests::cmpunordsd_0 ... ok
[INFO] [stdout] test amd::tests::cmpordsd_2 ... ok
[INFO] [stdout] test amd::tests::cmpunordsd_1 ... ok
[INFO] [stdout] test amd::tests::cvttsd2si_2 ... ok
[INFO] [stdout] test amd::tests::cvttsd2si_0 ... ok
[INFO] [stdout] test amd::tests::cvttsd2si_1 ... ok
[INFO] [stdout] test amd::tests::dec_0 ... ok
[INFO] [stdout] test amd::tests::dec_1 ... ok
[INFO] [stdout] test amd::tests::cmpunordsd_2 ... ok
[INFO] [stdout] test amd::tests::cmpnltsd_1 ... ok
[INFO] [stdout] test amd::tests::cmpnltsd_2 ... ok
[INFO] [stdout] test amd::tests::cmpordsd_0 ... ok
[INFO] [stdout] test amd::tests::divsd_0 ... ok
[INFO] [stdout] test amd::tests::divsd_1 ... ok
[INFO] [stdout] test amd::tests::f32_addsd ... ok
[INFO] [stdout] test amd::tests::f32_vadddd ... ok
[INFO] [stdout] test amd::tests::f32_vaddsd ... ok
[INFO] [stdout] test amd::tests::f32_vaddsd_hi ... ok
[INFO] [stdout] test amd::tests::f32_vandpd ... ok
[INFO] [stdout] test amd::tests::f32_vmovpd_load ... ok
[INFO] [stdout] test amd::tests::f32_vmovmskpd ... ok
[INFO] [stdout] test amd::tests::f32_vmovsd_load ... ok
[INFO] [stdout] test amd::tests::inc_0 ... ok
[INFO] [stdout] test amd::tests::inc_1 ... ok
[INFO] [stdout] test amd::tests::jb_0 ... ok
[INFO] [stdout] test amd::tests::jmp_0 ... ok
[INFO] [stdout] test amd::tests::jnb_0 ... ok
[INFO] [stdout] test amd::tests::divsd_2 ... ok
[INFO] [stdout] test amd::tests::jnz_0 ... ok
[INFO] [stdout] test amd::tests::f32_vaddpd ... ok
[INFO] [stdout] test amd::tests::jpe_0 ... ok
[INFO] [stdout] test amd::tests::js_0 ... ok
[INFO] [stdout] test amd::tests::kmovw_k_reg_1 ... ok
[INFO] [stdout] test amd::tests::kmovw_k_reg_0 ... ok
[INFO] [stdout] test amd::tests::jpo_0 ... ok
[INFO] [stdout] test amd::tests::kmovw_reg_k_2 ... ok
[INFO] [stdout] test amd::tests::jz_0 ... ok
[INFO] [stdout] test amd::tests::knotw_0 ... ok
[INFO] [stdout] test amd::tests::lea_indexed_r12_r12_8 ... ok
[INFO] [stdout] test amd::tests::lea_indexed_r13_r9_1 ... ok
[INFO] [stdout] test amd::tests::lea_indexed_r13_r9_8 ... ok
[INFO] [stdout] test amd::tests::lea_indexed_r9_r12_1 ... ok
[INFO] [stdout] test amd::tests::lea_indexed_r9_r12_8 ... ok
[INFO] [stdout] test amd::tests::lea_indexed_rbp_rdx_1 ... ok
[INFO] [stdout] test amd::tests::lea_indexed_rbp_rdx_8 ... ok
[INFO] [stdout] test amd::tests::lea_indexed_rbx_rdx_1 ... ok
[INFO] [stdout] test amd::tests::lea_indexed_rbx_rdx_8 ... ok
[INFO] [stdout] test amd::tests::lea_indexed_rsp_rdx_1 ... ok
[INFO] [stdout] test amd::tests::lea_indexed_rsp_rdx_8 ... ok
[INFO] [stdout] test amd::tests::lea_mem_r12_1234 ... ok
[INFO] [stdout] test amd::tests::lea_mem_r12_8 ... ok
[INFO] [stdout] test amd::tests::lea_mem_r12_m8 ... ok
[INFO] [stdout] test amd::tests::f32_andpd ... ok
[INFO] [stdout] test amd::tests::knotw_1 ... ok
[INFO] [stdout] test amd::tests::lea_mem_r13_1234 ... ok
[INFO] [stdout] test amd::tests::lea_indexed_r12_r12_1 ... ok
[INFO] [stdout] test amd::tests::kmovw_k_reg_2 ... ok
[INFO] [stdout] test amd::tests::kmovw_reg_k_0 ... ok
[INFO] [stdout] test amd::tests::lea_mem_r9_1234 ... ok
[INFO] [stdout] test amd::tests::lea_mem_r9_8 ... ok
[INFO] [stdout] test amd::tests::lea_mem_r9_m8 ... ok
[INFO] [stdout] test amd::tests::lea_mem_r13_m8 ... ok
[INFO] [stdout] test amd::tests::lea_mem_rbp_1234 ... ok
[INFO] [stdout] test amd::tests::lea_mem_rbp_8 ... ok
[INFO] [stdout] test amd::tests::lea_mem_rbp_m8 ... ok
[INFO] [stdout] test amd::tests::lea_mem_rbx_1234 ... ok
[INFO] [stdout] test amd::tests::lea_mem_rbx_8 ... ok
[INFO] [stdout] test amd::tests::lea_mem_rsp_8 ... ok
[INFO] [stdout] test amd::tests::mov_0 ... ok
[INFO] [stdout] test amd::tests::mov_1 ... ok
[INFO] [stdout] test amd::tests::lea_mem_rbx_m8 ... ok
[INFO] [stdout] test amd::tests::lea_mem_rsp_m8 ... ok
[INFO] [stdout] test amd::tests::mov_imm_0 ... ok
[INFO] [stdout] test amd::tests::mov_2 ... ok
[INFO] [stdout] test amd::tests::mov_imm_1 ... ok
[INFO] [stdout] test amd::tests::mov_mem_reg_r12_8 ... ok
[INFO] [stdout] test amd::tests::mov_mem_reg_r13_1234 ... ok
[INFO] [stdout] test amd::tests::mov_mem_reg_r13_8 ... ok
[INFO] [stdout] test amd::tests::mov_mem_reg_r13_m8 ... ok
[INFO] [stdout] test amd::tests::mov_mem_reg_r9_8 ... ok
[INFO] [stdout] test amd::tests::mov_mem_reg_r9_m8 ... ok
[INFO] [stdout] test amd::tests::mov_mem_reg_rbp_1234 ... ok
[INFO] [stdout] test amd::tests::mov_mem_reg_rbp_8 ... ok
[INFO] [stdout] test amd::tests::mov_mem_reg_rbp_m8 ... ok
[INFO] [stdout] test amd::tests::mov_mem_reg_rbx_1234 ... ok
[INFO] [stdout] test amd::tests::mov_mem_reg_rbx_8 ... ok
[INFO] [stdout] test amd::tests::mov_mem_reg_rbx_m8 ... ok
[INFO] [stdout] test amd::tests::mov_mem_reg_rsp_1234 ... ok
[INFO] [stdout] test amd::tests::mov_mem_reg_rsp_8 ... ok
[INFO] [stdout] test amd::tests::mov_mem_reg_rsp_m8 ... ok
[INFO] [stdout] test amd::tests::mov_reg_imm32_0 ... ok
[INFO] [stdout] test amd::tests::mov_reg_imm32_1 ... ok
[INFO] [stdout] test amd::tests::mov_mem_reg_r9_1234 ... ok
[INFO] [stdout] test amd::tests::f32_movapd ... ok
[INFO] [stdout] test amd::tests::kmovw_reg_k_1 ... ok
[INFO] [stdout] test amd::tests::mov_reg_label_0 ... ok
[INFO] [stdout] test amd::tests::lea_mem_r13_8 ... ok
[INFO] [stdout] test amd::tests::mov_reg_mem_r12_m8 ... ok
[INFO] [stdout] test amd::tests::mov_reg_mem_r13_1234 ... ok
[INFO] [stdout] test amd::tests::mov_mem_reg_r12_1234 ... ok
[INFO] [stdout] test amd::tests::mov_mem_reg_r12_m8 ... ok
[INFO] [stdout] test amd::tests::mov_reg_mem_r9_1234 ... ok
[INFO] [stdout] test amd::tests::mov_reg_mem_r9_m8 ... ok
[INFO] [stdout] test amd::tests::mov_reg_mem_rbp_1234 ... ok
[INFO] [stdout] test amd::tests::mov_reg_mem_r12_1234 ... ok
[INFO] [stdout] test amd::tests::mov_reg_mem_r12_8 ... ok
[INFO] [stdout] test amd::tests::mov_reg_label_1 ... ok
[INFO] [stdout] test amd::tests::mov_reg_mem_r13_m8 ... ok
[INFO] [stdout] test amd::tests::mov_reg_mem_r13_8 ... ok
[INFO] [stdout] test amd::tests::lea_mem_rsp_1234 ... ok
[INFO] [stdout] test amd::tests::mov_reg_mem_r9_8 ... ok
[INFO] [stdout] test amd::tests::mov_reg_mem_rbp_8 ... ok
[INFO] [stdout] test amd::tests::mov_reg_mem_rbx_8 ... ok
[INFO] [stdout] test amd::tests::mov_reg_mem_rbx_m8 ... ok
[INFO] [stdout] test amd::tests::mov_reg_mem_rbx_1234 ... ok
[INFO] [stdout] test amd::tests::mov_reg_mem_rsp_1234 ... ok
[INFO] [stdout] test amd::tests::movapd_1 ... ok
[INFO] [stdout] test amd::tests::mov_reg_mem_rsp_m8 ... ok
[INFO] [stdout] test amd::tests::movapd_2 ... ok
[INFO] [stdout] test amd::tests::movabs_1 ... ok
[INFO] [stdout] test amd::tests::movabs_0 ... ok
[INFO] [stdout] test amd::tests::movq_reg_xmm_1 ... ok
[INFO] [stdout] test amd::tests::movq_reg_xmm_0 ... ok
[INFO] [stdout] test amd::tests::movapd_0 ... ok
[INFO] [stdout] test amd::tests::movq_xmm_reg_1 ... ok
[INFO] [stdout] test amd::tests::movq_xmm_reg_2 ... ok
[INFO] [stdout] test amd::tests::movq_reg_xmm_2 ... ok
[INFO] [stdout] test amd::tests::movq_xmm_reg_0 ... ok
[INFO] [stdout] test amd::tests::mov_reg_mem_rbp_m8 ... ok
[INFO] [stdout] test amd::tests::movsd_indexed_xmm_r12_r12_1 ... ok
[INFO] [stdout] test amd::tests::mov_reg_mem_rsp_8 ... ok
[INFO] [stdout] test amd::tests::movsd_indexed_xmm_r12_r12_8 ... ok
[INFO] [stdout] test amd::tests::movsd_indexed_xmm_r13_r9_8 ... ok
[INFO] [stdout] test amd::tests::movsd_indexed_xmm_rsp_rdx_1 ... ok
[INFO] [stdout] test amd::tests::movsd_indexed_xmm_rsp_rdx_8 ... ok
[INFO] [stdout] test amd::tests::movsd_indexed_xmm_rbp_rdx_1 ... ok
[INFO] [stdout] test amd::tests::movsd_mem_xmm_r12_1234 ... ok
[INFO] [stdout] test amd::tests::movsd_mem_xmm_r12_8 ... ok
[INFO] [stdout] test amd::tests::movsd_mem_xmm_r12_m8 ... ok
[INFO] [stdout] test amd::tests::movsd_indexed_xmm_r13_r9_1 ... ok
[INFO] [stdout] test amd::tests::movsd_mem_xmm_r13_1234 ... ok
[INFO] [stdout] test amd::tests::movsd_indexed_xmm_r9_r12_1 ... ok
[INFO] [stdout] test amd::tests::movsd_mem_xmm_r13_8 ... ok
[INFO] [stdout] test amd::tests::movsd_indexed_xmm_r9_r12_8 ... ok
[INFO] [stdout] test amd::tests::movsd_mem_xmm_r13_m8 ... ok
[INFO] [stdout] test amd::tests::movsd_mem_xmm_r9_1234 ... ok
[INFO] [stdout] test amd::tests::movsd_mem_xmm_rbp_1234 ... ok
[INFO] [stdout] test amd::tests::movsd_mem_xmm_rbp_m8 ... ok
[INFO] [stdout] test amd::tests::movsd_mem_xmm_rbx_1234 ... ok
[INFO] [stdout] test amd::tests::movsd_mem_xmm_rbx_8 ... ok
[INFO] [stdout] test amd::tests::movsd_mem_xmm_r9_m8 ... ok
[INFO] [stdout] test amd::tests::movsd_mem_xmm_r9_8 ... ok
[INFO] [stdout] test amd::tests::movsd_mem_xmm_rbx_m8 ... ok
[INFO] [stdout] test amd::tests::movsd_mem_xmm_rbp_8 ... ok
[INFO] [stdout] test amd::tests::movsd_indexed_xmm_rbp_rdx_8 ... ok
[INFO] [stdout] test amd::tests::movsd_mem_xmm_rsp_m8 ... ok
[INFO] [stdout] test amd::tests::movsd_indexed_xmm_rbx_rdx_1 ... ok
[INFO] [stdout] test amd::tests::movsd_xmm_indexed_r12_r12_8 ... ok
[INFO] [stdout] test amd::tests::movsd_mem_xmm_rsp_1234 ... ok
[INFO] [stdout] test amd::tests::movsd_xmm_indexed_r12_r12_1 ... ok
[INFO] [stdout] test amd::tests::movsd_indexed_xmm_rbx_rdx_8 ... ok
[INFO] [stdout] test amd::tests::movsd_xmm_indexed_rbp_rdx_1 ... ok
[INFO] [stdout] test amd::tests::movsd_xmm_indexed_rbp_rdx_8 ... ok
[INFO] [stdout] test amd::tests::movsd_mem_xmm_rsp_8 ... ok
[INFO] [stdout] test amd::tests::movsd_xmm_indexed_rbx_rdx_8 ... ok
[INFO] [stdout] test amd::tests::movsd_xmm_indexed_r13_r9_8 ... ok
[INFO] [stdout] test amd::tests::movsd_xmm_indexed_rsp_rdx_8 ... ok
[INFO] [stdout] test amd::tests::movsd_xmm_indexed_rsp_rdx_1 ... ok
[INFO] [stdout] test amd::tests::movsd_xmm_label_0 ... ok
[INFO] [stdout] test amd::tests::movsd_xmm_label_1 ... ok
[INFO] [stdout] test amd::tests::movsd_xmm_mem_r12_8 ... ok
[INFO] [stdout] test amd::tests::movsd_xmm_mem_r12_1234 ... ok
[INFO] [stdout] test amd::tests::movsd_xmm_mem_r13_8 ... ok
[INFO] [stdout] test amd::tests::movsd_xmm_indexed_r9_r12_1 ... ok
[INFO] [stdout] test amd::tests::movsd_xmm_indexed_r13_r9_1 ... ok
[INFO] [stdout] test amd::tests::movsd_xmm_indexed_r9_r12_8 ... ok
[INFO] [stdout] test amd::tests::movsd_xmm_indexed_rbx_rdx_1 ... ok
[INFO] [stdout] test amd::tests::movsd_xmm_mem_r13_m8 ... ok
[INFO] [stdout] test amd::tests::movsd_xmm_mem_r9_1234 ... ok
[INFO] [stdout] test amd::tests::movsd_xmm_mem_r9_8 ... ok
[INFO] [stdout] test amd::tests::movsd_xmm_mem_rbx_1234 ... ok
[INFO] [stdout] test amd::tests::movsd_xmm_mem_rbx_8 ... ok
[INFO] [stdout] test amd::tests::movsd_xmm_mem_rbp_8 ... ok
[INFO] [stdout] test amd::tests::movsd_xmm_mem_r9_m8 ... ok
[INFO] [stdout] test amd::tests::movsd_xmm_mem_rbp_m8 ... ok
[INFO] [stdout] test amd::tests::movsd_xmm_mem_rbp_1234 ... ok
[INFO] [stdout] test amd::tests::movsd_xmm_mem_r12_m8 ... ok
[INFO] [stdout] test amd::tests::movsd_xmm_mem_r13_1234 ... ok
[INFO] [stdout] test amd::tests::movsd_xmm_mem_rbx_m8 ... ok
[INFO] [stdout] test amd::tests::movsd_xmm_mem_rsp_8 ... ok
[INFO] [stdout] test amd::tests::movzx_0 ... ok
[INFO] [stdout] test amd::tests::mulsd_1 ... ok
[INFO] [stdout] test amd::tests::mulsd_0 ... ok
[INFO] [stdout] test amd::tests::mulsd_2 ... ok
[INFO] [stdout] test amd::tests::movsd_xmm_mem_rsp_1234 ... ok
[INFO] [stdout] test amd::tests::movzx_1 ... ok
[INFO] [stdout] test amd::tests::movsd_xmm_mem_rsp_m8 ... ok
[INFO] [stdout] test amd::tests::or_imm_1 ... ok
[INFO] [stdout] test amd::tests::nop_0 ... ok
[INFO] [stdout] test amd::tests::or_imm_2 ... ok
[INFO] [stdout] test amd::tests::or_1 ... ok
[INFO] [stdout] test amd::tests::or_0 ... ok
[INFO] [stdout] test amd::tests::orpd_1 ... ok
[INFO] [stdout] test amd::tests::orpd_label_0 ... ok
[INFO] [stdout] test amd::tests::or_imm_0 ... ok
[INFO] [stdout] test amd::tests::movsx_0 ... ok
[INFO] [stdout] test amd::tests::pop_2 ... ok
[INFO] [stdout] test amd::tests::movsx_1 ... ok
[INFO] [stdout] test amd::tests::orpd_0 ... ok
[INFO] [stdout] test amd::tests::orpd_2 ... ok
[INFO] [stdout] test amd::tests::pop_1 ... ok
[INFO] [stdout] test amd::tests::prefetcht0_ip_0 ... ok
[INFO] [stdout] test amd::tests::orpd_label_1 ... ok
[INFO] [stdout] test amd::tests::pop_0 ... ok
[INFO] [stdout] test amd::tests::prefetcht1_ip_0 ... ok
[INFO] [stdout] test amd::tests::prefetcht2_ip_0 ... ok
[INFO] [stdout] test amd::tests::push_0 ... ok
[INFO] [stdout] test amd::tests::push_1 ... ok
[INFO] [stdout] test amd::tests::push_2 ... ok
[INFO] [stdout] test amd::tests::push_3 ... ok
[INFO] [stdout] test amd::tests::roundsd_floor_2 ... ok
[INFO] [stdout] test amd::tests::roundsd_trunc_1 ... ok
[INFO] [stdout] test amd::tests::roundsd_trunc_2 ... ok
[INFO] [stdout] test amd::tests::ret_0 ... ok
[INFO] [stdout] test amd::tests::roundsd_floor_0 ... ok
[INFO] [stdout] test amd::tests::roundsd_floor_1 ... ok
[INFO] [stdout] test amd::tests::shl_imm_0 ... ok
[INFO] [stdout] test amd::tests::shr_imm_1 ... ok
[INFO] [stdout] test amd::tests::shl_imm_1 ... ok
[INFO] [stdout] test amd::tests::shr_imm_0 ... ok
[INFO] [stdout] test amd::tests::pop_3 ... ok
[INFO] [stdout] test amd::tests::roundsd_trunc_0 ... ok
[INFO] [stdout] test amd::tests::prefetchnta_ip_0 ... ok
[INFO] [stdout] test amd::tests::sub_imm_2 ... ok
[INFO] [stdout] test amd::tests::sub_rsp_0 ... ok
[INFO] [stdout] test amd::tests::sub_imm_0 ... ok
[INFO] [stdout] test amd::tests::subsd_0 ... ok
[INFO] [stdout] test amd::tests::sub_imm_1 ... ok
[INFO] [stdout] test amd::tests::sqrtsd_0 ... ok
[INFO] [stdout] test amd::tests::sqrtsd_1 ... ok
[INFO] [stdout] test amd::tests::sqrtsd_2 ... ok
[INFO] [stdout] test amd::tests::subsd_2 ... ok
[INFO] [stdout] test amd::tests::ucomisd_0 ... ok
[INFO] [stdout] test amd::tests::vaddpd_0 ... ok
[INFO] [stdout] test amd::tests::vaddpd_1 ... ok
[INFO] [stdout] test amd::tests::ucomisd_1 ... ok
[INFO] [stdout] test amd::tests::ucomisd_2 ... ok
[INFO] [stdout] test amd::tests::vaddqd_0 ... ok
[INFO] [stdout] test amd::tests::subsd_1 ... ok
[INFO] [stdout] test amd::tests::vaddpd_2 ... ok
[INFO] [stdout] test amd::tests::vaddsd_1 ... ok
[INFO] [stdout] test amd::tests::vaddsd_2 ... ok
[INFO] [stdout] test amd::tests::vaddqd_1 ... ok
[INFO] [stdout] test amd::tests::vaddqd_3 ... ok
[INFO] [stdout] test amd::tests::vaddqd_2 ... ok
[INFO] [stdout] test amd::tests::vadddd_0 ... ok
[INFO] [stdout] test amd::tests::vaddsd_0 ... ok
[INFO] [stdout] test amd::tests::vaddsubdd_2 ... ok
[INFO] [stdout] test amd::tests::vaddsubpd_0 ... ok
[INFO] [stdout] test amd::tests::vaddsubdd_0 ... ok
[INFO] [stdout] test amd::tests::vaddsubpd_1 ... ok
[INFO] [stdout] test amd::tests::vaddsubdd_1 ... ok
[INFO] [stdout] test amd::tests::vadddd_1 ... ok
[INFO] [stdout] test amd::tests::vadddd_2 ... ok
[INFO] [stdout] test amd::tests::vanddd_1 ... ok
[INFO] [stdout] test amd::tests::vanddd_2 ... ok
[INFO] [stdout] test amd::tests::vanddd_0 ... ok
[INFO] [stdout] test amd::tests::vandndd_2 ... ok
[INFO] [stdout] test amd::tests::vandndd_label_1 ... ok
[INFO] [stdout] test amd::tests::vandnpd_0 ... ok
[INFO] [stdout] test amd::tests::vandnpd_1 ... ok
[INFO] [stdout] test amd::tests::vandnpd_2 ... ok
[INFO] [stdout] test amd::tests::vandnpd_label_0 ... ok
[INFO] [stdout] test amd::tests::vaddsubpd_2 ... ok
[INFO] [stdout] test amd::tests::vandnqd_0 ... ok
[INFO] [stdout] test amd::tests::vandndd_1 ... ok
[INFO] [stdout] test amd::tests::vandndd_label_0 ... ok
[INFO] [stdout] test amd::tests::vanddd_label_0 ... ok
[INFO] [stdout] test amd::tests::vanddd_label_1 ... ok
[INFO] [stdout] test amd::tests::vandnqd_1 ... ok
[INFO] [stdout] test amd::tests::vandndd_0 ... ok
[INFO] [stdout] test amd::tests::vandnpd_label_1 ... ok
[INFO] [stdout] test amd::tests::vandpd_label_0 ... ok
[INFO] [stdout] test amd::tests::vandpd_label_1 ... ok
[INFO] [stdout] test amd::tests::vandqd_0 ... ok
[INFO] [stdout] test amd::tests::vandqd_1 ... ok
[INFO] [stdout] test amd::tests::vandqd_2 ... ok
[INFO] [stdout] test amd::tests::vandqd_3 ... ok
[INFO] [stdout] test amd::tests::vandnqd_3 ... ok
[INFO] [stdout] test amd::tests::vandnqd_label_1 ... ok
[INFO] [stdout] test amd::tests::vandqd_label_0 ... ok
[INFO] [stdout] test amd::tests::vandnqd_label_0 ... ok
[INFO] [stdout] test amd::tests::vandpd_0 ... ok
[INFO] [stdout] test amd::tests::vandpd_1 ... ok
[INFO] [stdout] test amd::tests::vbroadcastsd_label_0 ... ok
[INFO] [stdout] test amd::tests::vandqd_label_1 ... ok
[INFO] [stdout] test amd::tests::vandpd_2 ... ok
[INFO] [stdout] test amd::tests::vbroadcastsd_r12_m8 ... ok
[INFO] [stdout] test amd::tests::vbroadcastsd_r12_8 ... ok
[INFO] [stdout] test amd::tests::vbroadcastsd_r13_m8 ... ok
[INFO] [stdout] test amd::tests::vbroadcastsd_r13_8 ... ok
[INFO] [stdout] test amd::tests::vbroadcastsd_label_1 ... ok
[INFO] [stdout] test amd::tests::vbroadcastsd_r9_m8 ... ok
[INFO] [stdout] test amd::tests::vandnqd_2 ... ok
[INFO] [stdout] test amd::tests::vbroadcastsd_r13_1234 ... ok
[INFO] [stdout] test amd::tests::vbroadcastsd_r9_1234 ... ok
[INFO] [stdout] test amd::tests::vbroadcastsd_r12_1234 ... ok
[INFO] [stdout] test amd::tests::vbroadcastsd_rbp_m8 ... ok
[INFO] [stdout] test amd::tests::vbroadcastsd_rbx_1234 ... ok
[INFO] [stdout] test amd::tests::vbroadcastsd_rbx_8 ... ok
[INFO] [stdout] test amd::tests::vbroadcastsd_rsp_8 ... ok
[INFO] [stdout] test amd::tests::vbroadcastsd_rsp_m8 ... ok
[INFO] [stdout] test amd::tests::vbroadcastsd_zmm_label_0 ... ok
[INFO] [stdout] test amd::tests::vbroadcastsd_zmm_label_1 ... ok
[INFO] [stdout] test amd::tests::vbroadcastsd_zmm_r12_1234 ... ok
[INFO] [stdout] test amd::tests::vbroadcastsd_zmm_r12_m8 ... ok
[INFO] [stdout] test amd::tests::vbroadcastsd_zmm_r13_1234 ... ok
[INFO] [stdout] test amd::tests::vbroadcastsd_rbx_m8 ... ok
[INFO] [stdout] test amd::tests::vbroadcastsd_zmm_r12_8 ... ok
[INFO] [stdout] test amd::tests::vbroadcastsd_zmm_r13_8 ... ok
[INFO] [stdout] test amd::tests::vbroadcastsd_rsp_1234 ... ok
[INFO] [stdout] test amd::tests::vbroadcastsd_zmm_r9_8 ... ok
[INFO] [stdout] test amd::tests::vbroadcastsd_zmm_r9_m8 ... ok
[INFO] [stdout] test amd::tests::vbroadcastsd_zmm_rbp_1234 ... ok
[INFO] [stdout] test amd::tests::vbroadcastsd_zmm_rbp_8 ... ok
[INFO] [stdout] test amd::tests::vbroadcastsd_rbp_1234 ... ok
[INFO] [stdout] test amd::tests::vbroadcastsd_zmm_rbp_m8 ... ok
[INFO] [stdout] test amd::tests::vbroadcastsd_zmm_rbx_m8 ... ok
[INFO] [stdout] test amd::tests::vbroadcastsd_zmm_rbx_1234 ... ok
[INFO] [stdout] test amd::tests::vbroadcastsd_zmm_rsp_1234 ... ok
[INFO] [stdout] test amd::tests::vbroadcastsd_zmm_scaled_rbx_3f8 ... ok
[INFO] [stdout] test amd::tests::vbroadcastsd_zmm_rsp_m8 ... ok
[INFO] [stdout] test amd::tests::vbroadcastsd_zmm_scaled_rbx_40 ... ok
[INFO] [stdout] test amd::tests::vbroadcastsd_zmm_scaled_rbx_400 ... ok
[INFO] [stdout] test amd::tests::vbroadcastsd_zmm_scaled_rbx_80 ... ok
[INFO] [stdout] test amd::tests::vbroadcastsd_zmm_scaled_rbx_m400 ... ok
[INFO] [stdout] test amd::tests::vbroadcastsd_zmm_scaled_rbx_m800 ... ok
[INFO] [stdout] test amd::tests::vcmpeqdd_0 ... ok
[INFO] [stdout] test amd::tests::vcmpeqdd_1 ... ok
[INFO] [stdout] test amd::tests::vbroadcastsd_zmm_scaled_rbx_m408 ... ok
[INFO] [stdout] test amd::tests::vbroadcastsd_zmm_rsp_8 ... ok
[INFO] [stdout] test amd::tests::vbroadcastsd_r9_8 ... ok
[INFO] [stdout] test amd::tests::vbroadcastsd_rbp_8 ... ok
[INFO] [stdout] test amd::tests::vbroadcastsd_zmm_r13_m8 ... ok
[INFO] [stdout] test amd::tests::vbroadcastsd_zmm_r9_1234 ... ok
[INFO] [stdout] test amd::tests::vbroadcastsd_zmm_rbx_8 ... ok
[INFO] [stdout] test amd::tests::vcmpeqqd_1 ... ok
[INFO] [stdout] test amd::tests::vcmpeqdd_2 ... ok
[INFO] [stdout] test amd::tests::vcmpeqqd_3 ... ok
[INFO] [stdout] test amd::tests::vcmpeqsd_1 ... ok
[INFO] [stdout] test amd::tests::vcmpeqsd_0 ... ok
[INFO] [stdout] test amd::tests::vcmpeqsd_2 ... ok
[INFO] [stdout] test amd::tests::vcmpledd_1 ... ok
[INFO] [stdout] test amd::tests::vcmpledd_2 ... ok
[INFO] [stdout] test amd::tests::vcmpeqpd_0 ... ok
[INFO] [stdout] test amd::tests::vcmpeqpd_2 ... ok
[INFO] [stdout] test amd::tests::vcmplepd_1 ... ok
[INFO] [stdout] test amd::tests::vcmpeqqd_2 ... ok
[INFO] [stdout] test amd::tests::vcmpledd_0 ... ok
[INFO] [stdout] test amd::tests::vcmpleqd_1 ... ok
[INFO] [stdout] test amd::tests::vcmpleqd_2 ... ok
[INFO] [stdout] test amd::tests::vcmpleqd_3 ... ok
[INFO] [stdout] test amd::tests::vcmplesd_2 ... ok
[INFO] [stdout] test amd::tests::vcmpeqpd_1 ... ok
[INFO] [stdout] test amd::tests::vcmpleqd_0 ... ok
[INFO] [stdout] test amd::tests::vcmpeqqd_0 ... ok
[INFO] [stdout] test amd::tests::vcmplesd_0 ... ok
[INFO] [stdout] test amd::tests::vcmplesd_1 ... ok
[INFO] [stdout] test amd::tests::vcmpltdd_0 ... ok
[INFO] [stdout] test amd::tests::vcmpltdd_1 ... ok
[INFO] [stdout] test amd::tests::vcmplepd_0 ... ok
[INFO] [stdout] test amd::tests::vcmplepd_2 ... ok
[INFO] [stdout] test amd::tests::vcmpltdd_2 ... ok
[INFO] [stdout] test amd::tests::vcmpltpd_2 ... ok
[INFO] [stdout] test amd::tests::vcmpltqd_0 ... ok
[INFO] [stdout] test amd::tests::vcmpltqd_1 ... ok
[INFO] [stdout] test amd::tests::vcmpltqd_3 ... ok
[INFO] [stdout] test amd::tests::vcmpltsd_2 ... ok
[INFO] [stdout] test amd::tests::vcmpltsd_1 ... ok
[INFO] [stdout] test amd::tests::vcmpneqdd_0 ... ok
[INFO] [stdout] test amd::tests::vcmpneqpd_1 ... ok
[INFO] [stdout] test amd::tests::vcmpneqpd_0 ... ok
[INFO] [stdout] test amd::tests::vcmpneqpd_2 ... ok
[INFO] [stdout] test amd::tests::vcmpneqqd_0 ... ok
[INFO] [stdout] test amd::tests::vcmpltpd_0 ... ok
[INFO] [stdout] test amd::tests::vcmpltpd_1 ... ok
[INFO] [stdout] test amd::tests::vcmpneqqd_3 ... ok
[INFO] [stdout] test amd::tests::vcmpneqsd_1 ... ok
[INFO] [stdout] test amd::tests::vcmpneqsd_2 ... ok
[INFO] [stdout] test amd::tests::vcmpnledd_0 ... ok
[INFO] [stdout] test amd::tests::vcmpnledd_1 ... ok
[INFO] [stdout] test amd::tests::vcmpnledd_2 ... ok
[INFO] [stdout] test amd::tests::vcmpnlepd_0 ... ok
[INFO] [stdout] test amd::tests::vcmpnlepd_1 ... ok
[INFO] [stdout] test amd::tests::vcmpnlepd_2 ... ok
[INFO] [stdout] test amd::tests::vcmpnleqd_0 ... ok
[INFO] [stdout] test amd::tests::vcmpnleqd_1 ... ok
[INFO] [stdout] test amd::tests::vcmpnleqd_2 ... ok
[INFO] [stdout] test amd::tests::vcmpnleqd_3 ... ok
[INFO] [stdout] test amd::tests::vcmpnlesd_0 ... ok
[INFO] [stdout] test amd::tests::vcmpnlesd_1 ... ok
[INFO] [stdout] test amd::tests::vcmpnlesd_2 ... ok
[INFO] [stdout] test amd::tests::vcmpneqdd_1 ... ok
[INFO] [stdout] test amd::tests::vcmpneqdd_2 ... ok
[INFO] [stdout] test amd::tests::vcmpnltdd_0 ... ok
[INFO] [stdout] test amd::tests::vcmpltsd_0 ... ok
[INFO] [stdout] test amd::tests::vcmpneqqd_1 ... ok
[INFO] [stdout] test amd::tests::vcmpnltdd_1 ... ok
[INFO] [stdout] test amd::tests::vcmpneqsd_0 ... ok
[INFO] [stdout] test amd::tests::vcmpnltdd_2 ... ok
[INFO] [stdout] test amd::tests::vcmpltqd_2 ... ok
[INFO] [stdout] test amd::tests::vcmpneqqd_2 ... ok
[INFO] [stdout] test amd::tests::vcmpnltqd_0 ... ok
[INFO] [stdout] test amd::tests::vcmpnltqd_2 ... ok
[INFO] [stdout] test amd::tests::vcmpnltqd_1 ... ok
[INFO] [stdout] test amd::tests::vcmpnltqd_3 ... ok
[INFO] [stdout] test amd::tests::vcmpnltsd_2 ... ok
[INFO] [stdout] test amd::tests::vcmporddd_1 ... ok
[INFO] [stdout] test amd::tests::vcmpordpd_0 ... ok
[INFO] [stdout] test amd::tests::vcmpordpd_1 ... ok
[INFO] [stdout] test amd::tests::vcmporddd_0 ... ok
[INFO] [stdout] test amd::tests::vcmpnltsd_0 ... ok
[INFO] [stdout] test amd::tests::vcmpordpd_2 ... ok
[INFO] [stdout] test amd::tests::vcmpnltsd_1 ... ok
[INFO] [stdout] test amd::tests::vcmpnltpd_0 ... ok
[INFO] [stdout] test amd::tests::vcmporddd_2 ... ok
[INFO] [stdout] test amd::tests::vcmpordqd_2 ... ok
[INFO] [stdout] test amd::tests::vcmpordsd_1 ... ok
[INFO] [stdout] test amd::tests::vcmpnltpd_1 ... ok
[INFO] [stdout] test amd::tests::vcmpordsd_0 ... ok
[INFO] [stdout] test amd::tests::vcmpunorddd_0 ... ok
[INFO] [stdout] test amd::tests::vcmpunorddd_1 ... ok
[INFO] [stdout] test amd::tests::vcmpunorddd_2 ... ok
[INFO] [stdout] test amd::tests::vcmpnltpd_2 ... ok
[INFO] [stdout] test amd::tests::vcmpunordpd_0 ... ok
[INFO] [stdout] test amd::tests::vcmpunordpd_2 ... ok
[INFO] [stdout] test amd::tests::vcmpordqd_0 ... ok
[INFO] [stdout] test amd::tests::vcmpunordqd_0 ... ok
[INFO] [stdout] test amd::tests::vcmpordqd_1 ... ok
[INFO] [stdout] test amd::tests::vcmpunordpd_1 ... ok
[INFO] [stdout] test amd::tests::vcmpordqd_3 ... ok
[INFO] [stdout] test amd::tests::vcmpordsd_2 ... ok
[INFO] [stdout] test amd::tests::vcmpunordqd_1 ... ok
[INFO] [stdout] test amd::tests::vcmpunordqd_2 ... ok
[INFO] [stdout] test amd::tests::vcmpunordsd_2 ... ok
[INFO] [stdout] test amd::tests::vcvttsd2si_0 ... ok
[INFO] [stdout] test amd::tests::vcvttsd2si_1 ... ok
[INFO] [stdout] test amd::tests::vcvttsd2si_2 ... ok
[INFO] [stdout] test amd::tests::vdivdd_0 ... ok
[INFO] [stdout] test amd::tests::vdivdd_1 ... ok
[INFO] [stdout] test amd::tests::vcmpunordqd_3 ... ok
[INFO] [stdout] test amd::tests::vcmpunordsd_0 ... ok
[INFO] [stdout] test amd::tests::vcmpunordsd_1 ... ok
[INFO] [stdout] test amd::tests::vdivdd_2 ... ok
[INFO] [stdout] test amd::tests::vdivqd_3 ... ok
[INFO] [stdout] test amd::tests::vdivpd_0 ... ok
[INFO] [stdout] test amd::tests::vdivpd_1 ... ok
[INFO] [stdout] test amd::tests::vdivpd_2 ... ok
[INFO] [stdout] test amd::tests::vdivqd_0 ... ok
[INFO] [stdout] test amd::tests::vdivsd_0 ... ok
[INFO] [stdout] test amd::tests::vdivsd_1 ... ok
[INFO] [stdout] test amd::tests::vextractf128_1 ... ok
[INFO] [stdout] test amd::tests::vdivsd_2 ... ok
[INFO] [stdout] test amd::tests::vextractf128_0 ... ok
[INFO] [stdout] test amd::tests::vextractf128_2 ... ok
[INFO] [stdout] test amd::tests::vfmadd132dd_0 ... ok
[INFO] [stdout] test amd::tests::vfmadd132pd_1 ... ok
[INFO] [stdout] test amd::tests::vdivqd_2 ... ok
[INFO] [stdout] test amd::tests::vfmadd132dd_1 ... ok
[INFO] [stdout] test amd::tests::vdivqd_1 ... ok
[INFO] [stdout] test amd::tests::vfmadd132pd_0 ... ok
[INFO] [stdout] test amd::tests::vfmadd132qd_2 ... ok
[INFO] [stdout] test amd::tests::vfmadd132qd_3 ... ok
[INFO] [stdout] test amd::tests::vfmadd213dd_1 ... ok
[INFO] [stdout] test amd::tests::vfmadd213pd_0 ... ok
[INFO] [stdout] test amd::tests::vfmadd213pd_1 ... ok
[INFO] [stdout] test amd::tests::vfmadd132sd_0 ... ok
[INFO] [stdout] test amd::tests::vfmadd213qd_0 ... ok
[INFO] [stdout] test amd::tests::vfmadd132sd_1 ... ok
[INFO] [stdout] test amd::tests::vfmadd213dd_0 ... ok
[INFO] [stdout] test amd::tests::vfmadd213qd_2 ... ok
[INFO] [stdout] test amd::tests::vfmadd213sd_0 ... ok
[INFO] [stdout] test amd::tests::vfmadd132qd_0 ... ok
[INFO] [stdout] test amd::tests::vfmadd132qd_1 ... ok
[INFO] [stdout] test amd::tests::vfmadd231pd_1 ... ok
[INFO] [stdout] test amd::tests::vfmadd231qd_1 ... ok
[INFO] [stdout] test amd::tests::vfmadd231qd_2 ... ok
[INFO] [stdout] test amd::tests::vfmadd231qd_3 ... ok
[INFO] [stdout] test amd::tests::vfmadd231sd_0 ... ok
[INFO] [stdout] test amd::tests::vfmadd231sd_1 ... ok
[INFO] [stdout] test amd::tests::vfmsub132dd_0 ... ok
[INFO] [stdout] test amd::tests::vfmsub132dd_1 ... ok
[INFO] [stdout] test amd::tests::vfmsub132pd_0 ... ok
[INFO] [stdout] test amd::tests::vfmsub132pd_1 ... ok
[INFO] [stdout] test amd::tests::vfmadd231pd_0 ... ok
[INFO] [stdout] test amd::tests::vfmsub132qd_0 ... ok
[INFO] [stdout] test amd::tests::vfmadd213qd_1 ... ok
[INFO] [stdout] test amd::tests::vfmadd213qd_3 ... ok
[INFO] [stdout] test amd::tests::vfmsub132qd_2 ... ok
[INFO] [stdout] test amd::tests::vfmadd231qd_0 ... ok
[INFO] [stdout] test amd::tests::vfmsub132qd_1 ... ok
[INFO] [stdout] test amd::tests::vfmsub213dd_1 ... ok
[INFO] [stdout] test amd::tests::vfmsub213pd_0 ... ok
[INFO] [stdout] test amd::tests::vfmsub132qd_3 ... ok
[INFO] [stdout] test amd::tests::vfmsub213pd_1 ... ok
[INFO] [stdout] test amd::tests::vfmsub132sd_0 ... ok
[INFO] [stdout] test amd::tests::vfmadd213sd_1 ... ok
[INFO] [stdout] test amd::tests::vfmadd231dd_0 ... ok
[INFO] [stdout] test amd::tests::vfmadd231dd_1 ... ok
[INFO] [stdout] test amd::tests::vfmsub213qd_0 ... ok
[INFO] [stdout] test amd::tests::vfmsub213qd_1 ... ok
[INFO] [stdout] test amd::tests::vfmsub132sd_1 ... ok
[INFO] [stdout] test amd::tests::vfmsub213dd_0 ... ok
[INFO] [stdout] test amd::tests::vfmsub213sd_1 ... ok
[INFO] [stdout] test amd::tests::vfmsub231pd_1 ... ok
[INFO] [stdout] test amd::tests::vfmsub231qd_1 ... ok
[INFO] [stdout] test amd::tests::vfmsub213qd_3 ... ok
[INFO] [stdout] test amd::tests::vfmsub213sd_0 ... ok
[INFO] [stdout] test amd::tests::vfmsub231qd_0 ... ok
[INFO] [stdout] test amd::tests::vfmsub231qd_3 ... ok
[INFO] [stdout] test amd::tests::vfmsub231qd_2 ... ok
[INFO] [stdout] test amd::tests::vfmsub213qd_2 ... ok
[INFO] [stdout] test amd::tests::vfmsub231dd_0 ... ok
[INFO] [stdout] test amd::tests::vfmsub231sd_0 ... ok
[INFO] [stdout] test amd::tests::vfnmadd132pd_1 ... ok
[INFO] [stdout] test amd::tests::vfmsub231sd_1 ... ok
[INFO] [stdout] test amd::tests::vfmsub231dd_1 ... ok
[INFO] [stdout] test amd::tests::vfmsub231pd_0 ... ok
[INFO] [stdout] test amd::tests::vfnmadd132qd_1 ... ok
[INFO] [stdout] test amd::tests::vfnmadd132sd_0 ... ok
[INFO] [stdout] test amd::tests::vfnmadd132qd_3 ... ok
[INFO] [stdout] test amd::tests::vfnmadd132sd_1 ... ok
[INFO] [stdout] test amd::tests::vfnmadd213pd_0 ... ok
[INFO] [stdout] test amd::tests::vfnmadd213dd_0 ... ok
[INFO] [stdout] test amd::tests::vfnmadd213dd_1 ... ok
[INFO] [stdout] test amd::tests::vfnmadd132pd_0 ... ok
[INFO] [stdout] test amd::tests::vfnmadd132dd_1 ... ok
[INFO] [stdout] test amd::tests::vfnmadd132dd_0 ... ok
[INFO] [stdout] test amd::tests::vfnmadd213qd_2 ... ok
[INFO] [stdout] test amd::tests::vfnmadd213sd_0 ... ok
[INFO] [stdout] test amd::tests::vfnmadd213pd_1 ... ok
[INFO] [stdout] test amd::tests::vfnmadd213qd_1 ... ok
[INFO] [stdout] test amd::tests::vfnmadd213qd_0 ... ok
[INFO] [stdout] test amd::tests::vfnmadd132qd_2 ... ok
[INFO] [stdout] test amd::tests::vfnmadd231dd_1 ... ok
[INFO] [stdout] test amd::tests::vfnmadd231pd_0 ... ok
[INFO] [stdout] test amd::tests::vfnmadd213sd_1 ... ok
[INFO] [stdout] test amd::tests::vfnmadd231qd_2 ... ok
[INFO] [stdout] test amd::tests::vfnmadd231dd_0 ... ok
[INFO] [stdout] test amd::tests::vfnmadd132qd_0 ... ok
[INFO] [stdout] test amd::tests::vfnmadd231qd_3 ... ok
[INFO] [stdout] test amd::tests::vfnmadd231sd_0 ... ok
[INFO] [stdout] test amd::tests::vfnmadd231sd_1 ... ok
[INFO] [stdout] test amd::tests::vfnmsub132dd_0 ... ok
[INFO] [stdout] test amd::tests::vfnmsub132qd_0 ... ok
[INFO] [stdout] test amd::tests::vfnmadd231pd_1 ... ok
[INFO] [stdout] test amd::tests::vfnmsub132qd_1 ... ok
[INFO] [stdout] test amd::tests::vfnmsub132qd_2 ... ok
[INFO] [stdout] test amd::tests::vfnmsub132qd_3 ... ok
[INFO] [stdout] test amd::tests::vfnmsub132dd_1 ... ok
[INFO] [stdout] test amd::tests::vfnmsub132pd_0 ... ok
[INFO] [stdout] test amd::tests::vfnmsub132pd_1 ... ok
[INFO] [stdout] test amd::tests::vfnmsub132sd_0 ... ok
[INFO] [stdout] test amd::tests::vfnmadd231qd_0 ... ok
[INFO] [stdout] test amd::tests::vfnmsub132sd_1 ... ok
[INFO] [stdout] test amd::tests::vfnmadd231qd_1 ... ok
[INFO] [stdout] test amd::tests::vfnmsub213qd_0 ... ok
[INFO] [stdout] test amd::tests::vfnmsub213qd_2 ... ok
[INFO] [stdout] test amd::tests::vfnmsub213dd_0 ... ok
[INFO] [stdout] test amd::tests::vfnmsub213dd_1 ... ok
[INFO] [stdout] test amd::tests::vfnmadd213qd_3 ... ok
[INFO] [stdout] test amd::tests::vfnmsub231dd_0 ... ok
[INFO] [stdout] test amd::tests::vfnmsub231dd_1 ... ok
[INFO] [stdout] test amd::tests::vfnmsub213qd_3 ... ok
[INFO] [stdout] test amd::tests::vfnmsub231pd_0 ... ok
[INFO] [stdout] test amd::tests::vfnmsub231qd_0 ... ok
[INFO] [stdout] test amd::tests::vfnmsub231qd_1 ... ok
[INFO] [stdout] test amd::tests::vfnmsub231pd_1 ... ok
[INFO] [stdout] test amd::tests::vfnmsub213pd_0 ... ok
[INFO] [stdout] test amd::tests::vfnmsub213pd_1 ... ok
[INFO] [stdout] test amd::tests::vfnmsub213qd_1 ... ok
[INFO] [stdout] test amd::tests::vfnmsub231sd_1 ... ok
[INFO] [stdout] test amd::tests::vfnmsub213sd_0 ... ok
[INFO] [stdout] test amd::tests::vfnmsub231sd_0 ... ok
[INFO] [stdout] test amd::tests::vhadddd_0 ... ok
[INFO] [stdout] test amd::tests::vfnmsub213sd_1 ... ok
[INFO] [stdout] test amd::tests::vinsertf128_1 ... ok
[INFO] [stdout] test amd::tests::vhadddd_1 ... ok
[INFO] [stdout] test amd::tests::vinsertf128_2 ... ok
[INFO] [stdout] test amd::tests::vhadddd_2 ... ok
[INFO] [stdout] test amd::tests::vinsertf128_0 ... ok
[INFO] [stdout] test amd::tests::vinsertf128_mem_r12_m8 ... ok
[INFO] [stdout] test amd::tests::vinsertf128_mem_r13_8 ... ok
[INFO] [stdout] test amd::tests::vinsertf128_mem_r13_m8 ... ok
[INFO] [stdout] test amd::tests::vinsertf128_mem_r9_1234 ... ok
[INFO] [stdout] test amd::tests::vinsertf128_mem_r9_8 ... ok
[INFO] [stdout] test amd::tests::vinsertf128_mem_r9_m8 ... ok
[INFO] [stdout] test amd::tests::vinsertf128_mem_rbp_1234 ... ok
[INFO] [stdout] test amd::tests::vinsertf128_mem_rbp_8 ... ok
[INFO] [stdout] test amd::tests::vinsertf128_mem_rbp_m8 ... ok
[INFO] [stdout] test amd::tests::vinsertf128_mem_rbx_8 ... ok
[INFO] [stdout] test amd::tests::vinsertf128_mem_rbx_m8 ... ok
[INFO] [stdout] test amd::tests::vinsertf128_mem_rsp_1234 ... ok
[INFO] [stdout] test amd::tests::vinsertf128_mem_rsp_8 ... ok
[INFO] [stdout] test amd::tests::vinsertf128_mem_rsp_m8 ... ok
[INFO] [stdout] test amd::tests::vmovapd_0 ... ok
[INFO] [stdout] test amd::tests::vmovapd_1 ... ok
[INFO] [stdout] test amd::tests::vmovapd_2 ... ok
[INFO] [stdout] test amd::tests::vmovaqd_0 ... ok
[INFO] [stdout] test amd::tests::vmovaqd_1 ... ok
[INFO] [stdout] test amd::tests::vmovaqd_2 ... ok
[INFO] [stdout] test amd::tests::vfnmsub231qd_2 ... ok
[INFO] [stdout] test amd::tests::vinsertf128_mem_r12_1234 ... ok
[INFO] [stdout] test amd::tests::vfnmsub231qd_3 ... ok
[INFO] [stdout] test amd::tests::vinsertf128_mem_r12_8 ... ok
[INFO] [stdout] test amd::tests::vmovdd_indexed_xmm_r12_r12_1 ... ok
[INFO] [stdout] test amd::tests::vmovaqd_masked_zero ... ok
[INFO] [stdout] test amd::tests::vmovdd_indexed_xmm_r12_r12_8 ... ok
[INFO] [stdout] test amd::tests::vmovaqd_3 ... ok
[INFO] [stdout] test amd::tests::vmovaqd_masked_copy ... ok
[INFO] [stdout] test amd::tests::vmovdd_indexed_xmm_r9_r12_1 ... ok
[INFO] [stdout] test amd::tests::vmovdd_indexed_xmm_r9_r12_8 ... ok
[INFO] [stdout] test amd::tests::vmovdd_indexed_xmm_rbp_rdx_1 ... ok
[INFO] [stdout] test amd::tests::vmovdd_indexed_xmm_rbx_rdx_8 ... ok
[INFO] [stdout] test amd::tests::vmovdd_indexed_xmm_rsp_rdx_8 ... ok
[INFO] [stdout] test amd::tests::vmovdd_indexed_xmm_rsp_rdx_1 ... ok
[INFO] [stdout] test amd::tests::vmovdd_mem_xmm_r12_1234 ... ok
[INFO] [stdout] test amd::tests::vmovdd_indexed_xmm_r13_r9_1 ... ok
[INFO] [stdout] test amd::tests::vmovdd_indexed_xmm_r13_r9_8 ... ok
[INFO] [stdout] test amd::tests::vinsertf128_mem_r13_1234 ... ok
[INFO] [stdout] test amd::tests::vmovdd_mem_xmm_r12_8 ... ok
[INFO] [stdout] test amd::tests::vmovdd_mem_xmm_r13_8 ... ok
[INFO] [stdout] test amd::tests::vmovdd_indexed_xmm_rbp_rdx_8 ... ok
[INFO] [stdout] test amd::tests::vmovdd_mem_xmm_r13_m8 ... ok
[INFO] [stdout] test amd::tests::vmovdd_indexed_xmm_rbx_rdx_1 ... ok
[INFO] [stdout] test amd::tests::vinsertf128_mem_rbx_1234 ... ok
[INFO] [stdout] test amd::tests::vmovdd_mem_xmm_r9_8 ... ok
[INFO] [stdout] test amd::tests::vmovdd_mem_xmm_rbp_1234 ... ok
[INFO] [stdout] test amd::tests::vmovdd_mem_xmm_rbp_8 ... ok
[INFO] [stdout] test amd::tests::vmovdd_mem_xmm_r9_m8 ... ok
[INFO] [stdout] test amd::tests::vmovdd_mem_xmm_r9_1234 ... ok
[INFO] [stdout] test amd::tests::vmovdd_mem_xmm_rbp_m8 ... ok
[INFO] [stdout] test amd::tests::vmovdd_mem_xmm_rbx_1234 ... ok
[INFO] [stdout] test amd::tests::vmovdd_mem_xmm_rsp_m8 ... ok
[INFO] [stdout] test amd::tests::vmovdd_xmm_indexed_r12_r12_1 ... ok
[INFO] [stdout] test amd::tests::vmovdd_xmm_indexed_r12_r12_8 ... ok
[INFO] [stdout] test amd::tests::vmovdd_mem_xmm_rsp_1234 ... ok
[INFO] [stdout] test amd::tests::vmovdd_mem_xmm_rsp_8 ... ok
[INFO] [stdout] test amd::tests::vmovdd_mem_xmm_rbx_m8 ... ok
[INFO] [stdout] test amd::tests::vmovdd_xmm_indexed_r13_r9_1 ... ok
[INFO] [stdout] test amd::tests::vmovdd_mem_xmm_rbx_8 ... ok
[INFO] [stdout] test amd::tests::vmovdd_xmm_indexed_rbp_rdx_1 ... ok
[INFO] [stdout] test amd::tests::vmovdd_xmm_indexed_r13_r9_8 ... ok
[INFO] [stdout] test amd::tests::vmovdd_xmm_indexed_rbp_rdx_8 ... ok
[INFO] [stdout] test amd::tests::vmovdd_xmm_indexed_rsp_rdx_1 ... ok
[INFO] [stdout] test amd::tests::vmovdd_xmm_indexed_rsp_rdx_8 ... ok
[INFO] [stdout] test amd::tests::vmovdd_mem_xmm_r12_m8 ... ok
[INFO] [stdout] test amd::tests::vmovdd_mem_xmm_r13_1234 ... ok
[INFO] [stdout] test amd::tests::vmovdd_xmm_mem_r12_8 ... ok
[INFO] [stdout] test amd::tests::vmovdd_xmm_mem_r12_m8 ... ok
[INFO] [stdout] test amd::tests::vmovdd_xmm_mem_r13_1234 ... ok
[INFO] [stdout] test amd::tests::vmovdd_xmm_mem_r13_8 ... ok
[INFO] [stdout] test amd::tests::vmovdd_xmm_mem_r13_m8 ... ok
[INFO] [stdout] test amd::tests::vmovdd_xmm_mem_r9_1234 ... ok
[INFO] [stdout] test amd::tests::vmovdd_xmm_mem_r9_8 ... ok
[INFO] [stdout] test amd::tests::vmovdd_xmm_mem_r9_m8 ... ok
[INFO] [stdout] test amd::tests::vmovdd_xmm_label_0 ... ok
[INFO] [stdout] test amd::tests::vmovdd_xmm_label_1 ... ok
[INFO] [stdout] test amd::tests::vmovdd_xmm_mem_rbp_8 ... ok
[INFO] [stdout] test amd::tests::vmovdd_xmm_mem_rbp_m8 ... ok
[INFO] [stdout] test amd::tests::vmovdd_xmm_mem_rbx_1234 ... ok
[INFO] [stdout] test amd::tests::vmovdd_xmm_mem_rbx_8 ... ok
[INFO] [stdout] test amd::tests::vmovdd_xmm_mem_rbx_m8 ... ok
[INFO] [stdout] test amd::tests::vmovdd_xmm_mem_rsp_1234 ... ok
[INFO] [stdout] test amd::tests::vmovdd_xmm_mem_rsp_8 ... ok
[INFO] [stdout] test amd::tests::vmovdd_xmm_mem_rsp_m8 ... ok
[INFO] [stdout] test amd::tests::vmovmskpd_0 ... ok
[INFO] [stdout] test amd::tests::vmovmskpd_1 ... ok
[INFO] [stdout] test amd::tests::vmovmskpd_2 ... ok
[INFO] [stdout] test amd::tests::vmovpd_indexed_ymm_r12_r12_1 ... ok
[INFO] [stdout] test amd::tests::vmovdd_xmm_indexed_rbx_rdx_1 ... ok
[INFO] [stdout] test amd::tests::vmovpd_indexed_ymm_r12_r12_8 ... ok
[INFO] [stdout] test amd::tests::vmovdd_xmm_indexed_r9_r12_1 ... ok
[INFO] [stdout] test amd::tests::vmovdd_xmm_indexed_r9_r12_8 ... ok
[INFO] [stdout] test amd::tests::vmovdd_xmm_indexed_rbx_rdx_8 ... ok
[INFO] [stdout] test amd::tests::vmovpd_indexed_ymm_r13_r9_1 ... ok
[INFO] [stdout] test amd::tests::vmovdd_xmm_mem_r12_1234 ... ok
[INFO] [stdout] test amd::tests::vmovdd_xmm_mem_rbp_1234 ... ok
[INFO] [stdout] test amd::tests::vmovpd_indexed_ymm_rsp_rdx_1 ... ok
[INFO] [stdout] test amd::tests::vmovpd_indexed_ymm_rsp_rdx_8 ... ok
[INFO] [stdout] test amd::tests::vmovpd_mem_ymm_r12_1234 ... ok
[INFO] [stdout] test amd::tests::vmovpd_mem_ymm_r12_8 ... ok
[INFO] [stdout] test amd::tests::vmovpd_mem_ymm_r12_m8 ... ok
[INFO] [stdout] test amd::tests::vmovpd_mem_ymm_r13_1234 ... ok
[INFO] [stdout] test amd::tests::vmovpd_mem_ymm_r13_8 ... ok
[INFO] [stdout] test amd::tests::vmovpd_mem_ymm_r13_m8 ... ok
[INFO] [stdout] test amd::tests::vmovpd_mem_ymm_r9_1234 ... ok
[INFO] [stdout] test amd::tests::vmovpd_mem_ymm_r9_8 ... ok
[INFO] [stdout] test amd::tests::vmovpd_mem_ymm_r9_m8 ... ok
[INFO] [stdout] test amd::tests::vmovpd_mem_ymm_rbp_1234 ... ok
[INFO] [stdout] test amd::tests::vmovpd_mem_ymm_rbp_8 ... ok
[INFO] [stdout] test amd::tests::vmovpd_mem_ymm_rbp_m8 ... ok
[INFO] [stdout] test amd::tests::vmovpd_mem_ymm_rbx_1234 ... ok
[INFO] [stdout] test amd::tests::vmovpd_indexed_ymm_r9_r12_8 ... ok
[INFO] [stdout] test amd::tests::vmovpd_mem_ymm_rbx_8 ... ok
[INFO] [stdout] test amd::tests::vmovpd_indexed_ymm_rbp_rdx_1 ... ok
[INFO] [stdout] test amd::tests::vmovpd_mem_ymm_rbx_m8 ... ok
[INFO] [stdout] test amd::tests::vmovpd_mem_ymm_rsp_1234 ... ok
[INFO] [stdout] test amd::tests::vmovpd_indexed_ymm_rbp_rdx_8 ... ok
[INFO] [stdout] test amd::tests::vmovpd_indexed_ymm_rbx_rdx_1 ... ok
[INFO] [stdout] test amd::tests::vmovpd_mem_ymm_rsp_8 ... ok
[INFO] [stdout] test amd::tests::vmovpd_indexed_ymm_r13_r9_8 ... ok
[INFO] [stdout] test amd::tests::vmovpd_mem_ymm_rsp_m8 ... ok
[INFO] [stdout] test amd::tests::vmovpd_ymm_indexed_mem_r12_r12_m8 ... ok
[INFO] [stdout] test amd::tests::vmovpd_ymm_indexed_mem_r13_r9_1234 ... ok
[INFO] [stdout] test amd::tests::vmovpd_ymm_indexed_mem_r13_r9_8 ... ok
[INFO] [stdout] test amd::tests::vmovpd_indexed_ymm_r9_r12_1 ... ok
[INFO] [stdout] test amd::tests::vmovpd_ymm_indexed_r12_r12_1 ... ok
[INFO] [stdout] test amd::tests::vmovpd_ymm_indexed_mem_r13_r9_m8 ... ok
[INFO] [stdout] test amd::tests::vmovpd_ymm_indexed_mem_rbx_rdx_1234 ... ok
[INFO] [stdout] test amd::tests::vmovpd_ymm_indexed_mem_rbx_rdx_m8 ... ok
[INFO] [stdout] test amd::tests::vmovpd_ymm_indexed_mem_rbx_rdx_8 ... ok
[INFO] [stdout] test amd::tests::vmovpd_ymm_indexed_r12_r12_8 ... ok
[INFO] [stdout] test amd::tests::vmovpd_ymm_indexed_r13_r9_1 ... ok
[INFO] [stdout] test amd::tests::vmovpd_ymm_indexed_mem_r12_r12_1234 ... ok
[INFO] [stdout] test amd::tests::vmovpd_ymm_indexed_r13_r9_8 ... ok
[INFO] [stdout] test amd::tests::vmovpd_ymm_indexed_mem_r12_r12_8 ... ok
[INFO] [stdout] test amd::tests::vmovpd_ymm_indexed_r9_r12_1 ... ok
[INFO] [stdout] test amd::tests::vmovpd_ymm_indexed_rbp_rdx_1 ... ok
[INFO] [stdout] test amd::tests::vmovpd_ymm_indexed_rbp_rdx_8 ... ok
[INFO] [stdout] test amd::tests::vmovpd_ymm_indexed_r9_r12_8 ... ok
[INFO] [stdout] test amd::tests::vmovpd_ymm_indexed_rbx_rdx_1 ... ok
[INFO] [stdout] test amd::tests::vmovpd_indexed_ymm_rbx_rdx_8 ... ok
[INFO] [stdout] test amd::tests::vmovpd_ymm_label_1 ... ok
[INFO] [stdout] test amd::tests::vmovpd_ymm_mem_r12_1234 ... ok
[INFO] [stdout] test amd::tests::vmovpd_ymm_mem_r12_8 ... ok
[INFO] [stdout] test amd::tests::vmovpd_ymm_mem_r13_1234 ... ok
[INFO] [stdout] test amd::tests::vmovpd_ymm_mem_r13_8 ... ok
[INFO] [stdout] test amd::tests::vmovpd_ymm_mem_r9_1234 ... ok
[INFO] [stdout] test amd::tests::vmovpd_ymm_indexed_rbx_rdx_8 ... ok
[INFO] [stdout] test amd::tests::vmovpd_ymm_mem_r13_m8 ... ok
[INFO] [stdout] test amd::tests::vmovpd_ymm_mem_r9_8 ... ok
[INFO] [stdout] test amd::tests::vmovpd_ymm_indexed_rsp_rdx_1 ... ok
[INFO] [stdout] test amd::tests::vmovpd_ymm_mem_r9_m8 ... ok
[INFO] [stdout] test amd::tests::vmovpd_ymm_indexed_rsp_rdx_8 ... ok
[INFO] [stdout] test amd::tests::vmovpd_ymm_mem_rbx_1234 ... ok
[INFO] [stdout] test amd::tests::vmovpd_ymm_mem_rbx_8 ... ok
[INFO] [stdout] test amd::tests::vmovpd_ymm_mem_rbp_1234 ... ok
[INFO] [stdout] test amd::tests::vmovpd_ymm_mem_rbp_8 ... ok
[INFO] [stdout] test amd::tests::vmovpd_ymm_mem_rbp_m8 ... ok
[INFO] [stdout] test amd::tests::vmovpd_ymm_mem_rsp_m8 ... ok
[INFO] [stdout] test amd::tests::vmovq_reg_xmm_0 ... ok
[INFO] [stdout] test amd::tests::vmovq_reg_xmm_2 ... ok
[INFO] [stdout] test amd::tests::vmovq_xmm_reg_0 ... ok
[INFO] [stdout] test amd::tests::vmovq_xmm_reg_1 ... ok
[INFO] [stdout] test amd::tests::vmovq_xmm_reg_2 ... ok
[INFO] [stdout] test amd::tests::vmovpd_ymm_mem_rsp_8 ... ok
[INFO] [stdout] test amd::tests::vmovqd_indexed_zmm_r12_r12_1 ... ok
[INFO] [stdout] test amd::tests::vmovpd_ymm_mem_r12_m8 ... ok
[INFO] [stdout] test amd::tests::vmovqd_indexed_zmm_r12_r12_8 ... ok
[INFO] [stdout] test amd::tests::vmovq_reg_xmm_1 ... ok
[INFO] [stdout] test amd::tests::vmovqd_indexed_zmm_r13_r9_1 ... ok
[INFO] [stdout] test amd::tests::vmovpd_ymm_label_0 ... ok
[INFO] [stdout] test amd::tests::vmovqd_indexed_zmm_r13_r9_8 ... ok
[INFO] [stdout] test amd::tests::vmovqd_indexed_zmm_r9_r12_8 ... ok
[INFO] [stdout] test amd::tests::vmovqd_indexed_zmm_rbp_rdx_1 ... ok
[INFO] [stdout] test amd::tests::vmovqd_indexed_zmm_rsp_rdx_1 ... ok
[INFO] [stdout] test amd::tests::vmovqd_indexed_zmm_rbx_rdx_1 ... ok
[INFO] [stdout] test amd::tests::vmovqd_indexed_zmm_rbx_rdx_8 ... ok
[INFO] [stdout] test amd::tests::vmovqd_mem_zmm_r12_8 ... ok
[INFO] [stdout] test amd::tests::vmovqd_indexed_zmm_rsp_rdx_8 ... ok
[INFO] [stdout] test amd::tests::vmovqd_mem_zmm_r12_1234 ... ok
[INFO] [stdout] test amd::tests::vmovqd_mem_zmm_r12_m80 ... ok
[INFO] [stdout] test amd::tests::vmovpd_ymm_mem_rbx_m8 ... ok
[INFO] [stdout] test amd::tests::vmovqd_indexed_zmm_r9_r12_1 ... ok
[INFO] [stdout] test amd::tests::vmovqd_mem_zmm_r12_m8 ... ok
[INFO] [stdout] test amd::tests::vmovpd_ymm_mem_rsp_1234 ... ok
[INFO] [stdout] test amd::tests::vmovqd_mem_zmm_r12_80 ... ok
[INFO] [stdout] test amd::tests::vmovqd_indexed_zmm_rbp_rdx_8 ... ok
[INFO] [stdout] test amd::tests::vmovqd_mem_zmm_r13_1234 ... ok
[INFO] [stdout] test amd::tests::vmovqd_mem_zmm_r13_8 ... ok
[INFO] [stdout] test amd::tests::vmovqd_mem_zmm_r13_80 ... ok
[INFO] [stdout] test amd::tests::vmovqd_mem_zmm_r13_m8 ... ok
[INFO] [stdout] test amd::tests::vmovqd_mem_zmm_rbp_8 ... ok
[INFO] [stdout] test amd::tests::vmovqd_mem_zmm_r13_m80 ... ok
[INFO] [stdout] test amd::tests::vmovqd_mem_zmm_r9_m80 ... ok
[INFO] [stdout] test amd::tests::vmovqd_mem_zmm_r9_80 ... ok
[INFO] [stdout] test amd::tests::vmovqd_mem_zmm_r9_1234 ... ok
[INFO] [stdout] test amd::tests::vmovqd_mem_zmm_r9_8 ... ok
[INFO] [stdout] test amd::tests::vmovqd_mem_zmm_rbp_1234 ... ok
[INFO] [stdout] test amd::tests::vmovqd_mem_zmm_r9_m8 ... ok
[INFO] [stdout] test amd::tests::vmovqd_mem_zmm_rbp_80 ... ok
[INFO] [stdout] test amd::tests::vmovqd_mem_zmm_rbp_m8 ... ok
[INFO] [stdout] test amd::tests::vmovqd_mem_zmm_rbx_8 ... ok
[INFO] [stdout] test amd::tests::vmovqd_mem_zmm_rbx_m80 ... ok
[INFO] [stdout] test amd::tests::vmovqd_mem_zmm_rbp_m80 ... ok
[INFO] [stdout] test amd::tests::vmovqd_mem_zmm_rsp_80 ... ok
[INFO] [stdout] test amd::tests::vmovqd_mem_zmm_rbx_1234 ... ok
[INFO] [stdout] test amd::tests::vmovqd_mem_zmm_rsp_m8 ... ok
[INFO] [stdout] test amd::tests::vmovqd_mem_zmm_rsp_8 ... ok
[INFO] [stdout] test amd::tests::vmovqd_mem_zmm_rsp_m80 ... ok
[INFO] [stdout] test amd::tests::vmovqd_zmm_indexed_mem_r12_r12_80 ... ok
[INFO] [stdout] test amd::tests::vmovqd_zmm_indexed_mem_rbx_rdx_80 ... ok
[INFO] [stdout] test amd::tests::vmovqd_zmm_indexed_mem_rbx_rdx_8000 ... ok
[INFO] [stdout] test amd::tests::vmovqd_zmm_indexed_r12_r12_1 ... ok
[INFO] [stdout] test amd::tests::vmovqd_zmm_indexed_r12_r12_8 ... ok
[INFO] [stdout] test amd::tests::vmovqd_zmm_indexed_r9_r12_1 ... ok
[INFO] [stdout] test amd::tests::vmovqd_zmm_indexed_r9_r12_8 ... ok
[INFO] [stdout] test amd::tests::vmovqd_zmm_indexed_rbp_rdx_8 ... ok
[INFO] [stdout] test amd::tests::vmovqd_mem_zmm_rbx_80 ... ok
[INFO] [stdout] test amd::tests::vmovqd_zmm_indexed_rbx_rdx_8 ... ok
[INFO] [stdout] test amd::tests::vmovqd_zmm_indexed_r13_r9_1 ... ok
[INFO] [stdout] test amd::tests::vmovqd_zmm_indexed_r13_r9_8 ... ok
[INFO] [stdout] test amd::tests::vmovqd_zmm_indexed_rbp_rdx_1 ... ok
[INFO] [stdout] test amd::tests::vmovqd_zmm_indexed_rsp_rdx_1 ... ok
[INFO] [stdout] test amd::tests::vmovqd_zmm_indexed_mem_r13_r9_80 ... ok
[INFO] [stdout] test amd::tests::vmovqd_mem_zmm_rsp_1234 ... ok
[INFO] [stdout] test amd::tests::vmovqd_mem_zmm_rbx_m8 ... ok
[INFO] [stdout] test amd::tests::vmovqd_zmm_indexed_rbx_rdx_1 ... ok
[INFO] [stdout] test amd::tests::vmovqd_zmm_label_0 ... ok
[INFO] [stdout] test amd::tests::vmovqd_zmm_mem_big_rbx_1fc0 ... ok
[INFO] [stdout] test amd::tests::vmovqd_zmm_mem_big_rbx_2000 ... ok
[INFO] [stdout] test amd::tests::vmovqd_zmm_mem_r12_8 ... ok
[INFO] [stdout] test amd::tests::vmovqd_zmm_mem_r12_80 ... ok
[INFO] [stdout] test amd::tests::vmovqd_zmm_mem_r12_m8 ... ok
[INFO] [stdout] test amd::tests::vmovqd_zmm_mem_r12_m80 ... ok
[INFO] [stdout] test amd::tests::vmovqd_zmm_mem_r13_1234 ... ok
[INFO] [stdout] test amd::tests::vmovqd_zmm_mem_r13_8 ... ok
[INFO] [stdout] test amd::tests::vmovqd_zmm_mem_r13_80 ... ok
[INFO] [stdout] test amd::tests::vmovqd_zmm_mem_r13_m8 ... ok
[INFO] [stdout] test amd::tests::vmovqd_zmm_mem_r13_m80 ... ok
[INFO] [stdout] test amd::tests::vmovqd_zmm_mem_r9_1234 ... ok
[INFO] [stdout] test amd::tests::vmovqd_zmm_mem_r9_8 ... ok
[INFO] [stdout] test amd::tests::vmovqd_zmm_mem_r9_80 ... ok
[INFO] [stdout] test amd::tests::vmovqd_zmm_mem_r9_m8 ... ok
[INFO] [stdout] test amd::tests::vmovqd_zmm_mem_r9_m80 ... ok
[INFO] [stdout] test amd::tests::vmovqd_zmm_mem_rbp_1234 ... ok
[INFO] [stdout] test amd::tests::vmovqd_zmm_mem_rbp_8 ... ok
[INFO] [stdout] test amd::tests::vmovqd_zmm_mem_rbp_80 ... ok
[INFO] [stdout] test amd::tests::vmovqd_zmm_mem_rbp_m8 ... ok
[INFO] [stdout] test amd::tests::vmovqd_zmm_mem_rbp_m80 ... ok
[INFO] [stdout] test amd::tests::vmovqd_zmm_mem_rbx_1234 ... ok
[INFO] [stdout] test amd::tests::vmovqd_zmm_mem_rbx_8 ... ok
[INFO] [stdout] test amd::tests::vmovqd_zmm_mem_rbx_80 ... ok
[INFO] [stdout] test amd::tests::vmovqd_zmm_mem_rbx_m8 ... ok
[INFO] [stdout] test amd::tests::vmovqd_zmm_mem_rbx_m80 ... ok
[INFO] [stdout] test amd::tests::vmovqd_zmm_mem_rsp_1234 ... ok
[INFO] [stdout] test amd::tests::vmovqd_zmm_indexed_rsp_rdx_8 ... ok
[INFO] [stdout] test amd::tests::vmovqd_zmm_label_1 ... ok
[INFO] [stdout] test amd::tests::vmovqd_zmm_mem_rsp_8 ... ok
[INFO] [stdout] test amd::tests::vmovqd_zmm_mem_rsp_80 ... ok
[INFO] [stdout] test amd::tests::vmovsd_indexed_xmm_r12_r12_1 ... ok
[INFO] [stdout] test amd::tests::vmovsd_indexed_xmm_r12_r12_8 ... ok
[INFO] [stdout] test amd::tests::vmovsd_indexed_xmm_r13_r9_1 ... ok
[INFO] [stdout] test amd::tests::vmovsd_indexed_xmm_r13_r9_8 ... ok
[INFO] [stdout] test amd::tests::vmovsd_indexed_xmm_r9_r12_1 ... ok
[INFO] [stdout] test amd::tests::vmovsd_indexed_xmm_r9_r12_8 ... ok
[INFO] [stdout] test amd::tests::vmovsd_indexed_xmm_rbp_rdx_1 ... ok
[INFO] [stdout] test amd::tests::vmovsd_indexed_xmm_rbp_rdx_8 ... ok
[INFO] [stdout] test amd::tests::vmovqd_zmm_mem_rsp_m8 ... ok
[INFO] [stdout] test amd::tests::vmovsd_indexed_xmm_rbx_rdx_1 ... ok
[INFO] [stdout] test amd::tests::vmovsd_indexed_xmm_rsp_rdx_1 ... ok
[INFO] [stdout] test amd::tests::vmovsd_indexed_xmm_rsp_rdx_8 ... ok
[INFO] [stdout] test amd::tests::vmovsd_mem_xmm_r12_8 ... ok
[INFO] [stdout] test amd::tests::vmovsd_mem_xmm_r12_m8 ... ok
[INFO] [stdout] test amd::tests::vmovsd_mem_xmm_r13_1234 ... ok
[INFO] [stdout] test amd::tests::vmovsd_mem_xmm_r13_8 ... ok
[INFO] [stdout] test amd::tests::vmovsd_mem_xmm_r13_m8 ... ok
[INFO] [stdout] test amd::tests::vmovsd_mem_xmm_r9_1234 ... ok
[INFO] [stdout] test amd::tests::vmovsd_mem_xmm_r9_8 ... ok
[INFO] [stdout] test amd::tests::vmovqd_zmm_mem_big_rbx_m2000 ... ok
[INFO] [stdout] test amd::tests::vmovsd_mem_xmm_r9_m8 ... ok
[INFO] [stdout] test amd::tests::vmovqd_zmm_mem_big_rbx_m4000 ... ok
[INFO] [stdout] test amd::tests::vmovqd_zmm_mem_r12_1234 ... ok
[INFO] [stdout] test amd::tests::vmovsd_mem_xmm_rbp_1234 ... ok
[INFO] [stdout] test amd::tests::vmovsd_mem_xmm_rbp_8 ... ok
[INFO] [stdout] test amd::tests::vmovsd_mem_xmm_rbp_m8 ... ok
[INFO] [stdout] test amd::tests::vmovsd_mem_xmm_rbx_1234 ... ok
[INFO] [stdout] test amd::tests::vmovsd_mem_xmm_rbx_8 ... ok
[INFO] [stdout] test amd::tests::vmovsd_mem_xmm_rbx_m8 ... ok
[INFO] [stdout] test amd::tests::vmovsd_mem_xmm_rsp_m8 ... ok
[INFO] [stdout] test amd::tests::vmovsd_xmm_indexed_r12_r12_1 ... ok
[INFO] [stdout] test amd::tests::vmovsd_xmm_indexed_r12_r12_8 ... ok
[INFO] [stdout] test amd::tests::vmovsd_xmm_indexed_r13_r9_1 ... ok
[INFO] [stdout] test amd::tests::vmovsd_xmm_indexed_r9_r12_1 ... ok
[INFO] [stdout] test amd::tests::vmovsd_xmm_indexed_r9_r12_8 ... ok
[INFO] [stdout] test amd::tests::vmovsd_xmm_indexed_rbp_rdx_1 ... ok
[INFO] [stdout] test amd::tests::vmovsd_xmm_indexed_rbp_rdx_8 ... ok
[INFO] [stdout] test amd::tests::vmovsd_xmm_indexed_rbx_rdx_1 ... ok
[INFO] [stdout] test amd::tests::vmovsd_xmm_indexed_rbx_rdx_8 ... ok
[INFO] [stdout] test amd::tests::vmovsd_xmm_indexed_rsp_rdx_1 ... ok
[INFO] [stdout] test amd::tests::vmovsd_xmm_indexed_rsp_rdx_8 ... ok
[INFO] [stdout] test amd::tests::vmovsd_xmm_label_0 ... ok
[INFO] [stdout] test amd::tests::vmovsd_xmm_label_1 ... ok
[INFO] [stdout] test amd::tests::vmovsd_xmm_mem_r12_1234 ... ok
[INFO] [stdout] test amd::tests::vmovsd_mem_xmm_r12_1234 ... ok
[INFO] [stdout] test amd::tests::vmovqd_zmm_mem_rsp_m80 ... ok
[INFO] [stdout] test amd::tests::vmovsd_xmm_mem_r12_8 ... ok
[INFO] [stdout] test amd::tests::vmovsd_indexed_xmm_rbx_rdx_8 ... ok
[INFO] [stdout] test amd::tests::vmovsd_xmm_mem_r12_m8 ... ok
[INFO] [stdout] test amd::tests::vmovsd_xmm_mem_r13_1234 ... ok
[INFO] [stdout] test amd::tests::vmovsd_xmm_mem_r9_1234 ... ok
[INFO] [stdout] test amd::tests::vmovsd_xmm_mem_r13_8 ... ok
[INFO] [stdout] test amd::tests::vmovsd_xmm_mem_r13_m8 ... ok
[INFO] [stdout] test amd::tests::vmovsd_xmm_mem_r9_8 ... ok
[INFO] [stdout] test amd::tests::vmovsd_xmm_mem_r9_m8 ... ok
[INFO] [stdout] test amd::tests::vmovsd_xmm_mem_rbp_m8 ... ok
[INFO] [stdout] test amd::tests::vmovsd_xmm_mem_rbx_1234 ... ok
[INFO] [stdout] test amd::tests::vmovsd_xmm_mem_rbx_8 ... ok
[INFO] [stdout] test amd::tests::vmovsd_xmm_mem_rbx_m8 ... ok
[INFO] [stdout] test amd::tests::vmovsd_xmm_mem_rsp_1234 ... ok
[INFO] [stdout] test amd::tests::vmovsd_xmm_mem_rbp_1234 ... ok
[INFO] [stdout] test amd::tests::vmovsd_mem_xmm_rsp_1234 ... ok
[INFO] [stdout] test amd::tests::vmovsd_xmm_mem_rbp_8 ... ok
[INFO] [stdout] test amd::tests::vmovsd_xmm_mem_rsp_m8 ... ok
[INFO] [stdout] test amd::tests::vmovsd_mem_xmm_rsp_8 ... ok
[INFO] [stdout] test amd::tests::vmovsd_xmm_mem_rsp_8 ... ok
[INFO] [stdout] test amd::tests::vmuldd_0 ... ok
[INFO] [stdout] test amd::tests::vmovsd_xmm_indexed_r13_r9_8 ... ok
[INFO] [stdout] test amd::tests::vmulpd_1 ... ok
[INFO] [stdout] test amd::tests::vmulpd_2 ... ok
[INFO] [stdout] test amd::tests::vmuldd_1 ... ok
[INFO] [stdout] test amd::tests::vmulqd_0 ... ok
[INFO] [stdout] test amd::tests::vmulqd_1 ... ok
[INFO] [stdout] test amd::tests::vmulsd_1 ... ok
[INFO] [stdout] test amd::tests::vmulqd_3 ... ok
[INFO] [stdout] test amd::tests::vordd_0 ... ok
[INFO] [stdout] test amd::tests::vmulsd_2 ... ok
[INFO] [stdout] test amd::tests::vmulsd_0 ... ok
[INFO] [stdout] test amd::tests::vordd_2 ... ok
[INFO] [stdout] test amd::tests::vordd_label_0 ... ok
[INFO] [stdout] test amd::tests::vorpd_0 ... ok
[INFO] [stdout] test amd::tests::vorpd_1 ... ok
[INFO] [stdout] test amd::tests::vorpd_2 ... ok
[INFO] [stdout] test amd::tests::vorqd_0 ... ok
[INFO] [stdout] test amd::tests::vorqd_1 ... ok
[INFO] [stdout] test amd::tests::vorqd_2 ... ok
[INFO] [stdout] test amd::tests::vorqd_3 ... ok
[INFO] [stdout] test amd::tests::vorpd_label_1 ... ok
[INFO] [stdout] test amd::tests::vorqd_label_0 ... ok
[INFO] [stdout] test amd::tests::vpmovm2q_qd_0 ... ok
[INFO] [stdout] test amd::tests::vpmovm2q_qd_1 ... ok
[INFO] [stdout] test amd::tests::vpmovm2q_qd_2 ... ok
[INFO] [stdout] test amd::tests::vpmovq2m_qd_0 ... ok
[INFO] [stdout] test amd::tests::vpmovq2m_qd_1 ... ok
[INFO] [stdout] test amd::tests::vpmovq2m_qd_2 ... ok
[INFO] [stdout] test amd::tests::vordd_1 ... ok
[INFO] [stdout] test amd::tests::vordd_label_1 ... ok
[INFO] [stdout] test amd::tests::vrounddd_floor_0 ... ok
[INFO] [stdout] test amd::tests::vorpd_label_0 ... ok
[INFO] [stdout] test amd::tests::vorqd_label_1 ... ok
[INFO] [stdout] test amd::tests::vrounddd_trunc_0 ... ok
[INFO] [stdout] test amd::tests::vrounddd_trunc_1 ... ok
[INFO] [stdout] test amd::tests::vrounddd_trunc_2 ... ok
[INFO] [stdout] test amd::tests::vroundpd_floor_0 ... ok
[INFO] [stdout] test amd::tests::vroundpd_floor_1 ... ok
[INFO] [stdout] test amd::tests::vmuldd_2 ... ok
[INFO] [stdout] test amd::tests::vmulpd_0 ... ok
[INFO] [stdout] test amd::tests::vmulqd_2 ... ok
[INFO] [stdout] test amd::tests::vrounddd_floor_1 ... ok
[INFO] [stdout] test amd::tests::vrounddd_floor_2 ... ok
[INFO] [stdout] test amd::tests::vroundpd_floor_2 ... ok
[INFO] [stdout] test amd::tests::vroundqd_floor_2 ... ok
[INFO] [stdout] test amd::tests::vroundpd_trunc_0 ... ok
[INFO] [stdout] test amd::tests::vroundqd_floor_0 ... ok
[INFO] [stdout] test amd::tests::vroundqd_trunc_0 ... ok
[INFO] [stdout] test amd::tests::vroundqd_floor_3 ... ok
[INFO] [stdout] test amd::tests::vroundqd_trunc_1 ... ok
[INFO] [stdout] test amd::tests::vroundsd_floor_1 ... ok
[INFO] [stdout] test amd::tests::vroundqd_floor_1 ... ok
[INFO] [stdout] test amd::tests::vroundsd_floor_2 ... ok
[INFO] [stdout] test amd::tests::vroundqd_trunc_2 ... ok
[INFO] [stdout] test amd::tests::vroundqd_trunc_3 ... ok
[INFO] [stdout] test amd::tests::vroundsd_trunc_1 ... ok
[INFO] [stdout] test amd::tests::vshufdd_0_1 ... ok
[INFO] [stdout] test amd::tests::vshufdd_1_0 ... ok
[INFO] [stdout] test amd::tests::vroundpd_trunc_1 ... ok
[INFO] [stdout] test amd::tests::vroundpd_trunc_2 ... ok
[INFO] [stdout] test amd::tests::vroundsd_floor_0 ... ok
[INFO] [stdout] test amd::tests::vshufdd_2_1 ... ok
[INFO] [stdout] test amd::tests::vroundsd_trunc_0 ... ok
[INFO] [stdout] test amd::tests::vshufpd_0 ... ok
[INFO] [stdout] test amd::tests::vshufpd_1 ... ok
[INFO] [stdout] test amd::tests::vshufpd_2 ... ok
[INFO] [stdout] test amd::tests::vshufqd_0 ... ok
[INFO] [stdout] test amd::tests::vshufqd_1 ... ok
[INFO] [stdout] test amd::tests::vshufqd_2 ... ok
[INFO] [stdout] test amd::tests::vsqrtdd_0 ... ok
[INFO] [stdout] test amd::tests::vshufqd_3 ... ok
[INFO] [stdout] test amd::tests::vsqrtdd_1 ... ok
[INFO] [stdout] test amd::tests::vroundsd_trunc_2 ... ok
[INFO] [stdout] test amd::tests::vshufdd_0_0 ... ok
[INFO] [stdout] test amd::tests::vshufdd_3_0 ... ok
[INFO] [stdout] test amd::tests::vsqrtpd_1 ... ok
[INFO] [stdout] test amd::tests::vsqrtdd_2 ... ok
[INFO] [stdout] test amd::tests::vshufdd_1_1 ... ok
[INFO] [stdout] test amd::tests::vsqrtpd_0 ... ok
[INFO] [stdout] test amd::tests::vshufdd_2_0 ... ok
[INFO] [stdout] test amd::tests::vshufdd_3_1 ... ok
[INFO] [stdout] test amd::tests::vsqrtqd_2 ... ok
[INFO] [stdout] test amd::tests::vsqrtpd_2 ... ok
[INFO] [stdout] test amd::tests::vsqrtqd_0 ... ok
[INFO] [stdout] test amd::tests::vsqrtqd_1 ... ok
[INFO] [stdout] test amd::tests::vsubpd_0 ... ok
[INFO] [stdout] test amd::tests::vsqrtqd_3 ... ok
[INFO] [stdout] test amd::tests::vsubdd_1 ... ok
[INFO] [stdout] test amd::tests::vsqrtsd_0 ... ok
[INFO] [stdout] test amd::tests::vsubpd_1 ... ok
[INFO] [stdout] test amd::tests::vsqrtsd_2 ... ok
[INFO] [stdout] test amd::tests::vsubdd_0 ... ok
[INFO] [stdout] test amd::tests::vsubpd_2 ... ok
[INFO] [stdout] test amd::tests::vsubdd_2 ... ok
[INFO] [stdout] test amd::tests::vsubsd_1 ... ok
[INFO] [stdout] test amd::tests::vsqrtsd_1 ... ok
[INFO] [stdout] test amd::tests::vsubqd_1 ... ok
[INFO] [stdout] test amd::tests::vsubqd_0 ... ok
[INFO] [stdout] test amd::tests::vucomisd_1 ... ok
[INFO] [stdout] test amd::tests::vucomisd_2 ... ok
[INFO] [stdout] test amd::tests::vucomisd_0 ... ok
[INFO] [stdout] test amd::tests::vsubqd_2 ... ok
[INFO] [stdout] test amd::tests::vsubsd_2 ... ok
[INFO] [stdout] test amd::tests::vunpckhdd_0 ... ok
[INFO] [stdout] test amd::tests::vunpckhdd_2 ... ok
[INFO] [stdout] test amd::tests::vunpckhpd_1 ... ok
[INFO] [stdout] test amd::tests::vunpckhpd_0 ... ok
[INFO] [stdout] test amd::tests::vunpckhpd_2 ... ok
[INFO] [stdout] test amd::tests::vunpckhqd_2 ... ok
[INFO] [stdout] test amd::tests::vunpckldd_0 ... ok
[INFO] [stdout] test amd::tests::vunpckldd_1 ... ok
[INFO] [stdout] test amd::tests::vunpckhqd_3 ... ok
[INFO] [stdout] test amd::tests::vunpckldd_2 ... ok
[INFO] [stdout] test amd::tests::vunpcklpd_0 ... ok
[INFO] [stdout] test amd::tests::vsubqd_3 ... ok
[INFO] [stdout] test amd::tests::vunpckhdd_1 ... ok
[INFO] [stdout] test amd::tests::vunpcklqd_0 ... ok
[INFO] [stdout] test amd::tests::vunpcklqd_1 ... ok
[INFO] [stdout] test amd::tests::vunpcklpd_1 ... ok
[INFO] [stdout] test amd::tests::vunpcklqd_2 ... ok
[INFO] [stdout] test amd::tests::vunpcklqd_3 ... ok
[INFO] [stdout] test amd::tests::vxordd_0 ... ok
[INFO] [stdout] test amd::tests::vxordd_2 ... ok
[INFO] [stdout] test amd::tests::vxordd_1 ... ok
[INFO] [stdout] test amd::tests::vxordd_label_0 ... ok
[INFO] [stdout] test amd::tests::vxorpd_0 ... ok
[INFO] [stdout] test amd::tests::vxordd_label_1 ... ok
[INFO] [stdout] test amd::tests::vxorpd_1 ... ok
[INFO] [stdout] test amd::tests::vxorpd_label_1 ... ok
[INFO] [stdout] test amd::tests::vxorqd_1 ... ok
[INFO] [stdout] test amd::tests::vunpckhqd_0 ... ok
[INFO] [stdout] test amd::tests::vunpckhqd_1 ... ok
[INFO] [stdout] test amd::tests::vxorqd_2 ... ok
[INFO] [stdout] test amd::tests::vunpcklpd_2 ... ok
[INFO] [stdout] test amd::tests::vzeroupper_0 ... ok
[INFO] [stdout] test amd::tests::xor_0 ... ok
[INFO] [stdout] test amd::tests::xor_1 ... ok
[INFO] [stdout] test amd::tests::xor_imm_0 ... ok
[INFO] [stdout] test amd::tests::xor_imm_1 ... ok
[INFO] [stdout] test amd::tests::xor_imm_2 ... ok
[INFO] [stdout] test amd::tests::xorpd_0 ... ok
[INFO] [stdout] test amd::tests::xorpd_1 ... ok
[INFO] [stdout] test amd::tests::vxorqd_label_0 ... ok
[INFO] [stdout] test amd::tests::vxorpd_label_0 ... ok
[INFO] [stdout] test amd::tests::vxorqd_3 ... ok
[INFO] [stdout] test amd::tests::vxorqd_0 ... ok
[INFO] [stdout] test amd::tests::xorpd_2 ... ok
[INFO] [stdout] test amd::tests::vxorpd_2 ... ok
[INFO] [stdout] test amd::tests::vxorqd_label_1 ... ok
[INFO] [stdout] test amd::tests::xorpd_label_0 ... ok
[INFO] [stdout] test amd::tests::xorpd_label_1 ... ok
[INFO] [stdout] test arm::tests::add_sp_imm ... ok
[INFO] [stdout] test arm::tests::add_sp_imm_lsl12 ... ok
[INFO] [stdout] test arm::tests::add_xxx_0 ... ok
[INFO] [stdout] test arm::tests::add_xxx_1 ... ok
[INFO] [stdout] test arm::tests::add_imm_lsl12_0 ... ok
[INFO] [stdout] test arm::tests::add_xxx_2 ... ok
[INFO] [stdout] test arm::tests::add_xxx_3 ... ok
[INFO] [stdout] test arm::tests::add_xxx_lsl3_1 ... ok
[INFO] [stdout] test arm::tests::add_imm_0 ... ok
[INFO] [stdout] test arm::tests::add_imm_1 ... ok
[INFO] [stdout] test arm::tests::add_imm_2 ... ok
[INFO] [stdout] test arm::tests::add_xxx_lsl3_2 ... ok
[INFO] [stdout] test arm::tests::add_xxx_lsl3_3 ... ok
[INFO] [stdout] test arm::tests::add_xxx_lsl63_0 ... ok
[INFO] [stdout] test arm::tests::add_imm_lsl12_1 ... ok
[INFO] [stdout] test arm::tests::adds_xxx_0 ... ok
[INFO] [stdout] test arm::tests::add_imm_max_0 ... ok
[INFO] [stdout] test amd::tests::vsubsd_0 ... ok
[INFO] [stdout] test arm::tests::adds_xxx_1 ... ok
[INFO] [stdout] test arm::tests::adrp_0 ... ok
[INFO] [stdout] test arm::tests::and_16b_1 ... ok
[INFO] [stdout] test arm::tests::adrp_1 ... ok
[INFO] [stdout] test arm::tests::and_16b_3 ... ok
[INFO] [stdout] test arm::tests::and_16b_0 ... ok
[INFO] [stdout] test arm::tests::and_8b_0 ... ok
[INFO] [stdout] test arm::tests::and_16b_2 ... ok
[INFO] [stdout] test arm::tests::adds_xxx_2 ... ok
[INFO] [stdout] test arm::tests::adds_xxx_3 ... ok
[INFO] [stdout] test arm::tests::and_xxx_0 ... ok
[INFO] [stdout] test arm::tests::and_xxx_1 ... ok
[INFO] [stdout] test arm::tests::and_xxx_3 ... ok
[INFO] [stdout] test arm::tests::add_xxx_lsl3_0 ... ok
[INFO] [stdout] test arm::tests::ands_xxx_0 ... ok
[INFO] [stdout] test arm::tests::ands_xxx_3 ... ok
[INFO] [stdout] test arm::tests::and_8b_1 ... ok
[INFO] [stdout] test arm::tests::ands_xxx_1 ... ok
[INFO] [stdout] test arm::tests::and_8b_2 ... ok
[INFO] [stdout] test arm::tests::b_100 ... ok
[INFO] [stdout] test arm::tests::b_eq_100 ... ok
[INFO] [stdout] test arm::tests::and_xxx_2 ... ok
[INFO] [stdout] test arm::tests::b_eq_m100 ... ok
[INFO] [stdout] test arm::tests::ands_xxx_2 ... ok
[INFO] [stdout] test arm::tests::b_gt_100 ... ok
[INFO] [stdout] test arm::tests::b_gt_m100 ... ok
[INFO] [stdout] test arm::tests::b_le_m100 ... ok
[INFO] [stdout] test arm::tests::b_lt_100 ... ok
[INFO] [stdout] test arm::tests::and_8b_3 ... ok
[INFO] [stdout] test arm::tests::b_mi_m100 ... ok
[INFO] [stdout] test arm::tests::b_lt_m100 ... ok
[INFO] [stdout] test arm::tests::b_m100 ... ok
[INFO] [stdout] test arm::tests::b_mi_100 ... ok
[INFO] [stdout] test arm::tests::b_ne_100 ... ok
[INFO] [stdout] test arm::tests::b_ne_m100 ... ok
[INFO] [stdout] test arm::tests::bic_16b_0 ... ok
[INFO] [stdout] test arm::tests::bic_16b_3 ... ok
[INFO] [stdout] test arm::tests::bic_8b_0 ... ok
[INFO] [stdout] test arm::tests::bic_8b_1 ... ok
[INFO] [stdout] test arm::tests::bic_8b_2 ... ok
[INFO] [stdout] test arm::tests::bic_8b_3 ... ok
[INFO] [stdout] test arm::tests::bif_16b_0 ... ok
[INFO] [stdout] test arm::tests::bif_16b_1 ... ok
[INFO] [stdout] test arm::tests::bif_16b_2 ... ok
[INFO] [stdout] test arm::tests::b_ge_100 ... ok
[INFO] [stdout] test arm::tests::bif_16b_3 ... ok
[INFO] [stdout] test arm::tests::bif_8b_0 ... ok
[INFO] [stdout] test arm::tests::b_ge_m100 ... ok
[INFO] [stdout] test arm::tests::b_le_100 ... ok
[INFO] [stdout] test arm::tests::bif_8b_1 ... ok
[INFO] [stdout] test arm::tests::bif_8b_2 ... ok
[INFO] [stdout] test arm::tests::bit_16b_1 ... ok
[INFO] [stdout] test arm::tests::bit_16b_3 ... ok
[INFO] [stdout] test arm::tests::bit_8b_0 ... ok
[INFO] [stdout] test arm::tests::bit_8b_1 ... ok
[INFO] [stdout] test arm::tests::bit_8b_2 ... ok
[INFO] [stdout] test arm::tests::bit_8b_3 ... ok
[INFO] [stdout] test arm::tests::bl_100 ... ok
[INFO] [stdout] test arm::tests::bif_8b_3 ... ok
[INFO] [stdout] test arm::tests::bl_m100 ... ok
[INFO] [stdout] test arm::tests::bit_16b_0 ... ok
[INFO] [stdout] test arm::tests::blr ... ok
[INFO] [stdout] test arm::tests::bit_16b_2 ... ok
[INFO] [stdout] test arm::tests::bsl_16b_0 ... ok
[INFO] [stdout] test arm::tests::bsl_16b_1 ... ok
[INFO] [stdout] test arm::tests::bsl_8b_0 ... ok
[INFO] [stdout] test arm::tests::bsl_8b_1 ... ok
[INFO] [stdout] test arm::tests::bsl_8b_2 ... ok
[INFO] [stdout] test arm::tests::bsl_8b_3 ... ok
[INFO] [stdout] test arm::tests::dup_q0_2 ... ok
[INFO] [stdout] test arm::tests::dup_q0_3 ... ok
[INFO] [stdout] test arm::tests::dup_q1_0 ... ok
[INFO] [stdout] test arm::tests::bic_16b_1 ... ok
[INFO] [stdout] test arm::tests::dup_q0_1 ... ok
[INFO] [stdout] test arm::tests::dup_q1_1 ... ok
[INFO] [stdout] test arm::tests::dup_q1_2 ... ok
[INFO] [stdout] test arm::tests::bic_16b_2 ... ok
[INFO] [stdout] test arm::tests::blr_hi ... ok
[INFO] [stdout] test arm::tests::dup_q1_3 ... ok
[INFO] [stdout] test arm::tests::eor_16b_0 ... ok
[INFO] [stdout] test arm::tests::eor_16b_1 ... ok
[INFO] [stdout] test arm::tests::eor_16b_2 ... ok
[INFO] [stdout] test arm::tests::eor_16b_3 ... ok
[INFO] [stdout] test arm::tests::eor_8b_0 ... ok
[INFO] [stdout] test arm::tests::eor_8b_1 ... ok
[INFO] [stdout] test arm::tests::eor_xxx_0 ... ok
[INFO] [stdout] test arm::tests::eor_xxx_1 ... ok
[INFO] [stdout] test arm::tests::eor_xxx_2 ... ok
[INFO] [stdout] test arm::tests::eor_xxx_3 ... ok
[INFO] [stdout] test arm::tests::ext_q_0 ... ok
[INFO] [stdout] test arm::tests::ext_q_1 ... ok
[INFO] [stdout] test arm::tests::ext_q_2 ... ok
[INFO] [stdout] test arm::tests::ext_q_3 ... ok
[INFO] [stdout] test arm::tests::fabs_d_0 ... ok
[INFO] [stdout] test arm::tests::fabs_d_1 ... ok
[INFO] [stdout] test arm::tests::fabs_d_2 ... ok
[INFO] [stdout] test arm::tests::fabs_d_3 ... ok
[INFO] [stdout] test arm::tests::fabs_q_0 ... ok
[INFO] [stdout] test arm::tests::bsl_16b_2 ... ok
[INFO] [stdout] test arm::tests::fabs_q_2 ... ok
[INFO] [stdout] test arm::tests::fabs_q_3 ... ok
[INFO] [stdout] test arm::tests::eor_8b_2 ... ok
[INFO] [stdout] test arm::tests::eor_8b_3 ... ok
[INFO] [stdout] test arm::tests::dup_q0_0 ... ok
[INFO] [stdout] test arm::tests::bsl_16b_3 ... ok
[INFO] [stdout] test arm::tests::fabs_q_1 ... ok
[INFO] [stdout] test arm::tests::fadd_d_2 ... ok
[INFO] [stdout] test arm::tests::fadd_d_3 ... ok
[INFO] [stdout] test arm::tests::faddp_d_0 ... ok
[INFO] [stdout] test arm::tests::faddp_d_1 ... ok
[INFO] [stdout] test arm::tests::faddp_d_2 ... ok
[INFO] [stdout] test arm::tests::faddp_d_3 ... ok
[INFO] [stdout] test arm::tests::fcadd_270_0 ... ok
[INFO] [stdout] test arm::tests::fadd_q_0 ... ok
[INFO] [stdout] test arm::tests::fcadd_270_2 ... ok
[INFO] [stdout] test arm::tests::fcadd_270_1 ... ok
[INFO] [stdout] test arm::tests::fcadd_270_3 ... ok
[INFO] [stdout] test arm::tests::fcadd_90_1 ... ok
[INFO] [stdout] test arm::tests::fcadd_90_2 ... ok
[INFO] [stdout] test arm::tests::fcadd_90_3 ... ok
[INFO] [stdout] test arm::tests::fcmeq_d_0 ... ok
[INFO] [stdout] test arm::tests::fcmeq_d_1 ... ok
[INFO] [stdout] test arm::tests::fcmeq_d_2 ... ok
[INFO] [stdout] test arm::tests::fcmeq_d_3 ... ok
[INFO] [stdout] test arm::tests::fcmeq_d_zero_0 ... ok
[INFO] [stdout] test arm::tests::fcmeq_d_zero_1 ... ok
[INFO] [stdout] test arm::tests::fcmeq_d_zero_2 ... ok
[INFO] [stdout] test arm::tests::fcadd_90_0 ... ok
[INFO] [stdout] test arm::tests::fcmeq_d_zero_3 ... ok
[INFO] [stdout] test arm::tests::fcmeq_q_0 ... ok
[INFO] [stdout] test arm::tests::fcmeq_q_1 ... ok
[INFO] [stdout] test arm::tests::fcmeq_q_2 ... ok
[INFO] [stdout] test arm::tests::fcmeq_q_3 ... ok
[INFO] [stdout] test arm::tests::fcmeq_q_zero_0 ... ok
[INFO] [stdout] test arm::tests::fcmeq_q_zero_1 ... ok
[INFO] [stdout] test arm::tests::fadd_d_0 ... ok
[INFO] [stdout] test arm::tests::fcmeq_q_zero_2 ... ok
[INFO] [stdout] test arm::tests::fcmeq_q_zero_3 ... ok
[INFO] [stdout] test arm::tests::fcmge_d_0 ... ok
[INFO] [stdout] test arm::tests::fcmge_d_1 ... ok
[INFO] [stdout] test arm::tests::fcmge_d_2 ... ok
[INFO] [stdout] test arm::tests::fadd_d_1 ... ok
[INFO] [stdout] test arm::tests::fadd_q_2 ... ok
[INFO] [stdout] test arm::tests::fadd_q_1 ... ok
[INFO] [stdout] test arm::tests::fadd_q_3 ... ok
[INFO] [stdout] test arm::tests::fcmge_d_3 ... ok
[INFO] [stdout] test arm::tests::fcmge_d_zero_0 ... ok
[INFO] [stdout] test arm::tests::fcmge_d_zero_1 ... ok
[INFO] [stdout] test arm::tests::fcmge_q_0 ... ok
[INFO] [stdout] test arm::tests::fcmge_q_1 ... ok
[INFO] [stdout] test arm::tests::fcmge_q_2 ... ok
[INFO] [stdout] test arm::tests::fcmge_d_zero_2 ... ok
[INFO] [stdout] test arm::tests::fcmge_q_3 ... ok
[INFO] [stdout] test arm::tests::fcmge_d_zero_3 ... ok
[INFO] [stdout] test arm::tests::fcmgt_q_0 ... ok
[INFO] [stdout] test arm::tests::fcmgt_q_1 ... ok
[INFO] [stdout] test arm::tests::fcmgt_q_3 ... ok
[INFO] [stdout] test arm::tests::fcmla_0_0 ... ok
[INFO] [stdout] test arm::tests::fcmla_0_1 ... ok
[INFO] [stdout] test arm::tests::fcmgt_d_3 ... ok
[INFO] [stdout] test arm::tests::fcmgt_q_2 ... ok
[INFO] [stdout] test arm::tests::fcmla_180_0 ... ok
[INFO] [stdout] test arm::tests::fcmla_180_1 ... ok
[INFO] [stdout] test arm::tests::fcmla_180_2 ... ok
[INFO] [stdout] test arm::tests::fcmla_180_3 ... ok
[INFO] [stdout] test arm::tests::fcmla_0_2 ... ok
[INFO] [stdout] test arm::tests::fcmla_0_3 ... ok
[INFO] [stdout] test arm::tests::fcmla_270_0 ... ok
[INFO] [stdout] test arm::tests::fcmla_270_1 ... ok
[INFO] [stdout] test arm::tests::fcmla_90_1 ... ok
[INFO] [stdout] test arm::tests::fcmla_90_2 ... ok
[INFO] [stdout] test arm::tests::fcmgt_d_0 ... ok
[INFO] [stdout] test arm::tests::fcmgt_d_1 ... ok
[INFO] [stdout] test arm::tests::fcmgt_d_2 ... ok
[INFO] [stdout] test arm::tests::fcmla_90_3 ... ok
[INFO] [stdout] test arm::tests::fcmle_d_0 ... ok
[INFO] [stdout] test arm::tests::fcmle_d_1 ... ok
[INFO] [stdout] test arm::tests::fcmle_d_3 ... ok
[INFO] [stdout] test arm::tests::fcmle_q_1 ... ok
[INFO] [stdout] test arm::tests::fcmle_q_3 ... ok
[INFO] [stdout] test arm::tests::fcmlt_d_0 ... ok
[INFO] [stdout] test arm::tests::fcmlt_d_1 ... ok
[INFO] [stdout] test arm::tests::fcmlt_d_2 ... ok
[INFO] [stdout] test arm::tests::fcmlt_d_3 ... ok
[INFO] [stdout] test arm::tests::fcmlt_d_zero_0 ... ok
[INFO] [stdout] test arm::tests::fcmlt_d_zero_1 ... ok
[INFO] [stdout] test arm::tests::fcmlt_d_zero_2 ... ok
[INFO] [stdout] test arm::tests::fcmla_270_2 ... ok
[INFO] [stdout] test arm::tests::fcmlt_d_zero_3 ... ok
[INFO] [stdout] test arm::tests::fcmlt_q_1 ... ok
[INFO] [stdout] test arm::tests::fcmlt_q_2 ... ok
[INFO] [stdout] test arm::tests::fcmlt_q_3 ... ok
[INFO] [stdout] test arm::tests::fcmla_90_0 ... ok
[INFO] [stdout] test arm::tests::fcmp_zero_0 ... ok
[INFO] [stdout] test arm::tests::fcmla_270_3 ... ok
[INFO] [stdout] test arm::tests::fcmp_zero_2 ... ok
[INFO] [stdout] test arm::tests::fcsel_eq_0 ... ok
[INFO] [stdout] test arm::tests::fcmp_zero_1 ... ok
[INFO] [stdout] test arm::tests::fcsel_eq_2 ... ok
[INFO] [stdout] test arm::tests::fcsel_eq_3 ... ok
[INFO] [stdout] test arm::tests::fcmle_q_0 ... ok
[INFO] [stdout] test arm::tests::fcmlt_q_0 ... ok
[INFO] [stdout] test arm::tests::fcsel_ge_0 ... ok
[INFO] [stdout] test arm::tests::fcsel_ge_2 ... ok
[INFO] [stdout] test arm::tests::fcsel_ge_1 ... ok
[INFO] [stdout] test arm::tests::fcmle_q_2 ... ok
[INFO] [stdout] test arm::tests::fcsel_gt_1 ... ok
[INFO] [stdout] test arm::tests::fcsel_ge_3 ... ok
[INFO] [stdout] test arm::tests::fcsel_gt_0 ... ok
[INFO] [stdout] test arm::tests::fcsel_le_2 ... ok
[INFO] [stdout] test arm::tests::fcsel_le_3 ... ok
[INFO] [stdout] test arm::tests::fcsel_le_1 ... ok
[INFO] [stdout] test arm::tests::fcsel_lt_0 ... ok
[INFO] [stdout] test arm::tests::fcsel_gt_2 ... ok
[INFO] [stdout] test arm::tests::fcsel_gt_3 ... ok
[INFO] [stdout] test arm::tests::fcmle_d_2 ... ok
[INFO] [stdout] test arm::tests::fcsel_le_0 ... ok
[INFO] [stdout] test arm::tests::fcsel_eq_1 ... ok
[INFO] [stdout] test arm::tests::fcsel_lt_3 ... ok
[INFO] [stdout] test arm::tests::fcsel_ne_2 ... ok
[INFO] [stdout] test arm::tests::fdiv_d_1 ... ok
[INFO] [stdout] test arm::tests::fdiv_d_2 ... ok
[INFO] [stdout] test arm::tests::fdiv_q_0 ... ok
[INFO] [stdout] test arm::tests::fdiv_q_1 ... ok
[INFO] [stdout] test arm::tests::fcsel_ne_1 ... ok
[INFO] [stdout] test arm::tests::fdiv_q_2 ... ok
[INFO] [stdout] test arm::tests::fcsel_lt_2 ... ok
[INFO] [stdout] test arm::tests::fcsel_ne_3 ... ok
[INFO] [stdout] test arm::tests::fcsel_ne_0 ... ok
[INFO] [stdout] test arm::tests::fdiv_d_0 ... ok
[INFO] [stdout] test arm::tests::fmadd_d_0 ... ok
[INFO] [stdout] test arm::tests::fdiv_d_3 ... ok
[INFO] [stdout] test arm::tests::fmadd_d_1 ... ok
[INFO] [stdout] test arm::tests::fcsel_lt_1 ... ok
[INFO] [stdout] test arm::tests::fdiv_q_3 ... ok
[INFO] [stdout] test arm::tests::fmadd_q_3 ... ok
[INFO] [stdout] test arm::tests::fmadd_q_1 ... ok
[INFO] [stdout] test arm::tests::fmla_q_0 ... ok
[INFO] [stdout] test arm::tests::fmadd_d_2 ... ok
[INFO] [stdout] test arm::tests::fmla_q_1 ... ok
[INFO] [stdout] test arm::tests::fmla_q_3 ... ok
[INFO] [stdout] test arm::tests::fmls_q_0 ... ok
[INFO] [stdout] test arm::tests::fmls_q_1 ... ok
[INFO] [stdout] test arm::tests::fmov_d_imm_0_0_0 ... ok
[INFO] [stdout] test arm::tests::fmov_d_imm_0_0_1 ... ok
[INFO] [stdout] test arm::tests::fmov_d_imm_0_5_0 ... ok
[INFO] [stdout] test arm::tests::fmadd_d_3 ... ok
[INFO] [stdout] test arm::tests::fmadd_q_0 ... ok
[INFO] [stdout] test arm::tests::fmov_d_imm_0_5_1 ... ok
[INFO] [stdout] test arm::tests::fmov_d_imm_1_0_0 ... ok
[INFO] [stdout] test arm::tests::fmadd_q_2 ... ok
[INFO] [stdout] test arm::tests::fmla_q_2 ... ok
[INFO] [stdout] test arm::tests::fmov_d_imm_m1_0_0 ... ok
[INFO] [stdout] test arm::tests::fmls_q_2 ... ok
[INFO] [stdout] test arm::tests::fmls_q_3 ... ok
[INFO] [stdout] test arm::tests::fmov_d_imm_2_0_1 ... ok
[INFO] [stdout] test arm::tests::fmov_d_imm_m1_0_1 ... ok
[INFO] [stdout] test arm::tests::fmov_dd_0 ... ok
[INFO] [stdout] test arm::tests::fmov_dd_1 ... ok
[INFO] [stdout] test arm::tests::fmov_dd_3 ... ok
[INFO] [stdout] test arm::tests::fmov_dx_0 ... ok
[INFO] [stdout] test arm::tests::fmov_dx_1 ... ok
[INFO] [stdout] test arm::tests::fmov_dx_2 ... ok
[INFO] [stdout] test arm::tests::fmov_dx_3 ... ok
[INFO] [stdout] test arm::tests::fmov_q_imm_0_0_0 ... ok
[INFO] [stdout] test arm::tests::fmov_q_imm_0_0_1 ... ok
[INFO] [stdout] test arm::tests::fmov_q_imm_1_0_0 ... ok
[INFO] [stdout] test arm::tests::fmov_q_imm_2_0_1 ... ok
[INFO] [stdout] test arm::tests::fmov_q_imm_2_0_0 ... ok
[INFO] [stdout] test arm::tests::fmov_d_imm_1_0_1 ... ok
[INFO] [stdout] test arm::tests::fmov_q_imm_0_5_0 ... ok
[INFO] [stdout] test arm::tests::fmov_q_imm_0_5_1 ... ok
[INFO] [stdout] test arm::tests::fmov_d_imm_2_0_0 ... ok
[INFO] [stdout] test arm::tests::fmov_q_imm_1_0_1 ... ok
[INFO] [stdout] test arm::tests::fmov_qq_2 ... ok
[INFO] [stdout] test arm::tests::fmov_qq_3 ... ok
[INFO] [stdout] test arm::tests::fmov_xd_3 ... ok
[INFO] [stdout] test arm::tests::fmsub_d_0 ... ok
[INFO] [stdout] test arm::tests::fmsub_d_1 ... ok
[INFO] [stdout] test arm::tests::fmsub_d_2 ... ok
[INFO] [stdout] test arm::tests::fmov_qq_0 ... ok
[INFO] [stdout] test arm::tests::fmov_xd_1 ... ok
[INFO] [stdout] test arm::tests::fmov_qq_1 ... ok
[INFO] [stdout] test arm::tests::fmov_xd_0 ... ok
[INFO] [stdout] test arm::tests::fmov_xd_2 ... ok
[INFO] [stdout] test arm::tests::fmov_dd_2 ... ok
[INFO] [stdout] test arm::tests::fmsub_q_3 ... ok
[INFO] [stdout] test arm::tests::fmul_d_0 ... ok
[INFO] [stdout] test arm::tests::fmul_d_2 ... ok
[INFO] [stdout] test arm::tests::fmul_q_0 ... ok
[INFO] [stdout] test arm::tests::fmsub_q_1 ... ok
[INFO] [stdout] test arm::tests::fmul_d_1 ... ok
[INFO] [stdout] test arm::tests::fmul_q_2 ... ok
[INFO] [stdout] test arm::tests::fneg_d_0 ... ok
[INFO] [stdout] test arm::tests::fmul_q_3 ... ok
[INFO] [stdout] test arm::tests::fneg_d_1 ... ok
[INFO] [stdout] test arm::tests::fneg_d_2 ... ok
[INFO] [stdout] test arm::tests::fneg_q_0 ... ok
[INFO] [stdout] test arm::tests::fneg_q_1 ... ok
[INFO] [stdout] test arm::tests::fneg_q_2 ... ok
[INFO] [stdout] test arm::tests::fneg_q_3 ... ok
[INFO] [stdout] test arm::tests::fmsub_d_3 ... ok
[INFO] [stdout] test arm::tests::fmsub_q_0 ... ok
[INFO] [stdout] test arm::tests::fnmadd_d_1 ... ok
[INFO] [stdout] test arm::tests::fmsub_q_2 ... ok
[INFO] [stdout] test arm::tests::fnmadd_d_2 ... ok
[INFO] [stdout] test arm::tests::fmul_d_3 ... ok
[INFO] [stdout] test arm::tests::fnmadd_d_3 ... ok
[INFO] [stdout] test arm::tests::fnmadd_q_0 ... ok
[INFO] [stdout] test arm::tests::fnmadd_q_1 ... ok
[INFO] [stdout] test arm::tests::fnmadd_q_2 ... ok
[INFO] [stdout] test arm::tests::fnmsub_d_0 ... ok
[INFO] [stdout] test arm::tests::fnmadd_q_3 ... ok
[INFO] [stdout] test arm::tests::fnmsub_d_1 ... ok
[INFO] [stdout] test arm::tests::fnmsub_d_2 ... ok
[INFO] [stdout] test arm::tests::fnmsub_d_3 ... ok
[INFO] [stdout] test arm::tests::fnmsub_q_0 ... ok
[INFO] [stdout] test arm::tests::fnmsub_q_3 ... ok
[INFO] [stdout] test arm::tests::frinti_d_2 ... ok
[INFO] [stdout] test arm::tests::frinti_d_1 ... ok
[INFO] [stdout] test arm::tests::fnmsub_q_1 ... ok
[INFO] [stdout] test arm::tests::fmul_q_1 ... ok
[INFO] [stdout] test arm::tests::fneg_d_3 ... ok
[INFO] [stdout] test arm::tests::fnmsub_q_2 ... ok
[INFO] [stdout] test arm::tests::fnmadd_d_0 ... ok
[INFO] [stdout] test arm::tests::frinti_q_2 ... ok
[INFO] [stdout] test arm::tests::frinti_d_3 ... ok
[INFO] [stdout] test arm::tests::frinti_q_0 ... ok
[INFO] [stdout] test arm::tests::frinti_q_1 ... ok
[INFO] [stdout] test arm::tests::frintm_d_3 ... ok
[INFO] [stdout] test arm::tests::frintm_q_0 ... ok
[INFO] [stdout] test arm::tests::frintm_q_1 ... ok
[INFO] [stdout] test arm::tests::frintm_q_2 ... ok
[INFO] [stdout] test arm::tests::frintp_d_0 ... ok
[INFO] [stdout] test arm::tests::frintm_d_1 ... ok
[INFO] [stdout] test arm::tests::frintm_d_2 ... ok
[INFO] [stdout] test arm::tests::frintp_d_3 ... ok
[INFO] [stdout] test arm::tests::frinti_q_3 ... ok
[INFO] [stdout] test arm::tests::frintm_q_3 ... ok
[INFO] [stdout] test arm::tests::frinti_d_0 ... ok
[INFO] [stdout] test arm::tests::frintp_q_0 ... ok
[INFO] [stdout] test arm::tests::frintm_d_0 ... ok
[INFO] [stdout] test arm::tests::frintp_q_1 ... ok
[INFO] [stdout] test arm::tests::frintp_d_1 ... ok
[INFO] [stdout] test arm::tests::frintp_q_2 ... ok
[INFO] [stdout] test arm::tests::frintp_d_2 ... ok
[INFO] [stdout] test arm::tests::frintz_d_3 ... ok
[INFO] [stdout] test arm::tests::frintz_q_0 ... ok
[INFO] [stdout] test arm::tests::frintz_q_1 ... ok
[INFO] [stdout] test arm::tests::frintz_q_2 ... ok
[INFO] [stdout] test arm::tests::frintz_q_3 ... ok
[INFO] [stdout] test arm::tests::fsqrt_d_0 ... ok
[INFO] [stdout] test arm::tests::frintp_q_3 ... ok
[INFO] [stdout] test arm::tests::frintz_d_0 ... ok
[INFO] [stdout] test arm::tests::fsqrt_d_1 ... ok
[INFO] [stdout] test arm::tests::fsqrt_d_3 ... ok
[INFO] [stdout] test arm::tests::fsqrt_d_2 ... ok
[INFO] [stdout] test arm::tests::fsqrt_q_0 ... ok
[INFO] [stdout] test arm::tests::fsqrt_q_1 ... ok
[INFO] [stdout] test arm::tests::fsqrt_q_3 ... ok
[INFO] [stdout] test arm::tests::fsub_d_0 ... ok
[INFO] [stdout] test arm::tests::fsub_d_1 ... ok
[INFO] [stdout] test arm::tests::fsub_q_0 ... ok
[INFO] [stdout] test arm::tests::fsub_d_3 ... ok
[INFO] [stdout] test arm::tests::fsub_q_2 ... ok
[INFO] [stdout] test arm::tests::fsub_q_1 ... ok
[INFO] [stdout] test arm::tests::frintz_d_1 ... ok
[INFO] [stdout] test arm::tests::ldp_d_0_0 ... ok
[INFO] [stdout] test arm::tests::frintz_d_2 ... ok
[INFO] [stdout] test arm::tests::fsub_q_3 ... ok
[INFO] [stdout] test arm::tests::ldp_d_0_1 ... ok
[INFO] [stdout] test arm::tests::ldp_d_504_0 ... ok
[INFO] [stdout] test arm::tests::ldp_d_504_2 ... ok
[INFO] [stdout] test arm::tests::ldp_d_8_0 ... ok
[INFO] [stdout] test arm::tests::ldp_d_8_2 ... ok
[INFO] [stdout] test arm::tests::ldp_d_sp ... ok
[INFO] [stdout] test arm::tests::ldp_lr_sp ... ok
[INFO] [stdout] test arm::tests::ldp_q_0_0 ... ok
[INFO] [stdout] test arm::tests::ldp_d_504_1 ... ok
[INFO] [stdout] test arm::tests::ldp_q_0_1 ... ok
[INFO] [stdout] test arm::tests::ldp_d_0_2 ... ok
[INFO] [stdout] test arm::tests::ldp_d_8_1 ... ok
[INFO] [stdout] test arm::tests::ldp_q_1008_0 ... ok
[INFO] [stdout] test arm::tests::ld1r_0 ... ok
[INFO] [stdout] test arm::tests::fsqrt_q_2 ... ok
[INFO] [stdout] test arm::tests::ld1r_1 ... ok
[INFO] [stdout] test arm::tests::ldp_q_1008_1 ... ok
[INFO] [stdout] test arm::tests::ldp_q_16_0 ... ok
[INFO] [stdout] test arm::tests::ldp_q_16_1 ... ok
[INFO] [stdout] test arm::tests::ldp_q_sp ... ok
[INFO] [stdout] test arm::tests::ldp_x_0_2 ... ok
[INFO] [stdout] test arm::tests::ldp_x_504_1 ... ok
[INFO] [stdout] test arm::tests::ldp_x_0_0 ... ok
[INFO] [stdout] test arm::tests::ldp_x_504_2 ... ok
[INFO] [stdout] test arm::tests::ldp_x_504_0 ... ok
[INFO] [stdout] test arm::tests::ldp_x_8_1 ... ok
[INFO] [stdout] test arm::tests::ldp_x_8_0 ... ok
[INFO] [stdout] test arm::tests::ldp_x_8_2 ... ok
[INFO] [stdout] test arm::tests::ldp_x_sp ... ok
[INFO] [stdout] test arm::tests::ldr_d_idx_1 ... ok
[INFO] [stdout] test arm::tests::ldr_d_idx_2 ... ok
[INFO] [stdout] test arm::tests::ldr_d_label_100_1 ... ok
[INFO] [stdout] test arm::tests::ldr_d_label_m100_0 ... ok
[INFO] [stdout] test arm::tests::ldr_d_label_m100_1 ... ok
[INFO] [stdout] test arm::tests::ldr_d_ofs0_0 ... ok
[INFO] [stdout] test arm::tests::ldp_x_0_1 ... ok
[INFO] [stdout] test arm::tests::ldr_d_idx_0 ... ok
[INFO] [stdout] test arm::tests::ldr_d_ofs0_1 ... ok
[INFO] [stdout] test arm::tests::ldr_d_ofs0_2 ... ok
[INFO] [stdout] test arm::tests::ldr_d_ofs256_0 ... ok
[INFO] [stdout] test arm::tests::ldr_d_ofs256_1 ... ok
[INFO] [stdout] test arm::tests::ldr_d_ofs256_2 ... ok
[INFO] [stdout] test arm::tests::ldr_d_ofs32760_0 ... ok
[INFO] [stdout] test arm::tests::ldr_d_ofs8_0 ... ok
[INFO] [stdout] test arm::tests::ldr_d_ofs8_1 ... ok
[INFO] [stdout] test arm::tests::ldr_d_ofs8_2 ... ok
[INFO] [stdout] test arm::tests::ldr_d_sp ... ok
[INFO] [stdout] test arm::tests::ldr_d_sp_idx ... ok
[INFO] [stdout] test arm::tests::ldr_lr_sp ... ok
[INFO] [stdout] test arm::tests::ldr_q_idx_0 ... ok
[INFO] [stdout] test arm::tests::ldr_q_idx_1 ... ok
[INFO] [stdout] test arm::tests::ldr_q_idx_2 ... ok
[INFO] [stdout] test arm::tests::ldr_d_ofs32760_2 ... ok
[INFO] [stdout] test arm::tests::ldr_d_ofs32760_1 ... ok
[INFO] [stdout] test arm::tests::ldr_q_label_100_0 ... ok
[INFO] [stdout] test arm::tests::fsub_d_2 ... ok
[INFO] [stdout] test arm::tests::ldr_q_label_100_1 ... ok
[INFO] [stdout] test arm::tests::ldr_q_label_m100_0 ... ok
[INFO] [stdout] test arm::tests::ldr_q_ofs16_0 ... ok
[INFO] [stdout] test arm::tests::ldr_q_ofs0_0 ... ok
[INFO] [stdout] test arm::tests::ldr_q_ofs0_1 ... ok
[INFO] [stdout] test arm::tests::ldr_q_ofs16_1 ... ok
[INFO] [stdout] test arm::tests::ldr_q_ofs256_0 ... ok
[INFO] [stdout] test arm::tests::ldr_q_ofs256_1 ... ok
[INFO] [stdout] test arm::tests::ldr_q_label_m100_1 ... ok
[INFO] [stdout] test arm::tests::ldr_d_label_100_0 ... ok
[INFO] [stdout] test arm::tests::ldr_x_idx_0 ... ok
[INFO] [stdout] test arm::tests::ldr_x_idx_1 ... ok
[INFO] [stdout] test arm::tests::ldr_x_idx_2 ... ok
[INFO] [stdout] test arm::tests::ldr_x_label_m100_0 ... ok
[INFO] [stdout] test arm::tests::ldr_x_label_m100_1 ... ok
[INFO] [stdout] test arm::tests::ldr_x_ofs0_0 ... ok
[INFO] [stdout] test arm::tests::ldr_q_ofs65520_1 ... ok
[INFO] [stdout] test arm::tests::ldr_x_label_100_0 ... ok
[INFO] [stdout] test arm::tests::ldr_q_sp ... ok
[INFO] [stdout] test arm::tests::ldr_x_label_100_1 ... ok
[INFO] [stdout] test arm::tests::ldr_x_ofs0_2 ... ok
[INFO] [stdout] test arm::tests::ldr_x_ofs32760_1 ... ok
[INFO] [stdout] test arm::tests::ldr_x_ofs32760_2 ... ok
[INFO] [stdout] test arm::tests::ldr_x_ofs0_1 ... ok
[INFO] [stdout] test arm::tests::ldr_x_ofs8_0 ... ok
[INFO] [stdout] test arm::tests::ldr_x_ofs8_1 ... ok
[INFO] [stdout] test arm::tests::ldr_x_ofs256_0 ... ok
[INFO] [stdout] test arm::tests::ldr_x_ofs256_1 ... ok
[INFO] [stdout] test arm::tests::ldr_x_ofs256_2 ... ok
[INFO] [stdout] test arm::tests::ldr_q_ofs65520_0 ... ok
[INFO] [stdout] test arm::tests::lsr_imm5_0 ... ok
[INFO] [stdout] test arm::tests::lsr_imm5_1 ... ok
[INFO] [stdout] test arm::tests::ldr_x_sp ... ok
[INFO] [stdout] test arm::tests::ldr_x_ofs32760_0 ... ok
[INFO] [stdout] test arm::tests::mov_sp_x ... ok
[INFO] [stdout] test arm::tests::lsr_imm1_1 ... ok
[INFO] [stdout] test arm::tests::lsr_imm1_0 ... ok
[INFO] [stdout] test arm::tests::lsr_imm63_1 ... ok
[INFO] [stdout] test arm::tests::lsr_imm63_0 ... ok
[INFO] [stdout] test arm::tests::mov_x31_x ... ok
[INFO] [stdout] test arm::tests::mov_x_sp ... ok
[INFO] [stdout] test arm::tests::ldr_x_ofs8_2 ... ok
[INFO] [stdout] test arm::tests::ldr_x_sp_idx ... ok
[INFO] [stdout] test arm::tests::mov_xx_2 ... ok
[INFO] [stdout] test arm::tests::movi_16b_zero_1 ... ok
[INFO] [stdout] test arm::tests::mov_xx_1 ... ok
[INFO] [stdout] test arm::tests::mov_xx_3 ... ok
[INFO] [stdout] test arm::tests::movi_q_zero_0 ... ok
[INFO] [stdout] test arm::tests::movk_lsl16_0 ... ok
[INFO] [stdout] test arm::tests::movk_lsl16_1 ... ok
[INFO] [stdout] test arm::tests::movk_lsl16_2 ... ok
[INFO] [stdout] test arm::tests::movk_lsl32_0 ... ok
[INFO] [stdout] test arm::tests::movk_lsl32_2 ... ok
[INFO] [stdout] test arm::tests::movk_lsl48_0 ... ok
[INFO] [stdout] test arm::tests::movk_lsl48_1 ... ok
[INFO] [stdout] test arm::tests::movk_lsl48_2 ... ok
[INFO] [stdout] test arm::tests::movi_16b_zero_0 ... ok
[INFO] [stdout] test arm::tests::movz_0 ... ok
[INFO] [stdout] test arm::tests::movi_d_zero_0 ... ok
[INFO] [stdout] test arm::tests::nop ... ignored, the macro encodes `add x0, x0, #0` (functionally a no-op, but not the architectural NOP 0xd503201f)
[INFO] [stdout] test arm::tests::movz_1 ... ok
[INFO] [stdout] test arm::tests::movi_d_zero_1 ... ok
[INFO] [stdout] test arm::tests::movk_lsl32_1 ... ok
[INFO] [stdout] test arm::tests::movi_q_zero_1 ... ok
[INFO] [stdout] test arm::tests::not_16b_1 ... ok
[INFO] [stdout] test arm::tests::not_8b_0 ... ok
[INFO] [stdout] test arm::tests::movz_2 ... ok
[INFO] [stdout] test arm::tests::not_16b_0 ... ok
[INFO] [stdout] test arm::tests::not_8b_1 ... ok
[INFO] [stdout] test arm::tests::orn_xxx_1 ... ok
[INFO] [stdout] test arm::tests::not_8b_2 ... ok
[INFO] [stdout] test arm::tests::not_8b_3 ... ok
[INFO] [stdout] test arm::tests::orn_xxx_0 ... ok
[INFO] [stdout] test arm::tests::orn_xxx_2 ... ok
[INFO] [stdout] test arm::tests::orr_16b_0 ... ok
[INFO] [stdout] test arm::tests::orr_16b_1 ... ok
[INFO] [stdout] test arm::tests::orr_16b_2 ... ok
[INFO] [stdout] test arm::tests::orn_xxx_3 ... ok
[INFO] [stdout] test arm::tests::mov_x_x31 ... ok
[INFO] [stdout] test arm::tests::mov_xx_0 ... ok
[INFO] [stdout] test arm::tests::orr_16b_3 ... ok
[INFO] [stdout] test arm::tests::orr_xxx_1 ... ok
[INFO] [stdout] test arm::tests::orr_8b_3 ... ok
[INFO] [stdout] test arm::tests::orr_xxx_3 ... ok
[INFO] [stdout] test arm::tests::ret ... ok
[INFO] [stdout] test arm::tests::rev64_q_0 ... ok
[INFO] [stdout] test arm::tests::rev64_q_1 ... ok
[INFO] [stdout] test arm::tests::rev64_q_2 ... ok
[INFO] [stdout] test arm::tests::not_16b_2 ... ok
[INFO] [stdout] test arm::tests::orr_8b_0 ... ok
[INFO] [stdout] test arm::tests::orr_8b_1 ... ok
[INFO] [stdout] test arm::tests::not_16b_3 ... ok
[INFO] [stdout] test arm::tests::orr_8b_2 ... ok
[INFO] [stdout] test arm::tests::rev64_q_3 ... ok
[INFO] [stdout] test arm::tests::orr_xxx_0 ... ok
[INFO] [stdout] test arm::tests::orr_xxx_2 ... ok
[INFO] [stdout] test arm::tests::stp_d_0_0 ... ok
[INFO] [stdout] test arm::tests::stp_d_504_1 ... ok
[INFO] [stdout] test arm::tests::stp_d_0_2 ... ok
[INFO] [stdout] test arm::tests::stp_d_8_0 ... ok
[INFO] [stdout] test arm::tests::stp_d_8_1 ... ok
[INFO] [stdout] test arm::tests::stp_d_0_1 ... ok
[INFO] [stdout] test arm::tests::stp_d_504_0 ... ok
[INFO] [stdout] test arm::tests::stp_d_8_2 ... ok
[INFO] [stdout] test arm::tests::stp_d_504_2 ... ok
[INFO] [stdout] test arm::tests::stp_d_sp ... ok
[INFO] [stdout] test arm::tests::stp_q_0_0 ... ok
[INFO] [stdout] test arm::tests::stp_lr_sp ... ok
[INFO] [stdout] test arm::tests::stp_q_0_1 ... ok
[INFO] [stdout] test arm::tests::stp_q_1008_0 ... ok
[INFO] [stdout] test arm::tests::stp_q_16_1 ... ok
[INFO] [stdout] test arm::tests::stp_x_0_0 ... ok
[INFO] [stdout] test arm::tests::stp_x_0_1 ... ok
[INFO] [stdout] test arm::tests::stp_x_0_2 ... ok
[INFO] [stdout] test arm::tests::stp_x_504_0 ... ok
[INFO] [stdout] test arm::tests::stp_x_8_0 ... ok
[INFO] [stdout] test arm::tests::stp_x_8_1 ... ok
[INFO] [stdout] test arm::tests::stp_x_8_2 ... ok
[INFO] [stdout] test arm::tests::stp_x_sp ... ok
[INFO] [stdout] test arm::tests::str_d_idx_0 ... ok
[INFO] [stdout] test arm::tests::str_d_idx_1 ... ok
[INFO] [stdout] test arm::tests::str_d_idx_2 ... ok
[INFO] [stdout] test arm::tests::stp_q_1008_1 ... ok
[INFO] [stdout] test arm::tests::str_d_ofs0_0 ... ok
[INFO] [stdout] test arm::tests::stp_q_16_0 ... ok
[INFO] [stdout] test arm::tests::str_d_ofs0_1 ... ok
[INFO] [stdout] test arm::tests::stp_q_sp ... ok
[INFO] [stdout] test arm::tests::str_d_ofs0_2 ... ok
[INFO] [stdout] test arm::tests::str_d_ofs256_2 ... ok
[INFO] [stdout] test arm::tests::str_d_ofs32760_0 ... ok
[INFO] [stdout] test arm::tests::str_d_ofs32760_2 ... ok
[INFO] [stdout] test arm::tests::str_d_ofs8_0 ... ok
[INFO] [stdout] test arm::tests::str_d_ofs8_1 ... ok
[INFO] [stdout] test arm::tests::str_d_ofs8_2 ... ok
[INFO] [stdout] test arm::tests::str_d_sp ... ok
[INFO] [stdout] test arm::tests::str_d_sp_idx ... ok
[INFO] [stdout] test arm::tests::str_lr_sp ... ok
[INFO] [stdout] test arm::tests::str_q_idx_0 ... ok
[INFO] [stdout] test arm::tests::str_q_idx_2 ... ok
[INFO] [stdout] test arm::tests::stp_x_504_1 ... ok
[INFO] [stdout] test arm::tests::str_q_idx_1 ... ok
[INFO] [stdout] test arm::tests::stp_x_504_2 ... ok
[INFO] [stdout] test arm::tests::str_q_ofs0_0 ... ok
[INFO] [stdout] test arm::tests::str_q_ofs0_1 ... ok
[INFO] [stdout] test arm::tests::str_q_ofs16_0 ... ok
[INFO] [stdout] test arm::tests::str_q_ofs16_1 ... ok
[INFO] [stdout] test arm::tests::str_q_ofs256_0 ... ok
[INFO] [stdout] test arm::tests::str_q_ofs256_1 ... ok
[INFO] [stdout] test arm::tests::str_q_ofs65520_0 ... ok
[INFO] [stdout] test arm::tests::str_q_ofs65520_1 ... ok
[INFO] [stdout] test arm::tests::str_q_sp ... ok
[INFO] [stdout] test arm::tests::str_x_ofs0_0 ... ok
[INFO] [stdout] test arm::tests::str_x_ofs0_1 ... ok
[INFO] [stdout] test arm::tests::str_x_ofs0_2 ... ok
[INFO] [stdout] test arm::tests::str_x_ofs256_0 ... ok
[INFO] [stdout] test arm::tests::str_x_ofs256_1 ... ok
[INFO] [stdout] test arm::tests::str_d_ofs256_0 ... ok
[INFO] [stdout] test arm::tests::str_x_ofs256_2 ... ok
[INFO] [stdout] test arm::tests::str_x_ofs32760_2 ... ok
[INFO] [stdout] test arm::tests::str_x_ofs8_1 ... ok
[INFO] [stdout] test arm::tests::str_x_ofs8_2 ... ok
[INFO] [stdout] test arm::tests::str_x_sp ... ok
[INFO] [stdout] test arm::tests::sub_imm_0 ... ok
[INFO] [stdout] test arm::tests::sub_imm_1 ... ok
[INFO] [stdout] test arm::tests::sub_imm_2 ... ok
[INFO] [stdout] test arm::tests::sub_imm_lsl12_0 ... ok
[INFO] [stdout] test arm::tests::sub_imm_lsl12_1 ... ok
[INFO] [stdout] test arm::tests::sub_imm_max_0 ... ok
[INFO] [stdout] test arm::tests::sub_sp_imm ... ok
[INFO] [stdout] test arm::tests::subs_imm_0 ... ok
[INFO] [stdout] test arm::tests::subs_imm_1 ... ok
[INFO] [stdout] test arm::tests::tbnz_0_100 ... ok
[INFO] [stdout] test arm::tests::tbnz_0_m100 ... ok
[INFO] [stdout] test arm::tests::tbnz_31_m100 ... ok
[INFO] [stdout] test arm::tests::tbnz_32_100 ... ok
[INFO] [stdout] test arm::tests::tbnz_32_m100 ... ok
[INFO] [stdout] test arm::tests::tbnz_5_100 ... ok
[INFO] [stdout] test arm::tests::str_x_ofs32760_0 ... ok
[INFO] [stdout] test arm::tests::tbnz_5_m100 ... ok
[INFO] [stdout] test arm::tests::sub_sp_imm_lsl12 ... ok
[INFO] [stdout] test arm::tests::str_x_ofs32760_1 ... ok
[INFO] [stdout] test arm::tests::tbnz_63_100 ... ok
[INFO] [stdout] test arm::tests::tbnz_63_m100 ... ok
[INFO] [stdout] test arm::tests::tbz_31_m100 ... ok
[INFO] [stdout] test arm::tests::str_x_ofs8_0 ... ok
[INFO] [stdout] test arm::tests::tbz_32_100 ... ok
[INFO] [stdout] test arm::tests::str_d_ofs256_1 ... ok
[INFO] [stdout] test arm::tests::str_d_ofs32760_1 ... ok
[INFO] [stdout] test arm::tests::tbz_0_100 ... ok
[INFO] [stdout] test arm::tests::tbz_5_m100 ... ok
[INFO] [stdout] test arm::tests::tbz_63_100 ... ok
[INFO] [stdout] test arm::tests::tst_1 ... ok
[INFO] [stdout] test arm::tests::tbz_63_m100 ... ok
[INFO] [stdout] test arm::tests::tst_2 ... ok
[INFO] [stdout] test arm::tests::tbz_31_100 ... ok
[INFO] [stdout] test arm::tests::tbz_0_m100 ... ok
[INFO] [stdout] test arm::tests::tbz_5_100 ... ok
[INFO] [stdout] test arm::tests::ubfm_0 ... ok
[INFO] [stdout] test arm::tests::umov_d0_1 ... ok
[INFO] [stdout] test arm::tests::ubfm_1 ... ok
[INFO] [stdout] test arm::tests::umov_d0_2 ... ok
[INFO] [stdout] test arm::tests::umov_d0_3 ... ok
[INFO] [stdout] test arm::tests::umov_d1_1 ... ok
[INFO] [stdout] test arm::tests::umov_d1_3 ... ok
[INFO] [stdout] test arm::tests::uzp1_0 ... ok
[INFO] [stdout] test arm::tests::uzp1_1 ... ok
[INFO] [stdout] test arm::tests::umov_d1_2 ... ok
[INFO] [stdout] test arm::tests::tbz_32_m100 ... ok
[INFO] [stdout] test arm::tests::uzp2_0 ... ok
[INFO] [stdout] test arm::tests::uzp2_1 ... ok
[INFO] [stdout] test arm::tests::uzp2_2 ... ok
[INFO] [stdout] test arm::tests::uzp2_3 ... ok
[INFO] [stdout] test arm::tests::zip1_0 ... ok
[INFO] [stdout] test arm::tests::zip1_1 ... ok
[INFO] [stdout] test arm::tests::zip1_2 ... ok
[INFO] [stdout] test arm::tests::umov_d0_0 ... ok
[INFO] [stdout] test arm::tests::zip1_3 ... ok
[INFO] [stdout] test arm::tests::umov_d1_0 ... ok
[INFO] [stdout] test arm::tests::zip2_1 ... ok
[INFO] [stdout] test arm::tests::zip2_0 ... ok
[INFO] [stdout] test arm::tests::uzp1_2 ... ok
[INFO] [stdout] test arm::tests::uzp1_3 ... ok
[INFO] [stdout] test arm::tests::zip2_2 ... ok
[INFO] [stdout] test arm::tests::zip2_3 ... ok
[INFO] [stdout] test riscv64::tests::add_1 ... ok
[INFO] [stdout] test arm::tests::tst_0 ... ok
[INFO] [stdout] test arm::tests::tst_3 ... ok
[INFO] [stdout] test riscv64::tests::add_3 ... ok
[INFO] [stdout] test riscv64::tests::addi_1 ... ok
[INFO] [stdout] test riscv64::tests::addi_2 ... ok
[INFO] [stdout] test riscv64::tests::add_4 ... ok
[INFO] [stdout] test riscv64::tests::addi_4 ... ok
[INFO] [stdout] test riscv64::tests::add_0 ... ok
[INFO] [stdout] test riscv64::tests::addi_0 ... ok
[INFO] [stdout] test riscv64::tests::addi_3 ... ok
[INFO] [stdout] test defuns::tests::scalar_complex_callbacks_preserve_all_simd_lanes_and_tails ... ok
[INFO] [stdout] test riscv64::tests::and_0 ... ok
[INFO] [stdout] test riscv64::tests::add_2 ... ok
[INFO] [stdout] test riscv64::tests::and_1 ... ok
[INFO] [stdout] test riscv64::tests::addi_5 ... ok
[INFO] [stdout] test riscv64::tests::andi_0 ... ok
[INFO] [stdout] test riscv64::tests::andi_3 ... ok
[INFO] [stdout] test riscv64::tests::addi_6 ... ok
[INFO] [stdout] test arm::tests::tbnz_31_100 ... ok
[INFO] [stdout] test riscv64::tests::andi_4 ... ok
[INFO] [stdout] test riscv64::tests::and_2 ... ok
[INFO] [stdout] test riscv64::tests::andi_1 ... ok
[INFO] [stdout] test riscv64::tests::auipc_0 ... ok
[INFO] [stdout] test riscv64::tests::auipc_2 ... ok
[INFO] [stdout] test riscv64::tests::auipc_3 ... ok
[INFO] [stdout] test riscv64::tests::auipc_4 ... ok
[INFO] [stdout] test riscv64::tests::beq_0 ... ok
[INFO] [stdout] test riscv64::tests::beq_1 ... ok
[INFO] [stdout] test riscv64::tests::beq_2 ... ok
[INFO] [stdout] test riscv64::tests::beq_3 ... ok
[INFO] [stdout] test riscv64::tests::andi_6 ... ok
[INFO] [stdout] test riscv64::tests::auipc_1 ... ok
[INFO] [stdout] test riscv64::tests::and_3 ... ok
[INFO] [stdout] test riscv64::tests::beq_4 ... ok
[INFO] [stdout] test riscv64::tests::and_4 ... ok
[INFO] [stdout] test riscv64::tests::bge_1 ... ok
[INFO] [stdout] test riscv64::tests::bge_2 ... ok
[INFO] [stdout] test riscv64::tests::andi_5 ... ok
[INFO] [stdout] test riscv64::tests::bge_4 ... ok
[INFO] [stdout] test riscv64::tests::bgeu_0 ... ok
[INFO] [stdout] test riscv64::tests::bge_3 ... ok
[INFO] [stdout] test riscv64::tests::bgeu_1 ... ok
[INFO] [stdout] test riscv64::tests::bgeu_2 ... ok
[INFO] [stdout] test riscv64::tests::bgeu_3 ... ok
[INFO] [stdout] test riscv64::tests::bgeu_4 ... ok
[INFO] [stdout] test riscv64::tests::andi_2 ... ok
[INFO] [stdout] test riscv64::tests::bgt_0 ... ok
[INFO] [stdout] test riscv64::tests::bgt_3 ... ok
[INFO] [stdout] test riscv64::tests::bgeu_5 ... ok
[INFO] [stdout] test riscv64::tests::bgt_4 ... ok
[INFO] [stdout] test riscv64::tests::bgt_5 ... ok
[INFO] [stdout] test riscv64::tests::ble_0 ... ok
[INFO] [stdout] test riscv64::tests::bge_0 ... ok
[INFO] [stdout] test riscv64::tests::bge_5 ... ok
[INFO] [stdout] test riscv64::tests::ble_2 ... ok
[INFO] [stdout] test riscv64::tests::ble_1 ... ok
[INFO] [stdout] test riscv64::tests::beq_5 ... ok
[INFO] [stdout] test riscv64::tests::blt_0 ... ok
[INFO] [stdout] test riscv64::tests::blt_1 ... ok
[INFO] [stdout] test riscv64::tests::blt_2 ... ok
[INFO] [stdout] test riscv64::tests::blt_4 ... ok
[INFO] [stdout] test riscv64::tests::blt_5 ... ok
[INFO] [stdout] test riscv64::tests::bltu_0 ... ok
[INFO] [stdout] test riscv64::tests::blt_3 ... ok
[INFO] [stdout] test riscv64::tests::bltu_1 ... ok
[INFO] [stdout] test riscv64::tests::bltu_2 ... ok
[INFO] [stdout] test riscv64::tests::bgt_1 ... ok
[INFO] [stdout] test riscv64::tests::bgt_2 ... ok
[INFO] [stdout] test riscv64::tests::bne_1 ... ok
[INFO] [stdout] test riscv64::tests::bne_2 ... ok
[INFO] [stdout] test riscv64::tests::bne_3 ... ok
[INFO] [stdout] test riscv64::tests::bne_4 ... ok
[INFO] [stdout] test riscv64::tests::bne_5 ... ok
[INFO] [stdout] test riscv64::tests::bne_0 ... ok
[INFO] [stdout] test riscv64::tests::ble_3 ... ok
[INFO] [stdout] test riscv64::tests::ble_4 ... ok
[INFO] [stdout] test riscv64::tests::ble_5 ... ok
[INFO] [stdout] test riscv64::tests::bltu_3 ... ok
[INFO] [stdout] test riscv64::tests::bltu_4 ... ok
[INFO] [stdout] test riscv64::tests::fabs_d_1 ... ok
[INFO] [stdout] test riscv64::tests::bltu_5 ... ok
[INFO] [stdout] test riscv64::tests::fabs_d_2 ... ok
[INFO] [stdout] test riscv64::tests::fadd_d_1 ... ok
[INFO] [stdout] test riscv64::tests::fabs_d_3 ... ok
[INFO] [stdout] test riscv64::tests::fabs_d_0 ... ok
[INFO] [stdout] test riscv64::tests::fadd_d_rm_rdn ... ok
[INFO] [stdout] test riscv64::tests::fadd_d_2 ... ok
[INFO] [stdout] test riscv64::tests::fadd_d_0 ... ok
[INFO] [stdout] test riscv64::tests::fadd_d_3 ... ok
[INFO] [stdout] test riscv64::tests::fadd_d_4 ... ok
[INFO] [stdout] test riscv64::tests::fadd_d_rm_rmm ... ok
[INFO] [stdout] test riscv64::tests::fadd_d_rm_rne ... ok
[INFO] [stdout] test riscv64::tests::fadd_d_rm_rtz ... ok
[INFO] [stdout] test riscv64::tests::fadd_d_rm_rup ... ok
[INFO] [stdout] test riscv64::tests::fcvt_d_l_0 ... ok
[INFO] [stdout] test riscv64::tests::fcvt_d_l_2 ... ok
[INFO] [stdout] test riscv64::tests::fcvt_d_l_1 ... ok
[INFO] [stdout] test riscv64::tests::fcvt_d_l_3 ... ok
[INFO] [stdout] test riscv64::tests::fcvt_d_l_4 ... ok
[INFO] [stdout] test riscv64::tests::fcvt_d_w_0 ... ok
[INFO] [stdout] test riscv64::tests::fcvt_d_w_1 ... ok
[INFO] [stdout] test riscv64::tests::fcvt_d_w_2 ... ok
[INFO] [stdout] test riscv64::tests::fcvt_d_w_3 ... ok
[INFO] [stdout] test riscv64::tests::fabs_d_4 ... ok
[INFO] [stdout] test riscv64::tests::fcvt_d_w_4 ... ok
[INFO] [stdout] test riscv64::tests::fcvt_l_d_rm_rmm ... ok
[INFO] [stdout] test riscv64::tests::fcvt_l_d_rm_rne ... ok
[INFO] [stdout] test riscv64::tests::fcvt_l_d_rm_rtz ... ok
[INFO] [stdout] test riscv64::tests::fcvt_l_d_rm_rdn ... ok
[INFO] [stdout] test riscv64::tests::fcvt_w_d_1 ... ok
[INFO] [stdout] test riscv64::tests::fcvt_w_d_2 ... ok
[INFO] [stdout] test riscv64::tests::fcvt_w_d_3 ... ok
[INFO] [stdout] test riscv64::tests::fcvt_w_d_4 ... ok
[INFO] [stdout] test riscv64::tests::fdiv_d_0 ... ok
[INFO] [stdout] test riscv64::tests::fdiv_d_1 ... ok
[INFO] [stdout] test riscv64::tests::fdiv_d_3 ... ok
[INFO] [stdout] test riscv64::tests::feq_d_0 ... ok
[INFO] [stdout] test riscv64::tests::fdiv_d_2 ... ok
[INFO] [stdout] test riscv64::tests::feq_d_3 ... ok
[INFO] [stdout] test riscv64::tests::fdiv_d_4 ... ok
[INFO] [stdout] test riscv64::tests::feq_d_4 ... ok
[INFO] [stdout] test riscv64::tests::fge_d_0 ... ok
[INFO] [stdout] test riscv64::tests::fge_d_1 ... ok
[INFO] [stdout] test riscv64::tests::fge_d_2 ... ok
[INFO] [stdout] test riscv64::tests::fge_d_3 ... ok
[INFO] [stdout] test riscv64::tests::fge_d_4 ... ok
[INFO] [stdout] test riscv64::tests::fgt_d_2 ... ok
[INFO] [stdout] test riscv64::tests::fgt_d_0 ... ok
[INFO] [stdout] test riscv64::tests::fgt_d_3 ... ok
[INFO] [stdout] test riscv64::tests::fgt_d_4 ... ok
[INFO] [stdout] test riscv64::tests::fld_0 ... ok
[INFO] [stdout] test riscv64::tests::fld_1 ... ok
[INFO] [stdout] test riscv64::tests::fld_3 ... ok
[INFO] [stdout] test riscv64::tests::fld_2 ... ok
[INFO] [stdout] test riscv64::tests::fld_4 ... ok
[INFO] [stdout] test riscv64::tests::fle_d_0 ... ok
[INFO] [stdout] test riscv64::tests::fld_5 ... ok
[INFO] [stdout] test riscv64::tests::fle_d_1 ... ok
[INFO] [stdout] test riscv64::tests::feq_d_1 ... ok
[INFO] [stdout] test riscv64::tests::fcvt_l_d_rm_rup ... ok
[INFO] [stdout] test riscv64::tests::feq_d_2 ... ok
[INFO] [stdout] test riscv64::tests::fcvt_w_d_0 ... ok
[INFO] [stdout] test riscv64::tests::fgt_d_1 ... ok
[INFO] [stdout] test riscv64::tests::flt_d_1 ... ok
[INFO] [stdout] test riscv64::tests::flt_d_2 ... ok
[INFO] [stdout] test riscv64::tests::fle_d_2 ... ok
[INFO] [stdout] test riscv64::tests::fle_d_3 ... ok
[INFO] [stdout] test riscv64::tests::fmadd_d_0 ... ok
[INFO] [stdout] test riscv64::tests::flt_d_3 ... ok
[INFO] [stdout] test riscv64::tests::flt_d_0 ... ok
[INFO] [stdout] test riscv64::tests::fle_d_4 ... ok
[INFO] [stdout] test riscv64::tests::flt_d_4 ... ok
[INFO] [stdout] test riscv64::tests::fmadd_d_1 ... ok
[INFO] [stdout] test riscv64::tests::fmadd_d_2 ... ok
[INFO] [stdout] test riscv64::tests::fmadd_d_3 ... ok
[INFO] [stdout] test riscv64::tests::fmax_d_1 ... ok
[INFO] [stdout] test riscv64::tests::fmadd_d_4 ... ok
[INFO] [stdout] test riscv64::tests::fmax_d_0 ... ok
[INFO] [stdout] test riscv64::tests::fmax_d_3 ... ok
[INFO] [stdout] test riscv64::tests::fmin_d_1 ... ok
[INFO] [stdout] test riscv64::tests::fmax_d_4 ... ok
[INFO] [stdout] test riscv64::tests::fmin_d_2 ... ok
[INFO] [stdout] test riscv64::tests::fmax_d_2 ... ok
[INFO] [stdout] test riscv64::tests::fmin_d_0 ... ok
[INFO] [stdout] test riscv64::tests::fmin_d_4 ... ok
[INFO] [stdout] test riscv64::tests::fmsub_d_1 ... ok
[INFO] [stdout] test riscv64::tests::fmsub_d_2 ... ok
[INFO] [stdout] test riscv64::tests::fmul_d_1 ... ok
[INFO] [stdout] test riscv64::tests::fmsub_d_3 ... ok
[INFO] [stdout] test riscv64::tests::fmin_d_3 ... ok
[INFO] [stdout] test riscv64::tests::fmsub_d_0 ... ok
[INFO] [stdout] test riscv64::tests::fmsub_d_4 ... ok
[INFO] [stdout] test riscv64::tests::fmul_d_0 ... ok
[INFO] [stdout] test riscv64::tests::fmul_d_2 ... ok
[INFO] [stdout] test riscv64::tests::fmul_d_3 ... ok
[INFO] [stdout] test riscv64::tests::fmul_d_4 ... ok
[INFO] [stdout] test riscv64::tests::fmv_d_0 ... ok
[INFO] [stdout] test riscv64::tests::fmv_d_1 ... ok
[INFO] [stdout] test riscv64::tests::fmv_d_2 ... ok
[INFO] [stdout] test riscv64::tests::fmv_d_3 ... ok
[INFO] [stdout] test riscv64::tests::fmv_d_4 ... ok
[INFO] [stdout] test riscv64::tests::fmv_d_x_1 ... ok
[INFO] [stdout] test riscv64::tests::fmv_d_x_2 ... ok
[INFO] [stdout] test riscv64::tests::fmv_d_x_0 ... ok
[INFO] [stdout] test riscv64::tests::fmv_d_x_4 ... ok
[INFO] [stdout] test riscv64::tests::fmv_d_x_3 ... ok
[INFO] [stdout] test riscv64::tests::fmv_x_d_0 ... ok
[INFO] [stdout] test riscv64::tests::fmv_x_d_1 ... ok
[INFO] [stdout] test riscv64::tests::fmv_x_d_2 ... ok
[INFO] [stdout] test riscv64::tests::fmv_x_d_3 ... ok
[INFO] [stdout] test riscv64::tests::fmv_x_d_4 ... ok
[INFO] [stdout] test riscv64::tests::fneg_d_0 ... ok
[INFO] [stdout] test riscv64::tests::fneg_d_2 ... ok
[INFO] [stdout] test riscv64::tests::fneg_d_1 ... ok
[INFO] [stdout] test riscv64::tests::fneg_d_3 ... ok
[INFO] [stdout] test riscv64::tests::fneg_d_4 ... ok
[INFO] [stdout] test riscv64::tests::fnmadd_d_2 ... ok
[INFO] [stdout] test riscv64::tests::fnmadd_d_4 ... ok
[INFO] [stdout] test riscv64::tests::fnmsub_d_1 ... ok
[INFO] [stdout] test riscv64::tests::fnmsub_d_4 ... ok
[INFO] [stdout] test riscv64::tests::fsd_0 ... ok
[INFO] [stdout] test riscv64::tests::fnmadd_d_3 ... ok
[INFO] [stdout] test riscv64::tests::fnmsub_d_0 ... ok
[INFO] [stdout] test riscv64::tests::fnmsub_d_2 ... ok
[INFO] [stdout] test riscv64::tests::fnmsub_d_3 ... ok
[INFO] [stdout] test riscv64::tests::fsd_1 ... ok
[INFO] [stdout] test riscv64::tests::fsd_2 ... ok
[INFO] [stdout] test riscv64::tests::fnmadd_d_0 ... ok
[INFO] [stdout] test riscv64::tests::fnmadd_d_1 ... ok
[INFO] [stdout] test riscv64::tests::fsd_3 ... ok
[INFO] [stdout] test riscv64::tests::fsd_4 ... ok
[INFO] [stdout] test riscv64::tests::fsd_5 ... ok
[INFO] [stdout] test riscv64::tests::fsgnj_d_0 ... ok
[INFO] [stdout] test riscv64::tests::fsgnj_d_1 ... ok
[INFO] [stdout] test riscv64::tests::fsgnj_d_2 ... ok
[INFO] [stdout] test riscv64::tests::fsgnj_d_3 ... ok
[INFO] [stdout] test riscv64::tests::fsgnjn_d_1 ... ok
[INFO] [stdout] test riscv64::tests::fsgnjn_d_3 ... ok
[INFO] [stdout] test riscv64::tests::fsgnjn_d_4 ... ok
[INFO] [stdout] test riscv64::tests::fsgnjx_d_3 ... ok
[INFO] [stdout] test riscv64::tests::fsgnjx_d_4 ... ok
[INFO] [stdout] test riscv64::tests::fsgnjx_d_0 ... ok
[INFO] [stdout] test riscv64::tests::fsgnjx_d_1 ... ok
[INFO] [stdout] test riscv64::tests::fsgnjx_d_2 ... ok
[INFO] [stdout] test riscv64::tests::fsqrt_d_0 ... ok
[INFO] [stdout] test riscv64::tests::fsqrt_d_1 ... ok
[INFO] [stdout] test riscv64::tests::fsub_d_0 ... ok
[INFO] [stdout] test riscv64::tests::fsub_d_1 ... ok
[INFO] [stdout] test riscv64::tests::fsgnj_d_4 ... ok
[INFO] [stdout] test riscv64::tests::fsub_d_2 ... ok
[INFO] [stdout] test riscv64::tests::fsqrt_d_3 ... ok
[INFO] [stdout] test riscv64::tests::fsub_d_4 ... ok
[INFO] [stdout] test riscv64::tests::fsgnjn_d_0 ... ok
[INFO] [stdout] test riscv64::tests::fsqrt_d_2 ... ok
[INFO] [stdout] test riscv64::tests::j_2 ... ok
[INFO] [stdout] test riscv64::tests::j_3 ... ok
[INFO] [stdout] test riscv64::tests::j_4 ... ok
[INFO] [stdout] test riscv64::tests::fsgnjn_d_2 ... ok
[INFO] [stdout] test riscv64::tests::j_0 ... ok
[INFO] [stdout] test riscv64::tests::fsub_d_3 ... ok
[INFO] [stdout] test riscv64::tests::jal_1 ... ok
[INFO] [stdout] test riscv64::tests::jal_2 ... ok
[INFO] [stdout] test riscv64::tests::jal_3 ... ok
[INFO] [stdout] test riscv64::tests::jal_4 ... ok
[INFO] [stdout] test riscv64::tests::jal_5 ... ok
[INFO] [stdout] test riscv64::tests::jal_6 ... ok
[INFO] [stdout] test riscv64::tests::jalr_0 ... ok
[INFO] [stdout] test riscv64::tests::jalr_1 ... ok
[INFO] [stdout] test riscv64::tests::jalr_2 ... ok
[INFO] [stdout] test riscv64::tests::jalr_3 ... ok
[INFO] [stdout] test riscv64::tests::jalr_4 ... ok
[INFO] [stdout] test riscv64::tests::jr_0 ... ok
[INFO] [stdout] test riscv64::tests::jr_1 ... ok
[INFO] [stdout] test riscv64::tests::jr_2 ... ok
[INFO] [stdout] test riscv64::tests::j_5 ... ok
[INFO] [stdout] test riscv64::tests::jr_3 ... ok
[INFO] [stdout] test riscv64::tests::j_6 ... ok
[INFO] [stdout] test riscv64::tests::jal_0 ... ok
[INFO] [stdout] test riscv64::tests::jr_4 ... ok
[INFO] [stdout] test riscv64::tests::ld_0 ... ok
[INFO] [stdout] test riscv64::tests::ld_1 ... ok
[INFO] [stdout] test riscv64::tests::ld_5 ... ok
[INFO] [stdout] test riscv64::tests::lui_0 ... ok
[INFO] [stdout] test riscv64::tests::lui_1 ... ok
[INFO] [stdout] test riscv64::tests::lui_2 ... ok
[INFO] [stdout] test riscv64::tests::lui_3 ... ok
[INFO] [stdout] test riscv64::tests::lui_4 ... ok
[INFO] [stdout] test riscv64::tests::mv_0 ... ok
[INFO] [stdout] test riscv64::tests::j_1 ... ok
[INFO] [stdout] test riscv64::tests::fsqrt_d_4 ... ok
[INFO] [stdout] test riscv64::tests::mv_1 ... ok
[INFO] [stdout] test riscv64::tests::mv_2 ... ok
[INFO] [stdout] test riscv64::tests::mv_3 ... ok
[INFO] [stdout] test riscv64::tests::mv_4 ... ok
[INFO] [stdout] test riscv64::tests::neg_2 ... ok
[INFO] [stdout] test riscv64::tests::neg_3 ... ok
[INFO] [stdout] test riscv64::tests::neg_4 ... ok
[INFO] [stdout] test riscv64::tests::nop ... ok
[INFO] [stdout] test riscv64::tests::not_0 ... ok
[INFO] [stdout] test riscv64::tests::not_1 ... ok
[INFO] [stdout] test riscv64::tests::not_2 ... ok
[INFO] [stdout] test riscv64::tests::ld_2 ... ok
[INFO] [stdout] test riscv64::tests::neg_0 ... ok
[INFO] [stdout] test riscv64::tests::ld_3 ... ok
[INFO] [stdout] test riscv64::tests::or_0 ... ok
[INFO] [stdout] test riscv64::tests::ld_4 ... ok
[INFO] [stdout] test riscv64::tests::not_4 ... ok
[INFO] [stdout] test riscv64::tests::or_3 ... ok
[INFO] [stdout] test riscv64::tests::neg_1 ... ok
[INFO] [stdout] test riscv64::tests::or_4 ... ok
[INFO] [stdout] test riscv64::tests::or_1 ... ok
[INFO] [stdout] test riscv64::tests::or_2 ... ok
[INFO] [stdout] test riscv64::tests::not_3 ... ok
[INFO] [stdout] test riscv64::tests::ori_1 ... ok
[INFO] [stdout] test riscv64::tests::ori_4 ... ok
[INFO] [stdout] test riscv64::tests::ori_5 ... ok
[INFO] [stdout] test riscv64::tests::ori_6 ... ok
[INFO] [stdout] test riscv64::tests::sd_0 ... ok
[INFO] [stdout] test riscv64::tests::ori_0 ... ok
[INFO] [stdout] test riscv64::tests::sd_1 ... ok
[INFO] [stdout] test riscv64::tests::sd_2 ... ok
[INFO] [stdout] test riscv64::tests::sd_3 ... ok
[INFO] [stdout] test riscv64::tests::sd_4 ... ok
[INFO] [stdout] test riscv64::tests::sd_5 ... ok
[INFO] [stdout] test riscv64::tests::sll_0 ... ok
[INFO] [stdout] test riscv64::tests::sll_1 ... ok
[INFO] [stdout] test riscv64::tests::sll_2 ... ok
[INFO] [stdout] test riscv64::tests::sll_3 ... ok
[INFO] [stdout] test riscv64::tests::sll_4 ... ok
[INFO] [stdout] test riscv64::tests::slli_0 ... ok
[INFO] [stdout] test riscv64::tests::slli_1 ... ok
[INFO] [stdout] test riscv64::tests::slli_13 ... ok
[INFO] [stdout] test riscv64::tests::slli_31 ... ok
[INFO] [stdout] test riscv64::tests::ori_2 ... ok
[INFO] [stdout] test riscv64::tests::ori_3 ... ok
[INFO] [stdout] test riscv64::tests::ret ... ok
[INFO] [stdout] test riscv64::tests::slli_32 ... ok
[INFO] [stdout] test riscv64::tests::slli_63 ... ok
[INFO] [stdout] test riscv64::tests::sra_0 ... ok
[INFO] [stdout] test riscv64::tests::sra_1 ... ok
[INFO] [stdout] test riscv64::tests::sra_2 ... ok
[INFO] [stdout] test riscv64::tests::sra_3 ... ok
[INFO] [stdout] test riscv64::tests::sra_4 ... ok
[INFO] [stdout] test riscv64::tests::srai_0 ... ok
[INFO] [stdout] test riscv64::tests::srai_1 ... ok
[INFO] [stdout] test riscv64::tests::srai_63 ... ok
[INFO] [stdout] test riscv64::tests::srl_0 ... ok
[INFO] [stdout] test riscv64::tests::srl_1 ... ok
[INFO] [stdout] test riscv64::tests::srl_2 ... ok
[INFO] [stdout] test riscv64::tests::srl_3 ... ok
[INFO] [stdout] test riscv64::tests::srl_4 ... ok
[INFO] [stdout] test riscv64::tests::srli_0 ... ok
[INFO] [stdout] test riscv64::tests::srli_1 ... ok
[INFO] [stdout] test riscv64::tests::srli_13 ... ok
[INFO] [stdout] test riscv64::tests::srli_31 ... ok
[INFO] [stdout] test riscv64::tests::srli_32 ... ok
[INFO] [stdout] test riscv64::tests::srli_63 ... ok
[INFO] [stdout] test riscv64::tests::sub_0 ... ok
[INFO] [stdout] test riscv64::tests::sub_1 ... ok
[INFO] [stdout] test riscv64::tests::sub_2 ... ok
[INFO] [stdout] test riscv64::tests::sub_3 ... ok
[INFO] [stdout] test riscv64::tests::xor_0 ... ok
[INFO] [stdout] test riscv64::tests::sub_4 ... ok
[INFO] [stdout] test riscv64::tests::xor_2 ... ok
[INFO] [stdout] test riscv64::tests::xor_1 ... ok
[INFO] [stdout] test riscv64::tests::xor_3 ... ok
[INFO] [stdout] test riscv64::tests::xor_4 ... ok
[INFO] [stdout] test riscv64::tests::xori_0 ... ok
[INFO] [stdout] test riscv64::tests::xori_1 ... ok
[INFO] [stdout] test riscv64::tests::xori_2 ... ok
[INFO] [stdout] test riscv64::tests::xori_3 ... ok
[INFO] [stdout] test riscv64::tests::xori_4 ... ok
[INFO] [stdout] test riscv64::tests::xori_5 ... ok
[INFO] [stdout] test riscv64::tests::xori_6 ... ok
[INFO] [stdout] test strings::tests::labels_preserve_legacy_bytes_and_roundtrip_utf8_boundaries ... ok
[INFO] [stdout] test riscv64::tests::srai_13 ... ok
[INFO] [stdout] test riscv64::tests::srai_31 ... ok
[INFO] [stdout] test riscv64::tests::srai_32 ... ok
[INFO] [stdout] test strings::tests::malformed_lengths_utf8_and_truncation_are_rejected_without_large_allocations ... ok
[INFO] [stdout] test strings::tests::long_callback_names_compile_evaluate_and_restore_both_native_codecs ... ok
[INFO] [stdout] 
[INFO] [stdout] test result: ok. 2151 passed; 0 failed; 1 ignored; 0 measured; 0 filtered out; finished in 0.34s
[INFO] [stdout] 
[INFO] [stderr]      Running tests/applet_simd.rs (/opt/rustwide/target/release/build/symjit/8b0c1ab2c4be724a/out/applet_simd-8b0c1ab2c4be724a)
[INFO] [stdout] 
[INFO] [stdout] running 2 tests
[INFO] [stderr]      Running tests/basic.rs (/opt/rustwide/target/release/build/symjit/877f94d6e507d826/out/basic-877f94d6e507d826)
[INFO] [stdout] test applet_without_simd_kernel ... ok
[INFO] [stdout] test diverging_lanes_in_applet ... ok
[INFO] [stdout] 
[INFO] [stdout] test result: ok. 2 passed; 0 failed; 0 ignored; 0 measured; 0 filtered out; finished in 0.00s
[INFO] [stdout] 
[INFO] [stdout] 
[INFO] [stdout] running 12 tests
[INFO] [stdout] test test_hyperbolic ... ok
[INFO] [stdout] test test_multiple ... ok
[INFO] [stdout] test test_external_evaluators ... ok
[INFO] [stdout] test test_output_reuse ... ok
[INFO] [stdout] test test_simple ... ok
[INFO] [stdout] test test_zero_params ... ok
[INFO] [stdout] test declared_unused_inputs_do_not_shift_outputs ... ok
[INFO] [stdout] test test_fact ... ok
[INFO] [stdout] test test_fast ... ok
[INFO] [stdout] test test_external ... ok
[INFO] [stdout] test test_pi_viete ... ok
[INFO] [stdout] test test_loops ... ok
[INFO] [stdout] 
[INFO] [stdout] test result: ok. 12 passed; 0 failed; 0 ignored; 0 measured; 0 filtered out; finished in 0.69s
[INFO] [stdout] 
[INFO] [stdout] 
[INFO] [stderr]      Running tests/bug_fp_preserve.rs (/opt/rustwide/target/release/build/symjit/15bf97c5ab05fa28/out/bug_fp_preserve-15bf97c5ab05fa28)
[INFO] [stdout] running 0 tests
[INFO] [stderr]      Running tests/complex_division.rs (/opt/rustwide/target/release/build/symjit/f50308eaef5c32a0/out/complex_division-f50308eaef5c32a0)
[INFO] [stdout] 
[INFO] [stdout] test result: ok. 0 passed; 0 failed; 0 ignored; 0 measured; 0 filtered out; finished in 0.00s
[INFO] [stdout] 
[INFO] [stdout] 
[INFO] [stdout] running 1 test
[INFO] [stdout] test complex_division_by_constant ... ok
[INFO] [stdout] 
[INFO] [stdout] test result: ok. 1 passed; 0 failed; 0 ignored; 0 measured; 0 filtered out; finished in 0.00s
[INFO] [stdout] 
[INFO] [stderr]      Running tests/constants.rs (/opt/rustwide/target/release/build/symjit/61a246d22e636b92/out/constants-61a246d22e636b92)
[INFO] [stdout] 
[INFO] [stdout] running 1 test
[INFO] [stdout] test constant_indices ... ok
[INFO] [stdout] 
[INFO] [stderr]      Running tests/funcs.rs (/opt/rustwide/target/release/build/symjit/0eb12712578b0345/out/funcs-0eb12712578b0345)
[INFO] [stdout] test result: ok. 1 passed; 0 failed; 0 ignored; 0 measured; 0 filtered out; finished in 0.00s
[INFO] [stdout] 
[INFO] [stdout] 
[INFO] [stdout] running 7 tests
[INFO] [stdout] test test_external_evaluators_complex_simd ... ok
[INFO] [stdout] test test_external_evaluators_real ... ok
[INFO] [stdout] test test_external_evaluators_complex ... ok
[INFO] [stdout] test test_factorial ... ok
[INFO] [stdout] test test_simple ... ok
[INFO] [stdout] test test_external_evaluators_real_simd ... ok
[INFO] [stdout] test test_args ... ok
[INFO] [stderr]      Running tests/imaginary_unit.rs (/opt/rustwide/target/release/build/symjit/43ac0eef714dbbb3/out/imaginary_unit-43ac0eef714dbbb3)
[INFO] [stdout] 
[INFO] [stdout] test result: ok. 7 passed; 0 failed; 0 ignored; 0 measured; 0 filtered out; finished in 0.19s
[INFO] [stdout] 
[INFO] [stdout] 
[INFO] [stdout] running 2 tests
[INFO] [stdout] test complex_kernels_multiply_by_i ... ok
[INFO] [stdout] test real_kernels_take_the_real_part ... ok
[INFO] [stdout] 
[INFO] [stdout] test result: ok. 2 passed; 0 failed; 0 ignored; 0 measured; 0 filtered out; finished in 0.02s
[INFO] [stdout] 
[INFO] [stderr]      Running tests/kernels.rs (/opt/rustwide/target/release/build/symjit/4d04bbc31a78cd5b/out/kernels-4d04bbc31a78cd5b)
[INFO] [stdout] 
[INFO] [stdout] running 18 tests
[INFO] [stdout] test kernel_b1_scalar_real ... ok
[INFO] [stdout] test kernel_b1_scalar_real_trailing_inputs ... ok
[INFO] [stdout] test kernel_b1_simd_complex ... ok
[INFO] [stdout] test kernel_b1_simd_real ... FAILED
[INFO] [stdout] test kernel_p2_scalar_complex ... ok
[INFO] [stdout] test kernel_b2_simd_complex ... FAILED
[INFO] [stdout] test kernel_b2_simd_real ... FAILED
[INFO] [stdout] test kernel_p2_raw_duplicate_and_alias ... ok
[INFO] [stdout] test kernel_p1_complex ... ok
[INFO] [stdout] test kernel_b1_scalar_complex ... ok
[INFO] [stdout] test kernel_p2_simd_complex_coef ... ignored, direct_arena_identity_output(false) (output scaled by a parameter) is not implemented
[INFO] [stdout] test kernel_p2_simd_real_coef ... ignored, direct_arena_identity_output(false) (output scaled by a parameter) is not implemented
[INFO] [stdout] test kernel_p2_scalar_real ... ok
[INFO] [stdout] test kernel_p2_simd_complex ... ok
[INFO] [stdout] test kernel_p2_simd_real ... ok
[INFO] [stdout] test kernel_p2_simd_complex_trailing_inputs ... ok
[INFO] [stdout] test test_instructions ... ok
[INFO] [stdout] test kernel_p1_real ... ok
[INFO] [stdout] 
[INFO] [stdout] failures:
[INFO] [stdout] 
[INFO] [stdout] ---- kernel_b1_simd_real stdout ----
[INFO] [stdout] 
[INFO] [stdout] thread 'kernel_b1_simd_real' (3649) panicked at rust/machine.rs:202:45:
[INFO] [stdout] called `Result::unwrap()` on an `Err` value: Os { code: 30, kind: ReadOnlyFilesystem, message: "Read-only file system" }
[INFO] [stdout] stack backtrace:
[INFO] [stdout]    0:     0x637dcf1aeec1 - <<std[617be2ca0a6fd877]::sys::backtrace::BacktraceLock>::print::DisplayBacktrace as core[a373ad73a504971]::fmt::Display>::fmt
[INFO] [stdout]    1:     0x637dcf1c4c6a - core[a373ad73a504971]::fmt::write
[INFO] [stdout]    2:     0x637dcf1b364c - <alloc[2e1b2a31b91974c5]::vec::Vec<u8> as core[a373ad73a504971]::io::write::Write>::write_fmt
[INFO] [stdout]    3:     0x637dcf18a4a6 - std[617be2ca0a6fd877]::panicking::default_hook::{closure#0}
[INFO] [stdout]    4:     0x637dcf1a6ce9 - std[617be2ca0a6fd877]::panicking::default_hook
[INFO] [stdout]    5:     0x637dcf035eb0 - test[aada8e7e76ba119b]::test_main_inner::{closure#0}
[INFO] [stdout]    6:     0x637dcf1a7012 - std[617be2ca0a6fd877]::panicking::panic_with_hook
[INFO] [stdout]    7:     0x637dcf18a552 - std[617be2ca0a6fd877]::panicking::panic_handler::{closure#0}
[INFO] [stdout]    8:     0x637dcf182909 - std[617be2ca0a6fd877]::sys::backtrace::__rust_end_short_backtrace::<std[617be2ca0a6fd877]::panicking::panic_handler::{closure#0}, !>
[INFO] [stdout]    9:     0x637dcf18b30d - __rustc[ea4f61d10b84890b]::rust_begin_unwind
[INFO] [stdout]   10:     0x637dcf1c540c - core[a373ad73a504971]::panicking::panic_fmt
[INFO] [stdout]   11:     0x637dcf1c51e2 - core[a373ad73a504971]::result::unwrap_failed
[INFO] [stdout]   12:     0x637dcf12bd7d - <symjit[e932af6840eeebf2]::machine::MachineCode<f64> as symjit[e932af6840eeebf2]::utils::Compiled<f64>>::dump
[INFO] [stdout]   13:     0x637dcf133cab - <symjit[e932af6840eeebf2]::runnable::Application>::dump
[INFO] [stdout]   14:     0x637dcf023e2e - <kernels[e8ad65ac8e23a3ee]::kernel_b1_simd_real::{closure#0} as core[a373ad73a504971]::ops::function::FnOnce<()>>::call_once
[INFO] [stdout]   15:     0x637dcf0292fb - test[aada8e7e76ba119b]::__rust_begin_short_backtrace::<core[a373ad73a504971]::result::Result<(), alloc[2e1b2a31b91974c5]::string::String>, fn() -> core[a373ad73a504971]::result::Result<(), alloc[2e1b2a31b91974c5]::string::String>>
[INFO] [stdout]   16:     0x637dcf0364d5 - test[aada8e7e76ba119b]::run_test::{closure#0}
[INFO] [stdout]   17:     0x637dcf02fdc4 - std[617be2ca0a6fd877]::sys::backtrace::__rust_begin_short_backtrace::<test[aada8e7e76ba119b]::run_test::{closure#1}, ()>
[INFO] [stdout]   18:     0x637dcf039562 - <std[617be2ca0a6fd877]::thread::lifecycle::spawn_unchecked<test[aada8e7e76ba119b]::run_test::{closure#1}, ()>::{closure#1} as core[a373ad73a504971]::ops::function::FnOnce<()>>::call_once::{shim:vtable#0}
[INFO] [stdout]   19:     0x637dcf1ae1cf - <std[617be2ca0a6fd877]::sys::thread::unix::Thread>::new::thread_start
[INFO] [stdout]   20:     0x7658bd506dfa - <unknown>
[INFO] [stdout]   21:     0x7658bd59a3d4 - clone
[INFO] [stdout]   22:                0x0 - <unknown>
[INFO] [stdout] 
[INFO] [stdout] ---- kernel_b2_simd_complex stdout ----
[INFO] [stdout] 
[INFO] [stdout] thread 'kernel_b2_simd_complex' (3650) panicked at rust/machine.rs:202:45:
[INFO] [stdout] called `Result::unwrap()` on an `Err` value: Os { code: 30, kind: ReadOnlyFilesystem, message: "Read-only file system" }
[INFO] [stdout] stack backtrace:
[INFO] [stdout]    0:     0x637dcf1aeec1 - <<std[617be2ca0a6fd877]::sys::backtrace::BacktraceLock>::print::DisplayBacktrace as core[a373ad73a504971]::fmt::Display>::fmt
[INFO] [stdout]    1:     0x637dcf1c4c6a - core[a373ad73a504971]::fmt::write
[INFO] [stdout]    2:     0x637dcf1b364c - <alloc[2e1b2a31b91974c5]::vec::Vec<u8> as core[a373ad73a504971]::io::write::Write>::write_fmt
[INFO] [stdout]    3:     0x637dcf18a4a6 - std[617be2ca0a6fd877]::panicking::default_hook::{closure#0}
[INFO] [stdout]    4:     0x637dcf1a6ce9 - std[617be2ca0a6fd877]::panicking::default_hook
[INFO] [stdout]    5:     0x637dcf035eb0 - test[aada8e7e76ba119b]::test_main_inner::{closure#0}
[INFO] [stdout]    6:     0x637dcf1a7012 - std[617be2ca0a6fd877]::panicking::panic_with_hook
[INFO] [stdout]    7:     0x637dcf18a552 - std[617be2ca0a6fd877]::panicking::panic_handler::{closure#0}
[INFO] [stdout]    8:     0x637dcf182909 - std[617be2ca0a6fd877]::sys::backtrace::__rust_end_short_backtrace::<std[617be2ca0a6fd877]::panicking::panic_handler::{closure#0}, !>
[INFO] [stdout]    9:     0x637dcf18b30d - __rustc[ea4f61d10b84890b]::rust_begin_unwind
[INFO] [stdout]   10:     0x637dcf1c540c - core[a373ad73a504971]::panicking::panic_fmt
[INFO] [stdout]   11:     0x637dcf1c51e2 - core[a373ad73a504971]::result::unwrap_failed
[INFO] [stdout]   12:     0x637dcf12bd7d - <symjit[e932af6840eeebf2]::machine::MachineCode<f64> as symjit[e932af6840eeebf2]::utils::Compiled<f64>>::dump
[INFO] [stdout]   13:     0x637dcf133cab - <symjit[e932af6840eeebf2]::runnable::Application>::dump
[INFO] [stdout]   14:     0x637dcf0258ef - <kernels[e8ad65ac8e23a3ee]::kernel_b2_simd_complex::{closure#0} as core[a373ad73a504971]::ops::function::FnOnce<()>>::call_once
[INFO] [stdout]   15:     0x637dcf0292fb - test[aada8e7e76ba119b]::__rust_begin_short_backtrace::<core[a373ad73a504971]::result::Result<(), alloc[2e1b2a31b91974c5]::string::String>, fn() -> core[a373ad73a504971]::result::Result<(), alloc[2e1b2a31b91974c5]::string::String>>
[INFO] [stdout]   16:     0x637dcf0364d5 - test[aada8e7e76ba119b]::run_test::{closure#0}
[INFO] [stdout]   17:     0x637dcf02fdc4 - std[617be2ca0a6fd877]::sys::backtrace::__rust_begin_short_backtrace::<test[aada8e7e76ba119b]::run_test::{closure#1}, ()>
[INFO] [stdout]   18:     0x637dcf039562 - <std[617be2ca0a6fd877]::thread::lifecycle::spawn_unchecked<test[aada8e7e76ba119b]::run_test::{closure#1}, ()>::{closure#1} as core[a373ad73a504971]::ops::function::FnOnce<()>>::call_once::{shim:vtable#0}
[INFO] [stdout]   19:     0x637dcf1ae1cf - <std[617be2ca0a6fd877]::sys::thread::unix::Thread>::new::thread_start
[INFO] [stdout]   20:     0x7658bd506dfa - <unknown>
[INFO] [stdout]   21:     0x7658bd59a3d4 - clone
[INFO] [stdout]   22:                0x0 - <unknown>
[INFO] [stdout] 
[INFO] [stdout] ---- kernel_b2_simd_real stdout ----
[INFO] [stdout] 
[INFO] [stdout] thread 'kernel_b2_simd_real' (3651) panicked at rust/machine.rs:202:45:
[INFO] [stdout] called `Result::unwrap()` on an `Err` value: Os { code: 30, kind: ReadOnlyFilesystem, message: "Read-only file system" }
[INFO] [stdout] stack backtrace:
[INFO] [stdout]    0:     0x637dcf1aeec1 - <<std[617be2ca0a6fd877]::sys::backtrace::BacktraceLock>::print::DisplayBacktrace as core[a373ad73a504971]::fmt::Display>::fmt
[INFO] [stdout]    1:     0x637dcf1c4c6a - core[a373ad73a504971]::fmt::write
[INFO] [stdout]    2:     0x637dcf1b364c - <alloc[2e1b2a31b91974c5]::vec::Vec<u8> as core[a373ad73a504971]::io::write::Write>::write_fmt
[INFO] [stdout]    3:     0x637dcf18a4a6 - std[617be2ca0a6fd877]::panicking::default_hook::{closure#0}
[INFO] [stdout]    4:     0x637dcf1a6ce9 - std[617be2ca0a6fd877]::panicking::default_hook
[INFO] [stdout]    5:     0x637dcf035eb0 - test[aada8e7e76ba119b]::test_main_inner::{closure#0}
[INFO] [stdout]    6:     0x637dcf1a7012 - std[617be2ca0a6fd877]::panicking::panic_with_hook
[INFO] [stdout]    7:     0x637dcf18a552 - std[617be2ca0a6fd877]::panicking::panic_handler::{closure#0}
[INFO] [stdout]    8:     0x637dcf182909 - std[617be2ca0a6fd877]::sys::backtrace::__rust_end_short_backtrace::<std[617be2ca0a6fd877]::panicking::panic_handler::{closure#0}, !>
[INFO] [stdout]    9:     0x637dcf18b30d - __rustc[ea4f61d10b84890b]::rust_begin_unwind
[INFO] [stdout]   10:     0x637dcf1c540c - core[a373ad73a504971]::panicking::panic_fmt
[INFO] [stdout]   11:     0x637dcf1c51e2 - core[a373ad73a504971]::result::unwrap_failed
[INFO] [stdout]   12:     0x637dcf12bd7d - <symjit[e932af6840eeebf2]::machine::MachineCode<f64> as symjit[e932af6840eeebf2]::utils::Compiled<f64>>::dump
[INFO] [stdout]   13:     0x637dcf133cab - <symjit[e932af6840eeebf2]::runnable::Application>::dump
[INFO] [stdout]   14:     0x637dcf0242a6 - <kernels[e8ad65ac8e23a3ee]::kernel_b2_simd_real::{closure#0} as core[a373ad73a504971]::ops::function::FnOnce<()>>::call_once
[INFO] [stdout]   15:     0x637dcf0292fb - test[aada8e7e76ba119b]::__rust_begin_short_backtrace::<core[a373ad73a504971]::result::Result<(), alloc[2e1b2a31b91974c5]::string::String>, fn() -> core[a373ad73a504971]::result::Result<(), alloc[2e1b2a31b91974c5]::string::String>>
[INFO] [stdout]   16:     0x637dcf0364d5 - test[aada8e7e76ba119b]::run_test::{closure#0}
[INFO] [stdout]   17:     0x637dcf02fdc4 - std[617be2ca0a6fd877]::sys::backtrace::__rust_begin_short_backtrace::<test[aada8e7e76ba119b]::run_test::{closure#1}, ()>
[INFO] [stdout]   18:     0x637dcf039562 - <std[617be2ca0a6fd877]::thread::lifecycle::spawn_unchecked<test[aada8e7e76ba119b]::run_test::{closure#1}, ()>::{closure#1} as core[a373ad73a504971]::ops::function::FnOnce<()>>::call_once::{shim:vtable#0}
[INFO] [stdout]   19:     0x637dcf1ae1cf - <std[617be2ca0a6fd877]::sys::thread::unix::Thread>::new::thread_start
[INFO] [stdout]   20:     0x7658bd506dfa - <unknown>
[INFO] [stdout]   21:     0x7658bd59a3d4 - clone
[INFO] [stdout]   22:                0x0 - <unknown>
[INFO] [stdout] 
[INFO] [stdout] 
[INFO] [stdout] failures:
[INFO] [stdout]     kernel_b1_simd_real
[INFO] [stdout]     kernel_b2_simd_complex
[INFO] [stdout]     kernel_b2_simd_real
[INFO] [stdout] 
[INFO] [stdout] test result: FAILED. 13 passed; 3 failed; 2 ignored; 0 measured; 0 filtered out; finished in 0.02s
[INFO] [stdout] 
[INFO] [stderr] error: test failed, to rerun pass `--test kernels`
[INFO] running `Command { std: "docker" "inspect" "6f36b31f1dc7f8c605e17a0bd619c135dcabde3c1b28ed9a1bb5e0644ed31581", kill_on_drop: false }`
[INFO] running `Command { std: "docker" "rm" "-f" "6f36b31f1dc7f8c605e17a0bd619c135dcabde3c1b28ed9a1bb5e0644ed31581", kill_on_drop: false }`
[INFO] [stdout] 6f36b31f1dc7f8c605e17a0bd619c135dcabde3c1b28ed9a1bb5e0644ed31581
