[INFO] fetching crate symify 0.2.1...
[INFO] testing symify-0.2.1 against 1.99.0-beta.8+cargoflags=--release for beta-release-1.100-2
[INFO] extracting crate symify 0.2.1 into /workspace/builds/worker-0-tc1/source
[INFO] started tweaking crates.io crate symify 0.2.1
[INFO] removed 0 missing tests
[INFO] finished tweaking crates.io crate symify 0.2.1
[INFO] tweaked toml for crates.io crate symify 0.2.1 written to /workspace/builds/worker-0-tc1/source/Cargo.toml
[INFO] validating manifest of crates.io crate symify 0.2.1 on toolchain 1.99.0-beta.8
[INFO] running `Command { std: CARGO_HOME="/workspace/cargo-home" RUSTUP_HOME="/workspace/rustup-home" "/workspace/cargo-home/bin/cargo" "+1.99.0-beta.8" "metadata" "--manifest-path" "Cargo.toml" "--no-deps", kill_on_drop: false }`
[INFO] crate crates.io crate symify 0.2.1 already has a lockfile, it will not be regenerated
[INFO] running `Command { std: CARGO_HOME="/workspace/cargo-home" RUSTUP_HOME="/workspace/rustup-home" "/workspace/cargo-home/bin/cargo" "+1.99.0-beta.8" "fetch" "--manifest-path" "Cargo.toml", kill_on_drop: false }`
[INFO] [stderr]     Blocking waiting for file lock on package cache
[INFO] [stderr]     Updating crates.io index
[INFO] [stderr]  Downloading crates ...
[INFO] [stderr]   Downloaded roff v1.1.1
[INFO] [stderr]   Downloaded clap_mangen v0.3.0
[INFO] [stderr]   Downloaded clap_complete v4.6.8
[INFO] [stderr]   Downloaded symify-core v0.2.1
[INFO] [stderr]   Downloaded similar v3.1.2
[INFO] running `Command { std: "docker" "create" "-v" "/var/lib/crater-agent-workspace/builds/worker-0-tc1/source:/opt/rustwide/workdir:ro,Z" "-v" "/var/lib/crater-agent-workspace/builds/worker-0-tc1/target:/opt/rustwide/target:rw,Z" "-v" "/var/lib/crater-agent-workspace/cargo-home:/opt/rustwide/cargo-home:ro,Z" "-v" "/var/lib/crater-agent-workspace/rustup-home:/opt/rustwide/rustup-home:ro,Z" "-m" "1610612736" "--network" "none" "ghcr.io/rust-lang/crates-build-env/linux@sha256:77db811e55d90add9212f6832c23229e3de5f1c1f9905e8cb07319ea15df73ac" "sleep" "infinity", kill_on_drop: false }`
[INFO] [stdout] 6f3f5071bc52d658f079838b13c98666e30771a4e7e3e85754c1bf719a5757a5
[INFO] running `Command { std: "docker" "start" "6f3f5071bc52d658f079838b13c98666e30771a4e7e3e85754c1bf719a5757a5", kill_on_drop: false }`
[INFO] running `Command { std: "docker" "inspect" "6f3f5071bc52d658f079838b13c98666e30771a4e7e3e85754c1bf719a5757a5", kill_on_drop: false }`
[INFO] running `Command { std: "docker" "exec" "-e" "SOURCE_DIR=/opt/rustwide/workdir" "-e" "CARGO_HOME=/opt/rustwide/cargo-home" "-e" "RUSTUP_HOME=/opt/rustwide/rustup-home" "-e" "CARGO_TARGET_DIR=/opt/rustwide/target" "-w" "/opt/rustwide/workdir" "--user" "0:0" "6f3f5071bc52d658f079838b13c98666e30771a4e7e3e85754c1bf719a5757a5" "/opt/rustwide/cargo-home/bin/cargo" "+1.99.0-beta.8" "metadata" "--no-deps" "--format-version=1", kill_on_drop: false }`
[INFO] running `Command { std: "docker" "inspect" "6f3f5071bc52d658f079838b13c98666e30771a4e7e3e85754c1bf719a5757a5", kill_on_drop: false }`
[INFO] running `Command { std: "docker" "exec" "-e" "SOURCE_DIR=/opt/rustwide/workdir" "-e" "CARGO_HOME=/opt/rustwide/cargo-home" "-e" "RUSTUP_HOME=/opt/rustwide/rustup-home" "-e" "CARGO_TARGET_DIR=/opt/rustwide/target" "-e" "CARGO_INCREMENTAL=0" "-e" "RUST_BACKTRACE=full" "-e" "RUSTFLAGS=--cap-lints=warn" "-e" "RUSTDOCFLAGS=--cap-lints=warn" "-w" "/opt/rustwide/workdir" "--user" "0:0" "6f3f5071bc52d658f079838b13c98666e30771a4e7e3e85754c1bf719a5757a5" "/opt/rustwide/cargo-home/bin/cargo" "+1.99.0-beta.8" "build" "--frozen" "--message-format=json" "--release", kill_on_drop: false }`
[INFO] [stderr]    Compiling winnow v1.0.3
[INFO] [stderr]    Compiling cc v1.2.62
[INFO] [stderr]    Compiling toml_writer v1.1.1+spec-1.1.0
[INFO] [stderr]    Compiling anstream v1.0.0
[INFO] [stderr]    Compiling arrayvec v0.7.6
[INFO] [stderr]    Compiling syn v3.0.3
[INFO] [stderr]    Compiling syn v2.0.117
[INFO] [stderr]    Compiling dirs-sys v0.5.0
[INFO] [stderr]    Compiling roff v1.1.1
[INFO] [stderr]    Compiling similar v3.1.2
[INFO] [stderr]    Compiling serde_json v1.0.151
[INFO] [stderr]    Compiling directories v6.0.0
[INFO] [stderr]    Compiling clap_builder v4.6.5
[INFO] [stderr]    Compiling blake3 v1.8.5
[INFO] [stderr]    Compiling toml_parser v1.1.2+spec-1.1.0
[INFO] [stderr]    Compiling serde_derive v1.0.228
[INFO] [stderr]    Compiling toml v1.1.2+spec-1.1.0
[INFO] [stderr]    Compiling toml_edit v0.25.12+spec-1.1.0
[INFO] [stderr]    Compiling clap_derive v4.6.4
[INFO] [stderr]    Compiling thiserror-impl v2.0.19
[INFO] [stderr]    Compiling thiserror v2.0.19
[INFO] [stderr]    Compiling clap v4.6.5
[INFO] [stderr]    Compiling clap_complete v4.6.8
[INFO] [stderr]    Compiling clap_mangen v0.3.0
[INFO] [stderr]    Compiling serde v1.0.228
[INFO] [stderr]    Compiling symify-core v0.2.1
[INFO] [stderr]    Compiling symify v0.2.1 (/opt/rustwide/workdir)
[INFO] [stderr]     Finished `release` profile [optimized] target(s) in 33.62s
[INFO] running `Command { std: "docker" "inspect" "6f3f5071bc52d658f079838b13c98666e30771a4e7e3e85754c1bf719a5757a5", kill_on_drop: false }`
[INFO] running `Command { std: "docker" "exec" "-e" "SOURCE_DIR=/opt/rustwide/workdir" "-e" "CARGO_HOME=/opt/rustwide/cargo-home" "-e" "RUSTUP_HOME=/opt/rustwide/rustup-home" "-e" "CARGO_TARGET_DIR=/opt/rustwide/target" "-e" "CARGO_INCREMENTAL=0" "-e" "RUST_BACKTRACE=full" "-e" "RUSTFLAGS=--cap-lints=warn" "-e" "RUSTDOCFLAGS=--cap-lints=warn" "-w" "/opt/rustwide/workdir" "--user" "0:0" "6f3f5071bc52d658f079838b13c98666e30771a4e7e3e85754c1bf719a5757a5" "/opt/rustwide/cargo-home/bin/cargo" "+1.99.0-beta.8" "test" "--frozen" "--no-run" "--message-format=json" "--release", kill_on_drop: false }`
[INFO] [stderr]    Compiling predicates-core v1.0.10
[INFO] [stderr]    Compiling bitflags v2.11.1
[INFO] [stderr]    Compiling getrandom v0.4.2
[INFO] [stderr]    Compiling regex-automata v0.4.14
[INFO] [stderr]    Compiling assert_cmd v2.2.2
[INFO] [stderr]    Compiling termtree v0.5.1
[INFO] [stderr]    Compiling console v0.16.3
[INFO] [stderr]    Compiling wait-timeout v0.2.1
[INFO] [stderr]    Compiling similar v2.7.0
[INFO] [stderr]    Compiling predicates v3.1.4
[INFO] [stderr]    Compiling predicates-tree v1.0.13
[INFO] [stderr]    Compiling rustix v1.1.4
[INFO] [stderr]    Compiling bstr v1.12.1
[INFO] [stderr]    Compiling tempfile v3.27.0
[INFO] [stderr]    Compiling insta v1.48.0
[INFO] [stderr]    Compiling symify v0.2.1 (/opt/rustwide/workdir)
[INFO] [stderr]     Finished `release` profile [optimized] target(s) in 21.20s
[INFO] running `Command { std: "docker" "inspect" "6f3f5071bc52d658f079838b13c98666e30771a4e7e3e85754c1bf719a5757a5", kill_on_drop: false }`
[INFO] running `Command { std: "docker" "exec" "-e" "SOURCE_DIR=/opt/rustwide/workdir" "-e" "CARGO_HOME=/opt/rustwide/cargo-home" "-e" "RUSTUP_HOME=/opt/rustwide/rustup-home" "-e" "CARGO_TARGET_DIR=/opt/rustwide/target" "-e" "CARGO_INCREMENTAL=0" "-e" "RUST_BACKTRACE=full" "-e" "RUSTFLAGS=--cap-lints=warn" "-e" "RUSTDOCFLAGS=--cap-lints=warn" "-w" "/opt/rustwide/workdir" "--user" "0:0" "6f3f5071bc52d658f079838b13c98666e30771a4e7e3e85754c1bf719a5757a5" "/opt/rustwide/cargo-home/bin/cargo" "+1.99.0-beta.8" "test" "--frozen" "--release", kill_on_drop: false }`
[INFO] [stderr]     Finished `release` profile [optimized] target(s) in 0.09s
[INFO] [stderr]      Running unittests src/main.rs (/opt/rustwide/target/release/deps/symify-7e7726525c752280)
[INFO] [stdout] 
[INFO] [stdout] running 36 tests
[INFO] [stdout] test cli::tests::known_subcommands_and_aliases_untouched ... ok
[INFO] [stdout] test cli::tests::double_dash_disables_shortcut ... ok
[INFO] [stdout] test cli::tests::global_flag_before_path_still_adds ... ok
[INFO] [stdout] test cli::tests::path_keeps_trailing_flags ... ok
[INFO] [stdout] test confirm::tests::dry_run_proceeds_even_with_destructive_ops ... ok
[INFO] [stdout] test confirm::tests::interactive_decline_and_eof_abort ... ok
[INFO] [stdout] test cli::tests::bare_and_flag_only_invocations_untouched ... ok
[INFO] [stdout] test confirm::tests::interactive_yes_proceeds_and_prompt_lists_the_delete ... ok
[INFO] [stdout] test cli::tests::completions_shell_argument_is_not_shadowed ... ok
[INFO] [stdout] test confirm::tests::json_refuses_even_on_a_tty ... ok
[INFO] [stdout] test output::tests::add_json_and_exit_codes ... ok
[INFO] [stdout] test confirm::tests::yes_flag_skips_prompt ... ok
[INFO] [stdout] test output::tests::run_json_failure_outranks_drift_in_exit ... ok
[INFO] [stdout] test output::tests::status_clean_exits_ok ... ok
[INFO] [stdout] test output::tests::list_json_resolves_entry_paths ... ok
[INFO] [stdout] test output::tests::status_json_summary_and_detail ... ok
[INFO] [stdout] test output::tests::list_human_empty ... ok
[INFO] [stdout] test output::tests::run_json_shape_and_counters ... ok
[INFO] [stdout] test tests::derive_key_relativizes_in_root_else_absolute ... ok
[INFO] [stdout] test confirm::tests::no_destructive_ops_proceeds_without_prompt ... ok
[INFO] [stdout] test confirm::tests::non_interactive_refuses ... ok
[INFO] [stdout] test confirm::tests::relink_delete_is_not_destructive ... ok
[INFO] [stdout] test tests::root_refused_truth_table ... ok
[INFO] [stdout] test tests::sole_mapping_defaults_and_errors ... ok
[INFO] [stdout] test tests::broken_pipe_is_the_only_error_treated_as_clean ... ok
[INFO] [stdout] test tests::derive_key_relativizes_through_a_symlinked_live_root ... ok
[INFO] [stdout] test tests::is_mutating_classifies_every_verb ... ok
[INFO] [stdout] test tests::would_restore_and_do_restore_replace_link_with_copy ... ok
[INFO] [stdout] symify
[INFO] [stdout] test tests::write_stdout_round_trips_bytes ... ok
[INFO] [stdout] test cli::tests::bare_path_becomes_add ... ok
[INFO] [stdout] test output::tests::list_human_with_and_without_entries ... ok
[INFO] [stdout] test output::tests::add_human_variants ... ok
[INFO] [stdout] test output::tests::run_human_every_outcome ... ok
[INFO] [stdout] test output::tests::status_human_every_label ... ok
[INFO] [stdout] test output::tests::run_human_dry_run_annotates ... ok
[INFO] [stdout] test output::tests::remove_human_and_json ... ok
[INFO] [stdout] 
[INFO] [stdout] test result: ok. 36 passed; 0 failed; 0 ignored; 0 measured; 0 filtered out; finished in 0.02s
[INFO] [stdout] 
[INFO] [stderr]      Running tests/cli.rs (/opt/rustwide/target/release/deps/cli-fb7baf34c1b27004)
[INFO] [stdout] 
[INFO] [stdout] running 43 tests
[INFO] [stdout] test bare_path_is_shorthand_for_add ... FAILED
[INFO] [stdout] test auto_init_creates_default_config ... ok
[INFO] [stdout] test add_refuses_directory_outside_live_root ... ok
[INFO] [stdout] test add_missing_file_errors ... ok
[INFO] [stdout] test bare_invocation_prints_help ... ok
[INFO] [stdout] test add_and_remove_refuse_an_inactive_mapping ... FAILED
[INFO] [stdout] test auto_init_with_json_keeps_stdout_clean ... ok
[INFO] [stdout] test add_resolves_relative_path_against_cwd ... FAILED
[INFO] [stdout] test add_file_outside_live_uses_absolute_key ... FAILED
[INFO] [stdout] test backup_keep_dir_prune_is_gated_like_any_recursive_delete ... FAILED
[INFO] [stdout] test add_dry_run_changes_nothing ... FAILED
[INFO] [stdout] test deploy_conflict_skip_exits_1_and_keeps_live ... FAILED
[INFO] [stdout] test backup_keep_prunes_only_after_dry_run_preview ... FAILED
[INFO] [stdout] test add_preserves_comments_and_schema_line ... FAILED
[INFO] [stdout] test add_relative_path_relativizes_through_a_symlinked_root ... FAILED
[INFO] [stdout] test add_adopts_file_and_appears_in_list ... FAILED
[INFO] [stdout] test diff_names_kinds_when_one_side_is_a_symlink ... ok
[INFO] [stdout] test distinct_targets_produce_no_note ... ok
[INFO] [stdout] test destructive_replace_is_gated_then_proceeds_with_yes ... FAILED
[INFO] [stdout] test diff_is_not_captured_by_the_bare_path_shortcut ... ok
[INFO] [stdout] test shared_live_path_is_noted ... ok
[INFO] [stdout] test man_is_hidden_from_help_but_completions_is_not ... ok
[INFO] [stdout] test gate_refusal_names_the_pending_delete ... FAILED
[INFO] [stdout] test inactive_mapping_is_noted_and_skipped ... FAILED
[INFO] [stdout] test completions_rejects_unknown_shell ... ok
[INFO] [stdout] test remove_restores_standalone_file_and_clears_entry ... FAILED
[INFO] [stdout] test shared_store_target_is_noted_not_errored ... FAILED
[INFO] [stdout] test sync_adopts_and_status_reports_ok_human_output ... FAILED
[INFO] [stdout] test sync_scopes_to_named_mapping_and_errors_on_unknown ... FAILED
[INFO] [stdout] test sync_skip_partial_apply_reports_drift_exit_1 ... FAILED
[INFO] [stdout] test version_flag_is_global ... ok
[INFO] [stdout] test version_flag_prints_name_and_number ... ok
[INFO] [stdout] test sync_checksum_skips_recopy_on_mtime_only_change ... FAILED
[INFO] [stdout] test sync_copy_touches_only_changed_files ... FAILED
[INFO] [stdout] test diff_symlink_mode_states_and_clean_exit ... FAILED
[INFO] [stdout] test rm_and_ls_aliases_work ... FAILED
[INFO] [stdout] test status_reports_drift_with_exit_1 ... ok
[INFO] [stdout] test diff_renders_content_and_per_file_states ... ok
[INFO] [stdout] test json_output_is_machine_readable ... FAILED
[INFO] [stdout] test man_renders_roff_with_version ... ok
[INFO] [stdout] test remove_no_restore_leaves_link ... FAILED
[INFO] [stdout] test completions_generates_for_every_supported_shell ... ok
[INFO] [stdout] test closed_stdout_exits_cleanly_and_quietly ... ok
[INFO] [stdout] 
[INFO] [stdout] failures:
[INFO] [stdout] 
[INFO] [stdout] ---- bare_path_is_shorthand_for_add stdout ----
[INFO] [stdout] 
[INFO] [stdout] thread 'bare_path_is_shorthand_for_add' (1204) panicked at tests/cli.rs:379:10:
[INFO] [stdout] Unexpected failure.
[INFO] [stdout] code=2
[INFO] [stdout] stderr=```"error: config error: refusing to run as root; re-run with --allow-root if you really mean it\n"```
[INFO] [stdout] command=`"/opt/rustwide/target/release/symify" "/tmp/.tmpPzPC15/live/.zshrc" "-c" "/tmp/.tmpPzPC15/symify.toml"`
[INFO] [stdout] code=2
[INFO] [stdout] stdout=""
[INFO] [stdout] stderr="error: config error: refusing to run as root; re-run with --allow-root if you really mean it\n"
[INFO] [stdout] 
[INFO] [stdout] stack backtrace:
[INFO] [stdout]    0:     0x5fa9a4334e31 - <<std[70759c8f55707aa4]::sys::backtrace::BacktraceLock>::print::DisplayBacktrace as core[df12db4294e9bfd3]::fmt::Display>::fmt
[INFO] [stdout]    1:     0x5fa9a434c14a - core[df12db4294e9bfd3]::fmt::write
[INFO] [stdout]    2:     0x5fa9a433ab6c - <alloc[2182bb758b4b3781]::vec::Vec<u8> as core[df12db4294e9bfd3]::io::write::Write>::write_fmt
[INFO] [stdout]    3:     0x5fa9a430e3d6 - std[70759c8f55707aa4]::panicking::default_hook::{closure#0}
[INFO] [stdout]    4:     0x5fa9a432bfd9 - std[70759c8f55707aa4]::panicking::default_hook
[INFO] [stdout]    5:     0x5fa9a42b5e90 - test[9d35eded1c95d3be]::test_main_inner::<test[9d35eded1c95d3be]::test_main_static::{closure#0}>::{closure#0}
[INFO] [stdout]    6:     0x5fa9a432c192 - std[70759c8f55707aa4]::panicking::panic_with_hook
[INFO] [stdout]    7:     0x5fa9a430e482 - std[70759c8f55707aa4]::panicking::panic_handler::{closure#0}
[INFO] [stdout]    8:     0x5fa9a4306e59 - std[70759c8f55707aa4]::sys::backtrace::__rust_end_short_backtrace::<std[70759c8f55707aa4]::panicking::panic_handler::{closure#0}, !>
[INFO] [stdout]    9:     0x5fa9a430f16d - __rustc[8fa7c3cbc660c2b3]::rust_begin_unwind
[INFO] [stdout]   10:     0x5fa9a434c8fc - core[df12db4294e9bfd3]::panicking::panic_fmt
[INFO] [stdout]   11:     0x5fa9a42ea140 - <assert_cmd[d1c3441d00e0366]::assert::AssertError>::panic::<assert_cmd[d1c3441d00e0366]::assert::Assert>
[INFO] [stdout]   12:     0x5fa9a42ea7a9 - <assert_cmd[d1c3441d00e0366]::assert::Assert>::success
[INFO] [stdout]   13:     0x5fa9a4287424 - <cli[1f724cf72827476b]::bare_path_is_shorthand_for_add::{closure#0} as core[df12db4294e9bfd3]::ops::function::FnOnce<()>>::call_once
[INFO] [stdout]   14:     0x5fa9a42a917b - test[9d35eded1c95d3be]::__rust_begin_short_backtrace::<core[df12db4294e9bfd3]::result::Result<(), alloc[2182bb758b4b3781]::string::String>, fn() -> core[df12db4294e9bfd3]::result::Result<(), alloc[2182bb758b4b3781]::string::String>>
[INFO] [stdout]   15:     0x5fa9a42b67e5 - test[9d35eded1c95d3be]::run_test::{closure#0}
[INFO] [stdout]   16:     0x5fa9a42b00a4 - std[70759c8f55707aa4]::sys::backtrace::__rust_begin_short_backtrace::<test[9d35eded1c95d3be]::run_test::{closure#1}, ()>
[INFO] [stdout]   17:     0x5fa9a42b9942 - <std[70759c8f55707aa4]::thread::lifecycle::spawn_unchecked<test[9d35eded1c95d3be]::run_test::{closure#1}, ()>::{closure#1} as core[df12db4294e9bfd3]::ops::function::FnOnce<()>>::call_once::{shim:vtable#0}
[INFO] [stdout]   18:     0x5fa9a4333e09 - <std[70759c8f55707aa4]::sys::thread::unix::Thread>::new::thread_start
[INFO] [stdout]   19:     0x71d63a024dfa - <unknown>
[INFO] [stdout]   20:     0x71d63a0b83d4 - clone
[INFO] [stdout]   21:                0x0 - <unknown>
[INFO] [stdout] 
[INFO] [stdout] ---- add_and_remove_refuse_an_inactive_mapping stdout ----
[INFO] [stdout] 
[INFO] [stdout] thread 'add_and_remove_refuse_an_inactive_mapping' (1190) panicked at tests/cli.rs:829:5:
[INFO] [stdout] got: error: config error: refusing to run as root; re-run with --allow-root if you really mean it
[INFO] [stdout] 
[INFO] [stdout] stack backtrace:
[INFO] [stdout]    0:     0x5fa9a4334e31 - <<std[70759c8f55707aa4]::sys::backtrace::BacktraceLock>::print::DisplayBacktrace as core[df12db4294e9bfd3]::fmt::Display>::fmt
[INFO] [stdout]    1:     0x5fa9a434c14a - core[df12db4294e9bfd3]::fmt::write
[INFO] [stdout]    2:     0x5fa9a433ab6c - <alloc[2182bb758b4b3781]::vec::Vec<u8> as core[df12db4294e9bfd3]::io::write::Write>::write_fmt
[INFO] [stdout]    3:     0x5fa9a430e3d6 - std[70759c8f55707aa4]::panicking::default_hook::{closure#0}
[INFO] [stdout]    4:     0x5fa9a432bfd9 - std[70759c8f55707aa4]::panicking::default_hook
[INFO] [stdout]    5:     0x5fa9a42b5e90 - test[9d35eded1c95d3be]::test_main_inner::<test[9d35eded1c95d3be]::test_main_static::{closure#0}>::{closure#0}
[INFO] [stdout]    6:     0x5fa9a432c192 - std[70759c8f55707aa4]::panicking::panic_with_hook
[INFO] [stdout]    7:     0x5fa9a430e482 - std[70759c8f55707aa4]::panicking::panic_handler::{closure#0}
[INFO] [stdout]    8:     0x5fa9a4306e59 - std[70759c8f55707aa4]::sys::backtrace::__rust_end_short_backtrace::<std[70759c8f55707aa4]::panicking::panic_handler::{closure#0}, !>
[INFO] [stdout]    9:     0x5fa9a430f16d - __rustc[8fa7c3cbc660c2b3]::rust_begin_unwind
[INFO] [stdout]   10:     0x5fa9a434c8fc - core[df12db4294e9bfd3]::panicking::panic_fmt
[INFO] [stdout]   11:     0x5fa9a42921fa - <cli[1f724cf72827476b]::add_and_remove_refuse_an_inactive_mapping::{closure#0} as core[df12db4294e9bfd3]::ops::function::FnOnce<()>>::call_once
[INFO] [stdout]   12:     0x5fa9a42a917b - test[9d35eded1c95d3be]::__rust_begin_short_backtrace::<core[df12db4294e9bfd3]::result::Result<(), alloc[2182bb758b4b3781]::string::String>, fn() -> core[df12db4294e9bfd3]::result::Result<(), alloc[2182bb758b4b3781]::string::String>>
[INFO] [stdout]   13:     0x5fa9a42b67e5 - test[9d35eded1c95d3be]::run_test::{closure#0}
[INFO] [stdout]   14:     0x5fa9a42b00a4 - std[70759c8f55707aa4]::sys::backtrace::__rust_begin_short_backtrace::<test[9d35eded1c95d3be]::run_test::{closure#1}, ()>
[INFO] [stdout]   15:     0x5fa9a42b9942 - <std[70759c8f55707aa4]::thread::lifecycle::spawn_unchecked<test[9d35eded1c95d3be]::run_test::{closure#1}, ()>::{closure#1} as core[df12db4294e9bfd3]::ops::function::FnOnce<()>>::call_once::{shim:vtable#0}
[INFO] [stdout]   16:     0x5fa9a4333e09 - <std[70759c8f55707aa4]::sys::thread::unix::Thread>::new::thread_start
[INFO] [stdout]   17:     0x71d63a024dfa - <unknown>
[INFO] [stdout]   18:     0x71d63a0b83d4 - clone
[INFO] [stdout]   19:                0x0 - <unknown>
[INFO] [stdout] 
[INFO] [stdout] ---- add_resolves_relative_path_against_cwd stdout ----
[INFO] [stdout] 
[INFO] [stdout] thread 'add_resolves_relative_path_against_cwd' (1198) panicked at tests/cli.rs:248:10:
[INFO] [stdout] Unexpected failure.
[INFO] [stdout] code=2
[INFO] [stdout] stderr=```"error: config error: refusing to run as root; re-run with --allow-root if you really mean it\n"```
[INFO] [stdout] command=`cd "/tmp/.tmpQO9fIV/live" && "/opt/rustwide/target/release/symify" "add" "-c" "/tmp/.tmpQO9fIV/symify.toml" ".zshrc"`
[INFO] [stdout] code=2
[INFO] [stdout] stdout=""
[INFO] [stdout] stderr="error: config error: refusing to run as root; re-run with --allow-root if you really mean it\n"
[INFO] [stdout] 
[INFO] [stdout] stack backtrace:
[INFO] [stdout]    0:     0x5fa9a4334e31 - <<std[70759c8f55707aa4]::sys::backtrace::BacktraceLock>::print::DisplayBacktrace as core[df12db4294e9bfd3]::fmt::Display>::fmt
[INFO] [stdout]    1:     0x5fa9a434c14a - core[df12db4294e9bfd3]::fmt::write
[INFO] [stdout]    2:     0x5fa9a433ab6c - <alloc[2182bb758b4b3781]::vec::Vec<u8> as core[df12db4294e9bfd3]::io::write::Write>::write_fmt
[INFO] [stdout]    3:     0x5fa9a430e3d6 - std[70759c8f55707aa4]::panicking::default_hook::{closure#0}
[INFO] [stdout]    4:     0x5fa9a432bfd9 - std[70759c8f55707aa4]::panicking::default_hook
[INFO] [stdout]    5:     0x5fa9a42b5e90 - test[9d35eded1c95d3be]::test_main_inner::<test[9d35eded1c95d3be]::test_main_static::{closure#0}>::{closure#0}
[INFO] [stdout]    6:     0x5fa9a432c192 - std[70759c8f55707aa4]::panicking::panic_with_hook
[INFO] [stdout]    7:     0x5fa9a430e482 - std[70759c8f55707aa4]::panicking::panic_handler::{closure#0}
[INFO] [stdout]    8:     0x5fa9a4306e59 - std[70759c8f55707aa4]::sys::backtrace::__rust_end_short_backtrace::<std[70759c8f55707aa4]::panicking::panic_handler::{closure#0}, !>
[INFO] [stdout]    9:     0x5fa9a430f16d - __rustc[8fa7c3cbc660c2b3]::rust_begin_unwind
[INFO] [stdout]   10:     0x5fa9a434c8fc - core[df12db4294e9bfd3]::panicking::panic_fmt
[INFO] [stdout]   11:     0x5fa9a42ea140 - <assert_cmd[d1c3441d00e0366]::assert::AssertError>::panic::<assert_cmd[d1c3441d00e0366]::assert::Assert>
[INFO] [stdout]   12:     0x5fa9a42ea7a9 - <assert_cmd[d1c3441d00e0366]::assert::Assert>::success
[INFO] [stdout]   13:     0x5fa9a428cb81 - <cli[1f724cf72827476b]::add_resolves_relative_path_against_cwd::{closure#0} as core[df12db4294e9bfd3]::ops::function::FnOnce<()>>::call_once
[INFO] [stdout]   14:     0x5fa9a42a917b - test[9d35eded1c95d3be]::__rust_begin_short_backtrace::<core[df12db4294e9bfd3]::result::Result<(), alloc[2182bb758b4b3781]::string::String>, fn() -> core[df12db4294e9bfd3]::result::Result<(), alloc[2182bb758b4b3781]::string::String>>
[INFO] [stdout]   15:     0x5fa9a42b67e5 - test[9d35eded1c95d3be]::run_test::{closure#0}
[INFO] [stdout]   16:     0x5fa9a42b00a4 - std[70759c8f55707aa4]::sys::backtrace::__rust_begin_short_backtrace::<test[9d35eded1c95d3be]::run_test::{closure#1}, ()>
[INFO] [stdout]   17:     0x5fa9a42b9942 - <std[70759c8f55707aa4]::thread::lifecycle::spawn_unchecked<test[9d35eded1c95d3be]::run_test::{closure#1}, ()>::{closure#1} as core[df12db4294e9bfd3]::ops::function::FnOnce<()>>::call_once::{shim:vtable#0}
[INFO] [stdout]   18:     0x5fa9a4333e09 - <std[70759c8f55707aa4]::sys::thread::unix::Thread>::new::thread_start
[INFO] [stdout]   19:     0x71d63a024dfa - <unknown>
[INFO] [stdout]   20:     0x71d63a0b83d4 - clone
[INFO] [stdout]   21:                0x0 - <unknown>
[INFO] [stdout] 
[INFO] [stdout] ---- add_file_outside_live_uses_absolute_key stdout ----
[INFO] [stdout] 
[INFO] [stdout] thread 'add_file_outside_live_uses_absolute_key' (1192) panicked at tests/cli.rs:305:42:
[INFO] [stdout] Unexpected failure.
[INFO] [stdout] code=2
[INFO] [stdout] stderr=```"error: config error: refusing to run as root; re-run with --allow-root if you really mean it\n"```
[INFO] [stdout] command=`"/opt/rustwide/target/release/symify" "add" "-c" "/tmp/.tmpbrSYXb/symify.toml" "/tmp/.tmpbrSYXb/outside.txt"`
[INFO] [stdout] code=2
[INFO] [stdout] stdout=""
[INFO] [stdout] stderr="error: config error: refusing to run as root; re-run with --allow-root if you really mean it\n"
[INFO] [stdout] 
[INFO] [stdout] stack backtrace:
[INFO] [stdout]    0:     0x5fa9a4334e31 - <<std[70759c8f55707aa4]::sys::backtrace::BacktraceLock>::print::DisplayBacktrace as core[df12db4294e9bfd3]::fmt::Display>::fmt
[INFO] [stdout]    1:     0x5fa9a434c14a - core[df12db4294e9bfd3]::fmt::write
[INFO] [stdout]    2:     0x5fa9a433ab6c - <alloc[2182bb758b4b3781]::vec::Vec<u8> as core[df12db4294e9bfd3]::io::write::Write>::write_fmt
[INFO] [stdout]    3:     0x5fa9a430e3d6 - std[70759c8f55707aa4]::panicking::default_hook::{closure#0}
[INFO] [stdout]    4:     0x5fa9a432bfd9 - std[70759c8f55707aa4]::panicking::default_hook
[INFO] [stdout]    5:     0x5fa9a42b5e90 - test[9d35eded1c95d3be]::test_main_inner::<test[9d35eded1c95d3be]::test_main_static::{closure#0}>::{closure#0}
[INFO] [stdout]    6:     0x5fa9a432c192 - std[70759c8f55707aa4]::panicking::panic_with_hook
[INFO] [stdout]    7:     0x5fa9a430e482 - std[70759c8f55707aa4]::panicking::panic_handler::{closure#0}
[INFO] [stdout]    8:     0x5fa9a4306e59 - std[70759c8f55707aa4]::sys::backtrace::__rust_end_short_backtrace::<std[70759c8f55707aa4]::panicking::panic_handler::{closure#0}, !>
[INFO] [stdout]    9:     0x5fa9a430f16d - __rustc[8fa7c3cbc660c2b3]::rust_begin_unwind
[INFO] [stdout]   10:     0x5fa9a434c8fc - core[df12db4294e9bfd3]::panicking::panic_fmt
[INFO] [stdout]   11:     0x5fa9a42ea140 - <assert_cmd[d1c3441d00e0366]::assert::AssertError>::panic::<assert_cmd[d1c3441d00e0366]::assert::Assert>
[INFO] [stdout]   12:     0x5fa9a42ea7a9 - <assert_cmd[d1c3441d00e0366]::assert::Assert>::success
[INFO] [stdout]   13:     0x5fa9a428d5c8 - <cli[1f724cf72827476b]::add_file_outside_live_uses_absolute_key::{closure#0} as core[df12db4294e9bfd3]::ops::function::FnOnce<()>>::call_once
[INFO] [stdout]   14:     0x5fa9a42a917b - test[9d35eded1c95d3be]::__rust_begin_short_backtrace::<core[df12db4294e9bfd3]::result::Result<(), alloc[2182bb758b4b3781]::string::String>, fn() -> core[df12db4294e9bfd3]::result::Result<(), alloc[2182bb758b4b3781]::string::String>>
[INFO] [stdout]   15:     0x5fa9a42b67e5 - test[9d35eded1c95d3be]::run_test::{closure#0}
[INFO] [stdout]   16:     0x5fa9a42b00a4 - std[70759c8f55707aa4]::sys::backtrace::__rust_begin_short_backtrace::<test[9d35eded1c95d3be]::run_test::{closure#1}, ()>
[INFO] [stdout]   17:     0x5fa9a42b9942 - <std[70759c8f55707aa4]::thread::lifecycle::spawn_unchecked<test[9d35eded1c95d3be]::run_test::{closure#1}, ()>::{closure#1} as core[df12db4294e9bfd3]::ops::function::FnOnce<()>>::call_once::{shim:vtable#0}
[INFO] [stdout]   18:     0x5fa9a4333e09 - <std[70759c8f55707aa4]::sys::thread::unix::Thread>::new::thread_start
[INFO] [stdout]   19:     0x71d63a024dfa - <unknown>
[INFO] [stdout]   20:     0x71d63a0b83d4 - clone
[INFO] [stdout]   21:                0x0 - <unknown>
[INFO] [stdout] 
[INFO] [stdout] ---- backup_keep_dir_prune_is_gated_like_any_recursive_delete stdout ----
[INFO] [stdout] 
[INFO] [stdout] thread 'backup_keep_dir_prune_is_gated_like_any_recursive_delete' (1201) panicked at tests/cli.rs:964:5:
[INFO] [stdout] got: error: config error: refusing to run as root; re-run with --allow-root if you really mean it
[INFO] [stdout] 
[INFO] [stdout] stack backtrace:
[INFO] [stdout]    0:     0x5fa9a4334e31 - <<std[70759c8f55707aa4]::sys::backtrace::BacktraceLock>::print::DisplayBacktrace as core[df12db4294e9bfd3]::fmt::Display>::fmt
[INFO] [stdout]    1:     0x5fa9a434c14a - core[df12db4294e9bfd3]::fmt::write
[INFO] [stdout]    2:     0x5fa9a433ab6c - <alloc[2182bb758b4b3781]::vec::Vec<u8> as core[df12db4294e9bfd3]::io::write::Write>::write_fmt
[INFO] [stdout]    3:     0x5fa9a430e3d6 - std[70759c8f55707aa4]::panicking::default_hook::{closure#0}
[INFO] [stdout]    4:     0x5fa9a432bfd9 - std[70759c8f55707aa4]::panicking::default_hook
[INFO] [stdout]    5:     0x5fa9a42b5e90 - test[9d35eded1c95d3be]::test_main_inner::<test[9d35eded1c95d3be]::test_main_static::{closure#0}>::{closure#0}
[INFO] [stdout]    6:     0x5fa9a432c192 - std[70759c8f55707aa4]::panicking::panic_with_hook
[INFO] [stdout]    7:     0x5fa9a430e482 - std[70759c8f55707aa4]::panicking::panic_handler::{closure#0}
[INFO] [stdout]    8:     0x5fa9a4306e59 - std[70759c8f55707aa4]::sys::backtrace::__rust_end_short_backtrace::<std[70759c8f55707aa4]::panicking::panic_handler::{closure#0}, !>
[INFO] [stdout]    9:     0x5fa9a430f16d - __rustc[8fa7c3cbc660c2b3]::rust_begin_unwind
[INFO] [stdout]   10:     0x5fa9a434c8fc - core[df12db4294e9bfd3]::panicking::panic_fmt
[INFO] [stdout]   11:     0x5fa9a4298ea9 - <cli[1f724cf72827476b]::backup_keep_dir_prune_is_gated_like_any_recursive_delete::{closure#0} as core[df12db4294e9bfd3]::ops::function::FnOnce<()>>::call_once
[INFO] [stdout]   12:     0x5fa9a42a917b - test[9d35eded1c95d3be]::__rust_begin_short_backtrace::<core[df12db4294e9bfd3]::result::Result<(), alloc[2182bb758b4b3781]::string::String>, fn() -> core[df12db4294e9bfd3]::result::Result<(), alloc[2182bb758b4b3781]::string::String>>
[INFO] [stdout]   13:     0x5fa9a42b67e5 - test[9d35eded1c95d3be]::run_test::{closure#0}
[INFO] [stdout]   14:     0x5fa9a42b00a4 - std[70759c8f55707aa4]::sys::backtrace::__rust_begin_short_backtrace::<test[9d35eded1c95d3be]::run_test::{closure#1}, ()>
[INFO] [stdout]   15:     0x5fa9a42b9942 - <std[70759c8f55707aa4]::thread::lifecycle::spawn_unchecked<test[9d35eded1c95d3be]::run_test::{closure#1}, ()>::{closure#1} as core[df12db4294e9bfd3]::ops::function::FnOnce<()>>::call_once::{shim:vtable#0}
[INFO] [stdout]   16:     0x5fa9a4333e09 - <std[70759c8f55707aa4]::sys::thread::unix::Thread>::new::thread_start
[INFO] [stdout]   17:     0x71d63a024dfa - <unknown>
[INFO] [stdout]   18:     0x71d63a0b83d4 - clone
[INFO] [stdout]   19:                0x0 - <unknown>
[INFO] [stdout] 
[INFO] [stdout] ---- add_dry_run_changes_nothing stdout ----
[INFO] [stdout] 
[INFO] [stdout] thread 'add_dry_run_changes_nothing' (1191) panicked at tests/cli.rs:227:10:
[INFO] [stdout] Unexpected failure.
[INFO] [stdout] code=2
[INFO] [stdout] stderr=```"error: config error: refusing to run as root; re-run with --allow-root if you really mean it\n"```
[INFO] [stdout] command=`"/opt/rustwide/target/release/symify" "add" "-c" "/tmp/.tmptxKfAW/symify.toml" "/tmp/.tmptxKfAW/live/.zshrc" "--dry-run"`
[INFO] [stdout] code=2
[INFO] [stdout] stdout=""
[INFO] [stdout] stderr="error: config error: refusing to run as root; re-run with --allow-root if you really mean it\n"
[INFO] [stdout] 
[INFO] [stdout] stack backtrace:
[INFO] [stdout]    0:     0x5fa9a4334e31 - <<std[70759c8f55707aa4]::sys::backtrace::BacktraceLock>::print::DisplayBacktrace as core[df12db4294e9bfd3]::fmt::Display>::fmt
[INFO] [stdout]    1:     0x5fa9a434c14a - core[df12db4294e9bfd3]::fmt::write
[INFO] [stdout]    2:     0x5fa9a433ab6c - <alloc[2182bb758b4b3781]::vec::Vec<u8> as core[df12db4294e9bfd3]::io::write::Write>::write_fmt
[INFO] [stdout]    3:     0x5fa9a430e3d6 - std[70759c8f55707aa4]::panicking::default_hook::{closure#0}
[INFO] [stdout]    4:     0x5fa9a432bfd9 - std[70759c8f55707aa4]::panicking::default_hook
[INFO] [stdout]    5:     0x5fa9a42b5e90 - test[9d35eded1c95d3be]::test_main_inner::<test[9d35eded1c95d3be]::test_main_static::{closure#0}>::{closure#0}
[INFO] [stdout]    6:     0x5fa9a432c192 - std[70759c8f55707aa4]::panicking::panic_with_hook
[INFO] [stdout]    7:     0x5fa9a430e482 - std[70759c8f55707aa4]::panicking::panic_handler::{closure#0}
[INFO] [stdout]    8:     0x5fa9a4306e59 - std[70759c8f55707aa4]::sys::backtrace::__rust_end_short_backtrace::<std[70759c8f55707aa4]::panicking::panic_handler::{closure#0}, !>
[INFO] [stdout]    9:     0x5fa9a430f16d - __rustc[8fa7c3cbc660c2b3]::rust_begin_unwind
[INFO] [stdout]   10:     0x5fa9a434c8fc - core[df12db4294e9bfd3]::panicking::panic_fmt
[INFO] [stdout]   11:     0x5fa9a42ea140 - <assert_cmd[d1c3441d00e0366]::assert::AssertError>::panic::<assert_cmd[d1c3441d00e0366]::assert::Assert>
[INFO] [stdout]   12:     0x5fa9a42ea7a9 - <assert_cmd[d1c3441d00e0366]::assert::Assert>::success
[INFO] [stdout]   13:     0x5fa9a4285a6b - <cli[1f724cf72827476b]::add_dry_run_changes_nothing::{closure#0} as core[df12db4294e9bfd3]::ops::function::FnOnce<()>>::call_once
[INFO] [stdout]   14:     0x5fa9a42a917b - test[9d35eded1c95d3be]::__rust_begin_short_backtrace::<core[df12db4294e9bfd3]::result::Result<(), alloc[2182bb758b4b3781]::string::String>, fn() -> core[df12db4294e9bfd3]::result::Result<(), alloc[2182bb758b4b3781]::string::String>>
[INFO] [stdout]   15:     0x5fa9a42b67e5 - test[9d35eded1c95d3be]::run_test::{closure#0}
[INFO] [stdout]   16:     0x5fa9a42b00a4 - std[70759c8f55707aa4]::sys::backtrace::__rust_begin_short_backtrace::<test[9d35eded1c95d3be]::run_test::{closure#1}, ()>
[INFO] [stdout]   17:     0x5fa9a42b9942 - <std[70759c8f55707aa4]::thread::lifecycle::spawn_unchecked<test[9d35eded1c95d3be]::run_test::{closure#1}, ()>::{closure#1} as core[df12db4294e9bfd3]::ops::function::FnOnce<()>>::call_once::{shim:vtable#0}
[INFO] [stdout]   18:     0x5fa9a4333e09 - <std[70759c8f55707aa4]::sys::thread::unix::Thread>::new::thread_start
[INFO] [stdout]   19:     0x71d63a024dfa - <unknown>
[INFO] [stdout]   20:     0x71d63a0b83d4 - clone
[INFO] [stdout]   21:                0x0 - <unknown>
[INFO] [stdout] 
[INFO] [stdout] ---- deploy_conflict_skip_exits_1_and_keeps_live stdout ----
[INFO] [stdout] 
[INFO] [stdout] thread 'deploy_conflict_skip_exits_1_and_keeps_live' (1245) panicked at tests/cli.rs:160:31:
[INFO] [stdout] Unexpected return code, failed var == 1
[INFO] [stdout] └── var: 2
[INFO] [stdout] 
[INFO] [stdout] command=`"/opt/rustwide/target/release/symify" "deploy" "-c" "/tmp/.tmpiRBryR/symify.toml"`
[INFO] [stdout] code=2
[INFO] [stdout] stdout=""
[INFO] [stdout] stderr="error: config error: refusing to run as root; re-run with --allow-root if you really mean it\n"
[INFO] [stdout] 
[INFO] [stdout] stack backtrace:
[INFO] [stdout]    0:     0x5fa9a4334e31 - <<std[70759c8f55707aa4]::sys::backtrace::BacktraceLock>::print::DisplayBacktrace as core[df12db4294e9bfd3]::fmt::Display>::fmt
[INFO] [stdout]    1:     0x5fa9a434c14a - core[df12db4294e9bfd3]::fmt::write
[INFO] [stdout]    2:     0x5fa9a433ab6c - <alloc[2182bb758b4b3781]::vec::Vec<u8> as core[df12db4294e9bfd3]::io::write::Write>::write_fmt
[INFO] [stdout]    3:     0x5fa9a430e3d6 - std[70759c8f55707aa4]::panicking::default_hook::{closure#0}
[INFO] [stdout]    4:     0x5fa9a432bfd9 - std[70759c8f55707aa4]::panicking::default_hook
[INFO] [stdout]    5:     0x5fa9a42b5e90 - test[9d35eded1c95d3be]::test_main_inner::<test[9d35eded1c95d3be]::test_main_static::{closure#0}>::{closure#0}
[INFO] [stdout]    6:     0x5fa9a432c192 - std[70759c8f55707aa4]::panicking::panic_with_hook
[INFO] [stdout]    7:     0x5fa9a430e482 - std[70759c8f55707aa4]::panicking::panic_handler::{closure#0}
[INFO] [stdout]    8:     0x5fa9a4306e59 - std[70759c8f55707aa4]::sys::backtrace::__rust_end_short_backtrace::<std[70759c8f55707aa4]::panicking::panic_handler::{closure#0}, !>
[INFO] [stdout]    9:     0x5fa9a430f16d - __rustc[8fa7c3cbc660c2b3]::rust_begin_unwind
[INFO] [stdout]   10:     0x5fa9a434c8fc - core[df12db4294e9bfd3]::panicking::panic_fmt
[INFO] [stdout]   11:     0x5fa9a429955f - <assert_cmd[d1c3441d00e0366]::assert::AssertError>::panic::<assert_cmd[d1c3441d00e0366]::assert::Assert>
[INFO] [stdout]   12:     0x5fa9a429284c - <cli[1f724cf72827476b]::deploy_conflict_skip_exits_1_and_keeps_live::{closure#0} as core[df12db4294e9bfd3]::ops::function::FnOnce<()>>::call_once
[INFO] [stdout]   13:     0x5fa9a42a917b - test[9d35eded1c95d3be]::__rust_begin_short_backtrace::<core[df12db4294e9bfd3]::result::Result<(), alloc[2182bb758b4b3781]::string::String>, fn() -> core[df12db4294e9bfd3]::result::Result<(), alloc[2182bb758b4b3781]::string::String>>
[INFO] [stdout]   14:     0x5fa9a42b67e5 - test[9d35eded1c95d3be]::run_test::{closure#0}
[INFO] [stdout]   15:     0x5fa9a42b00a4 - std[70759c8f55707aa4]::sys::backtrace::__rust_begin_short_backtrace::<test[9d35eded1c95d3be]::run_test::{closure#1}, ()>
[INFO] [stdout]   16:     0x5fa9a42b9942 - <std[70759c8f55707aa4]::thread::lifecycle::spawn_unchecked<test[9d35eded1c95d3be]::run_test::{closure#1}, ()>::{closure#1} as core[df12db4294e9bfd3]::ops::function::FnOnce<()>>::call_once::{shim:vtable#0}
[INFO] [stdout]   17:     0x5fa9a4333e09 - <std[70759c8f55707aa4]::sys::thread::unix::Thread>::new::thread_start
[INFO] [stdout]   18:     0x71d63a024dfa - <unknown>
[INFO] [stdout]   19:     0x71d63a0b83d4 - clone
[INFO] [stdout]   20:                0x0 - <unknown>
[INFO] [stdout] 
[INFO] [stdout] ---- backup_keep_prunes_only_after_dry_run_preview stdout ----
[INFO] [stdout] 
[INFO] [stdout] thread 'backup_keep_prunes_only_after_dry_run_preview' (1202) panicked at tests/cli.rs:932:10:
[INFO] [stdout] Unexpected failure.
[INFO] [stdout] code=2
[INFO] [stdout] stderr=```"error: config error: refusing to run as root; re-run with --allow-root if you really mean it\n"```
[INFO] [stdout] command=`"/opt/rustwide/target/release/symify" "sync" "-c" "/tmp/.tmpLSOfI4/symify.toml" "--dry-run" "--json"`
[INFO] [stdout] code=2
[INFO] [stdout] stdout=""
[INFO] [stdout] stderr="error: config error: refusing to run as root; re-run with --allow-root if you really mean it\n"
[INFO] [stdout] 
[INFO] [stdout] stack backtrace:
[INFO] [stdout]    0:     0x5fa9a4334e31 - <<std[70759c8f55707aa4]::sys::backtrace::BacktraceLock>::print::DisplayBacktrace as core[df12db4294e9bfd3]::fmt::Display>::fmt
[INFO] [stdout]    1:     0x5fa9a434c14a - core[df12db4294e9bfd3]::fmt::write
[INFO] [stdout]    2:     0x5fa9a433ab6c - <alloc[2182bb758b4b3781]::vec::Vec<u8> as core[df12db4294e9bfd3]::io::write::Write>::write_fmt
[INFO] [stdout]    3:     0x5fa9a430e3d6 - std[70759c8f55707aa4]::panicking::default_hook::{closure#0}
[INFO] [stdout]    4:     0x5fa9a432bfd9 - std[70759c8f55707aa4]::panicking::default_hook
[INFO] [stdout]    5:     0x5fa9a42b5e90 - test[9d35eded1c95d3be]::test_main_inner::<test[9d35eded1c95d3be]::test_main_static::{closure#0}>::{closure#0}
[INFO] [stdout]    6:     0x5fa9a432c192 - std[70759c8f55707aa4]::panicking::panic_with_hook
[INFO] [stdout]    7:     0x5fa9a430e482 - std[70759c8f55707aa4]::panicking::panic_handler::{closure#0}
[INFO] [stdout]    8:     0x5fa9a4306e59 - std[70759c8f55707aa4]::sys::backtrace::__rust_end_short_backtrace::<std[70759c8f55707aa4]::panicking::panic_handler::{closure#0}, !>
[INFO] [stdout]    9:     0x5fa9a430f16d - __rustc[8fa7c3cbc660c2b3]::rust_begin_unwind
[INFO] [stdout]   10:     0x5fa9a434c8fc - core[df12db4294e9bfd3]::panicking::panic_fmt
[INFO] [stdout]   11:     0x5fa9a42ea140 - <assert_cmd[d1c3441d00e0366]::assert::AssertError>::panic::<assert_cmd[d1c3441d00e0366]::assert::Assert>
[INFO] [stdout]   12:     0x5fa9a42ea7a9 - <assert_cmd[d1c3441d00e0366]::assert::Assert>::success
[INFO] [stdout]   13:     0x5fa9a4293a91 - <cli[1f724cf72827476b]::backup_keep_prunes_only_after_dry_run_preview::{closure#0} as core[df12db4294e9bfd3]::ops::function::FnOnce<()>>::call_once
[INFO] [stdout]   14:     0x5fa9a42a917b - test[9d35eded1c95d3be]::__rust_begin_short_backtrace::<core[df12db4294e9bfd3]::result::Result<(), alloc[2182bb758b4b3781]::string::String>, fn() -> core[df12db4294e9bfd3]::result::Result<(), alloc[2182bb758b4b3781]::string::String>>
[INFO] [stdout]   15:     0x5fa9a42b67e5 - test[9d35eded1c95d3be]::run_test::{closure#0}
[INFO] [stdout]   16:     0x5fa9a42b00a4 - std[70759c8f55707aa4]::sys::backtrace::__rust_begin_short_backtrace::<test[9d35eded1c95d3be]::run_test::{closure#1}, ()>
[INFO] [stdout]   17:     0x5fa9a42b9942 - <std[70759c8f55707aa4]::thread::lifecycle::spawn_unchecked<test[9d35eded1c95d3be]::run_test::{closure#1}, ()>::{closure#1} as core[df12db4294e9bfd3]::ops::function::FnOnce<()>>::call_once::{shim:vtable#0}
[INFO] [stdout]   18:     0x5fa9a4333e09 - <std[70759c8f55707aa4]::sys::thread::unix::Thread>::new::thread_start
[INFO] [stdout]   19:     0x71d63a024dfa - <unknown>
[INFO] [stdout]   20:     0x71d63a0b83d4 - clone
[INFO] [stdout]   21:                0x0 - <unknown>
[INFO] [stdout] 
[INFO] [stdout] ---- add_preserves_comments_and_schema_line stdout ----
[INFO] [stdout] 
[INFO] [stdout] thread 'add_preserves_comments_and_schema_line' (1194) panicked at tests/cli.rs:210:49:
[INFO] [stdout] Unexpected failure.
[INFO] [stdout] code=2
[INFO] [stdout] stderr=```"error: config error: refusing to run as root; re-run with --allow-root if you really mean it\n"```
[INFO] [stdout] command=`"/opt/rustwide/target/release/symify" "add" "-c" "/tmp/.tmptcfWH1/symify.toml" "/tmp/.tmptcfWH1/live/.vimrc"`
[INFO] [stdout] code=2
[INFO] [stdout] stdout=""
[INFO] [stdout] stderr="error: config error: refusing to run as root; re-run with --allow-root if you really mean it\n"
[INFO] [stdout] 
[INFO] [stdout] stack backtrace:
[INFO] [stdout]    0:     0x5fa9a4334e31 - <<std[70759c8f55707aa4]::sys::backtrace::BacktraceLock>::print::DisplayBacktrace as core[df12db4294e9bfd3]::fmt::Display>::fmt
[INFO] [stdout]    1:     0x5fa9a434c14a - core[df12db4294e9bfd3]::fmt::write
[INFO] [stdout]    2:     0x5fa9a433ab6c - <alloc[2182bb758b4b3781]::vec::Vec<u8> as core[df12db4294e9bfd3]::io::write::Write>::write_fmt
[INFO] [stdout]    3:     0x5fa9a430e3d6 - std[70759c8f55707aa4]::panicking::default_hook::{closure#0}
[INFO] [stdout]    4:     0x5fa9a432bfd9 - std[70759c8f55707aa4]::panicking::default_hook
[INFO] [stdout]    5:     0x5fa9a42b5e90 - test[9d35eded1c95d3be]::test_main_inner::<test[9d35eded1c95d3be]::test_main_static::{closure#0}>::{closure#0}
[INFO] [stdout]    6:     0x5fa9a432c192 - std[70759c8f55707aa4]::panicking::panic_with_hook
[INFO] [stdout]    7:     0x5fa9a430e482 - std[70759c8f55707aa4]::panicking::panic_handler::{closure#0}
[INFO] [stdout]    8:     0x5fa9a4306e59 - std[70759c8f55707aa4]::sys::backtrace::__rust_end_short_backtrace::<std[70759c8f55707aa4]::panicking::panic_handler::{closure#0}, !>
[INFO] [stdout]    9:     0x5fa9a430f16d - __rustc[8fa7c3cbc660c2b3]::rust_begin_unwind
[INFO] [stdout]   10:     0x5fa9a434c8fc - core[df12db4294e9bfd3]::panicking::panic_fmt
[INFO] [stdout]   11:     0x5fa9a42ea140 - <assert_cmd[d1c3441d00e0366]::assert::AssertError>::panic::<assert_cmd[d1c3441d00e0366]::assert::Assert>
[INFO] [stdout]   12:     0x5fa9a42ea7a9 - <assert_cmd[d1c3441d00e0366]::assert::Assert>::success
[INFO] [stdout]   13:     0x5fa9a428c608 - <cli[1f724cf72827476b]::add_preserves_comments_and_schema_line::{closure#0} as core[df12db4294e9bfd3]::ops::function::FnOnce<()>>::call_once
[INFO] [stdout]   14:     0x5fa9a42a917b - test[9d35eded1c95d3be]::__rust_begin_short_backtrace::<core[df12db4294e9bfd3]::result::Result<(), alloc[2182bb758b4b3781]::string::String>, fn() -> core[df12db4294e9bfd3]::result::Result<(), alloc[2182bb758b4b3781]::string::String>>
[INFO] [stdout]   15:     0x5fa9a42b67e5 - test[9d35eded1c95d3be]::run_test::{closure#0}
[INFO] [stdout]   16:     0x5fa9a42b00a4 - std[70759c8f55707aa4]::sys::backtrace::__rust_begin_short_backtrace::<test[9d35eded1c95d3be]::run_test::{closure#1}, ()>
[INFO] [stdout]   17:     0x5fa9a42b9942 - <std[70759c8f55707aa4]::thread::lifecycle::spawn_unchecked<test[9d35eded1c95d3be]::run_test::{closure#1}, ()>::{closure#1} as core[df12db4294e9bfd3]::ops::function::FnOnce<()>>::call_once::{shim:vtable#0}
[INFO] [stdout]   18:     0x5fa9a4333e09 - <std[70759c8f55707aa4]::sys::thread::unix::Thread>::new::thread_start
[INFO] [stdout]   19:     0x71d63a024dfa - <unknown>
[INFO] [stdout]   20:     0x71d63a0b83d4 - clone
[INFO] [stdout]   21:                0x0 - <unknown>
[INFO] [stdout] 
[INFO] [stdout] ---- add_relative_path_relativizes_through_a_symlinked_root stdout ----
[INFO] [stdout] 
[INFO] [stdout] thread 'add_relative_path_relativizes_through_a_symlinked_root' (1197) panicked at tests/cli.rs:288:10:
[INFO] [stdout] Unexpected failure.
[INFO] [stdout] code=2
[INFO] [stdout] stderr=```"error: config error: refusing to run as root; re-run with --allow-root if you really mean it\n"```
[INFO] [stdout] command=`cd "/tmp/.tmpZB9Z1I/link/live" && "/opt/rustwide/target/release/symify" "add" ".zshrc" "-c" "/tmp/.tmpZB9Z1I/symify.toml"`
[INFO] [stdout] code=2
[INFO] [stdout] stdout=""
[INFO] [stdout] stderr="error: config error: refusing to run as root; re-run with --allow-root if you really mean it\n"
[INFO] [stdout] 
[INFO] [stdout] stack backtrace:
[INFO] [stdout]    0:     0x5fa9a4334e31 - <<std[70759c8f55707aa4]::sys::backtrace::BacktraceLock>::print::DisplayBacktrace as core[df12db4294e9bfd3]::fmt::Display>::fmt
[INFO] [stdout]    1:     0x5fa9a434c14a - core[df12db4294e9bfd3]::fmt::write
[INFO] [stdout]    2:     0x5fa9a433ab6c - <alloc[2182bb758b4b3781]::vec::Vec<u8> as core[df12db4294e9bfd3]::io::write::Write>::write_fmt
[INFO] [stdout]    3:     0x5fa9a430e3d6 - std[70759c8f55707aa4]::panicking::default_hook::{closure#0}
[INFO] [stdout]    4:     0x5fa9a432bfd9 - std[70759c8f55707aa4]::panicking::default_hook
[INFO] [stdout]    5:     0x5fa9a42b5e90 - test[9d35eded1c95d3be]::test_main_inner::<test[9d35eded1c95d3be]::test_main_static::{closure#0}>::{closure#0}
[INFO] [stdout]    6:     0x5fa9a432c192 - std[70759c8f55707aa4]::panicking::panic_with_hook
[INFO] [stdout]    7:     0x5fa9a430e482 - std[70759c8f55707aa4]::panicking::panic_handler::{closure#0}
[INFO] [stdout]    8:     0x5fa9a4306e59 - std[70759c8f55707aa4]::sys::backtrace::__rust_end_short_backtrace::<std[70759c8f55707aa4]::panicking::panic_handler::{closure#0}, !>
[INFO] [stdout]    9:     0x5fa9a430f16d - __rustc[8fa7c3cbc660c2b3]::rust_begin_unwind
[INFO] [stdout]   10:     0x5fa9a434c8fc - core[df12db4294e9bfd3]::panicking::panic_fmt
[INFO] [stdout]   11:     0x5fa9a42ea140 - <assert_cmd[d1c3441d00e0366]::assert::AssertError>::panic::<assert_cmd[d1c3441d00e0366]::assert::Assert>
[INFO] [stdout]   12:     0x5fa9a42ea7a9 - <assert_cmd[d1c3441d00e0366]::assert::Assert>::success
[INFO] [stdout]   13:     0x5fa9a4298060 - <cli[1f724cf72827476b]::add_relative_path_relativizes_through_a_symlinked_root::{closure#0} as core[df12db4294e9bfd3]::ops::function::FnOnce<()>>::call_once
[INFO] [stdout]   14:     0x5fa9a42a917b - test[9d35eded1c95d3be]::__rust_begin_short_backtrace::<core[df12db4294e9bfd3]::result::Result<(), alloc[2182bb758b4b3781]::string::String>, fn() -> core[df12db4294e9bfd3]::result::Result<(), alloc[2182bb758b4b3781]::string::String>>
[INFO] [stdout]   15:     0x5fa9a42b67e5 - test[9d35eded1c95d3be]::run_test::{closure#0}
[INFO] [stdout]   16:     0x5fa9a42b00a4 - std[70759c8f55707aa4]::sys::backtrace::__rust_begin_short_backtrace::<test[9d35eded1c95d3be]::run_test::{closure#1}, ()>
[INFO] [stdout]   17:     0x5fa9a42b9942 - <std[70759c8f55707aa4]::thread::lifecycle::spawn_unchecked<test[9d35eded1c95d3be]::run_test::{closure#1}, ()>::{closure#1} as core[df12db4294e9bfd3]::ops::function::FnOnce<()>>::call_once::{shim:vtable#0}
[INFO] [stdout]   18:     0x5fa9a4333e09 - <std[70759c8f55707aa4]::sys::thread::unix::Thread>::new::thread_start
[INFO] [stdout]   19:     0x71d63a024dfa - <unknown>
[INFO] [stdout]   20:     0x71d63a0b83d4 - clone
[INFO] [stdout]   21:                0x0 - <unknown>
[INFO] [stdout] 
[INFO] [stdout] ---- add_adopts_file_and_appears_in_list stdout ----
[INFO] [stdout] 
[INFO] [stdout] thread 'add_adopts_file_and_appears_in_list' (1189) panicked at tests/cli.rs:183:49:
[INFO] [stdout] Unexpected failure.
[INFO] [stdout] code=2
[INFO] [stdout] stderr=```"error: config error: refusing to run as root; re-run with --allow-root if you really mean it\n"```
[INFO] [stdout] command=`"/opt/rustwide/target/release/symify" "add" "-c" "/tmp/.tmp8vQiut/symify.toml" "/tmp/.tmp8vQiut/live/.zshrc"`
[INFO] [stdout] code=2
[INFO] [stdout] stdout=""
[INFO] [stdout] stderr="error: config error: refusing to run as root; re-run with --allow-root if you really mean it\n"
[INFO] [stdout] 
[INFO] [stdout] stack backtrace:
[INFO] [stdout]    0:     0x5fa9a4334e31 - <<std[70759c8f55707aa4]::sys::backtrace::BacktraceLock>::print::DisplayBacktrace as core[df12db4294e9bfd3]::fmt::Display>::fmt
[INFO] [stdout]    1:     0x5fa9a434c14a - core[df12db4294e9bfd3]::fmt::write
[INFO] [stdout]    2:     0x5fa9a433ab6c - <alloc[2182bb758b4b3781]::vec::Vec<u8> as core[df12db4294e9bfd3]::io::write::Write>::write_fmt
[INFO] [stdout]    3:     0x5fa9a430e3d6 - std[70759c8f55707aa4]::panicking::default_hook::{closure#0}
[INFO] [stdout]    4:     0x5fa9a432bfd9 - std[70759c8f55707aa4]::panicking::default_hook
[INFO] [stdout]    5:     0x5fa9a42b5e90 - test[9d35eded1c95d3be]::test_main_inner::<test[9d35eded1c95d3be]::test_main_static::{closure#0}>::{closure#0}
[INFO] [stdout]    6:     0x5fa9a432c192 - std[70759c8f55707aa4]::panicking::panic_with_hook
[INFO] [stdout]    7:     0x5fa9a430e482 - std[70759c8f55707aa4]::panicking::panic_handler::{closure#0}
[INFO] [stdout]    8:     0x5fa9a4306e59 - std[70759c8f55707aa4]::sys::backtrace::__rust_end_short_backtrace::<std[70759c8f55707aa4]::panicking::panic_handler::{closure#0}, !>
[INFO] [stdout]    9:     0x5fa9a430f16d - __rustc[8fa7c3cbc660c2b3]::rust_begin_unwind
[INFO] [stdout]   10:     0x5fa9a434c8fc - core[df12db4294e9bfd3]::panicking::panic_fmt
[INFO] [stdout]   11:     0x5fa9a42ea140 - <assert_cmd[d1c3441d00e0366]::assert::AssertError>::panic::<assert_cmd[d1c3441d00e0366]::assert::Assert>
[INFO] [stdout]   12:     0x5fa9a42ea7a9 - <assert_cmd[d1c3441d00e0366]::assert::Assert>::success
[INFO] [stdout]   13:     0x5fa9a4288eae - <cli[1f724cf72827476b]::add_adopts_file_and_appears_in_list::{closure#0} as core[df12db4294e9bfd3]::ops::function::FnOnce<()>>::call_once
[INFO] [stdout]   14:     0x5fa9a42a917b - test[9d35eded1c95d3be]::__rust_begin_short_backtrace::<core[df12db4294e9bfd3]::result::Result<(), alloc[2182bb758b4b3781]::string::String>, fn() -> core[df12db4294e9bfd3]::result::Result<(), alloc[2182bb758b4b3781]::string::String>>
[INFO] [stdout]   15:     0x5fa9a42b67e5 - test[9d35eded1c95d3be]::run_test::{closure#0}
[INFO] [stdout]   16:     0x5fa9a42b00a4 - std[70759c8f55707aa4]::sys::backtrace::__rust_begin_short_backtrace::<test[9d35eded1c95d3be]::run_test::{closure#1}, ()>
[INFO] [stdout]   17:     0x5fa9a42b9942 - <std[70759c8f55707aa4]::thread::lifecycle::spawn_unchecked<test[9d35eded1c95d3be]::run_test::{closure#1}, ()>::{closure#1} as core[df12db4294e9bfd3]::ops::function::FnOnce<()>>::call_once::{shim:vtable#0}
[INFO] [stdout]   18:     0x5fa9a4333e09 - <std[70759c8f55707aa4]::sys::thread::unix::Thread>::new::thread_start
[INFO] [stdout]   19:     0x71d63a024dfa - <unknown>
[INFO] [stdout]   20:     0x71d63a0b83d4 - clone
[INFO] [stdout]   21:                0x0 - <unknown>
[INFO] [stdout] 
[INFO] [stdout] ---- destructive_replace_is_gated_then_proceeds_with_yes stdout ----
[INFO] [stdout] 
[INFO] [stdout] thread 'destructive_replace_is_gated_then_proceeds_with_yes' (1249) panicked at tests/cli.rs:584:42:
[INFO] [stdout] Unexpected failure.
[INFO] [stdout] code=2
[INFO] [stdout] stderr=```"error: config error: refusing to run as root; re-run with --allow-root if you really mean it\n"```
[INFO] [stdout] command=`"/opt/rustwide/target/release/symify" "sync" "-c" "/tmp/.tmpNmvDJE/symify.toml" "--yes"`
[INFO] [stdout] code=2
[INFO] [stdout] stdout=""
[INFO] [stdout] stderr="error: config error: refusing to run as root; re-run with --allow-root if you really mean it\n"
[INFO] [stdout] 
[INFO] [stdout] stack backtrace:
[INFO] [stdout]    0:     0x5fa9a4334e31 - <<std[70759c8f55707aa4]::sys::backtrace::BacktraceLock>::print::DisplayBacktrace as core[df12db4294e9bfd3]::fmt::Display>::fmt
[INFO] [stdout]    1:     0x5fa9a434c14a - core[df12db4294e9bfd3]::fmt::write
[INFO] [stdout]    2:     0x5fa9a433ab6c - <alloc[2182bb758b4b3781]::vec::Vec<u8> as core[df12db4294e9bfd3]::io::write::Write>::write_fmt
[INFO] [stdout]    3:     0x5fa9a430e3d6 - std[70759c8f55707aa4]::panicking::default_hook::{closure#0}
[INFO] [stdout]    4:     0x5fa9a432bfd9 - std[70759c8f55707aa4]::panicking::default_hook
[INFO] [stdout]    5:     0x5fa9a42b5e90 - test[9d35eded1c95d3be]::test_main_inner::<test[9d35eded1c95d3be]::test_main_static::{closure#0}>::{closure#0}
[INFO] [stdout]    6:     0x5fa9a432c192 - std[70759c8f55707aa4]::panicking::panic_with_hook
[INFO] [stdout]    7:     0x5fa9a430e482 - std[70759c8f55707aa4]::panicking::panic_handler::{closure#0}
[INFO] [stdout]    8:     0x5fa9a4306e59 - std[70759c8f55707aa4]::sys::backtrace::__rust_end_short_backtrace::<std[70759c8f55707aa4]::panicking::panic_handler::{closure#0}, !>
[INFO] [stdout]    9:     0x5fa9a430f16d - __rustc[8fa7c3cbc660c2b3]::rust_begin_unwind
[INFO] [stdout]   10:     0x5fa9a434c8fc - core[df12db4294e9bfd3]::panicking::panic_fmt
[INFO] [stdout]   11:     0x5fa9a42ea140 - <assert_cmd[d1c3441d00e0366]::assert::AssertError>::panic::<assert_cmd[d1c3441d00e0366]::assert::Assert>
[INFO] [stdout]   12:     0x5fa9a42ea7a9 - <assert_cmd[d1c3441d00e0366]::assert::Assert>::success
[INFO] [stdout]   13:     0x5fa9a4297636 - <cli[1f724cf72827476b]::destructive_replace_is_gated_then_proceeds_with_yes::{closure#0} as core[df12db4294e9bfd3]::ops::function::FnOnce<()>>::call_once
[INFO] [stdout]   14:     0x5fa9a42a917b - test[9d35eded1c95d3be]::__rust_begin_short_backtrace::<core[df12db4294e9bfd3]::result::Result<(), alloc[2182bb758b4b3781]::string::String>, fn() -> core[df12db4294e9bfd3]::result::Result<(), alloc[2182bb758b4b3781]::string::String>>
[INFO] [stdout]   15:     0x5fa9a42b67e5 - test[9d35eded1c95d3be]::run_test::{closure#0}
[INFO] [stdout]   16:     0x5fa9a42b00a4 - std[70759c8f55707aa4]::sys::backtrace::__rust_begin_short_backtrace::<test[9d35eded1c95d3be]::run_test::{closure#1}, ()>
[INFO] [stdout]   17:     0x5fa9a42b9942 - <std[70759c8f55707aa4]::thread::lifecycle::spawn_unchecked<test[9d35eded1c95d3be]::run_test::{closure#1}, ()>::{closure#1} as core[df12db4294e9bfd3]::ops::function::FnOnce<()>>::call_once::{shim:vtable#0}
[INFO] [stdout]   18:     0x5fa9a4333e09 - <std[70759c8f55707aa4]::sys::thread::unix::Thread>::new::thread_start
[INFO] [stdout]   19:     0x71d63a024dfa - <unknown>
[INFO] [stdout]   20:     0x71d63a0b83d4 - clone
[INFO] [stdout]   21:                0x0 - <unknown>
[INFO] [stdout] 
[INFO] [stdout] ---- gate_refusal_names_the_pending_delete stdout ----
[INFO] [stdout] 
[INFO] [stdout] thread 'gate_refusal_names_the_pending_delete' (1289) panicked at tests/cli.rs:1013:5:
[INFO] [stdout] refusal must name the path and entry, got: error: config error: refusing to run as root; re-run with --allow-root if you really mean it
[INFO] [stdout] 
[INFO] [stdout] stack backtrace:
[INFO] [stdout]    0:     0x5fa9a4334e31 - <<std[70759c8f55707aa4]::sys::backtrace::BacktraceLock>::print::DisplayBacktrace as core[df12db4294e9bfd3]::fmt::Display>::fmt
[INFO] [stdout]    1:     0x5fa9a434c14a - core[df12db4294e9bfd3]::fmt::write
[INFO] [stdout]    2:     0x5fa9a433ab6c - <alloc[2182bb758b4b3781]::vec::Vec<u8> as core[df12db4294e9bfd3]::io::write::Write>::write_fmt
[INFO] [stdout]    3:     0x5fa9a430e3d6 - std[70759c8f55707aa4]::panicking::default_hook::{closure#0}
[INFO] [stdout]    4:     0x5fa9a432bfd9 - std[70759c8f55707aa4]::panicking::default_hook
[INFO] [stdout]    5:     0x5fa9a42b5e90 - test[9d35eded1c95d3be]::test_main_inner::<test[9d35eded1c95d3be]::test_main_static::{closure#0}>::{closure#0}
[INFO] [stdout]    6:     0x5fa9a432c192 - std[70759c8f55707aa4]::panicking::panic_with_hook
[INFO] [stdout]    7:     0x5fa9a430e482 - std[70759c8f55707aa4]::panicking::panic_handler::{closure#0}
[INFO] [stdout]    8:     0x5fa9a4306e59 - std[70759c8f55707aa4]::sys::backtrace::__rust_end_short_backtrace::<std[70759c8f55707aa4]::panicking::panic_handler::{closure#0}, !>
[INFO] [stdout]    9:     0x5fa9a430f16d - __rustc[8fa7c3cbc660c2b3]::rust_begin_unwind
[INFO] [stdout]   10:     0x5fa9a434c8fc - core[df12db4294e9bfd3]::panicking::panic_fmt
[INFO] [stdout]   11:     0x5fa9a428afce - <cli[1f724cf72827476b]::gate_refusal_names_the_pending_delete::{closure#0} as core[df12db4294e9bfd3]::ops::function::FnOnce<()>>::call_once
[INFO] [stdout]   12:     0x5fa9a42a917b - test[9d35eded1c95d3be]::__rust_begin_short_backtrace::<core[df12db4294e9bfd3]::result::Result<(), alloc[2182bb758b4b3781]::string::String>, fn() -> core[df12db4294e9bfd3]::result::Result<(), alloc[2182bb758b4b3781]::string::String>>
[INFO] [stdout]   13:     0x5fa9a42b67e5 - test[9d35eded1c95d3be]::run_test::{closure#0}
[INFO] [stdout]   14:     0x5fa9a42b00a4 - std[70759c8f55707aa4]::sys::backtrace::__rust_begin_short_backtrace::<test[9d35eded1c95d3be]::run_test::{closure#1}, ()>
[INFO] [stdout]   15:     0x5fa9a42b9942 - <std[70759c8f55707aa4]::thread::lifecycle::spawn_unchecked<test[9d35eded1c95d3be]::run_test::{closure#1}, ()>::{closure#1} as core[df12db4294e9bfd3]::ops::function::FnOnce<()>>::call_once::{shim:vtable#0}
[INFO] [stdout]   16:     0x5fa9a4333e09 - <std[70759c8f55707aa4]::sys::thread::unix::Thread>::new::thread_start
[INFO] [stdout]   17:     0x71d63a024dfa - <unknown>
[INFO] [stdout]   18:     0x71d63a0b83d4 - clone
[INFO] [stdout]   19:                0x0 - <unknown>
[INFO] [stdout] 
[INFO] [stdout] ---- inactive_mapping_is_noted_and_skipped stdout ----
[INFO] [stdout] 
[INFO] [stdout] thread 'inactive_mapping_is_noted_and_skipped' (1290) panicked at tests/cli.rs:774:39:
[INFO] [stdout] Unexpected failure.
[INFO] [stdout] code=2
[INFO] [stdout] stderr=```"error: config error: refusing to run as root; re-run with --allow-root if you really mean it\n"```
[INFO] [stdout] command=`"/opt/rustwide/target/release/symify" "sync" "-c" "/tmp/.tmpsauRqm/symify.toml"`
[INFO] [stdout] code=2
[INFO] [stdout] stdout=""
[INFO] [stdout] stderr="error: config error: refusing to run as root; re-run with --allow-root if you really mean it\n"
[INFO] [stdout] 
[INFO] [stdout] stack backtrace:
[INFO] [stdout]    0:     0x5fa9a4334e31 - <<std[70759c8f55707aa4]::sys::backtrace::BacktraceLock>::print::DisplayBacktrace as core[df12db4294e9bfd3]::fmt::Display>::fmt
[INFO] [stdout]    1:     0x5fa9a434c14a - core[df12db4294e9bfd3]::fmt::write
[INFO] [stdout]    2:     0x5fa9a433ab6c - <alloc[2182bb758b4b3781]::vec::Vec<u8> as core[df12db4294e9bfd3]::io::write::Write>::write_fmt
[INFO] [stdout]    3:     0x5fa9a430e3d6 - std[70759c8f55707aa4]::panicking::default_hook::{closure#0}
[INFO] [stdout]    4:     0x5fa9a432bfd9 - std[70759c8f55707aa4]::panicking::default_hook
[INFO] [stdout]    5:     0x5fa9a42b5e90 - test[9d35eded1c95d3be]::test_main_inner::<test[9d35eded1c95d3be]::test_main_static::{closure#0}>::{closure#0}
[INFO] [stdout]    6:     0x5fa9a432c192 - std[70759c8f55707aa4]::panicking::panic_with_hook
[INFO] [stdout]    7:     0x5fa9a430e482 - std[70759c8f55707aa4]::panicking::panic_handler::{closure#0}
[INFO] [stdout]    8:     0x5fa9a4306e59 - std[70759c8f55707aa4]::sys::backtrace::__rust_end_short_backtrace::<std[70759c8f55707aa4]::panicking::panic_handler::{closure#0}, !>
[INFO] [stdout]    9:     0x5fa9a430f16d - __rustc[8fa7c3cbc660c2b3]::rust_begin_unwind
[INFO] [stdout]   10:     0x5fa9a434c8fc - core[df12db4294e9bfd3]::panicking::panic_fmt
[INFO] [stdout]   11:     0x5fa9a42ea140 - <assert_cmd[d1c3441d00e0366]::assert::AssertError>::panic::<assert_cmd[d1c3441d00e0366]::assert::Assert>
[INFO] [stdout]   12:     0x5fa9a42ea7a9 - <assert_cmd[d1c3441d00e0366]::assert::Assert>::success
[INFO] [stdout]   13:     0x5fa9a428b20f - <cli[1f724cf72827476b]::inactive_mapping_is_noted_and_skipped::{closure#0} as core[df12db4294e9bfd3]::ops::function::FnOnce<()>>::call_once
[INFO] [stdout]   14:     0x5fa9a42a917b - test[9d35eded1c95d3be]::__rust_begin_short_backtrace::<core[df12db4294e9bfd3]::result::Result<(), alloc[2182bb758b4b3781]::string::String>, fn() -> core[df12db4294e9bfd3]::result::Result<(), alloc[2182bb758b4b3781]::string::String>>
[INFO] [stdout]   15:     0x5fa9a42b67e5 - test[9d35eded1c95d3be]::run_test::{closure#0}
[INFO] [stdout]   16:     0x5fa9a42b00a4 - std[70759c8f55707aa4]::sys::backtrace::__rust_begin_short_backtrace::<test[9d35eded1c95d3be]::run_test::{closure#1}, ()>
[INFO] [stdout]   17:     0x5fa9a42b9942 - <std[70759c8f55707aa4]::thread::lifecycle::spawn_unchecked<test[9d35eded1c95d3be]::run_test::{closure#1}, ()>::{closure#1} as core[df12db4294e9bfd3]::ops::function::FnOnce<()>>::call_once::{shim:vtable#0}
[INFO] [stdout]   18:     0x5fa9a4333e09 - <std[70759c8f55707aa4]::sys::thread::unix::Thread>::new::thread_start
[INFO] [stdout]   19:     0x71d63a024dfa - <unknown>
[INFO] [stdout]   20:     0x71d63a0b83d4 - clone
[INFO] [stdout]   21:                0x0 - <unknown>
[INFO] [stdout] 
[INFO] [stdout] ---- remove_restores_standalone_file_and_clears_entry stdout ----
[INFO] [stdout] 
[INFO] [stdout] thread 'remove_restores_standalone_file_and_clears_entry' (1296) panicked at tests/cli.rs:334:49:
[INFO] [stdout] Unexpected failure.
[INFO] [stdout] code=2
[INFO] [stdout] stderr=```"error: config error: refusing to run as root; re-run with --allow-root if you really mean it\n"```
[INFO] [stdout] command=`"/opt/rustwide/target/release/symify" "add" "-c" "/tmp/.tmpc4RZm7/symify.toml" "/tmp/.tmpc4RZm7/live/.zshrc"`
[INFO] [stdout] code=2
[INFO] [stdout] stdout=""
[INFO] [stdout] stderr="error: config error: refusing to run as root; re-run with --allow-root if you really mean it\n"
[INFO] [stdout] 
[INFO] [stdout] stack backtrace:
[INFO] [stdout]    0:     0x5fa9a4334e31 - <<std[70759c8f55707aa4]::sys::backtrace::BacktraceLock>::print::DisplayBacktrace as core[df12db4294e9bfd3]::fmt::Display>::fmt
[INFO] [stdout]    1:     0x5fa9a434c14a - core[df12db4294e9bfd3]::fmt::write
[INFO] [stdout]    2:     0x5fa9a433ab6c - <alloc[2182bb758b4b3781]::vec::Vec<u8> as core[df12db4294e9bfd3]::io::write::Write>::write_fmt
[INFO] [stdout]    3:     0x5fa9a430e3d6 - std[70759c8f55707aa4]::panicking::default_hook::{closure#0}
[INFO] [stdout]    4:     0x5fa9a432bfd9 - std[70759c8f55707aa4]::panicking::default_hook
[INFO] [stdout]    5:     0x5fa9a42b5e90 - test[9d35eded1c95d3be]::test_main_inner::<test[9d35eded1c95d3be]::test_main_static::{closure#0}>::{closure#0}
[INFO] [stdout]    6:     0x5fa9a432c192 - std[70759c8f55707aa4]::panicking::panic_with_hook
[INFO] [stdout]    7:     0x5fa9a430e482 - std[70759c8f55707aa4]::panicking::panic_handler::{closure#0}
[INFO] [stdout]    8:     0x5fa9a4306e59 - std[70759c8f55707aa4]::sys::backtrace::__rust_end_short_backtrace::<std[70759c8f55707aa4]::panicking::panic_handler::{closure#0}, !>
[INFO] [stdout]    9:     0x5fa9a430f16d - __rustc[8fa7c3cbc660c2b3]::rust_begin_unwind
[INFO] [stdout]   10:     0x5fa9a434c8fc - core[df12db4294e9bfd3]::panicking::panic_fmt
[INFO] [stdout]   11:     0x5fa9a42ea140 - <assert_cmd[d1c3441d00e0366]::assert::AssertError>::panic::<assert_cmd[d1c3441d00e0366]::assert::Assert>
[INFO] [stdout]   12:     0x5fa9a42ea7a9 - <assert_cmd[d1c3441d00e0366]::assert::Assert>::success
[INFO] [stdout]   13:     0x5fa9a42963ad - <cli[1f724cf72827476b]::remove_restores_standalone_file_and_clears_entry::{closure#0} as core[df12db4294e9bfd3]::ops::function::FnOnce<()>>::call_once
[INFO] [stdout]   14:     0x5fa9a42a917b - test[9d35eded1c95d3be]::__rust_begin_short_backtrace::<core[df12db4294e9bfd3]::result::Result<(), alloc[2182bb758b4b3781]::string::String>, fn() -> core[df12db4294e9bfd3]::result::Result<(), alloc[2182bb758b4b3781]::string::String>>
[INFO] [stdout]   15:     0x5fa9a42b67e5 - test[9d35eded1c95d3be]::run_test::{closure#0}
[INFO] [stdout]   16:     0x5fa9a42b00a4 - std[70759c8f55707aa4]::sys::backtrace::__rust_begin_short_backtrace::<test[9d35eded1c95d3be]::run_test::{closure#1}, ()>
[INFO] [stdout]   17:     0x5fa9a42b9942 - <std[70759c8f55707aa4]::thread::lifecycle::spawn_unchecked<test[9d35eded1c95d3be]::run_test::{closure#1}, ()>::{closure#1} as core[df12db4294e9bfd3]::ops::function::FnOnce<()>>::call_once::{shim:vtable#0}
[INFO] [stdout]   18:     0x5fa9a4333e09 - <std[70759c8f55707aa4]::sys::thread::unix::Thread>::new::thread_start
[INFO] [stdout]   19:     0x71d63a024dfa - <unknown>
[INFO] [stdout]   20:     0x71d63a0b83d4 - clone
[INFO] [stdout]   21:                0x0 - <unknown>
[INFO] [stdout] 
[INFO] [stdout] ---- shared_store_target_is_noted_not_errored stdout ----
[INFO] [stdout] 
[INFO] [stdout] thread 'shared_store_target_is_noted_not_errored' (1323) panicked at tests/cli.rs:1048:41:
[INFO] [stdout] Unexpected failure.
[INFO] [stdout] code=2
[INFO] [stdout] stderr=```"error: config error: refusing to run as root; re-run with --allow-root if you really mean it\n"```
[INFO] [stdout] command=`"/opt/rustwide/target/release/symify" "deploy" "-c" "/tmp/.tmp1yupBt/symify.toml"`
[INFO] [stdout] code=2
[INFO] [stdout] stdout=""
[INFO] [stdout] stderr="error: config error: refusing to run as root; re-run with --allow-root if you really mean it\n"
[INFO] [stdout] 
[INFO] [stdout] stack backtrace:
[INFO] [stdout]    0:     0x5fa9a4334e31 - <<std[70759c8f55707aa4]::sys::backtrace::BacktraceLock>::print::DisplayBacktrace as core[df12db4294e9bfd3]::fmt::Display>::fmt
[INFO] [stdout]    1:     0x5fa9a434c14a - core[df12db4294e9bfd3]::fmt::write
[INFO] [stdout]    2:     0x5fa9a433ab6c - <alloc[2182bb758b4b3781]::vec::Vec<u8> as core[df12db4294e9bfd3]::io::write::Write>::write_fmt
[INFO] [stdout]    3:     0x5fa9a430e3d6 - std[70759c8f55707aa4]::panicking::default_hook::{closure#0}
[INFO] [stdout]    4:     0x5fa9a432bfd9 - std[70759c8f55707aa4]::panicking::default_hook
[INFO] [stdout]    5:     0x5fa9a42b5e90 - test[9d35eded1c95d3be]::test_main_inner::<test[9d35eded1c95d3be]::test_main_static::{closure#0}>::{closure#0}
[INFO] [stdout]    6:     0x5fa9a432c192 - std[70759c8f55707aa4]::panicking::panic_with_hook
[INFO] [stdout]    7:     0x5fa9a430e482 - std[70759c8f55707aa4]::panicking::panic_handler::{closure#0}
[INFO] [stdout]    8:     0x5fa9a4306e59 - std[70759c8f55707aa4]::sys::backtrace::__rust_end_short_backtrace::<std[70759c8f55707aa4]::panicking::panic_handler::{closure#0}, !>
[INFO] [stdout]    9:     0x5fa9a430f16d - __rustc[8fa7c3cbc660c2b3]::rust_begin_unwind
[INFO] [stdout]   10:     0x5fa9a434c8fc - core[df12db4294e9bfd3]::panicking::panic_fmt
[INFO] [stdout]   11:     0x5fa9a42ea140 - <assert_cmd[d1c3441d00e0366]::assert::AssertError>::panic::<assert_cmd[d1c3441d00e0366]::assert::Assert>
[INFO] [stdout]   12:     0x5fa9a42ea7a9 - <assert_cmd[d1c3441d00e0366]::assert::Assert>::success
[INFO] [stdout]   13:     0x5fa9a4290ed9 - <cli[1f724cf72827476b]::shared_store_target_is_noted_not_errored::{closure#0} as core[df12db4294e9bfd3]::ops::function::FnOnce<()>>::call_once
[INFO] [stdout]   14:     0x5fa9a42a917b - test[9d35eded1c95d3be]::__rust_begin_short_backtrace::<core[df12db4294e9bfd3]::result::Result<(), alloc[2182bb758b4b3781]::string::String>, fn() -> core[df12db4294e9bfd3]::result::Result<(), alloc[2182bb758b4b3781]::string::String>>
[INFO] [stdout]   15:     0x5fa9a42b67e5 - test[9d35eded1c95d3be]::run_test::{closure#0}
[INFO] [stdout]   16:     0x5fa9a42b00a4 - std[70759c8f55707aa4]::sys::backtrace::__rust_begin_short_backtrace::<test[9d35eded1c95d3be]::run_test::{closure#1}, ()>
[INFO] [stdout]   17:     0x5fa9a42b9942 - <std[70759c8f55707aa4]::thread::lifecycle::spawn_unchecked<test[9d35eded1c95d3be]::run_test::{closure#1}, ()>::{closure#1} as core[df12db4294e9bfd3]::ops::function::FnOnce<()>>::call_once::{shim:vtable#0}
[INFO] [stdout]   18:     0x5fa9a4333e09 - <std[70759c8f55707aa4]::sys::thread::unix::Thread>::new::thread_start
[INFO] [stdout]   19:     0x71d63a024dfa - <unknown>
[INFO] [stdout]   20:     0x71d63a0b83d4 - clone
[INFO] [stdout]   21:                0x0 - <unknown>
[INFO] [stdout] 
[INFO] [stdout] ---- sync_adopts_and_status_reports_ok_human_output stdout ----
[INFO] [stdout] 
[INFO] [stdout] thread 'sync_adopts_and_status_reports_ok_human_output' (1329) panicked at tests/cli.rs:132:39:
[INFO] [stdout] Unexpected failure.
[INFO] [stdout] code=2
[INFO] [stdout] stderr=```"error: config error: refusing to run as root; re-run with --allow-root if you really mean it\n"```
[INFO] [stdout] command=`"/opt/rustwide/target/release/symify" "sync" "-c" "/tmp/.tmpr9N3RU/symify.toml"`
[INFO] [stdout] code=2
[INFO] [stdout] stdout=""
[INFO] [stdout] stderr="error: config error: refusing to run as root; re-run with --allow-root if you really mean it\n"
[INFO] [stdout] 
[INFO] [stdout] stack backtrace:
[INFO] [stdout]    0:     0x5fa9a4334e31 - <<std[70759c8f55707aa4]::sys::backtrace::BacktraceLock>::print::DisplayBacktrace as core[df12db4294e9bfd3]::fmt::Display>::fmt
[INFO] [stdout]    1:     0x5fa9a434c14a - core[df12db4294e9bfd3]::fmt::write
[INFO] [stdout]    2:     0x5fa9a433ab6c - <alloc[2182bb758b4b3781]::vec::Vec<u8> as core[df12db4294e9bfd3]::io::write::Write>::write_fmt
[INFO] [stdout]    3:     0x5fa9a430e3d6 - std[70759c8f55707aa4]::panicking::default_hook::{closure#0}
[INFO] [stdout]    4:     0x5fa9a432bfd9 - std[70759c8f55707aa4]::panicking::default_hook
[INFO] [stdout]    5:     0x5fa9a42b5e90 - test[9d35eded1c95d3be]::test_main_inner::<test[9d35eded1c95d3be]::test_main_static::{closure#0}>::{closure#0}
[INFO] [stdout]    6:     0x5fa9a432c192 - std[70759c8f55707aa4]::panicking::panic_with_hook
[INFO] [stdout]    7:     0x5fa9a430e482 - std[70759c8f55707aa4]::panicking::panic_handler::{closure#0}
[INFO] [stdout]    8:     0x5fa9a4306e59 - std[70759c8f55707aa4]::sys::backtrace::__rust_end_short_backtrace::<std[70759c8f55707aa4]::panicking::panic_handler::{closure#0}, !>
[INFO] [stdout]    9:     0x5fa9a430f16d - __rustc[8fa7c3cbc660c2b3]::rust_begin_unwind
[INFO] [stdout]   10:     0x5fa9a434c8fc - core[df12db4294e9bfd3]::panicking::panic_fmt
[INFO] [stdout]   11:     0x5fa9a42ea140 - <assert_cmd[d1c3441d00e0366]::assert::AssertError>::panic::<assert_cmd[d1c3441d00e0366]::assert::Assert>
[INFO] [stdout]   12:     0x5fa9a42ea7a9 - <assert_cmd[d1c3441d00e0366]::assert::Assert>::success
[INFO] [stdout]   13:     0x5fa9a42947d3 - <cli[1f724cf72827476b]::sync_adopts_and_status_reports_ok_human_output::{closure#0} as core[df12db4294e9bfd3]::ops::function::FnOnce<()>>::call_once
[INFO] [stdout]   14:     0x5fa9a42a917b - test[9d35eded1c95d3be]::__rust_begin_short_backtrace::<core[df12db4294e9bfd3]::result::Result<(), alloc[2182bb758b4b3781]::string::String>, fn() -> core[df12db4294e9bfd3]::result::Result<(), alloc[2182bb758b4b3781]::string::String>>
[INFO] [stdout]   15:     0x5fa9a42b67e5 - test[9d35eded1c95d3be]::run_test::{closure#0}
[INFO] [stdout]   16:     0x5fa9a42b00a4 - std[70759c8f55707aa4]::sys::backtrace::__rust_begin_short_backtrace::<test[9d35eded1c95d3be]::run_test::{closure#1}, ()>
[INFO] [stdout]   17:     0x5fa9a42b9942 - <std[70759c8f55707aa4]::thread::lifecycle::spawn_unchecked<test[9d35eded1c95d3be]::run_test::{closure#1}, ()>::{closure#1} as core[df12db4294e9bfd3]::ops::function::FnOnce<()>>::call_once::{shim:vtable#0}
[INFO] [stdout]   18:     0x5fa9a4333e09 - <std[70759c8f55707aa4]::sys::thread::unix::Thread>::new::thread_start
[INFO] [stdout]   19:     0x71d63a024dfa - <unknown>
[INFO] [stdout]   20:     0x71d63a0b83d4 - clone
[INFO] [stdout]   21:                0x0 - <unknown>
[INFO] [stdout] 
[INFO] [stdout] ---- sync_scopes_to_named_mapping_and_errors_on_unknown stdout ----
[INFO] [stdout] 
[INFO] [stdout] thread 'sync_scopes_to_named_mapping_and_errors_on_unknown' (1349) panicked at tests/cli.rs:602:48:
[INFO] [stdout] Unexpected failure.
[INFO] [stdout] code=2
[INFO] [stdout] stderr=```"error: config error: refusing to run as root; re-run with --allow-root if you really mean it\n"```
[INFO] [stdout] command=`"/opt/rustwide/target/release/symify" "sync" "-c" "/tmp/.tmpi0tgxl/symify.toml" "-m" "a"`
[INFO] [stdout] code=2
[INFO] [stdout] stdout=""
[INFO] [stdout] stderr="error: config error: refusing to run as root; re-run with --allow-root if you really mean it\n"
[INFO] [stdout] 
[INFO] [stdout] stack backtrace:
[INFO] [stdout]    0:     0x5fa9a4334e31 - <<std[70759c8f55707aa4]::sys::backtrace::BacktraceLock>::print::DisplayBacktrace as core[df12db4294e9bfd3]::fmt::Display>::fmt
[INFO] [stdout]    1:     0x5fa9a434c14a - core[df12db4294e9bfd3]::fmt::write
[INFO] [stdout]    2:     0x5fa9a433ab6c - <alloc[2182bb758b4b3781]::vec::Vec<u8> as core[df12db4294e9bfd3]::io::write::Write>::write_fmt
[INFO] [stdout]    3:     0x5fa9a430e3d6 - std[70759c8f55707aa4]::panicking::default_hook::{closure#0}
[INFO] [stdout]    4:     0x5fa9a432bfd9 - std[70759c8f55707aa4]::panicking::default_hook
[INFO] [stdout]    5:     0x5fa9a42b5e90 - test[9d35eded1c95d3be]::test_main_inner::<test[9d35eded1c95d3be]::test_main_static::{closure#0}>::{closure#0}
[INFO] [stdout]    6:     0x5fa9a432c192 - std[70759c8f55707aa4]::panicking::panic_with_hook
[INFO] [stdout]    7:     0x5fa9a430e482 - std[70759c8f55707aa4]::panicking::panic_handler::{closure#0}
[INFO] [stdout]    8:     0x5fa9a4306e59 - std[70759c8f55707aa4]::sys::backtrace::__rust_end_short_backtrace::<std[70759c8f55707aa4]::panicking::panic_handler::{closure#0}, !>
[INFO] [stdout]    9:     0x5fa9a430f16d - __rustc[8fa7c3cbc660c2b3]::rust_begin_unwind
[INFO] [stdout]   10:     0x5fa9a434c8fc - core[df12db4294e9bfd3]::panicking::panic_fmt
[INFO] [stdout]   11:     0x5fa9a42ea140 - <assert_cmd[d1c3441d00e0366]::assert::AssertError>::panic::<assert_cmd[d1c3441d00e0366]::assert::Assert>
[INFO] [stdout]   12:     0x5fa9a42ea7a9 - <assert_cmd[d1c3441d00e0366]::assert::Assert>::success
[INFO] [stdout]   13:     0x5fa9a4296c8b - <cli[1f724cf72827476b]::sync_scopes_to_named_mapping_and_errors_on_unknown::{closure#0} as core[df12db4294e9bfd3]::ops::function::FnOnce<()>>::call_once
[INFO] [stdout]   14:     0x5fa9a42a917b - test[9d35eded1c95d3be]::__rust_begin_short_backtrace::<core[df12db4294e9bfd3]::result::Result<(), alloc[2182bb758b4b3781]::string::String>, fn() -> core[df12db4294e9bfd3]::result::Result<(), alloc[2182bb758b4b3781]::string::String>>
[INFO] [stdout]   15:     0x5fa9a42b67e5 - test[9d35eded1c95d3be]::run_test::{closure#0}
[INFO] [stdout]   16:     0x5fa9a42b00a4 - std[70759c8f55707aa4]::sys::backtrace::__rust_begin_short_backtrace::<test[9d35eded1c95d3be]::run_test::{closure#1}, ()>
[INFO] [stdout]   17:     0x5fa9a42b9942 - <std[70759c8f55707aa4]::thread::lifecycle::spawn_unchecked<test[9d35eded1c95d3be]::run_test::{closure#1}, ()>::{closure#1} as core[df12db4294e9bfd3]::ops::function::FnOnce<()>>::call_once::{shim:vtable#0}
[INFO] [stdout]   18:     0x5fa9a4333e09 - <std[70759c8f55707aa4]::sys::thread::unix::Thread>::new::thread_start
[INFO] [stdout]   19:     0x71d63a024dfa - <unknown>
[INFO] [stdout]   20:     0x71d63a0b83d4 - clone
[INFO] [stdout]   21:                0x0 - <unknown>
[INFO] [stdout] 
[INFO] [stdout] ---- sync_skip_partial_apply_reports_drift_exit_1 stdout ----
[INFO] [stdout] 
[INFO] [stdout] thread 'sync_skip_partial_apply_reports_drift_exit_1' (1351) panicked at tests/cli.rs:730:29:
[INFO] [stdout] Unexpected failure.
[INFO] [stdout] code=2
[INFO] [stdout] stderr=```"error: config error: refusing to run as root; re-run with --allow-root if you really mean it\n"```
[INFO] [stdout] command=`"/opt/rustwide/target/release/symify" "sync" "-c" "/tmp/.tmpvEvCMn/symify.toml"`
[INFO] [stdout] code=2
[INFO] [stdout] stdout=""
[INFO] [stdout] stderr="error: config error: refusing to run as root; re-run with --allow-root if you really mean it\n"
[INFO] [stdout] 
[INFO] [stdout] stack backtrace:
[INFO] [stdout]    0:     0x5fa9a4334e31 - <<std[70759c8f55707aa4]::sys::backtrace::BacktraceLock>::print::DisplayBacktrace as core[df12db4294e9bfd3]::fmt::Display>::fmt
[INFO] [stdout]    1:     0x5fa9a434c14a - core[df12db4294e9bfd3]::fmt::write
[INFO] [stdout]    2:     0x5fa9a433ab6c - <alloc[2182bb758b4b3781]::vec::Vec<u8> as core[df12db4294e9bfd3]::io::write::Write>::write_fmt
[INFO] [stdout]    3:     0x5fa9a430e3d6 - std[70759c8f55707aa4]::panicking::default_hook::{closure#0}
[INFO] [stdout]    4:     0x5fa9a432bfd9 - std[70759c8f55707aa4]::panicking::default_hook
[INFO] [stdout]    5:     0x5fa9a42b5e90 - test[9d35eded1c95d3be]::test_main_inner::<test[9d35eded1c95d3be]::test_main_static::{closure#0}>::{closure#0}
[INFO] [stdout]    6:     0x5fa9a432c192 - std[70759c8f55707aa4]::panicking::panic_with_hook
[INFO] [stdout]    7:     0x5fa9a430e482 - std[70759c8f55707aa4]::panicking::panic_handler::{closure#0}
[INFO] [stdout]    8:     0x5fa9a4306e59 - std[70759c8f55707aa4]::sys::backtrace::__rust_end_short_backtrace::<std[70759c8f55707aa4]::panicking::panic_handler::{closure#0}, !>
[INFO] [stdout]    9:     0x5fa9a430f16d - __rustc[8fa7c3cbc660c2b3]::rust_begin_unwind
[INFO] [stdout]   10:     0x5fa9a434c8fc - core[df12db4294e9bfd3]::panicking::panic_fmt
[INFO] [stdout]   11:     0x5fa9a42ea140 - <assert_cmd[d1c3441d00e0366]::assert::AssertError>::panic::<assert_cmd[d1c3441d00e0366]::assert::Assert>
[INFO] [stdout]   12:     0x5fa9a42ea7a9 - <assert_cmd[d1c3441d00e0366]::assert::Assert>::success
[INFO] [stdout]   13:     0x5fa9a42930a4 - <cli[1f724cf72827476b]::sync_skip_partial_apply_reports_drift_exit_1::{closure#0} as core[df12db4294e9bfd3]::ops::function::FnOnce<()>>::call_once
[INFO] [stderr] error: test failed, to rerun pass `--test cli`
[INFO] [stdout]   14:     0x5fa9a42a917b - test[9d35eded1c95d3be]::__rust_begin_short_backtrace::<core[df12db4294e9bfd3]::result::Result<(), alloc[2182bb758b4b3781]::string::String>, fn() -> core[df12db4294e9bfd3]::result::Result<(), alloc[2182bb758b4b3781]::string::String>>
[INFO] [stdout]   15:     0x5fa9a42b67e5 - test[9d35eded1c95d3be]::run_test::{closure#0}
[INFO] [stdout]   16:     0x5fa9a42b00a4 - std[70759c8f55707aa4]::sys::backtrace::__rust_begin_short_backtrace::<test[9d35eded1c95d3be]::run_test::{closure#1}, ()>
[INFO] [stdout]   17:     0x5fa9a42b9942 - <std[70759c8f55707aa4]::thread::lifecycle::spawn_unchecked<test[9d35eded1c95d3be]::run_test::{closure#1}, ()>::{closure#1} as core[df12db4294e9bfd3]::ops::function::FnOnce<()>>::call_once::{shim:vtable#0}
[INFO] [stdout]   18:     0x5fa9a4333e09 - <std[70759c8f55707aa4]::sys::thread::unix::Thread>::new::thread_start
[INFO] [stdout]   19:     0x71d63a024dfa - <unknown>
[INFO] [stdout]   20:     0x71d63a0b83d4 - clone
[INFO] [stdout]   21:                0x0 - <unknown>
[INFO] [stdout] 
[INFO] [stdout] ---- sync_checksum_skips_recopy_on_mtime_only_change stdout ----
[INFO] [stdout] 
[INFO] [stdout] thread 'sync_checksum_skips_recopy_on_mtime_only_change' (1330) panicked at tests/cli.rs:687:29:
[INFO] [stdout] Unexpected failure.
[INFO] [stdout] code=2
[INFO] [stdout] stderr=```"error: config error: refusing to run as root; re-run with --allow-root if you really mean it\n"```
[INFO] [stdout] command=`"/opt/rustwide/target/release/symify" "sync" "-c" "/tmp/.tmpZEbACp/symify.toml"`
[INFO] [stdout] code=2
[INFO] [stdout] stdout=""
[INFO] [stdout] stderr="error: config error: refusing to run as root; re-run with --allow-root if you really mean it\n"
[INFO] [stdout] 
[INFO] [stdout] stack backtrace:
[INFO] [stdout]    0:     0x5fa9a4334e31 - <<std[70759c8f55707aa4]::sys::backtrace::BacktraceLock>::print::DisplayBacktrace as core[df12db4294e9bfd3]::fmt::Display>::fmt
[INFO] [stdout]    1:     0x5fa9a434c14a - core[df12db4294e9bfd3]::fmt::write
[INFO] [stdout]    2:     0x5fa9a433ab6c - <alloc[2182bb758b4b3781]::vec::Vec<u8> as core[df12db4294e9bfd3]::io::write::Write>::write_fmt
[INFO] [stdout]    3:     0x5fa9a430e3d6 - std[70759c8f55707aa4]::panicking::default_hook::{closure#0}
[INFO] [stdout]    4:     0x5fa9a432bfd9 - std[70759c8f55707aa4]::panicking::default_hook
[INFO] [stdout]    5:     0x5fa9a42b5e90 - test[9d35eded1c95d3be]::test_main_inner::<test[9d35eded1c95d3be]::test_main_static::{closure#0}>::{closure#0}
[INFO] [stdout]    6:     0x5fa9a432c192 - std[70759c8f55707aa4]::panicking::panic_with_hook
[INFO] [stdout]    7:     0x5fa9a430e482 - std[70759c8f55707aa4]::panicking::panic_handler::{closure#0}
[INFO] [stdout]    8:     0x5fa9a4306e59 - std[70759c8f55707aa4]::sys::backtrace::__rust_end_short_backtrace::<std[70759c8f55707aa4]::panicking::panic_handler::{closure#0}, !>
[INFO] [stdout]    9:     0x5fa9a430f16d - __rustc[8fa7c3cbc660c2b3]::rust_begin_unwind
[INFO] [stdout]   10:     0x5fa9a434c8fc - core[df12db4294e9bfd3]::panicking::panic_fmt
[INFO] [stdout]   11:     0x5fa9a42ea140 - <assert_cmd[d1c3441d00e0366]::assert::AssertError>::panic::<assert_cmd[d1c3441d00e0366]::assert::Assert>
[INFO] [stdout]   12:     0x5fa9a42ea7a9 - <assert_cmd[d1c3441d00e0366]::assert::Assert>::success
[INFO] [stdout]   13:     0x5fa9a42956d9 - <cli[1f724cf72827476b]::sync_checksum_skips_recopy_on_mtime_only_change::{closure#0} as core[df12db4294e9bfd3]::ops::function::FnOnce<()>>::call_once
[INFO] [stdout]   14:     0x5fa9a42a917b - test[9d35eded1c95d3be]::__rust_begin_short_backtrace::<core[df12db4294e9bfd3]::result::Result<(), alloc[2182bb758b4b3781]::string::String>, fn() -> core[df12db4294e9bfd3]::result::Result<(), alloc[2182bb758b4b3781]::string::String>>
[INFO] [stdout]   15:     0x5fa9a42b67e5 - test[9d35eded1c95d3be]::run_test::{closure#0}
[INFO] [stdout]   16:     0x5fa9a42b00a4 - std[70759c8f55707aa4]::sys::backtrace::__rust_begin_short_backtrace::<test[9d35eded1c95d3be]::run_test::{closure#1}, ()>
[INFO] [stdout]   17:     0x5fa9a42b9942 - <std[70759c8f55707aa4]::thread::lifecycle::spawn_unchecked<test[9d35eded1c95d3be]::run_test::{closure#1}, ()>::{closure#1} as core[df12db4294e9bfd3]::ops::function::FnOnce<()>>::call_once::{shim:vtable#0}
[INFO] [stdout]   18:     0x5fa9a4333e09 - <std[70759c8f55707aa4]::sys::thread::unix::Thread>::new::thread_start
[INFO] [stdout]   19:     0x71d63a024dfa - <unknown>
[INFO] [stdout]   20:     0x71d63a0b83d4 - clone
[INFO] [stdout]   21:                0x0 - <unknown>
[INFO] [stdout] 
[INFO] [stdout] ---- sync_copy_touches_only_changed_files stdout ----
[INFO] [stdout] 
[INFO] [stdout] thread 'sync_copy_touches_only_changed_files' (1331) panicked at tests/cli.rs:658:29:
[INFO] [stdout] Unexpected failure.
[INFO] [stdout] code=2
[INFO] [stdout] stderr=```"error: config error: refusing to run as root; re-run with --allow-root if you really mean it\n"```
[INFO] [stdout] command=`"/opt/rustwide/target/release/symify" "sync" "-c" "/tmp/.tmpn9LLof/symify.toml"`
[INFO] [stdout] code=2
[INFO] [stdout] stdout=""
[INFO] [stdout] stderr="error: config error: refusing to run as root; re-run with --allow-root if you really mean it\n"
[INFO] [stdout] 
[INFO] [stdout] stack backtrace:
[INFO] [stdout]    0:     0x5fa9a4334e31 - <<std[70759c8f55707aa4]::sys::backtrace::BacktraceLock>::print::DisplayBacktrace as core[df12db4294e9bfd3]::fmt::Display>::fmt
[INFO] [stdout]    1:     0x5fa9a434c14a - core[df12db4294e9bfd3]::fmt::write
[INFO] [stdout]    2:     0x5fa9a433ab6c - <alloc[2182bb758b4b3781]::vec::Vec<u8> as core[df12db4294e9bfd3]::io::write::Write>::write_fmt
[INFO] [stdout]    3:     0x5fa9a430e3d6 - std[70759c8f55707aa4]::panicking::default_hook::{closure#0}
[INFO] [stdout]    4:     0x5fa9a432bfd9 - std[70759c8f55707aa4]::panicking::default_hook
[INFO] [stdout]    5:     0x5fa9a42b5e90 - test[9d35eded1c95d3be]::test_main_inner::<test[9d35eded1c95d3be]::test_main_static::{closure#0}>::{closure#0}
[INFO] [stdout]    6:     0x5fa9a432c192 - std[70759c8f55707aa4]::panicking::panic_with_hook
[INFO] [stdout]    7:     0x5fa9a430e482 - std[70759c8f55707aa4]::panicking::panic_handler::{closure#0}
[INFO] [stdout]    8:     0x5fa9a4306e59 - std[70759c8f55707aa4]::sys::backtrace::__rust_end_short_backtrace::<std[70759c8f55707aa4]::panicking::panic_handler::{closure#0}, !>
[INFO] [stdout]    9:     0x5fa9a430f16d - __rustc[8fa7c3cbc660c2b3]::rust_begin_unwind
[INFO] [stdout]   10:     0x5fa9a434c8fc - core[df12db4294e9bfd3]::panicking::panic_fmt
[INFO] [stdout]   11:     0x5fa9a42ea140 - <assert_cmd[d1c3441d00e0366]::assert::AssertError>::panic::<assert_cmd[d1c3441d00e0366]::assert::Assert>
[INFO] [stdout]   12:     0x5fa9a42ea7a9 - <assert_cmd[d1c3441d00e0366]::assert::Assert>::success
[INFO] [stdout]   13:     0x5fa9a4289e11 - <cli[1f724cf72827476b]::sync_copy_touches_only_changed_files::{closure#0} as core[df12db4294e9bfd3]::ops::function::FnOnce<()>>::call_once
[INFO] [stdout]   14:     0x5fa9a42a917b - test[9d35eded1c95d3be]::__rust_begin_short_backtrace::<core[df12db4294e9bfd3]::result::Result<(), alloc[2182bb758b4b3781]::string::String>, fn() -> core[df12db4294e9bfd3]::result::Result<(), alloc[2182bb758b4b3781]::string::String>>
[INFO] [stdout]   15:     0x5fa9a42b67e5 - test[9d35eded1c95d3be]::run_test::{closure#0}
[INFO] [stdout]   16:     0x5fa9a42b00a4 - std[70759c8f55707aa4]::sys::backtrace::__rust_begin_short_backtrace::<test[9d35eded1c95d3be]::run_test::{closure#1}, ()>
[INFO] [stdout]   17:     0x5fa9a42b9942 - <std[70759c8f55707aa4]::thread::lifecycle::spawn_unchecked<test[9d35eded1c95d3be]::run_test::{closure#1}, ()>::{closure#1} as core[df12db4294e9bfd3]::ops::function::FnOnce<()>>::call_once::{shim:vtable#0}
[INFO] [stdout]   18:     0x5fa9a4333e09 - <std[70759c8f55707aa4]::sys::thread::unix::Thread>::new::thread_start
[INFO] [stdout]   19:     0x71d63a024dfa - <unknown>
[INFO] [stdout]   20:     0x71d63a0b83d4 - clone
[INFO] [stdout]   21:                0x0 - <unknown>
[INFO] [stdout] 
[INFO] [stdout] ---- diff_symlink_mode_states_and_clean_exit stdout ----
[INFO] [stdout] 
[INFO] [stdout] thread 'diff_symlink_mode_states_and_clean_exit' (1265) panicked at tests/cli.rs:897:29:
[INFO] [stdout] Unexpected failure.
[INFO] [stdout] code=2
[INFO] [stdout] stderr=```"error: config error: refusing to run as root; re-run with --allow-root if you really mean it\n"```
[INFO] [stdout] command=`"/opt/rustwide/target/release/symify" "sync" "-c" "/tmp/.tmpm4DS8t/symify.toml"`
[INFO] [stdout] code=2
[INFO] [stdout] stdout=""
[INFO] [stdout] stderr="error: config error: refusing to run as root; re-run with --allow-root if you really mean it\n"
[INFO] [stdout] 
[INFO] [stdout] stack backtrace:
[INFO] [stdout]    0:     0x5fa9a4334e31 - <<std[70759c8f55707aa4]::sys::backtrace::BacktraceLock>::print::DisplayBacktrace as core[df12db4294e9bfd3]::fmt::Display>::fmt
[INFO] [stdout]    1:     0x5fa9a434c14a - core[df12db4294e9bfd3]::fmt::write
[INFO] [stdout]    2:     0x5fa9a433ab6c - <alloc[2182bb758b4b3781]::vec::Vec<u8> as core[df12db4294e9bfd3]::io::write::Write>::write_fmt
[INFO] [stdout]    3:     0x5fa9a430e3d6 - std[70759c8f55707aa4]::panicking::default_hook::{closure#0}
[INFO] [stdout]    4:     0x5fa9a432bfd9 - std[70759c8f55707aa4]::panicking::default_hook
[INFO] [stdout]    5:     0x5fa9a42b5e90 - test[9d35eded1c95d3be]::test_main_inner::<test[9d35eded1c95d3be]::test_main_static::{closure#0}>::{closure#0}
[INFO] [stdout]    6:     0x5fa9a432c192 - std[70759c8f55707aa4]::panicking::panic_with_hook
[INFO] [stdout]    7:     0x5fa9a430e482 - std[70759c8f55707aa4]::panicking::panic_handler::{closure#0}
[INFO] [stdout]    8:     0x5fa9a4306e59 - std[70759c8f55707aa4]::sys::backtrace::__rust_end_short_backtrace::<std[70759c8f55707aa4]::panicking::panic_handler::{closure#0}, !>
[INFO] [stdout]    9:     0x5fa9a430f16d - __rustc[8fa7c3cbc660c2b3]::rust_begin_unwind
[INFO] [stdout]   10:     0x5fa9a434c8fc - core[df12db4294e9bfd3]::panicking::panic_fmt
[INFO] [stdout]   11:     0x5fa9a42ea140 - <assert_cmd[d1c3441d00e0366]::assert::AssertError>::panic::<assert_cmd[d1c3441d00e0366]::assert::Assert>
[INFO] [stdout]   12:     0x5fa9a42ea7a9 - <assert_cmd[d1c3441d00e0366]::assert::Assert>::success
[INFO] [stdout]   13:     0x5fa9a428f5e9 - <cli[1f724cf72827476b]::diff_symlink_mode_states_and_clean_exit::{closure#0} as core[df12db4294e9bfd3]::ops::function::FnOnce<()>>::call_once
[INFO] [stdout]   14:     0x5fa9a42a917b - test[9d35eded1c95d3be]::__rust_begin_short_backtrace::<core[df12db4294e9bfd3]::result::Result<(), alloc[2182bb758b4b3781]::string::String>, fn() -> core[df12db4294e9bfd3]::result::Result<(), alloc[2182bb758b4b3781]::string::String>>
[INFO] [stdout]   15:     0x5fa9a42b67e5 - test[9d35eded1c95d3be]::run_test::{closure#0}
[INFO] [stdout]   16:     0x5fa9a42b00a4 - std[70759c8f55707aa4]::sys::backtrace::__rust_begin_short_backtrace::<test[9d35eded1c95d3be]::run_test::{closure#1}, ()>
[INFO] [stdout]   17:     0x5fa9a42b9942 - <std[70759c8f55707aa4]::thread::lifecycle::spawn_unchecked<test[9d35eded1c95d3be]::run_test::{closure#1}, ()>::{closure#1} as core[df12db4294e9bfd3]::ops::function::FnOnce<()>>::call_once::{shim:vtable#0}
[INFO] [stdout]   18:     0x5fa9a4333e09 - <std[70759c8f55707aa4]::sys::thread::unix::Thread>::new::thread_start
[INFO] [stdout]   19:     0x71d63a024dfa - <unknown>
[INFO] [stdout]   20:     0x71d63a0b83d4 - clone
[INFO] [stdout]   21:                0x0 - <unknown>
[INFO] [stdout] 
[INFO] [stdout] ---- rm_and_ls_aliases_work stdout ----
[INFO] [stdout] 
[INFO] [stdout] thread 'rm_and_ls_aliases_work' (1301) panicked at tests/cli.rs:361:49:
[INFO] [stdout] Unexpected failure.
[INFO] [stdout] code=2
[INFO] [stdout] stderr=```"error: config error: refusing to run as root; re-run with --allow-root if you really mean it\n"```
[INFO] [stdout] command=`"/opt/rustwide/target/release/symify" "add" "-c" "/tmp/.tmpkwlliR/symify.toml" "/tmp/.tmpkwlliR/live/.zshrc"`
[INFO] [stdout] code=2
[INFO] [stdout] stdout=""
[INFO] [stdout] stderr="error: config error: refusing to run as root; re-run with --allow-root if you really mean it\n"
[INFO] [stdout] 
[INFO] [stdout] stack backtrace:
[INFO] [stdout]    0:     0x5fa9a4334e31 - <<std[70759c8f55707aa4]::sys::backtrace::BacktraceLock>::print::DisplayBacktrace as core[df12db4294e9bfd3]::fmt::Display>::fmt
[INFO] [stdout]    1:     0x5fa9a434c14a - core[df12db4294e9bfd3]::fmt::write
[INFO] [stdout]    2:     0x5fa9a433ab6c - <alloc[2182bb758b4b3781]::vec::Vec<u8> as core[df12db4294e9bfd3]::io::write::Write>::write_fmt
[INFO] [stdout]    3:     0x5fa9a430e3d6 - std[70759c8f55707aa4]::panicking::default_hook::{closure#0}
[INFO] [stdout]    4:     0x5fa9a432bfd9 - std[70759c8f55707aa4]::panicking::default_hook
[INFO] [stdout]    5:     0x5fa9a42b5e90 - test[9d35eded1c95d3be]::test_main_inner::<test[9d35eded1c95d3be]::test_main_static::{closure#0}>::{closure#0}
[INFO] [stdout]    6:     0x5fa9a432c192 - std[70759c8f55707aa4]::panicking::panic_with_hook
[INFO] [stdout]    7:     0x5fa9a430e482 - std[70759c8f55707aa4]::panicking::panic_handler::{closure#0}
[INFO] [stdout]    8:     0x5fa9a4306e59 - std[70759c8f55707aa4]::sys::backtrace::__rust_end_short_backtrace::<std[70759c8f55707aa4]::panicking::panic_handler::{closure#0}, !>
[INFO] [stdout]    9:     0x5fa9a430f16d - __rustc[8fa7c3cbc660c2b3]::rust_begin_unwind
[INFO] [stdout]   10:     0x5fa9a434c8fc - core[df12db4294e9bfd3]::panicking::panic_fmt
[INFO] [stdout]   11:     0x5fa9a42ea140 - <assert_cmd[d1c3441d00e0366]::assert::AssertError>::panic::<assert_cmd[d1c3441d00e0366]::assert::Assert>
[INFO] [stdout]   12:     0x5fa9a42ea7a9 - <assert_cmd[d1c3441d00e0366]::assert::Assert>::success
[INFO] [stdout]   13:     0x5fa9a428478e - <cli[1f724cf72827476b]::rm_and_ls_aliases_work::{closure#0} as core[df12db4294e9bfd3]::ops::function::FnOnce<()>>::call_once
[INFO] [stdout]   14:     0x5fa9a42a917b - test[9d35eded1c95d3be]::__rust_begin_short_backtrace::<core[df12db4294e9bfd3]::result::Result<(), alloc[2182bb758b4b3781]::string::String>, fn() -> core[df12db4294e9bfd3]::result::Result<(), alloc[2182bb758b4b3781]::string::String>>
[INFO] [stdout]   15:     0x5fa9a42b67e5 - test[9d35eded1c95d3be]::run_test::{closure#0}
[INFO] [stdout]   16:     0x5fa9a42b00a4 - std[70759c8f55707aa4]::sys::backtrace::__rust_begin_short_backtrace::<test[9d35eded1c95d3be]::run_test::{closure#1}, ()>
[INFO] [stdout]   17:     0x5fa9a42b9942 - <std[70759c8f55707aa4]::thread::lifecycle::spawn_unchecked<test[9d35eded1c95d3be]::run_test::{closure#1}, ()>::{closure#1} as core[df12db4294e9bfd3]::ops::function::FnOnce<()>>::call_once::{shim:vtable#0}
[INFO] [stdout]   18:     0x5fa9a4333e09 - <std[70759c8f55707aa4]::sys::thread::unix::Thread>::new::thread_start
[INFO] [stdout]   19:     0x71d63a024dfa - <unknown>
[INFO] [stdout]   20:     0x71d63a0b83d4 - clone
[INFO] [stdout]   21:                0x0 - <unknown>
[INFO] [stdout] 
[INFO] [stdout] ---- json_output_is_machine_readable stdout ----
[INFO] [stdout] 
[INFO] [stdout] thread 'json_output_is_machine_readable' (1291) panicked at tests/cli.rs:168:53:
[INFO] [stdout] Unexpected failure.
[INFO] [stdout] code=2
[INFO] [stdout] stderr=```"error: config error: refusing to run as root; re-run with --allow-root if you really mean it\n"```
[INFO] [stdout] command=`"/opt/rustwide/target/release/symify" "sync" "-c" "/tmp/.tmpOtN5HA/symify.toml" "--json"`
[INFO] [stdout] code=2
[INFO] [stdout] stdout=""
[INFO] [stdout] stderr="error: config error: refusing to run as root; re-run with --allow-root if you really mean it\n"
[INFO] [stdout] 
[INFO] [stdout] stack backtrace:
[INFO] [stdout]    0:     0x5fa9a4334e31 - <<std[70759c8f55707aa4]::sys::backtrace::BacktraceLock>::print::DisplayBacktrace as core[df12db4294e9bfd3]::fmt::Display>::fmt
[INFO] [stdout]    1:     0x5fa9a434c14a - core[df12db4294e9bfd3]::fmt::write
[INFO] [stdout]    2:     0x5fa9a433ab6c - <alloc[2182bb758b4b3781]::vec::Vec<u8> as core[df12db4294e9bfd3]::io::write::Write>::write_fmt
[INFO] [stdout]    3:     0x5fa9a430e3d6 - std[70759c8f55707aa4]::panicking::default_hook::{closure#0}
[INFO] [stdout]    4:     0x5fa9a432bfd9 - std[70759c8f55707aa4]::panicking::default_hook
[INFO] [stdout]    5:     0x5fa9a42b5e90 - test[9d35eded1c95d3be]::test_main_inner::<test[9d35eded1c95d3be]::test_main_static::{closure#0}>::{closure#0}
[INFO] [stdout]    6:     0x5fa9a432c192 - std[70759c8f55707aa4]::panicking::panic_with_hook
[INFO] [stdout]    7:     0x5fa9a430e482 - std[70759c8f55707aa4]::panicking::panic_handler::{closure#0}
[INFO] [stdout]    8:     0x5fa9a4306e59 - std[70759c8f55707aa4]::sys::backtrace::__rust_end_short_backtrace::<std[70759c8f55707aa4]::panicking::panic_handler::{closure#0}, !>
[INFO] [stdout]    9:     0x5fa9a430f16d - __rustc[8fa7c3cbc660c2b3]::rust_begin_unwind
[INFO] [stdout]   10:     0x5fa9a434c8fc - core[df12db4294e9bfd3]::panicking::panic_fmt
[INFO] [stdout]   11:     0x5fa9a42ea140 - <assert_cmd[d1c3441d00e0366]::assert::AssertError>::panic::<assert_cmd[d1c3441d00e0366]::assert::Assert>
[INFO] [stdout]   12:     0x5fa9a42ea7a9 - <assert_cmd[d1c3441d00e0366]::assert::Assert>::success
[INFO] [stdout]   13:     0x5fa9a4287a35 - <cli[1f724cf72827476b]::json_output_is_machine_readable::{closure#0} as core[df12db4294e9bfd3]::ops::function::FnOnce<()>>::call_once
[INFO] [stdout]   14:     0x5fa9a42a917b - test[9d35eded1c95d3be]::__rust_begin_short_backtrace::<core[df12db4294e9bfd3]::result::Result<(), alloc[2182bb758b4b3781]::string::String>, fn() -> core[df12db4294e9bfd3]::result::Result<(), alloc[2182bb758b4b3781]::string::String>>
[INFO] [stdout]   15:     0x5fa9a42b67e5 - test[9d35eded1c95d3be]::run_test::{closure#0}
[INFO] [stdout]   16:     0x5fa9a42b00a4 - std[70759c8f55707aa4]::sys::backtrace::__rust_begin_short_backtrace::<test[9d35eded1c95d3be]::run_test::{closure#1}, ()>
[INFO] [stdout]   17:     0x5fa9a42b9942 - <std[70759c8f55707aa4]::thread::lifecycle::spawn_unchecked<test[9d35eded1c95d3be]::run_test::{closure#1}, ()>::{closure#1} as core[df12db4294e9bfd3]::ops::function::FnOnce<()>>::call_once::{shim:vtable#0}
[INFO] [stdout]   18:     0x5fa9a4333e09 - <std[70759c8f55707aa4]::sys::thread::unix::Thread>::new::thread_start
[INFO] [stdout]   19:     0x71d63a024dfa - <unknown>
[INFO] [stdout]   20:     0x71d63a0b83d4 - clone
[INFO] [stdout]   21:                0x0 - <unknown>
[INFO] [stdout] 
[INFO] [stdout] ---- remove_no_restore_leaves_link stdout ----
[INFO] [stdout] 
[INFO] [stdout] thread 'remove_no_restore_leaves_link' (1295) panicked at tests/cli.rs:347:49:
[INFO] [stdout] Unexpected failure.
[INFO] [stdout] code=2
[INFO] [stdout] stderr=```"error: config error: refusing to run as root; re-run with --allow-root if you really mean it\n"```
[INFO] [stdout] command=`"/opt/rustwide/target/release/symify" "add" "-c" "/tmp/.tmpMIS1Mf/symify.toml" "/tmp/.tmpMIS1Mf/live/.zshrc"`
[INFO] [stdout] code=2
[INFO] [stdout] stdout=""
[INFO] [stdout] stderr="error: config error: refusing to run as root; re-run with --allow-root if you really mean it\n"
[INFO] [stdout] 
[INFO] [stdout] stack backtrace:
[INFO] [stdout]    0:     0x5fa9a4334e31 - <<std[70759c8f55707aa4]::sys::backtrace::BacktraceLock>::print::DisplayBacktrace as core[df12db4294e9bfd3]::fmt::Display>::fmt
[INFO] [stdout]    1:     0x5fa9a434c14a - core[df12db4294e9bfd3]::fmt::write
[INFO] [stdout]    2:     0x5fa9a433ab6c - <alloc[2182bb758b4b3781]::vec::Vec<u8> as core[df12db4294e9bfd3]::io::write::Write>::write_fmt
[INFO] [stdout]    3:     0x5fa9a430e3d6 - std[70759c8f55707aa4]::panicking::default_hook::{closure#0}
[INFO] [stdout]    4:     0x5fa9a432bfd9 - std[70759c8f55707aa4]::panicking::default_hook
[INFO] [stdout]    5:     0x5fa9a42b5e90 - test[9d35eded1c95d3be]::test_main_inner::<test[9d35eded1c95d3be]::test_main_static::{closure#0}>::{closure#0}
[INFO] [stdout]    6:     0x5fa9a432c192 - std[70759c8f55707aa4]::panicking::panic_with_hook
[INFO] [stdout]    7:     0x5fa9a430e482 - std[70759c8f55707aa4]::panicking::panic_handler::{closure#0}
[INFO] [stdout]    8:     0x5fa9a4306e59 - std[70759c8f55707aa4]::sys::backtrace::__rust_end_short_backtrace::<std[70759c8f55707aa4]::panicking::panic_handler::{closure#0}, !>
[INFO] [stdout]    9:     0x5fa9a430f16d - __rustc[8fa7c3cbc660c2b3]::rust_begin_unwind
[INFO] [stdout]   10:     0x5fa9a434c8fc - core[df12db4294e9bfd3]::panicking::panic_fmt
[INFO] [stdout]   11:     0x5fa9a42ea140 - <assert_cmd[d1c3441d00e0366]::assert::AssertError>::panic::<assert_cmd[d1c3441d00e0366]::assert::Assert>
[INFO] [stdout]   12:     0x5fa9a42ea7a9 - <assert_cmd[d1c3441d00e0366]::assert::Assert>::success
[INFO] [stdout]   13:     0x5fa9a4286d5d - <cli[1f724cf72827476b]::remove_no_restore_leaves_link::{closure#0} as core[df12db4294e9bfd3]::ops::function::FnOnce<()>>::call_once
[INFO] [stdout]   14:     0x5fa9a42a917b - test[9d35eded1c95d3be]::__rust_begin_short_backtrace::<core[df12db4294e9bfd3]::result::Result<(), alloc[2182bb758b4b3781]::string::String>, fn() -> core[df12db4294e9bfd3]::result::Result<(), alloc[2182bb758b4b3781]::string::String>>
[INFO] [stdout]   15:     0x5fa9a42b67e5 - test[9d35eded1c95d3be]::run_test::{closure#0}
[INFO] [stdout]   16:     0x5fa9a42b00a4 - std[70759c8f55707aa4]::sys::backtrace::__rust_begin_short_backtrace::<test[9d35eded1c95d3be]::run_test::{closure#1}, ()>
[INFO] [stdout]   17:     0x5fa9a42b9942 - <std[70759c8f55707aa4]::thread::lifecycle::spawn_unchecked<test[9d35eded1c95d3be]::run_test::{closure#1}, ()>::{closure#1} as core[df12db4294e9bfd3]::ops::function::FnOnce<()>>::call_once::{shim:vtable#0}
[INFO] [stdout]   18:     0x5fa9a4333e09 - <std[70759c8f55707aa4]::sys::thread::unix::Thread>::new::thread_start
[INFO] [stdout]   19:     0x71d63a024dfa - <unknown>
[INFO] [stdout]   20:     0x71d63a0b83d4 - clone
[INFO] [stdout]   21:                0x0 - <unknown>
[INFO] [stdout] 
[INFO] [stdout] 
[INFO] [stdout] failures:
[INFO] [stdout]     add_adopts_file_and_appears_in_list
[INFO] [stdout]     add_and_remove_refuse_an_inactive_mapping
[INFO] [stdout]     add_dry_run_changes_nothing
[INFO] [stdout]     add_file_outside_live_uses_absolute_key
[INFO] [stdout]     add_preserves_comments_and_schema_line
[INFO] [stdout]     add_relative_path_relativizes_through_a_symlinked_root
[INFO] [stdout]     add_resolves_relative_path_against_cwd
[INFO] [stdout]     backup_keep_dir_prune_is_gated_like_any_recursive_delete
[INFO] [stdout]     backup_keep_prunes_only_after_dry_run_preview
[INFO] [stdout]     bare_path_is_shorthand_for_add
[INFO] [stdout]     deploy_conflict_skip_exits_1_and_keeps_live
[INFO] [stdout]     destructive_replace_is_gated_then_proceeds_with_yes
[INFO] [stdout]     diff_symlink_mode_states_and_clean_exit
[INFO] [stdout]     gate_refusal_names_the_pending_delete
[INFO] [stdout]     inactive_mapping_is_noted_and_skipped
[INFO] [stdout]     json_output_is_machine_readable
[INFO] [stdout]     remove_no_restore_leaves_link
[INFO] [stdout]     remove_restores_standalone_file_and_clears_entry
[INFO] [stdout]     rm_and_ls_aliases_work
[INFO] [stdout]     shared_store_target_is_noted_not_errored
[INFO] [stdout]     sync_adopts_and_status_reports_ok_human_output
[INFO] [stdout]     sync_checksum_skips_recopy_on_mtime_only_change
[INFO] [stdout]     sync_copy_touches_only_changed_files
[INFO] [stdout]     sync_scopes_to_named_mapping_and_errors_on_unknown
[INFO] [stdout]     sync_skip_partial_apply_reports_drift_exit_1
[INFO] [stdout] 
[INFO] [stdout] test result: FAILED. 18 passed; 25 failed; 0 ignored; 0 measured; 0 filtered out; finished in 0.18s
[INFO] [stdout] 
[INFO] running `Command { std: "docker" "inspect" "6f3f5071bc52d658f079838b13c98666e30771a4e7e3e85754c1bf719a5757a5", kill_on_drop: false }`
[INFO] running `Command { std: "docker" "rm" "-f" "6f3f5071bc52d658f079838b13c98666e30771a4e7e3e85754c1bf719a5757a5", kill_on_drop: false }`
[INFO] [stdout] 6f3f5071bc52d658f079838b13c98666e30771a4e7e3e85754c1bf719a5757a5
