[INFO] fetching crate sylphx-repomap-core 1.8.0...
[INFO] testing sylphx-repomap-core-1.8.0 against 1.100.0-beta.1+cargoflags=--release for beta-release-1.100-2
[INFO] extracting crate sylphx-repomap-core 1.8.0 into /workspace/builds/worker-1-tc2/source
[INFO] started tweaking crates.io crate sylphx-repomap-core 1.8.0
[INFO] finished tweaking crates.io crate sylphx-repomap-core 1.8.0
[INFO] tweaked toml for crates.io crate sylphx-repomap-core 1.8.0 written to /workspace/builds/worker-1-tc2/source/Cargo.toml
[INFO] validating manifest of crates.io crate sylphx-repomap-core 1.8.0 on toolchain 1.100.0-beta.1
[INFO] running `Command { std: CARGO_HOME="/workspace/cargo-home" RUSTUP_HOME="/workspace/rustup-home" "/workspace/cargo-home/bin/cargo" "+1.100.0-beta.1" "metadata" "--manifest-path" "Cargo.toml" "--no-deps", kill_on_drop: false }`
[INFO] crate crates.io crate sylphx-repomap-core 1.8.0 already has a lockfile, it will not be regenerated
[INFO] running `Command { std: CARGO_HOME="/workspace/cargo-home" RUSTUP_HOME="/workspace/rustup-home" "/workspace/cargo-home/bin/cargo" "+1.100.0-beta.1" "fetch" "--manifest-path" "Cargo.toml", kill_on_drop: false }`
[INFO] running `Command { std: "docker" "create" "-v" "/var/lib/crater-agent-workspace/builds/worker-1-tc2/source:/opt/rustwide/workdir:ro,Z" "-v" "/var/lib/crater-agent-workspace/builds/worker-1-tc2/target:/opt/rustwide/target:rw,Z" "-v" "/var/lib/crater-agent-workspace/cargo-home:/opt/rustwide/cargo-home:ro,Z" "-v" "/var/lib/crater-agent-workspace/rustup-home:/opt/rustwide/rustup-home:ro,Z" "-m" "1610612736" "--network" "none" "ghcr.io/rust-lang/crates-build-env/linux@sha256:77db811e55d90add9212f6832c23229e3de5f1c1f9905e8cb07319ea15df73ac" "sleep" "infinity", kill_on_drop: false }`
[INFO] [stdout] 8c38bde59b342ce74004a5d54f963f69d23759f07d6c45b888a45e263b83e7c3
[INFO] running `Command { std: "docker" "start" "8c38bde59b342ce74004a5d54f963f69d23759f07d6c45b888a45e263b83e7c3", kill_on_drop: false }`
[INFO] running `Command { std: "docker" "inspect" "8c38bde59b342ce74004a5d54f963f69d23759f07d6c45b888a45e263b83e7c3", kill_on_drop: false }`
[INFO] running `Command { std: "docker" "exec" "-e" "SOURCE_DIR=/opt/rustwide/workdir" "-e" "CARGO_HOME=/opt/rustwide/cargo-home" "-e" "RUSTUP_HOME=/opt/rustwide/rustup-home" "-e" "CARGO_TARGET_DIR=/opt/rustwide/target" "-w" "/opt/rustwide/workdir" "--user" "0:0" "8c38bde59b342ce74004a5d54f963f69d23759f07d6c45b888a45e263b83e7c3" "/opt/rustwide/cargo-home/bin/cargo" "+1.100.0-beta.1" "metadata" "--no-deps" "--format-version=1", kill_on_drop: false }`
[INFO] running `Command { std: "docker" "inspect" "8c38bde59b342ce74004a5d54f963f69d23759f07d6c45b888a45e263b83e7c3", kill_on_drop: false }`
[INFO] running `Command { std: "docker" "exec" "-e" "SOURCE_DIR=/opt/rustwide/workdir" "-e" "CARGO_HOME=/opt/rustwide/cargo-home" "-e" "RUSTUP_HOME=/opt/rustwide/rustup-home" "-e" "CARGO_TARGET_DIR=/opt/rustwide/target" "-e" "CARGO_INCREMENTAL=0" "-e" "RUST_BACKTRACE=full" "-e" "RUSTFLAGS=--cap-lints=warn" "-e" "RUSTDOCFLAGS=--cap-lints=warn" "-w" "/opt/rustwide/workdir" "--user" "0:0" "8c38bde59b342ce74004a5d54f963f69d23759f07d6c45b888a45e263b83e7c3" "/opt/rustwide/cargo-home/bin/cargo" "+1.100.0-beta.1" "build" "--frozen" "--message-format=json" "--release", kill_on_drop: false }`
[INFO] [stderr]    Compiling cc v1.2.66
[INFO] [stderr]    Compiling tree-sitter-language v0.1.8
[INFO] [stderr]    Compiling serde_core v1.0.229
[INFO] [stderr]    Compiling aho-corasick v1.1.4
[INFO] [stderr]    Compiling httparse v1.10.1
[INFO] [stderr]    Compiling generic-array v0.14.9
[INFO] [stderr]    Compiling getrandom v0.2.17
[INFO] [stderr]    Compiling serde_json v1.0.151
[INFO] [stderr]    Compiling crc32fast v1.5.2
[INFO] [stderr]    Compiling indexmap v2.14.0
[INFO] [stderr]    Compiling syn v3.0.6
[INFO] [stderr]    Compiling syn v2.0.118
[INFO] [stderr]    Compiling rustls v0.23.45
[INFO] [stderr]    Compiling http v1.5.0
[INFO] [stderr]    Compiling heapless v0.7.17
[INFO] [stderr]    Compiling base64 v0.23.1
[INFO] [stderr]    Compiling hash32 v0.2.1
[INFO] [stderr]    Compiling dirs-sys v0.5.0
[INFO] [stderr]    Compiling spin v0.9.9
[INFO] [stderr]    Compiling bstr v1.13.1
[INFO] [stderr]    Compiling utf8-zero v0.8.1
[INFO] [stderr]    Compiling dirs v6.0.0
[INFO] [stderr]    Compiling flate2 v1.1.10
[INFO] [stderr]    Compiling unicode-normalization v0.1.25
[INFO] [stderr]    Compiling streaming-iterator v0.1.9
[INFO] [stderr]    Compiling either v1.18.0
[INFO] [stderr]    Compiling rayon v1.12.0
[INFO] [stderr]    Compiling crypto-common v0.1.6
[INFO] [stderr]    Compiling block-buffer v0.10.4
[INFO] [stderr]    Compiling digest v0.10.7
[INFO] [stderr]    Compiling ring v0.17.14
[INFO] [stderr]    Compiling tree-sitter-php v0.24.2
[INFO] [stderr]    Compiling tree-sitter-python v0.25.0
[INFO] [stderr]    Compiling tree-sitter-ruby v0.23.1
[INFO] [stderr]    Compiling tree-sitter-rust v0.24.2
[INFO] [stderr]    Compiling tree-sitter-swift v0.7.3
[INFO] [stderr]    Compiling tree-sitter-typescript v0.23.2
[INFO] [stderr]    Compiling tree-sitter-c v0.24.2
[INFO] [stderr]    Compiling tree-sitter-c-sharp v0.23.5
[INFO] [stderr]    Compiling ureq-proto v0.6.4
[INFO] [stderr]    Compiling tree-sitter-cpp v0.23.4
[INFO] [stderr]    Compiling tree-sitter-go v0.25.0
[INFO] [stderr]    Compiling tree-sitter-java v0.23.5
[INFO] [stderr]    Compiling tree-sitter-javascript v0.25.0
[INFO] [stderr]    Compiling tree-sitter-kotlin-ng v1.1.0
[INFO] [stderr]    Compiling regex-automata v0.4.18
[INFO] [stderr]    Compiling serde_derive v1.0.229
[INFO] [stderr]    Compiling thiserror-impl v2.0.18
[INFO] [stderr]    Compiling tree-sitter v0.27.0
[INFO] [stderr]    Compiling thiserror v2.0.18
[INFO] [stderr]    Compiling cobs v0.3.0
[INFO] [stderr]    Compiling sha2 v0.10.9
[INFO] [stderr]    Compiling globset v0.4.20
[INFO] [stderr]    Compiling regex v1.13.1
[INFO] [stderr]    Compiling serde v1.0.229
[INFO] [stderr]    Compiling ignore v0.4.33
[INFO] [stderr]    Compiling postcard v1.1.3
[INFO] [stderr]    Compiling rustls-webpki v0.103.15
[INFO] [stderr]    Compiling ureq v3.4.2
[INFO] [stderr]    Compiling sylphx-mcp-kit v0.6.0
[INFO] [stderr]    Compiling sylphx-repomap-core v1.8.0 (/opt/rustwide/workdir)
[INFO] [stderr]     Finished `release` profile [optimized] target(s) in 1m 51s
[INFO] running `Command { std: "docker" "inspect" "8c38bde59b342ce74004a5d54f963f69d23759f07d6c45b888a45e263b83e7c3", kill_on_drop: false }`
[INFO] running `Command { std: "docker" "exec" "-e" "SOURCE_DIR=/opt/rustwide/workdir" "-e" "CARGO_HOME=/opt/rustwide/cargo-home" "-e" "RUSTUP_HOME=/opt/rustwide/rustup-home" "-e" "CARGO_TARGET_DIR=/opt/rustwide/target" "-e" "CARGO_INCREMENTAL=0" "-e" "RUST_BACKTRACE=full" "-e" "RUSTFLAGS=--cap-lints=warn" "-e" "RUSTDOCFLAGS=--cap-lints=warn" "-w" "/opt/rustwide/workdir" "--user" "0:0" "8c38bde59b342ce74004a5d54f963f69d23759f07d6c45b888a45e263b83e7c3" "/opt/rustwide/cargo-home/bin/cargo" "+1.100.0-beta.1" "test" "--frozen" "--no-run" "--message-format=json" "--release", kill_on_drop: false }`
[INFO] [stderr]    Compiling getrandom v0.4.3
[INFO] [stderr]    Compiling rustix v1.1.5
[INFO] [stderr]    Compiling tempfile v3.27.0
[INFO] [stderr]    Compiling sylphx-repomap-core v1.8.0 (/opt/rustwide/workdir)
[INFO] [stderr]     Finished `release` profile [optimized] target(s) in 27.79s
[INFO] running `Command { std: "docker" "inspect" "8c38bde59b342ce74004a5d54f963f69d23759f07d6c45b888a45e263b83e7c3", kill_on_drop: false }`
[INFO] running `Command { std: "docker" "exec" "-e" "SOURCE_DIR=/opt/rustwide/workdir" "-e" "CARGO_HOME=/opt/rustwide/cargo-home" "-e" "RUSTUP_HOME=/opt/rustwide/rustup-home" "-e" "CARGO_TARGET_DIR=/opt/rustwide/target" "-e" "CARGO_INCREMENTAL=0" "-e" "RUST_BACKTRACE=full" "-e" "RUSTFLAGS=--cap-lints=warn" "-e" "RUSTDOCFLAGS=--cap-lints=warn" "-w" "/opt/rustwide/workdir" "--user" "0:0" "8c38bde59b342ce74004a5d54f963f69d23759f07d6c45b888a45e263b83e7c3" "/opt/rustwide/cargo-home/bin/cargo" "+1.100.0-beta.1" "test" "--frozen" "--release", kill_on_drop: false }`
[INFO] [stderr]     Finished `release` profile [optimized] target(s) in 0.13s
[INFO] [stderr]      Running unittests src/lib.rs (/opt/rustwide/target/release/build/sylphx-repomap-core/bab7174568f7aff8/out/repomap_core-bab7174568f7aff8)
[INFO] [stdout] 
[INFO] [stdout] running 36 tests
[INFO] [stdout] test graph::tests::pretty_dirs ... ok
[INFO] [stdout] test db::tests::django ... ok
[INFO] [stdout] test db::tests::django_meta_inheritance_and_mti ... ok
[INFO] [stdout] test lang::tests::detects_languages ... ok
[INFO] [stdout] test index::tests::test_paths ... ok
[INFO] [stdout] test index::fixture_tests::large_trees_below_tests_and_named_fixture_dirs_are_deferred ... ok
[INFO] [stdout] test db::tests::sql_migrations ... ok
[INFO] [stdout] test index::fixture_tests::small_fixture_trees_stay_indexed ... ok
[INFO] [stdout] test graph::tests::louvain_splits_two_cliques ... ok
[INFO] [stdout] test index::fixture_tests::real_tests_and_source_stay_indexed ... ok
[INFO] [stdout] test multirepo::tests::untouched_tools_and_bad_roots_are_not_joined ... ok
[INFO] [stdout] test index::tests::remotes ... ok
[INFO] [stdout] test graph::tests::normalizes_paths ... ok
[INFO] [stdout] test index::fixture_tests::unit_tests_next_to_code_stay_indexed ... ok
[INFO] [stdout] test qterms::tests::finds_identifiers_paths_and_frames ... ok
[INFO] [stdout] test qterms::tests::mentions_match_files ... ok
[INFO] [stdout] test query::ranking_tests::file_names_that_answer_the_query ... ok
[INFO] [stdout] test db::tests::prisma ... ok
[INFO] [stdout] test score::tests::inserts_into_the_badge_row_or_under_the_title ... ok
[INFO] [stdout] test score::tests::badge_helpers ... ok
[INFO] [stdout] test parse::tests::go_receiver ... ok
[INFO] [stdout] test query::ranking_tests::symbol_queries ... ok
[INFO] [stdout] test semantic::tests::dense_search_ranks_by_cosine_and_skips_missing ... ok
[INFO] [stdout] test score::tests::scores_fixture ... FAILED
[INFO] [stdout] test db::tests::drizzle_sqlalchemy_diesel ... ok
[INFO] [stdout] test parse::tests::python ... ok
[INFO] [stdout] test parse::tests::rust_impl_owner ... ok
[INFO] [stdout] test parse::tests::kotlin_one_line_bodies_keep_their_symbols ... ok
[INFO] [stdout] test parse::tests::typescript ... ok
[INFO] [stdout] test index::fixture_tests::impact_names_deferred_trees ... ok
[INFO] [stdout] test db::tests::django_project ... ok
[INFO] [stdout] test multirepo::tests::map_and_context_join_across_roots ... ok
[INFO] [stdout] test multirepo::tests::answers_across_two_roots ... ok
[INFO] [stdout] test index::fixture_tests::build_defers_then_includes_lazily_or_by_flag ... ok
[INFO] [stdout] test lang::tests::every_query_compiles ... ok
[INFO] [stdout] test parse::tests::other_languages_extract_something ... ok
[INFO] [stdout] 
[INFO] [stdout] failures:
[INFO] [stdout] 
[INFO] [stdout] ---- score::tests::scores_fixture stdout ----
[INFO] [stdout] 
[INFO] [stdout] thread 'score::tests::scores_fixture' (2208) panicked at src/score.rs:544:104:
[INFO] [stdout] called `Result::unwrap()` on an `Err` value: cannot open /opt/rustwide/workdir/tests/fixture
[INFO] [stdout] 
[INFO] [stdout] Caused by:
[INFO] [stdout]     No such file or directory (os error 2)
[INFO] [stdout] 
[INFO] [stdout] Stack backtrace:
[INFO] [stdout]    0: <core::io::error::Error as anyhow::context::ext::StdError>::ext_context::<alloc::string::String>
[INFO] [stdout]    1: <repomap_core::index::Index>::build
[INFO] [stdout]    2: <repomap_core::score::tests::scores_fixture::{closure#0} as core::ops::function::FnOnce<()>>::call_once
[INFO] [stdout]    3: test::__rust_begin_short_backtrace::<core::result::Result<(), alloc::string::String>, fn() -> core::result::Result<(), alloc::string::String>>
[INFO] [stdout]    4: test::run_test::{closure#0}
[INFO] [stdout]    5: std::sys::backtrace::__rust_begin_short_backtrace::<test::run_test::{closure#1}, ()>
[INFO] [stdout]    6: <std::thread::lifecycle::spawn_unchecked<test::run_test::{closure#1}, ()>::{closure#1} as core::ops::function::FnOnce<()>>::call_once::{shim:vtable#0}
[INFO] [stdout]    7: <std::sys::thread::unix::Thread>::new::thread_start
[INFO] [stdout]    8: <unknown>
[INFO] [stdout]    9: clone
[INFO] [stdout] stack backtrace:
[INFO] [stdout]    0:     0x5bcf5c600eb1 - <<std[617be2ca0a6fd877]::sys::backtrace::BacktraceLock>::print::DisplayBacktrace as core[a373ad73a504971]::fmt::Display>::fmt
[INFO] [stdout]    1:     0x5bcf5c6199ba - core[a373ad73a504971]::fmt::write
[INFO] [stdout]    2:     0x5bcf5c60590c - <alloc[2e1b2a31b91974c5]::vec::Vec<u8> as core[a373ad73a504971]::io::write::Write>::write_fmt
[INFO] [stdout]    3:     0x5bcf5c5d9b86 - std[617be2ca0a6fd877]::panicking::default_hook::{closure#0}
[INFO] [stdout]    4:     0x5bcf5c5f7d59 - std[617be2ca0a6fd877]::panicking::default_hook
[INFO] [stdout]    5:     0x5bcf5c43f700 - test[aada8e7e76ba119b]::test_main_inner::{closure#0}
[INFO] [stdout]    6:     0x5bcf5c5f8082 - std[617be2ca0a6fd877]::panicking::panic_with_hook
[INFO] [stdout]    7:     0x5bcf5c5d9c32 - std[617be2ca0a6fd877]::panicking::panic_handler::{closure#0}
[INFO] [stdout]    8:     0x5bcf5c5d2009 - std[617be2ca0a6fd877]::sys::backtrace::__rust_end_short_backtrace::<std[617be2ca0a6fd877]::panicking::panic_handler::{closure#0}, !>
[INFO] [stdout]    9:     0x5bcf5c5daa3d - __rustc[ea4f61d10b84890b]::rust_begin_unwind
[INFO] [stdout]   10:     0x5bcf5c61a19c - core[a373ad73a504971]::panicking::panic_fmt
[INFO] [stdout]   11:     0x5bcf5c619f72 - core[a373ad73a504971]::result::unwrap_failed
[INFO] [stdout]   12:     0x5bcf5c2b8518 - <repomap_core[10c66ab945e1a379]::score::tests::scores_fixture::{closure#0} as core[a373ad73a504971]::ops::function::FnOnce<()>>::call_once
[INFO] [stdout]   13:     0x5bcf5c432b4b - test[aada8e7e76ba119b]::__rust_begin_short_backtrace::<core[a373ad73a504971]::result::Result<(), alloc[2e1b2a31b91974c5]::string::String>, fn() -> core[a373ad73a504971]::result::Result<(), alloc[2e1b2a31b91974c5]::string::String>>
[INFO] [stdout]   14:     0x5bcf5c43fd25 - test[aada8e7e76ba119b]::run_test::{closure#0}
[INFO] [stdout]   15:     0x5bcf5c439614 - std[617be2ca0a6fd877]::sys::backtrace::__rust_begin_short_backtrace::<test[aada8e7e76ba119b]::run_test::{closure#1}, ()>
[INFO] [stdout]   16:     0x5bcf5c442db2 - <std[617be2ca0a6fd877]::thread::lifecycle::spawn_unchecked<test[aada8e7e76ba119b]::run_test::{closure#1}, ()>::{closure#1} as core[a373ad73a504971]::ops::function::FnOnce<()>>::call_once::{shim:vtable#0}
[INFO] [stdout]   17:     0x5bcf5c5ffeaf - <std[617be2ca0a6fd877]::sys::thread::unix::Thread>::new::thread_start
[INFO] [stdout]   18:     0x76833416cdfa - <unknown>
[INFO] [stdout]   19:     0x7683342003d4 - clone
[INFO] [stdout]   20:                0x0 - <unknown>
[INFO] [stdout] 
[INFO] [stdout] 
[INFO] [stdout] failures:
[INFO] [stdout]     score::tests::scores_fixture
[INFO] [stdout] 
[INFO] [stdout] test result: FAILED. 35 passed; 1 failed; 0 ignored; 0 measured; 0 filtered out; finished in 0.65s
[INFO] [stdout] 
[INFO] [stderr] error: test failed, to rerun pass `--lib`
[INFO] running `Command { std: "docker" "inspect" "8c38bde59b342ce74004a5d54f963f69d23759f07d6c45b888a45e263b83e7c3", kill_on_drop: false }`
[INFO] running `Command { std: "docker" "rm" "-f" "8c38bde59b342ce74004a5d54f963f69d23759f07d6c45b888a45e263b83e7c3", kill_on_drop: false }`
[INFO] [stdout] 8c38bde59b342ce74004a5d54f963f69d23759f07d6c45b888a45e263b83e7c3
