[INFO] fetching crate syk 0.2.0...
[INFO] testing syk-0.2.0 against 1.99.0-beta.8+cargoflags=--release for beta-release-1.100-2
[INFO] extracting crate syk 0.2.0 into /workspace/builds/worker-3-tc1/source
[INFO] started tweaking crates.io crate syk 0.2.0
[INFO] finished tweaking crates.io crate syk 0.2.0
[INFO] tweaked toml for crates.io crate syk 0.2.0 written to /workspace/builds/worker-3-tc1/source/Cargo.toml
[INFO] validating manifest of crates.io crate syk 0.2.0 on toolchain 1.99.0-beta.8
[INFO] running `Command { std: CARGO_HOME="/workspace/cargo-home" RUSTUP_HOME="/workspace/rustup-home" "/workspace/cargo-home/bin/cargo" "+1.99.0-beta.8" "metadata" "--manifest-path" "Cargo.toml" "--no-deps", kill_on_drop: false }`
[INFO] crate crates.io crate syk 0.2.0 already has a lockfile, it will not be regenerated
[INFO] running `Command { std: CARGO_HOME="/workspace/cargo-home" RUSTUP_HOME="/workspace/rustup-home" "/workspace/cargo-home/bin/cargo" "+1.99.0-beta.8" "fetch" "--manifest-path" "Cargo.toml", kill_on_drop: false }`
[INFO] [stderr]     Updating crates.io index
[INFO] [stderr]  Downloading crates ...
[INFO] [stderr]   Downloaded tabled_derive v0.6.0
[INFO] [stderr]   Downloaded colorchoice v1.0.0
[INFO] [stderr]   Downloaded predicates-tree v1.0.9
[INFO] [stderr]   Downloaded errno v0.3.5
[INFO] [stderr]   Downloaded winapi-util v0.1.6
[INFO] [stderr]   Downloaded bytecount v0.6.7
[INFO] [stderr]   Downloaded predicates-core v1.0.6
[INFO] [stderr]   Downloaded anstyle v1.0.4
[INFO] [stderr]   Downloaded anstyle-query v1.0.0
[INFO] [stderr]   Downloaded clap_lex v0.6.0
[INFO] [stderr]   Downloaded fastrand v2.0.1
[INFO] [stderr]   Downloaded termtree v0.4.1
[INFO] [stderr]   Downloaded thread_local v1.1.7
[INFO] [stderr]   Downloaded subtle v2.5.0
[INFO] [stderr]   Downloaded ghash v0.5.0
[INFO] [stderr]   Downloaded utf8parse v0.2.1
[INFO] [stderr]   Downloaded anstyle-wincon v3.0.1
[INFO] [stderr]   Downloaded unicode-width v0.1.11
[INFO] [stderr]   Downloaded quote v1.0.33
[INFO] [stderr]   Downloaded assert_fs v1.0.13
[INFO] [stderr]   Downloaded cpufeatures v0.2.11
[INFO] [stderr]   Downloaded globwalk v0.8.1
[INFO] [stderr]   Downloaded polyval v0.6.1
[INFO] [stderr]   Downloaded predicates v3.0.4
[INFO] [stderr]   Downloaded clap_derive v4.4.7
[INFO] [stderr]   Downloaded tempfile v3.8.1
[INFO] [stderr]   Downloaded either v1.9.0
[INFO] [stderr]   Downloaded anstream v0.6.4
[INFO] [stderr]   Downloaded anstyle-parse v0.2.2
[INFO] [stderr]   Downloaded walkdir v2.4.0
[INFO] [stderr]   Downloaded once_cell v1.18.0
[INFO] [stderr]   Downloaded assert_cmd v2.0.12
[INFO] [stderr]   Downloaded unicode-ident v1.0.12
[INFO] [stderr]   Downloaded ryu v1.0.15
[INFO] [stderr]   Downloaded log v0.4.20
[INFO] [stderr]   Downloaded globset v0.4.13
[INFO] [stderr]   Downloaded anyhow v1.0.75
[INFO] [stderr]   Downloaded bitflags v2.4.1
[INFO] [stderr]   Downloaded serde_derive v1.0.190
[INFO] [stderr]   Downloaded num-traits v0.2.17
[INFO] [stderr]   Downloaded clap v4.4.7
[INFO] [stderr]   Downloaded getrandom v0.2.10
[INFO] [stderr]   Downloaded proc-macro2 v1.0.69
[INFO] [stderr]   Downloaded papergrid v0.10.0
[INFO] [stderr]   Downloaded flate2 v1.0.28
[INFO] [stderr]   Downloaded miniz_oxide v0.7.1
[INFO] [stderr]   Downloaded ignore v0.4.20
[INFO] [stderr]   Downloaded serde v1.0.190
[INFO] [stderr]   Downloaded memchr v2.6.4
[INFO] [stderr]   Downloaded aes v0.8.3
[INFO] [stderr]   Downloaded serde_json v1.0.107
[INFO] [stderr]   Downloaded clap_builder v4.4.7
[INFO] [stderr]   Downloaded tabled v0.14.0
[INFO] [stderr]   Downloaded aho-corasick v1.1.2
[INFO] [stderr]   Downloaded syn v2.0.38
[INFO] [stderr]   Downloaded regex v1.10.2
[INFO] [stderr]   Downloaded bstr v1.7.0
[INFO] [stderr]   Downloaded regex-syntax v0.8.2
[INFO] [stderr]   Downloaded rustix v0.38.21
[INFO] [stderr]   Downloaded regex-automata v0.4.3
[INFO] [stderr]   Downloaded libc v0.2.149
[INFO] [stderr]   Downloaded linux-raw-sys v0.4.10
[INFO] running `Command { std: "docker" "create" "-v" "/var/lib/crater-agent-workspace/builds/worker-3-tc1/source:/opt/rustwide/workdir:ro,Z" "-v" "/var/lib/crater-agent-workspace/builds/worker-3-tc1/target:/opt/rustwide/target:rw,Z" "-v" "/var/lib/crater-agent-workspace/cargo-home:/opt/rustwide/cargo-home:ro,Z" "-v" "/var/lib/crater-agent-workspace/rustup-home:/opt/rustwide/rustup-home:ro,Z" "-m" "1610612736" "--network" "none" "ghcr.io/rust-lang/crates-build-env/linux@sha256:77db811e55d90add9212f6832c23229e3de5f1c1f9905e8cb07319ea15df73ac" "sleep" "infinity", kill_on_drop: false }`
[INFO] [stdout] a40a35948e4eee4ad1930b079599669e506872cdb720813a6ac6ff47a81740e3
[INFO] running `Command { std: "docker" "start" "a40a35948e4eee4ad1930b079599669e506872cdb720813a6ac6ff47a81740e3", kill_on_drop: false }`
[INFO] running `Command { std: "docker" "inspect" "a40a35948e4eee4ad1930b079599669e506872cdb720813a6ac6ff47a81740e3", kill_on_drop: false }`
[INFO] running `Command { std: "docker" "exec" "-e" "SOURCE_DIR=/opt/rustwide/workdir" "-e" "CARGO_HOME=/opt/rustwide/cargo-home" "-e" "RUSTUP_HOME=/opt/rustwide/rustup-home" "-e" "CARGO_TARGET_DIR=/opt/rustwide/target" "-w" "/opt/rustwide/workdir" "--user" "0:0" "a40a35948e4eee4ad1930b079599669e506872cdb720813a6ac6ff47a81740e3" "/opt/rustwide/cargo-home/bin/cargo" "+1.99.0-beta.8" "metadata" "--no-deps" "--format-version=1", kill_on_drop: false }`
[INFO] running `Command { std: "docker" "inspect" "a40a35948e4eee4ad1930b079599669e506872cdb720813a6ac6ff47a81740e3", kill_on_drop: false }`
[INFO] running `Command { std: "docker" "exec" "-e" "SOURCE_DIR=/opt/rustwide/workdir" "-e" "CARGO_HOME=/opt/rustwide/cargo-home" "-e" "RUSTUP_HOME=/opt/rustwide/rustup-home" "-e" "CARGO_TARGET_DIR=/opt/rustwide/target" "-e" "CARGO_INCREMENTAL=0" "-e" "RUST_BACKTRACE=full" "-e" "RUSTFLAGS=--cap-lints=warn" "-e" "RUSTDOCFLAGS=--cap-lints=warn" "-w" "/opt/rustwide/workdir" "--user" "0:0" "a40a35948e4eee4ad1930b079599669e506872cdb720813a6ac6ff47a81740e3" "/opt/rustwide/cargo-home/bin/cargo" "+1.99.0-beta.8" "build" "--frozen" "--message-format=json" "--release", kill_on_drop: false }`
[INFO] [stderr]    Compiling version_check v0.9.4
[INFO] [stderr]    Compiling proc-macro2 v1.0.69
[INFO] [stderr]    Compiling libc v0.2.149
[INFO] [stderr]    Compiling cfg-if v1.0.0
[INFO] [stderr]    Compiling unicode-ident v1.0.12
[INFO] [stderr]    Compiling typenum v1.17.0
[INFO] [stderr]    Compiling syn v1.0.109
[INFO] [stderr]    Compiling heck v0.4.1
[INFO] [stderr]    Compiling cpufeatures v0.2.11
[INFO] [stderr]    Compiling utf8parse v0.2.1
[INFO] [stderr]    Compiling subtle v2.5.0
[INFO] [stderr]    Compiling anstyle-parse v0.2.2
[INFO] [stderr]    Compiling crc32fast v1.3.2
[INFO] [stderr]    Compiling opaque-debug v0.3.0
[INFO] [stderr]    Compiling generic-array v0.14.7
[INFO] [stderr]    Compiling proc-macro-error-attr v1.0.4
[INFO] [stderr]    Compiling proc-macro-error v1.0.4
[INFO] [stderr]    Compiling anstyle v1.0.4
[INFO] [stderr]    Compiling colorchoice v1.0.0
[INFO] [stderr]    Compiling serde v1.0.190
[INFO] [stderr]    Compiling anstyle-query v1.0.0
[INFO] [stderr]    Compiling adler v1.0.2
[INFO] [stderr]    Compiling serde_json v1.0.107
[INFO] [stderr]    Compiling unicode-width v0.1.11
[INFO] [stderr]    Compiling anstream v0.6.4
[INFO] [stderr]    Compiling bytecount v0.6.7
[INFO] [stderr]    Compiling fnv v1.0.7
[INFO] [stderr]    Compiling strsim v0.10.0
[INFO] [stderr]    Compiling clap_lex v0.6.0
[INFO] [stderr]    Compiling papergrid v0.10.0
[INFO] [stderr]    Compiling miniz_oxide v0.7.1
[INFO] [stderr]    Compiling quote v1.0.33
[INFO] [stderr]    Compiling clap_builder v4.4.7
[INFO] [stderr]    Compiling getrandom v0.2.10
[INFO] [stderr]    Compiling syn v2.0.38
[INFO] [stderr]    Compiling rand_core v0.6.4
[INFO] [stderr]    Compiling ryu v1.0.15
[INFO] [stderr]    Compiling itoa v1.0.9
[INFO] [stderr]    Compiling flate2 v1.0.28
[INFO] [stderr]    Compiling crypto-common v0.1.6
[INFO] [stderr]    Compiling inout v0.1.3
[INFO] [stderr]    Compiling universal-hash v0.5.1
[INFO] [stderr]    Compiling cipher v0.4.4
[INFO] [stderr]    Compiling polyval v0.6.1
[INFO] [stderr]    Compiling aead v0.5.2
[INFO] [stderr]    Compiling ghash v0.5.0
[INFO] [stderr]    Compiling ctr v0.9.2
[INFO] [stderr]    Compiling aes v0.8.3
[INFO] [stderr]    Compiling aes-gcm v0.10.3
[INFO] [stderr]    Compiling tabled_derive v0.6.0
[INFO] [stderr]    Compiling tabled v0.14.0
[INFO] [stderr]    Compiling serde_derive v1.0.190
[INFO] [stderr]    Compiling clap_derive v4.4.7
[INFO] [stderr]    Compiling clap v4.4.7
[INFO] [stderr]    Compiling syk v0.2.0 (/opt/rustwide/workdir)
[INFO] [stdout] warning: use of deprecated module `std::usize`: all constants in this module replaced by associated constants on the type
[INFO] [stdout]  --> src/store.rs:8:5
[INFO] [stdout]   |
[INFO] [stdout] 8 |     usize,
[INFO] [stdout]   |     ^^^^^
[INFO] [stdout]   |
[INFO] [stdout]   = note: `#[warn(deprecated)]` on by default
[INFO] [stdout] 
[INFO] [stdout] 
[INFO] [stderr]     Finished `release` profile [optimized] target(s) in 46.09s
[INFO] running `Command { std: "docker" "inspect" "a40a35948e4eee4ad1930b079599669e506872cdb720813a6ac6ff47a81740e3", kill_on_drop: false }`
[INFO] running `Command { std: "docker" "exec" "-e" "SOURCE_DIR=/opt/rustwide/workdir" "-e" "CARGO_HOME=/opt/rustwide/cargo-home" "-e" "RUSTUP_HOME=/opt/rustwide/rustup-home" "-e" "CARGO_TARGET_DIR=/opt/rustwide/target" "-e" "CARGO_INCREMENTAL=0" "-e" "RUST_BACKTRACE=full" "-e" "RUSTFLAGS=--cap-lints=warn" "-e" "RUSTDOCFLAGS=--cap-lints=warn" "-w" "/opt/rustwide/workdir" "--user" "0:0" "a40a35948e4eee4ad1930b079599669e506872cdb720813a6ac6ff47a81740e3" "/opt/rustwide/cargo-home/bin/cargo" "+1.99.0-beta.8" "test" "--frozen" "--no-run" "--message-format=json" "--release", kill_on_drop: false }`
[INFO] [stderr]    Compiling libc v0.2.149
[INFO] [stderr]    Compiling cfg-if v1.0.0
[INFO] [stderr]    Compiling memchr v2.6.4
[INFO] [stderr]    Compiling typenum v1.17.0
[INFO] [stderr]    Compiling regex-syntax v0.8.2
[INFO] [stderr]    Compiling autocfg v1.1.0
[INFO] [stderr]    Compiling fnv v1.0.7
[INFO] [stderr]    Compiling anstyle v1.0.4
[INFO] [stderr]    Compiling log v0.4.20
[INFO] [stderr]    Compiling cpufeatures v0.2.11
[INFO] [stderr]    Compiling predicates-core v1.0.6
[INFO] [stderr]    Compiling same-file v1.0.6
[INFO] [stderr]    Compiling num-traits v0.2.17
[INFO] [stderr]    Compiling doc-comment v0.3.3
[INFO] [stderr]    Compiling rustix v0.38.21
[INFO] [stderr]    Compiling subtle v2.5.0
[INFO] [stderr]    Compiling once_cell v1.18.0
[INFO] [stderr]    Compiling utf8parse v0.2.1
[INFO] [stderr]    Compiling generic-array v0.14.7
[INFO] [stderr]    Compiling either v1.9.0
[INFO] [stderr]    Compiling aho-corasick v1.1.2
[INFO] [stderr]    Compiling getrandom v0.2.10
[INFO] [stderr]    Compiling itertools v0.11.0
[INFO] [stderr]    Compiling rand_core v0.6.4
[INFO] [stderr]    Compiling crypto-common v0.1.6
[INFO] [stderr]    Compiling thread_local v1.1.7
[INFO] [stderr]    Compiling anstyle-parse v0.2.2
[INFO] [stderr]    Compiling universal-hash v0.5.1
[INFO] [stderr]    Compiling cipher v0.4.4
[INFO] [stderr]    Compiling inout v0.1.3
[INFO] [stderr]    Compiling float-cmp v0.9.0
[INFO] [stderr]    Compiling walkdir v2.4.0
[INFO] [stderr]    Compiling lazy_static v1.4.0
[INFO] [stderr]    Compiling difflib v0.4.0
[INFO] [stderr]    Compiling termtree v0.4.1
[INFO] [stderr]    Compiling normalize-line-endings v0.3.0
[INFO] [stderr]    Compiling linux-raw-sys v0.4.10
[INFO] [stderr]    Compiling colorchoice v1.0.0
[INFO] [stderr]    Compiling anstyle-query v1.0.0
[INFO] [stderr]    Compiling bitflags v2.4.1
[INFO] [stderr]    Compiling opaque-debug v0.3.0
[INFO] [stderr]    Compiling polyval v0.6.1
[INFO] [stderr]    Compiling anstream v0.6.4
[INFO] [stderr]    Compiling predicates-tree v1.0.9
[INFO] [stderr]    Compiling bytecount v0.6.7
[INFO] [stderr]    Compiling strsim v0.10.0
[INFO] [stderr]    Compiling clap_lex v0.6.0
[INFO] [stderr]    Compiling unicode-width v0.1.11
[INFO] [stderr]    Compiling bitflags v1.3.2
[INFO] [stderr]    Compiling adler v1.0.2
[INFO] [stderr]    Compiling anyhow v1.0.75
[INFO] [stderr]    Compiling fastrand v2.0.1
[INFO] [stderr]    Compiling miniz_oxide v0.7.1
[INFO] [stderr]    Compiling clap_builder v4.4.7
[INFO] [stderr]    Compiling papergrid v0.10.0
[INFO] [stderr]    Compiling ghash v0.5.0
[INFO] [stderr]    Compiling regex-automata v0.4.3
[INFO] [stderr]    Compiling ctr v0.9.2
[INFO] [stderr]    Compiling aes v0.8.3
[INFO] [stderr]    Compiling aead v0.5.2
[INFO] [stderr]    Compiling wait-timeout v0.2.0
[INFO] [stderr]    Compiling tempfile v3.8.1
[INFO] [stderr]    Compiling crc32fast v1.3.2
[INFO] [stderr]    Compiling serde v1.0.190
[INFO] [stderr]    Compiling ryu v1.0.15
[INFO] [stderr]    Compiling itoa v1.0.9
[INFO] [stderr]    Compiling flate2 v1.0.28
[INFO] [stderr]    Compiling aes-gcm v0.10.3
[INFO] [stderr]    Compiling tabled v0.14.0
[INFO] [stderr]    Compiling syk v0.2.0 (/opt/rustwide/workdir)
[INFO] [stdout] warning: use of deprecated module `std::usize`: all constants in this module replaced by associated constants on the type
[INFO] [stdout]  --> src/store.rs:8:5
[INFO] [stdout]   |
[INFO] [stdout] 8 |     usize,
[INFO] [stdout]   |     ^^^^^
[INFO] [stdout]   |
[INFO] [stdout]   = note: `#[warn(deprecated)]` on by default
[INFO] [stdout] 
[INFO] [stdout] 
[INFO] [stderr]    Compiling clap v4.4.7
[INFO] [stderr]    Compiling regex v1.10.2
[INFO] [stderr]    Compiling bstr v1.7.0
[INFO] [stderr]    Compiling globset v0.4.13
[INFO] [stderr]    Compiling predicates v3.0.4
[INFO] [stderr]    Compiling ignore v0.4.20
[INFO] [stderr]    Compiling assert_cmd v2.0.12
[INFO] [stderr]    Compiling serde_json v1.0.107
[INFO] [stderr]    Compiling globwalk v0.8.1
[INFO] [stderr]    Compiling assert_fs v1.0.13
[INFO] [stdout] warning: use of deprecated module `std::usize`: all constants in this module replaced by associated constants on the type
[INFO] [stdout]  --> src/store.rs:8:5
[INFO] [stdout]   |
[INFO] [stdout] 8 |     usize,
[INFO] [stdout]   |     ^^^^^
[INFO] [stdout]   |
[INFO] [stdout]   = note: `#[warn(deprecated)]` on by default
[INFO] [stdout] 
[INFO] [stdout] 
[INFO] [stderr]     Finished `release` profile [optimized] target(s) in 1m 25s
[INFO] running `Command { std: "docker" "inspect" "a40a35948e4eee4ad1930b079599669e506872cdb720813a6ac6ff47a81740e3", kill_on_drop: false }`
[INFO] running `Command { std: "docker" "exec" "-e" "SOURCE_DIR=/opt/rustwide/workdir" "-e" "CARGO_HOME=/opt/rustwide/cargo-home" "-e" "RUSTUP_HOME=/opt/rustwide/rustup-home" "-e" "CARGO_TARGET_DIR=/opt/rustwide/target" "-e" "CARGO_INCREMENTAL=0" "-e" "RUST_BACKTRACE=full" "-e" "RUSTFLAGS=--cap-lints=warn" "-e" "RUSTDOCFLAGS=--cap-lints=warn" "-w" "/opt/rustwide/workdir" "--user" "0:0" "a40a35948e4eee4ad1930b079599669e506872cdb720813a6ac6ff47a81740e3" "/opt/rustwide/cargo-home/bin/cargo" "+1.99.0-beta.8" "test" "--frozen" "--release", kill_on_drop: false }`
[INFO] [stderr] warning: use of deprecated module `std::usize`: all constants in this module replaced by associated constants on the type
[INFO] [stderr]  --> src/store.rs:8:5
[INFO] [stderr]   |
[INFO] [stderr] 8 |     usize,
[INFO] [stderr]   |     ^^^^^
[INFO] [stderr]   |
[INFO] [stderr]   = note: `#[warn(deprecated)]` on by default
[INFO] [stderr] 
[INFO] [stderr] warning: `syk` (bin "syk") generated 1 warning
[INFO] [stderr] warning: `syk` (bin "syk" test) generated 1 warning (1 duplicate)
[INFO] [stderr]     Finished `release` profile [optimized] target(s) in 0.19s
[INFO] [stdout] 
[INFO] [stderr]      Running unittests src/main.rs (/opt/rustwide/target/release/deps/syk-cb9be93662354edf)
[INFO] [stdout] running 9 tests
[INFO] [stdout] test store::crypto::crypto_tests::it_works ... ok
[INFO] [stdout] test store::store_tests::it_works ... ok
[INFO] [stdout] test store::crypto::crypto_tests::encrypt_decypt ... ok
[INFO] [stdout] test store::store_tests::test_create_storage ... ok
[INFO] [stdout] test model::model_tests::test_item_workflow ... ok
[INFO] [stdout] test store::compression::compression_tests::test_compress_decompress ... ok
[INFO] [stderr]      Running tests/integration.rs (/opt/rustwide/target/release/deps/integration-c9cefe1493cbe37a)
[INFO] [stdout] test store::store_tests::test_lock_unlock ... ok
[INFO] [stdout] test store::store_tests::test_store_workflow ... ok
[INFO] [stdout] test store::store_tests::test_store_sync ... ok
[INFO] [stdout] 
[INFO] [stdout] test result: ok. 9 passed; 0 failed; 0 ignored; 0 measured; 0 filtered out; finished in 0.00s
[INFO] [stdout] 
[INFO] [stdout] 
[INFO] [stdout] running 7 tests
[INFO] [stdout] test it_works ... ok
[INFO] [stdout] test test_list ... ok
[INFO] [stdout] test test_size ... ok
[INFO] [stdout] test test_remove ... ok
[INFO] [stdout] test test_lock_unlock ... ok
[INFO] [stdout] test test_insert ... ok
[INFO] [stdout] test test_create_store ... FAILED
[INFO] [stderr] error: test failed, to rerun pass `--test integration`
[INFO] [stdout] 
[INFO] [stdout] failures:
[INFO] [stdout] 
[INFO] [stdout] ---- test_create_store stdout ----
[INFO] [stdout] 
[INFO] [stdout] thread 'test_create_store' (1921) panicked at tests/integration.rs:18:5:
[INFO] [stdout] assertion failed: path.exists()
[INFO] [stdout] stack backtrace:
[INFO] [stdout]    0:     0x5b367cf1f625 - <unknown>
[INFO] [stdout]    1:     0x5b367cefbd04 - <unknown>
[INFO] [stdout]    2:     0x5b367cf1eccb - <unknown>
[INFO] [stdout]    3:     0x5b367cf1e8c9 - <unknown>
[INFO] [stdout]    4:     0x5b367cf1e54a - <unknown>
[INFO] [stdout]    5:     0x5b367cf1e083 - <unknown>
[INFO] [stdout]    6:     0x5b367cf43f92 - <unknown>
[INFO] [stdout]    7:     0x5b367cf43f19 - <unknown>
[INFO] [stdout]    8:     0x5b367cf4441c - <unknown>
[INFO] [stdout]    9:     0x5b367cefbb9b - <unknown>
[INFO] [stdout]   10:     0x5b367cefd5d1 - <unknown>
[INFO] [stdout]   11:     0x5b367cf0cd66 - <unknown>
[INFO] [stdout]   12:     0x5b367cf5eb8b - <unknown>
[INFO] [stdout]   13:     0x5b367cf5ab62 - <unknown>
[INFO] [stdout]   14:     0x5b367cf5a2cc - <unknown>
[INFO] [stdout]   15:     0x5b367cf74edc - <unknown>
[INFO] [stdout]   16:     0x5b367cf45cda - <unknown>
[INFO] [stdout]   17:     0x7610c9059dfa - <unknown>
[INFO] [stdout]   18:     0x7610c90ed3d4 - clone
[INFO] [stdout]   19:                0x0 - <unknown>
[INFO] [stdout] 
[INFO] [stdout] 
[INFO] [stdout] failures:
[INFO] [stdout]     test_create_store
[INFO] [stdout] 
[INFO] [stdout] test result: FAILED. 6 passed; 1 failed; 0 ignored; 0 measured; 0 filtered out; finished in 0.44s
[INFO] [stdout] 
[INFO] running `Command { std: "docker" "inspect" "a40a35948e4eee4ad1930b079599669e506872cdb720813a6ac6ff47a81740e3", kill_on_drop: false }`
[INFO] running `Command { std: "docker" "rm" "-f" "a40a35948e4eee4ad1930b079599669e506872cdb720813a6ac6ff47a81740e3", kill_on_drop: false }`
[INFO] [stdout] a40a35948e4eee4ad1930b079599669e506872cdb720813a6ac6ff47a81740e3
