[INFO] fetching crate sycamore-router-macro 0.9.4...
[INFO] testing sycamore-router-macro-0.9.4 against 1.99.0-beta.8+cargoflags=--release for beta-release-1.100-2
[INFO] extracting crate sycamore-router-macro 0.9.4 into /workspace/builds/worker-0-tc1/source
[INFO] started tweaking crates.io crate sycamore-router-macro 0.9.4
[INFO] removed 0 missing tests
[INFO] finished tweaking crates.io crate sycamore-router-macro 0.9.4
[INFO] tweaked toml for crates.io crate sycamore-router-macro 0.9.4 written to /workspace/builds/worker-0-tc1/source/Cargo.toml
[INFO] validating manifest of crates.io crate sycamore-router-macro 0.9.4 on toolchain 1.99.0-beta.8
[INFO] running `Command { std: CARGO_HOME="/workspace/cargo-home" RUSTUP_HOME="/workspace/rustup-home" "/workspace/cargo-home/bin/cargo" "+1.99.0-beta.8" "metadata" "--manifest-path" "Cargo.toml" "--no-deps", kill_on_drop: false }`
[INFO] crate crates.io crate sycamore-router-macro 0.9.4 already has a lockfile, it will not be regenerated
[INFO] running `Command { std: CARGO_HOME="/workspace/cargo-home" RUSTUP_HOME="/workspace/rustup-home" "/workspace/cargo-home/bin/cargo" "+1.99.0-beta.8" "fetch" "--manifest-path" "Cargo.toml", kill_on_drop: false }`
[INFO] [stderr]     Updating crates.io index
[INFO] [stderr]  Downloading crates ...
[INFO] [stderr]   Downloaded target-tuple v1.0.2
[INFO] [stderr]   Downloaded trybuild v1.0.121
[INFO] [stderr]   Downloaded expect-test v1.5.1
[INFO] [stderr]   Downloaded dissimilar v1.0.11
[INFO] running `Command { std: "docker" "create" "-v" "/var/lib/crater-agent-workspace/builds/worker-0-tc1/source:/opt/rustwide/workdir:ro,Z" "-v" "/var/lib/crater-agent-workspace/builds/worker-0-tc1/target:/opt/rustwide/target:rw,Z" "-v" "/var/lib/crater-agent-workspace/cargo-home:/opt/rustwide/cargo-home:ro,Z" "-v" "/var/lib/crater-agent-workspace/rustup-home:/opt/rustwide/rustup-home:ro,Z" "-m" "1610612736" "--network" "none" "ghcr.io/rust-lang/crates-build-env/linux@sha256:77db811e55d90add9212f6832c23229e3de5f1c1f9905e8cb07319ea15df73ac" "sleep" "infinity", kill_on_drop: false }`
[INFO] [stdout] 9d14473aec8e95da27041b8d0becce2cc954fadb211f4fdce88282cac5f6baec
[INFO] running `Command { std: "docker" "start" "9d14473aec8e95da27041b8d0becce2cc954fadb211f4fdce88282cac5f6baec", kill_on_drop: false }`
[INFO] running `Command { std: "docker" "inspect" "9d14473aec8e95da27041b8d0becce2cc954fadb211f4fdce88282cac5f6baec", kill_on_drop: false }`
[INFO] running `Command { std: "docker" "exec" "-e" "SOURCE_DIR=/opt/rustwide/workdir" "-e" "CARGO_HOME=/opt/rustwide/cargo-home" "-e" "RUSTUP_HOME=/opt/rustwide/rustup-home" "-e" "CARGO_TARGET_DIR=/opt/rustwide/target" "-w" "/opt/rustwide/workdir" "--user" "0:0" "9d14473aec8e95da27041b8d0becce2cc954fadb211f4fdce88282cac5f6baec" "/opt/rustwide/cargo-home/bin/cargo" "+1.99.0-beta.8" "metadata" "--no-deps" "--format-version=1", kill_on_drop: false }`
[INFO] running `Command { std: "docker" "inspect" "9d14473aec8e95da27041b8d0becce2cc954fadb211f4fdce88282cac5f6baec", kill_on_drop: false }`
[INFO] running `Command { std: "docker" "exec" "-e" "SOURCE_DIR=/opt/rustwide/workdir" "-e" "CARGO_HOME=/opt/rustwide/cargo-home" "-e" "RUSTUP_HOME=/opt/rustwide/rustup-home" "-e" "CARGO_TARGET_DIR=/opt/rustwide/target" "-e" "CARGO_INCREMENTAL=0" "-e" "RUST_BACKTRACE=full" "-e" "RUSTFLAGS=--cap-lints=warn" "-e" "RUSTDOCFLAGS=--cap-lints=warn" "-w" "/opt/rustwide/workdir" "--user" "0:0" "9d14473aec8e95da27041b8d0becce2cc954fadb211f4fdce88282cac5f6baec" "/opt/rustwide/cargo-home/bin/cargo" "+1.99.0-beta.8" "build" "--frozen" "--message-format=json" "--release", kill_on_drop: false }`
[INFO] [stderr]    Compiling syn v3.0.6
[INFO] [stderr]    Compiling sycamore-router-macro v0.9.4 (/opt/rustwide/workdir)
[INFO] [stderr]     Finished `release` profile [optimized] target(s) in 4.18s
[INFO] running `Command { std: "docker" "inspect" "9d14473aec8e95da27041b8d0becce2cc954fadb211f4fdce88282cac5f6baec", kill_on_drop: false }`
[INFO] running `Command { std: "docker" "exec" "-e" "SOURCE_DIR=/opt/rustwide/workdir" "-e" "CARGO_HOME=/opt/rustwide/cargo-home" "-e" "RUSTUP_HOME=/opt/rustwide/rustup-home" "-e" "CARGO_TARGET_DIR=/opt/rustwide/target" "-e" "CARGO_INCREMENTAL=0" "-e" "RUST_BACKTRACE=full" "-e" "RUSTFLAGS=--cap-lints=warn" "-e" "RUSTDOCFLAGS=--cap-lints=warn" "-w" "/opt/rustwide/workdir" "--user" "0:0" "9d14473aec8e95da27041b8d0becce2cc954fadb211f4fdce88282cac5f6baec" "/opt/rustwide/cargo-home/bin/cargo" "+1.99.0-beta.8" "test" "--frozen" "--no-run" "--message-format=json" "--release", kill_on_drop: false }`
[INFO] [stderr]    Compiling serde_core v1.0.229
[INFO] [stderr]    Compiling target-tuple v1.0.2
[INFO] [stderr]    Compiling serde v1.0.229
[INFO] [stderr]    Compiling winnow v1.0.4
[INFO] [stderr]    Compiling proc-macro2 v1.0.107
[INFO] [stderr]    Compiling toml_writer v1.1.2+spec-1.1.0
[INFO] [stderr]    Compiling unicode-ident v1.0.26
[INFO] [stderr]    Compiling once_cell v1.21.4
[INFO] [stderr]    Compiling quote v1.0.47
[INFO] [stderr]    Compiling dissimilar v1.0.11
[INFO] [stderr]    Compiling termcolor v1.4.1
[INFO] [stderr]    Compiling serde_derive v1.0.229
[INFO] [stderr]    Compiling sycamore-router-macro v0.9.4 (/opt/rustwide/workdir)
[INFO] [stderr]    Compiling glob v0.3.4
[INFO] [stderr]    Compiling expect-test v1.5.1
[INFO] [stderr]    Compiling toml_parser v1.1.3+spec-1.1.0
[INFO] [stderr]    Compiling syn v3.0.6
[INFO] [stderr]    Compiling toml_datetime v1.1.1+spec-1.1.0
[INFO] [stderr]    Compiling serde_spanned v1.1.1
[INFO] [stderr]    Compiling serde_json v1.0.151
[INFO] [stderr]    Compiling toml v1.1.6+spec-1.1.0
[INFO] [stderr]    Compiling trybuild v1.0.121
[INFO] [stderr]     Finished `release` profile [optimized] target(s) in 35.17s
[INFO] running `Command { std: "docker" "inspect" "9d14473aec8e95da27041b8d0becce2cc954fadb211f4fdce88282cac5f6baec", kill_on_drop: false }`
[INFO] running `Command { std: "docker" "exec" "-e" "SOURCE_DIR=/opt/rustwide/workdir" "-e" "CARGO_HOME=/opt/rustwide/cargo-home" "-e" "RUSTUP_HOME=/opt/rustwide/rustup-home" "-e" "CARGO_TARGET_DIR=/opt/rustwide/target" "-e" "CARGO_INCREMENTAL=0" "-e" "RUST_BACKTRACE=full" "-e" "RUSTFLAGS=--cap-lints=warn" "-e" "RUSTDOCFLAGS=--cap-lints=warn" "-w" "/opt/rustwide/workdir" "--user" "0:0" "9d14473aec8e95da27041b8d0becce2cc954fadb211f4fdce88282cac5f6baec" "/opt/rustwide/cargo-home/bin/cargo" "+1.99.0-beta.8" "test" "--frozen" "--release", kill_on_drop: false }`
[INFO] [stderr]     Finished `release` profile [optimized] target(s) in 0.06s
[INFO] [stderr]      Running unittests src/lib.rs (/opt/rustwide/target/release/deps/sycamore_router_macro-7e13348d2a48d7f1)
[INFO] [stdout] 
[INFO] [stdout] running 9 tests
[INFO] [stderr]      Running tests/ui.rs (/opt/rustwide/target/release/deps/ui-955d564ef56c22d5)
[INFO] [stdout] test parser::tests::dyn_param_before_dyn_segment ... ok
[INFO] [stdout] test parser::tests::dyn_param ... ok
[INFO] [stdout] test parser::tests::route_with_trailing_slash ... ok
[INFO] [stdout] test parser::tests::unnamed_dyn_param ... ok
[INFO] [stdout] test parser::tests::route_with_no_leading_slash ... ok
[INFO] [stdout] test parser::tests::index_route ... ok
[INFO] [stdout] test parser::tests::dyn_segments ... ok
[INFO] [stdout] test parser::tests::static_route ... ok
[INFO] [stdout] test parser::tests::route_with_no_slash ... ok
[INFO] [stdout] 
[INFO] [stdout] test result: ok. 9 passed; 0 failed; 0 ignored; 0 measured; 0 filtered out; finished in 0.01s
[INFO] [stdout] 
[INFO] [stdout] 
[INFO] [stdout] running 1 test
[INFO] [stderr]    Compiling proc-macro2 v1.0.107
[INFO] [stderr]    Compiling quote v1.0.47
[INFO] [stderr]    Compiling unicode-ident v1.0.26
[INFO] [stderr]    Compiling once_cell v1.21.4
[INFO] [stderr]    Compiling dissimilar v1.0.11
[INFO] [stderr]    Compiling expect-test v1.5.1
[INFO] [stderr]    Compiling syn v3.0.6
[INFO] [stderr]    Compiling sycamore-router-macro v0.9.4 (/opt/rustwide/workdir)
[INFO] [stderr]    Compiling sycamore-router-macro-tests v0.0.0 (/opt/rustwide/target/tests/trybuild/sycamore-router-macro)
[INFO] [stderr]     Finished `dev` profile [unoptimized + debuginfo] target(s) in 6.99s
[INFO] [stderr] 
[INFO] [stderr] 
[INFO] [stdout] test ui ... FAILED
[INFO] [stderr] test tests/router/router-pass.rs ... error
[INFO] [stdout] 
[INFO] [stderr] ┈┈┈┈┈┈┈┈┈┈┈┈┈┈┈┈┈┈┈┈┈┈┈┈┈┈┈┈┈┈┈┈┈┈┈┈┈┈┈┈┈┈┈┈┈┈┈┈┈┈┈┈┈┈┈┈┈┈┈┈
[INFO] [stdout] failures:
[INFO] [stderr] error[E0432]: unresolved import `sycamore_router`
[INFO] [stdout] 
[INFO] [stderr]  --> tests/router/router-pass.rs:1:5
[INFO] [stdout] ---- ui stdout ----
[INFO] [stderr]   |
[INFO] [stdout] 
[INFO] [stderr] 1 | use sycamore_router::Route;
[INFO] [stdout] thread 'ui' (813) panicked at /opt/rustwide/cargo-home/registry/src/index.crates.io-1949cf8c6b5b557f/trybuild-1.0.121/src/run.rs:103:13:
[INFO] [stderr]   |     ^^^^^^^^^^^^^^^ use of unresolved module or unlinked crate `sycamore_router`
[INFO] [stdout] 1 of 1 tests failed
[INFO] [stderr]   |
[INFO] [stdout] stack backtrace:
[INFO] [stderr]   = help: if you wanted to use a crate named `sycamore_router`, use `cargo add sycamore_router` to add it to your `Cargo.toml`
[INFO] [stdout]    0:     0x583c50c1df71 - <<std[70759c8f55707aa4]::sys::backtrace::BacktraceLock>::print::DisplayBacktrace as core[df12db4294e9bfd3]::fmt::Display>::fmt
[INFO] [stderr] 
[INFO] [stdout]    1:     0x583c50c345fa - core[df12db4294e9bfd3]::fmt::write
[INFO] [stderr] error: cannot find attribute `to` in this scope
[INFO] [stdout]    2:     0x583c50c22a3c - <alloc[2182bb758b4b3781]::vec::Vec<u8> as core[df12db4294e9bfd3]::io::write::Write>::write_fmt
[INFO] [stderr]   --> tests/router/router-pass.rs:31:7
[INFO] [stdout]    3:     0x583c50bf7456 - std[70759c8f55707aa4]::panicking::default_hook::{closure#0}
[INFO] [stderr]    |
[INFO] [stdout]    4:     0x583c50c155e9 - std[70759c8f55707aa4]::panicking::default_hook
[INFO] [stderr] 31 |     #[to("/hello/<name>/<age>")]
[INFO] [stdout]    5:     0x583c50bae8c0 - test[9d35eded1c95d3be]::test_main_inner::<test[9d35eded1c95d3be]::test_main_static::{closure#0}>::{closure#0}
[INFO] [stderr]    |       ^^
[INFO] [stdout]    6:     0x583c50c157a2 - std[70759c8f55707aa4]::panicking::panic_with_hook
[INFO] [stderr]    |
[INFO] [stdout]    7:     0x583c50bf7502 - std[70759c8f55707aa4]::panicking::panic_handler::{closure#0}
[INFO] [stderr] help: `to` is an attribute that can be used by the derive macro `Route`, you might be missing a `derive` attribute
[INFO] [stdout]    8:     0x583c50befdc9 - std[70759c8f55707aa4]::sys::backtrace::__rust_end_short_backtrace::<std[70759c8f55707aa4]::panicking::panic_handler::{closure#0}, !>
[INFO] [stderr]    |
[INFO] [stdout]    9:     0x583c50bf80fd - __rustc[8fa7c3cbc660c2b3]::rust_begin_unwind
[INFO] [stderr] 30 + #[derive(Route)]
[INFO] [stdout]   10:     0x583c50c34d6c - core[df12db4294e9bfd3]::panicking::panic_fmt
[INFO] [stderr] 31 | enum Routes4 {
[INFO] [stdout]   11:     0x583c50b03218 - <trybuild[afd3e8446ee04257]::Runner>::run
[INFO] [stderr]    |
[INFO] [stdout]   12:     0x583c50b06600 - <trybuild[afd3e8446ee04257]::TestCases as core[df12db4294e9bfd3]::ops::drop::Drop>::drop
[INFO] [stderr] 
[INFO] [stdout]   13:     0x583c50afcbf2 - <ui[aee712f588a66a14]::ui::{closure#0} as core[df12db4294e9bfd3]::ops::function::FnOnce<()>>::call_once
[INFO] [stderr] error: cannot find attribute `to` in this scope
[INFO] [stdout]   14:     0x583c50ba1bab - test[9d35eded1c95d3be]::__rust_begin_short_backtrace::<core[df12db4294e9bfd3]::result::Result<(), alloc[2182bb758b4b3781]::string::String>, fn() -> core[df12db4294e9bfd3]::result::Result<(), alloc[2182bb758b4b3781]::string::String>>
[INFO] [stderr]   --> tests/router/router-pass.rs:33:7
[INFO] [stdout]   15:     0x583c50baf215 - test[9d35eded1c95d3be]::run_test::{closure#0}
[INFO] [stderr]    |
[INFO] [stdout]   16:     0x583c50ba8ad4 - std[70759c8f55707aa4]::sys::backtrace::__rust_begin_short_backtrace::<test[9d35eded1c95d3be]::run_test::{closure#1}, ()>
[INFO] [stderr] 33 |     #[to("/account/<id>")]
[INFO] [stdout]   17:     0x583c50bb2372 - <std[70759c8f55707aa4]::thread::lifecycle::spawn_unchecked<test[9d35eded1c95d3be]::run_test::{closure#1}, ()>::{closure#1} as core[df12db4294e9bfd3]::ops::function::FnOnce<()>>::call_once::{shim:vtable#0}
[INFO] [stderr]    |       ^^
[INFO] [stdout]   18:     0x583c50c1d229 - <std[70759c8f55707aa4]::sys::thread::unix::Thread>::new::thread_start
[INFO] [stderr]    |
[INFO] [stdout]   19:     0x78dca2fc1dfa - <unknown>
[INFO] [stderr] help: `to` is an attribute that can be used by the derive macro `Route`, you might be missing a `derive` attribute
[INFO] [stdout]   20:     0x78dca30553d4 - clone
[INFO] [stderr]    |
[INFO] [stdout]   21:                0x0 - <unknown>
[INFO] [stderr] 30 + #[derive(Route)]
[INFO] [stdout] 
[INFO] [stderr] 31 | enum Routes4 {
[INFO] [stdout] 
[INFO] [stderr]    |
[INFO] [stdout] failures:
[INFO] [stderr] 
[INFO] [stdout]     ui
[INFO] [stderr] error: cannot find attribute `not_found` in this scope
[INFO] [stdout] 
[INFO] [stderr]   --> tests/router/router-pass.rs:35:7
[INFO] [stdout] test result: FAILED. 0 passed; 1 failed; 0 ignored; 0 measured; 0 filtered out; finished in 11.04s
[INFO] [stderr]    |
[INFO] [stdout] 
[INFO] [stderr] 35 |     #[not_found]
[INFO] [stderr]    |       ^^^^^^^^^
[INFO] [stderr]    |
[INFO] [stderr] help: `not_found` is an attribute that can be used by the derive macro `Route`, you might be missing a `derive` attribute
[INFO] [stderr]    |
[INFO] [stderr] 30 + #[derive(Route)]
[INFO] [stderr] 31 | enum Routes4 {
[INFO] [stderr]    |
[INFO] [stderr] 
[INFO] [stderr] error: cannot find attribute `to` in this scope
[INFO] [stderr]   --> tests/router/router-pass.rs:21:7
[INFO] [stderr]    |
[INFO] [stderr] 21 |     #[to("/hello/<name>/<age>")]
[INFO] [stderr]    |       ^^
[INFO] [stderr]    |
[INFO] [stderr] help: `to` is an attribute that can be used by the derive macro `Route`, you might be missing a `derive` attribute
[INFO] [stderr]    |
[INFO] [stderr] 20 + #[derive(Route)]
[INFO] [stderr] 21 | enum Routes3 {
[INFO] [stderr]    |
[INFO] [stderr] 
[INFO] [stderr] error: cannot find attribute `to` in this scope
[INFO] [stderr]   --> tests/router/router-pass.rs:23:7
[INFO] [stderr]    |
[INFO] [stderr] 23 |     #[to("/account/<id>")]
[INFO] [stderr]    |       ^^
[INFO] [stderr]    |
[INFO] [stderr] help: `to` is an attribute that can be used by the derive macro `Route`, you might be missing a `derive` attribute
[INFO] [stderr]    |
[INFO] [stderr] 20 + #[derive(Route)]
[INFO] [stderr] 21 | enum Routes3 {
[INFO] [stderr]    |
[INFO] [stderr] 
[INFO] [stderr] error: cannot find attribute `not_found` in this scope
[INFO] [stderr]   --> tests/router/router-pass.rs:25:7
[INFO] [stderr]    |
[INFO] [stderr] 25 |     #[not_found]
[INFO] [stderr]    |       ^^^^^^^^^
[INFO] [stderr]    |
[INFO] [stderr] help: `not_found` is an attribute that can be used by the derive macro `Route`, you might be missing a `derive` attribute
[INFO] [stderr]    |
[INFO] [stderr] 20 + #[derive(Route)]
[INFO] [stderr] 21 | enum Routes3 {
[INFO] [stderr]    |
[INFO] [stderr] 
[INFO] [stderr] error: cannot find attribute `to` in this scope
[INFO] [stderr]   --> tests/router/router-pass.rs:11:7
[INFO] [stderr]    |
[INFO] [stderr] 11 |     #[to("/")]
[INFO] [stderr]    |       ^^
[INFO] [stderr]    |
[INFO] [stderr] help: `to` is an attribute that can be used by the derive macro `Route`, you might be missing a `derive` attribute
[INFO] [stderr]    |
[INFO] [stderr] 10 + #[derive(Route)]
[INFO] [stderr] 11 | enum Routes2 {
[INFO] [stderr]    |
[INFO] [stderr] 
[INFO] [stderr] error: cannot find attribute `to` in this scope
[INFO] [stderr]   --> tests/router/router-pass.rs:13:7
[INFO] [stderr]    |
[INFO] [stderr] 13 |     #[to("/about")]
[INFO] [stderr]    |       ^^
[INFO] [stderr]    |
[INFO] [stderr] help: `to` is an attribute that can be used by the derive macro `Route`, you might be missing a `derive` attribute
[INFO] [stderr]    |
[INFO] [stderr] 10 + #[derive(Route)]
[INFO] [stderr] 11 | enum Routes2 {
[INFO] [stderr]    |
[INFO] [stderr] 
[INFO] [stderr] error: cannot find attribute `not_found` in this scope
[INFO] [stderr]   --> tests/router/router-pass.rs:15:7
[INFO] [stderr]    |
[INFO] [stderr] 15 |     #[not_found]
[INFO] [stderr]    |       ^^^^^^^^^
[INFO] [stderr]    |
[INFO] [stderr] help: `not_found` is an attribute that can be used by the derive macro `Route`, you might be missing a `derive` attribute
[INFO] [stderr]    |
[INFO] [stderr] 10 + #[derive(Route)]
[INFO] [stderr] 11 | enum Routes2 {
[INFO] [stderr]    |
[INFO] [stderr] 
[INFO] [stderr] error: cannot find attribute `not_found` in this scope
[INFO] [stderr]  --> tests/router/router-pass.rs:5:7
[INFO] [stderr]   |
[INFO] [stderr] 5 |     #[not_found]
[INFO] [stderr]   |       ^^^^^^^^^
[INFO] [stderr]   |
[INFO] [stderr] help: `not_found` is an attribute that can be used by the derive macro `Route`, you might be missing a `derive` attribute
[INFO] [stderr]   |
[INFO] [stderr] 4 + #[derive(Route)]
[INFO] [stderr] 5 | enum Routes1 {
[INFO] [stderr]   |
[INFO] [stderr] ┈┈┈┈┈┈┈┈┈┈┈┈┈┈┈┈┈┈┈┈┈┈┈┈┈┈┈┈┈┈┈┈┈┈┈┈┈┈┈┈┈┈┈┈┈┈┈┈┈┈┈┈┈┈┈┈┈┈┈┈
[INFO] [stderr] 
[INFO] [stderr] 
[INFO] [stderr] 
[INFO] [stderr] error: test failed, to rerun pass `--test ui`
[INFO] running `Command { std: "docker" "inspect" "9d14473aec8e95da27041b8d0becce2cc954fadb211f4fdce88282cac5f6baec", kill_on_drop: false }`
[INFO] running `Command { std: "docker" "rm" "-f" "9d14473aec8e95da27041b8d0becce2cc954fadb211f4fdce88282cac5f6baec", kill_on_drop: false }`
[INFO] [stdout] 9d14473aec8e95da27041b8d0becce2cc954fadb211f4fdce88282cac5f6baec
