[INFO] fetching crate sycamore-macro 0.9.4...
[INFO] testing sycamore-macro-0.9.4 against 1.99.0-beta.8+cargoflags=--release for beta-release-1.100-2
[INFO] extracting crate sycamore-macro 0.9.4 into /workspace/builds/worker-7-tc1/source
[INFO] started tweaking crates.io crate sycamore-macro 0.9.4
[INFO] removed 0 missing tests
[INFO] finished tweaking crates.io crate sycamore-macro 0.9.4
[INFO] tweaked toml for crates.io crate sycamore-macro 0.9.4 written to /workspace/builds/worker-7-tc1/source/Cargo.toml
[INFO] validating manifest of crates.io crate sycamore-macro 0.9.4 on toolchain 1.99.0-beta.8
[INFO] running `Command { std: CARGO_HOME="/workspace/cargo-home" RUSTUP_HOME="/workspace/rustup-home" "/workspace/cargo-home/bin/cargo" "+1.99.0-beta.8" "metadata" "--manifest-path" "Cargo.toml" "--no-deps", kill_on_drop: false }`
[INFO] crate crates.io crate sycamore-macro 0.9.4 already has a lockfile, it will not be regenerated
[INFO] running `Command { std: CARGO_HOME="/workspace/cargo-home" RUSTUP_HOME="/workspace/rustup-home" "/workspace/cargo-home/bin/cargo" "+1.99.0-beta.8" "fetch" "--manifest-path" "Cargo.toml", kill_on_drop: false }`
[INFO] [stderr]     Blocking waiting for file lock on package cache
[INFO] [stderr]     Updating crates.io index
[INFO] [stderr]     Blocking waiting for file lock on package cache
[INFO] [stderr]  Downloading crates ...
[INFO] [stderr]   Downloaded toml v1.1.6+spec-1.1.0
[INFO] [stderr]   Downloaded target-tuple v1.0.2
[INFO] [stderr]   Downloaded sycamore-view-parser v0.9.4
[INFO] [stderr]   Downloaded trybuild v1.0.121
[INFO] running `Command { std: "docker" "create" "-v" "/var/lib/crater-agent-workspace/builds/worker-7-tc1/source:/opt/rustwide/workdir:ro,Z" "-v" "/var/lib/crater-agent-workspace/builds/worker-7-tc1/target:/opt/rustwide/target:rw,Z" "-v" "/var/lib/crater-agent-workspace/cargo-home:/opt/rustwide/cargo-home:ro,Z" "-v" "/var/lib/crater-agent-workspace/rustup-home:/opt/rustwide/rustup-home:ro,Z" "-m" "1610612736" "--network" "none" "ghcr.io/rust-lang/crates-build-env/linux@sha256:77db811e55d90add9212f6832c23229e3de5f1c1f9905e8cb07319ea15df73ac" "sleep" "infinity", kill_on_drop: false }`
[INFO] [stdout] fac13cdd810f1dfc1c40f4814003b9532da40b4a862fcb714d202ab015203cd2
[INFO] running `Command { std: "docker" "start" "fac13cdd810f1dfc1c40f4814003b9532da40b4a862fcb714d202ab015203cd2", kill_on_drop: false }`
[INFO] running `Command { std: "docker" "inspect" "fac13cdd810f1dfc1c40f4814003b9532da40b4a862fcb714d202ab015203cd2", kill_on_drop: false }`
[INFO] running `Command { std: "docker" "exec" "-e" "SOURCE_DIR=/opt/rustwide/workdir" "-e" "CARGO_HOME=/opt/rustwide/cargo-home" "-e" "RUSTUP_HOME=/opt/rustwide/rustup-home" "-e" "CARGO_TARGET_DIR=/opt/rustwide/target" "-w" "/opt/rustwide/workdir" "--user" "0:0" "fac13cdd810f1dfc1c40f4814003b9532da40b4a862fcb714d202ab015203cd2" "/opt/rustwide/cargo-home/bin/cargo" "+1.99.0-beta.8" "metadata" "--no-deps" "--format-version=1", kill_on_drop: false }`
[INFO] running `Command { std: "docker" "inspect" "fac13cdd810f1dfc1c40f4814003b9532da40b4a862fcb714d202ab015203cd2", kill_on_drop: false }`
[INFO] running `Command { std: "docker" "exec" "-e" "SOURCE_DIR=/opt/rustwide/workdir" "-e" "CARGO_HOME=/opt/rustwide/cargo-home" "-e" "RUSTUP_HOME=/opt/rustwide/rustup-home" "-e" "CARGO_TARGET_DIR=/opt/rustwide/target" "-e" "CARGO_INCREMENTAL=0" "-e" "RUST_BACKTRACE=full" "-e" "RUSTFLAGS=--cap-lints=warn" "-e" "RUSTDOCFLAGS=--cap-lints=warn" "-w" "/opt/rustwide/workdir" "--user" "0:0" "fac13cdd810f1dfc1c40f4814003b9532da40b4a862fcb714d202ab015203cd2" "/opt/rustwide/cargo-home/bin/cargo" "+1.99.0-beta.8" "build" "--frozen" "--message-format=json" "--release", kill_on_drop: false }`
[INFO] [stderr]    Compiling unicode-ident v1.0.26
[INFO] [stderr]    Compiling proc-macro2 v1.0.107
[INFO] [stderr]    Compiling quote v1.0.47
[INFO] [stderr]    Compiling syn v3.0.6
[INFO] [stderr]    Compiling sycamore-view-parser v0.9.4
[INFO] [stderr]    Compiling sycamore-macro v0.9.4 (/opt/rustwide/workdir)
[INFO] [stderr]     Finished `release` profile [optimized] target(s) in 20.75s
[INFO] running `Command { std: "docker" "inspect" "fac13cdd810f1dfc1c40f4814003b9532da40b4a862fcb714d202ab015203cd2", kill_on_drop: false }`
[INFO] running `Command { std: "docker" "exec" "-e" "SOURCE_DIR=/opt/rustwide/workdir" "-e" "CARGO_HOME=/opt/rustwide/cargo-home" "-e" "RUSTUP_HOME=/opt/rustwide/rustup-home" "-e" "CARGO_TARGET_DIR=/opt/rustwide/target" "-e" "CARGO_INCREMENTAL=0" "-e" "RUST_BACKTRACE=full" "-e" "RUSTFLAGS=--cap-lints=warn" "-e" "RUSTDOCFLAGS=--cap-lints=warn" "-w" "/opt/rustwide/workdir" "--user" "0:0" "fac13cdd810f1dfc1c40f4814003b9532da40b4a862fcb714d202ab015203cd2" "/opt/rustwide/cargo-home/bin/cargo" "+1.99.0-beta.8" "test" "--frozen" "--no-run" "--message-format=json" "--release", kill_on_drop: false }`
[INFO] [stderr]    Compiling target-tuple v1.0.2
[INFO] [stderr]    Compiling serde v1.0.229
[INFO] [stderr]    Compiling proc-macro2 v1.0.107
[INFO] [stderr]    Compiling winnow v1.0.4
[INFO] [stderr]    Compiling serde_derive v1.0.229
[INFO] [stderr]    Compiling unicode-ident v1.0.26
[INFO] [stderr]    Compiling toml_datetime v1.1.1+spec-1.1.0
[INFO] [stderr]    Compiling serde_spanned v1.1.1
[INFO] [stderr]    Compiling serde_json v1.0.151
[INFO] [stderr]    Compiling zmij v1.0.23
[INFO] [stderr]    Compiling quote v1.0.47
[INFO] [stderr]    Compiling toml_writer v1.1.2+spec-1.1.0
[INFO] [stderr]    Compiling itoa v1.0.18
[INFO] [stderr]    Compiling toml_parser v1.1.3+spec-1.1.0
[INFO] [stderr]    Compiling memchr v2.8.3
[INFO] [stderr]    Compiling glob v0.3.4
[INFO] [stderr]    Compiling toml v1.1.6+spec-1.1.0
[INFO] [stderr]    Compiling termcolor v1.4.1
[INFO] [stderr]    Compiling syn v3.0.6
[INFO] [stderr]    Compiling sycamore-macro v0.9.4 (/opt/rustwide/workdir)
[INFO] [stderr]    Compiling trybuild v1.0.121
[INFO] [stderr]    Compiling sycamore-view-parser v0.9.4
[INFO] [stderr]     Finished `release` profile [optimized] target(s) in 1m 28s
[INFO] running `Command { std: "docker" "inspect" "fac13cdd810f1dfc1c40f4814003b9532da40b4a862fcb714d202ab015203cd2", kill_on_drop: false }`
[INFO] running `Command { std: "docker" "exec" "-e" "SOURCE_DIR=/opt/rustwide/workdir" "-e" "CARGO_HOME=/opt/rustwide/cargo-home" "-e" "RUSTUP_HOME=/opt/rustwide/rustup-home" "-e" "CARGO_TARGET_DIR=/opt/rustwide/target" "-e" "CARGO_INCREMENTAL=0" "-e" "RUST_BACKTRACE=full" "-e" "RUSTFLAGS=--cap-lints=warn" "-e" "RUSTDOCFLAGS=--cap-lints=warn" "-w" "/opt/rustwide/workdir" "--user" "0:0" "fac13cdd810f1dfc1c40f4814003b9532da40b4a862fcb714d202ab015203cd2" "/opt/rustwide/cargo-home/bin/cargo" "+1.99.0-beta.8" "test" "--frozen" "--release", kill_on_drop: false }`
[INFO] [stderr]     Finished `release` profile [optimized] target(s) in 0.05s
[INFO] [stderr]      Running unittests src/lib.rs (/opt/rustwide/target/release/deps/sycamore_macro-ed0257b8ca1c4f5d)
[INFO] [stdout] 
[INFO] [stdout] running 0 tests
[INFO] [stdout] 
[INFO] [stdout] test result: ok. 0 passed; 0 failed; 0 ignored; 0 measured; 0 filtered out; finished in 0.00s
[INFO] [stdout] 
[INFO] [stderr]      Running tests/ui.rs (/opt/rustwide/target/release/deps/ui-7219d31a03022aa6)
[INFO] [stdout] 
[INFO] [stdout] running 2 tests
[INFO] [stderr]    Compiling proc-macro2 v1.0.107
[INFO] [stderr]    Compiling quote v1.0.47
[INFO] [stderr]    Compiling unicode-ident v1.0.26
[INFO] [stderr]    Compiling syn v3.0.6
[INFO] [stderr]    Compiling sycamore-view-parser v0.9.4
[INFO] [stderr]    Compiling sycamore-macro v0.9.4 (/opt/rustwide/workdir)
[INFO] [stderr]    Compiling sycamore-macro-tests v0.0.0 (/opt/rustwide/target/tests/trybuild/sycamore-macro)
[INFO] [stderr]     Finished `dev` profile [unoptimized + debuginfo] target(s) in 18.91s
[INFO] [stderr] 
[INFO] [stderr] 
[INFO] [stderr] test tests/component/component-pass.rs ... error
[INFO] [stderr] ┈┈┈┈┈┈┈┈┈┈┈┈┈┈┈┈┈┈┈┈┈┈┈┈┈┈┈┈┈┈┈┈┈┈┈┈┈┈┈┈┈┈┈┈┈┈┈┈┈┈┈┈┈┈┈┈┈┈┈┈
[INFO] [stderr] error[E0433]: cannot find `sycamore` in the list of imported crates
[INFO] [stderr]  --> tests/component/component-pass.rs:2:7
[INFO] [stderr]   |
[INFO] [stderr] 2 | use ::sycamore::prelude::{View, component};
[INFO] [stderr]   |       ^^^^^^^^ could not find `sycamore` in the list of imported crates
[INFO] [stderr] ┈┈┈┈┈┈┈┈┈┈┈┈┈┈┈┈┈┈┈┈┈┈┈┈┈┈┈┈┈┈┈┈┈┈┈┈┈┈┈┈┈┈┈┈┈┈┈┈┈┈┈┈┈┈┈┈┈┈┈┈
[INFO] [stderr] 
[INFO] [stderr] test tests/component/inline-props-pass.rs ... error
[INFO] [stderr] ┈┈┈┈┈┈┈┈┈┈┈┈┈┈┈┈┈┈┈┈┈┈┈┈┈┈┈┈┈┈┈┈┈┈┈┈┈┈┈┈┈┈┈┈┈┈┈┈┈┈┈┈┈┈┈┈┈┈┈┈
[INFO] [stderr] error[E0433]: cannot find module or crate `sycamore` in this scope
[INFO] [stderr]  --> tests/component/inline-props-pass.rs:3:5
[INFO] [stderr]   |
[INFO] [stderr] 3 | use sycamore::prelude::{Props, Signal, View, component, view};
[INFO] [stderr]   |     ^^^^^^^^ use of unresolved module or unlinked crate `sycamore`
[INFO] [stderr]   |
[INFO] [stderr]   = help: if you wanted to use a crate named `sycamore`, use `cargo add sycamore` to add it to your `Cargo.toml`
[INFO] [stderr] 
[INFO] [stderr] error: cannot find attribute `prop` in this scope
[INFO] [stderr]   --> tests/component/inline-props-pass.rs:98:26
[INFO] [stderr]    |
[INFO] [stderr] 98 | fn PropsWithAttributes(#[prop(default)] dummy: String) -> View {
[INFO] [stderr]    |                          ^^^^
[INFO] [stderr] 
[INFO] [stderr] error[E0433]: cannot find type `AdditionalStructAttributes_Props` in this scope
[INFO] [stderr]   --> tests/component/inline-props-pass.rs:88:17
[INFO] [stderr]    |
[INFO] [stderr] 88 |     let props = AdditionalStructAttributes_Props::builder()
[INFO] [stderr]    |                 ^^^^^^^^^^^^^^^^^^^^^^^^^^^^^^^^ use of undeclared type `AdditionalStructAttributes_Props`
[INFO] [stderr] ┈┈┈┈┈┈┈┈┈┈┈┈┈┈┈┈┈┈┈┈┈┈┈┈┈┈┈┈┈┈┈┈┈┈┈┈┈┈┈┈┈┈┈┈┈┈┈┈┈┈┈┈┈┈┈┈┈┈┈┈
[INFO] [stderr] 
[INFO] [stderr] 
[INFO] [stderr] 
[INFO] [stdout] test component_ui ... FAILED
[INFO] [stderr]    Compiling sycamore-macro-tests v0.0.0 (/opt/rustwide/target/tests/trybuild/sycamore-macro)
[INFO] [stderr]     Finished `dev` profile [unoptimized + debuginfo] target(s) in 0.22s
[INFO] [stderr] 
[INFO] [stderr] 
[INFO] [stderr] test tests/view/component-pass.rs ... error
[INFO] [stderr] ┈┈┈┈┈┈┈┈┈┈┈┈┈┈┈┈┈┈┈┈┈┈┈┈┈┈┈┈┈┈┈┈┈┈┈┈┈┈┈┈┈┈┈┈┈┈┈┈┈┈┈┈┈┈┈┈┈┈┈┈
[INFO] [stderr] error[E0433]: cannot find module or crate `sycamore` in this scope
[INFO] [stderr]  --> tests/view/component-pass.rs:1:5
[INFO] [stderr]   |
[INFO] [stderr] 1 | use sycamore::prelude::*;
[INFO] [stderr]   |     ^^^^^^^^ use of unresolved module or unlinked crate `sycamore`
[INFO] [stderr]   |
[INFO] [stderr]   = help: if you wanted to use a crate named `sycamore`, use `cargo add sycamore` to add it to your `Cargo.toml`
[INFO] [stderr] 
[INFO] [stderr] error: cannot find macro `view` in this scope
[INFO] [stderr]    --> tests/view/component-pass.rs:187:23
[INFO] [stderr]     |
[INFO] [stderr] 187 |         let _: View = view! {
[INFO] [stderr]     |                       ^^^^
[INFO] [stderr] 
[INFO] [stderr] error: cannot find macro `view` in this scope
[INFO] [stderr]    --> tests/view/component-pass.rs:183:23
[INFO] [stderr]     |
[INFO] [stderr] 183 |         let _: View = view! {
[INFO] [stderr]     |                       ^^^^
[INFO] [stderr] 
[INFO] [stderr] error: cannot find macro `view` in this scope
[INFO] [stderr]    --> tests/view/component-pass.rs:179:23
[INFO] [stderr]     |
[INFO] [stderr] 179 |         let _: View = view! {
[INFO] [stderr]     |                       ^^^^
[INFO] [stderr] 
[INFO] [stderr] error: cannot find macro `view` in this scope
[INFO] [stderr]    --> tests/view/component-pass.rs:175:23
[INFO] [stderr]     |
[INFO] [stderr] 175 |         let _: View = view! {
[INFO] [stderr]     |                       ^^^^
[INFO] [stderr] 
[INFO] [stderr] error: cannot find macro `view` in this scope
[INFO] [stderr]    --> tests/view/component-pass.rs:171:23
[INFO] [stderr]     |
[INFO] [stderr] 171 |         let _: View = view! {
[INFO] [stderr]     |                       ^^^^
[INFO] [stderr] 
[INFO] [stderr] error: cannot find macro `view` in this scope
[INFO] [stderr]    --> tests/view/component-pass.rs:167:23
[INFO] [stderr]     |
[INFO] [stderr] 167 |         let _: View = view! {
[INFO] [stderr]     |                       ^^^^
[INFO] [stderr] 
[INFO] [stderr] error: cannot find macro `view` in this scope
[INFO] [stderr]    --> tests/view/component-pass.rs:163:23
[INFO] [stderr]     |
[INFO] [stderr] 163 |         let _: View = view! {
[INFO] [stderr]     |                       ^^^^
[INFO] [stderr] 
[INFO] [stderr] error: cannot find macro `view` in this scope
[INFO] [stderr]    --> tests/view/component-pass.rs:159:23
[INFO] [stderr]     |
[INFO] [stderr] 159 |         let _: View = view! {
[INFO] [stderr]     |                       ^^^^
[INFO] [stderr] 
[INFO] [stderr] error: cannot find macro `view` in this scope
[INFO] [stderr]    --> tests/view/component-pass.rs:156:23
[INFO] [stderr]     |
[INFO] [stderr] 156 |         let _: View = view! {
[INFO] [stderr]     |                       ^^^^
[INFO] [stderr] 
[INFO] [stderr] error: cannot find macro `view` in this scope
[INFO] [stderr]    --> tests/view/component-pass.rs:153:23
[INFO] [stderr]     |
[INFO] [stderr] 153 |         let _: View = view! {
[INFO] [stderr]     |                       ^^^^
[INFO] [stderr] 
[INFO] [stderr] error: cannot find macro `view` in this scope
[INFO] [stderr]    --> tests/view/component-pass.rs:150:23
[INFO] [stderr]     |
[INFO] [stderr] 150 |         let _: View = view! {
[INFO] [stderr]     |                       ^^^^
[INFO] [stderr] 
[INFO] [stderr] error: cannot find macro `view` in this scope
[INFO] [stderr]    --> tests/view/component-pass.rs:147:23
[INFO] [stderr]     |
[INFO] [stderr] 147 |         let _: View = view! {
[INFO] [stderr]     |                       ^^^^
[INFO] [stderr] 
[INFO] [stderr] error: cannot find macro `view` in this scope
[INFO] [stderr]    --> tests/view/component-pass.rs:141:23
[INFO] [stderr]     |
[INFO] [stderr] 141 |         let _: View = view! {
[INFO] [stderr]     |                       ^^^^
[INFO] [stderr] 
[INFO] [stderr] error: cannot find macro `view` in this scope
[INFO] [stderr]    --> tests/view/component-pass.rs:138:23
[INFO] [stderr]     |
[INFO] [stderr] 138 |         let _: View = view! {
[INFO] [stderr]     |                       ^^^^
[INFO] [stderr] 
[INFO] [stderr] error: cannot find macro `view` in this scope
[INFO] [stderr]    --> tests/view/component-pass.rs:135:23
[INFO] [stderr]     |
[INFO] [stderr] 135 |         let _: View = view! {
[INFO] [stderr]     |                       ^^^^
[INFO] [stderr] 
[INFO] [stderr] error: cannot find macro `view` in this scope
[INFO] [stderr]    --> tests/view/component-pass.rs:131:23
[INFO] [stderr]     |
[INFO] [stderr] 131 |         let _: View = view! {
[INFO] [stderr]     |                       ^^^^
[INFO] [stderr] 
[INFO] [stderr] error: cannot find macro `view` in this scope
[INFO] [stderr]    --> tests/view/component-pass.rs:128:23
[INFO] [stderr]     |
[INFO] [stderr] 128 |         let _: View = view! {
[INFO] [stderr]     |                       ^^^^
[INFO] [stderr] 
[INFO] [stderr] error: cannot find macro `view` in this scope
[INFO] [stderr]    --> tests/view/component-pass.rs:125:23
[INFO] [stderr]     |
[INFO] [stderr] 125 |         let _: View = view! {
[INFO] [stderr]     |                       ^^^^
[INFO] [stderr] 
[INFO] [stderr] error: cannot find macro `view` in this scope
[INFO] [stderr]    --> tests/view/component-pass.rs:122:23
[INFO] [stderr]     |
[INFO] [stderr] 122 |         let _: View = view! {
[INFO] [stderr]     |                       ^^^^
[INFO] [stderr] 
[INFO] [stderr] error: cannot find macro `view` in this scope
[INFO] [stderr]    --> tests/view/component-pass.rs:119:23
[INFO] [stderr]     |
[INFO] [stderr] 119 |         let _: View = view! {
[INFO] [stderr]     |                       ^^^^
[INFO] [stderr] 
[INFO] [stderr] error: cannot find macro `view` in this scope
[INFO] [stderr]    --> tests/view/component-pass.rs:115:23
[INFO] [stderr]     |
[INFO] [stderr] 115 |         let _: View = view! {
[INFO] [stderr]     |                       ^^^^
[INFO] [stderr] 
[INFO] [stderr] error: cannot find macro `view` in this scope
[INFO] [stderr]    --> tests/view/component-pass.rs:112:23
[INFO] [stderr]     |
[INFO] [stderr] 112 |         let _: View = view! {
[INFO] [stderr]     |                       ^^^^
[INFO] [stderr] 
[INFO] [stderr] error: cannot find macro `view` in this scope
[INFO] [stderr]    --> tests/view/component-pass.rs:109:23
[INFO] [stderr]     |
[INFO] [stderr] 109 |         let _: View = view! {
[INFO] [stderr]     |                       ^^^^
[INFO] [stderr] 
[INFO] [stderr] error: cannot find macro `view` in this scope
[INFO] [stderr]    --> tests/view/component-pass.rs:105:23
[INFO] [stderr]     |
[INFO] [stderr] 105 |         let _: View = view! {
[INFO] [stderr]     |                       ^^^^
[INFO] [stderr] 
[INFO] [stderr] error: cannot find macro `view` in this scope
[INFO] [stderr]    --> tests/view/component-pass.rs:100:23
[INFO] [stderr]     |
[INFO] [stderr] 100 |         let _: View = view! {
[INFO] [stderr]     |                       ^^^^
[INFO] [stderr] 
[INFO] [stderr] error: cannot find macro `view` in this scope
[INFO] [stderr]   --> tests/view/component-pass.rs:97:23
[INFO] [stderr]    |
[INFO] [stderr] 97 |         let _: View = view! {
[INFO] [stderr]    |                       ^^^^
[INFO] [stderr] 
[INFO] [stderr] error: cannot find attribute `component` in this scope
[INFO] [stderr]   --> tests/view/component-pass.rs:88:3
[INFO] [stderr]    |
[INFO] [stderr] 88 | #[component]
[INFO] [stderr]    |   ^^^^^^^^^
[INFO] [stderr] 
[INFO] [stderr] error: cannot find macro `view` in this scope
[INFO] [stderr]   --> tests/view/component-pass.rs:90:5
[INFO] [stderr]    |
[INFO] [stderr] 90 |     view! {
[INFO] [stderr]    |     ^^^^
[INFO] [stderr] 
[INFO] [stderr] error: cannot find derive macro `Props` in this scope
[INFO] [stderr]   --> tests/view/component-pass.rs:82:10
[INFO] [stderr]    |
[INFO] [stderr] 82 | #[derive(Props)]
[INFO] [stderr]    |          ^^^^^
[INFO] [stderr]    |
[INFO] [stderr]    = note: `Props` is in scope, but it is a struct, not a derive macro
[INFO] [stderr] 
[INFO] [stderr] error: cannot find attribute `prop` in this scope
[INFO] [stderr]   --> tests/view/component-pass.rs:84:7
[INFO] [stderr]    |
[INFO] [stderr] 84 |     #[prop(attributes(html, input))]
[INFO] [stderr]    |       ^^^^
[INFO] [stderr] 
[INFO] [stderr] error: cannot find attribute `component` in this scope
[INFO] [stderr]   --> tests/view/component-pass.rs:75:3
[INFO] [stderr]    |
[INFO] [stderr] 75 | #[component]
[INFO] [stderr]    |   ^^^^^^^^^
[INFO] [stderr] 
[INFO] [stderr] error: cannot find attribute `component` in this scope
[INFO] [stderr]   --> tests/view/component-pass.rs:63:3
[INFO] [stderr]    |
[INFO] [stderr] 63 | #[component]
[INFO] [stderr]    |   ^^^^^^^^^
[INFO] [stderr] 
[INFO] [stderr] error: cannot find macro `view` in this scope
[INFO] [stderr]   --> tests/view/component-pass.rs:67:5
[INFO] [stderr]    |
[INFO] [stderr] 67 |     view! {
[INFO] [stderr]    |     ^^^^
[INFO] [stderr] 
[INFO] [stderr] error: cannot find attribute `component` in this scope
[INFO] [stderr]   --> tests/view/component-pass.rs:54:3
[INFO] [stderr]    |
[INFO] [stderr] 54 | #[component]
[INFO] [stderr]    |   ^^^^^^^^^
[INFO] [stderr] 
[INFO] [stderr] error: cannot find macro `view` in this scope
[INFO] [stderr]   --> tests/view/component-pass.rs:58:5
[INFO] [stderr]    |
[INFO] [stderr] 58 |     view! {
[INFO] [stderr]    |     ^^^^
[INFO] [stderr] 
[INFO] [stderr] error: cannot find derive macro `Props` in this scope
[INFO] [stderr]   --> tests/view/component-pass.rs:49:10
[INFO] [stderr]    |
[INFO] [stderr] 49 | #[derive(Props)]
[INFO] [stderr]    |          ^^^^^
[INFO] [stderr]    |
[INFO] [stderr]    = note: `Props` is in scope, but it is a struct, not a derive macro
[INFO] [stderr] 
[INFO] [stderr] error: cannot find attribute `component` in this scope
[INFO] [stderr]   --> tests/view/component-pass.rs:42:3
[INFO] [stderr]    |
[INFO] [stderr] 42 | #[component]
[INFO] [stderr]    |   ^^^^^^^^^
[INFO] [stderr] 
[INFO] [stderr] error: cannot find macro `view` in this scope
[INFO] [stderr]   --> tests/view/component-pass.rs:44:5
[INFO] [stderr]    |
[INFO] [stderr] 44 |     view! {
[INFO] [stderr]    |     ^^^^
[INFO] [stderr] 
[INFO] [stderr] error: cannot find derive macro `Props` in this scope
[INFO] [stderr]   --> tests/view/component-pass.rs:35:10
[INFO] [stderr]    |
[INFO] [stderr] 35 | #[derive(Props)]
[INFO] [stderr]    |          ^^^^^
[INFO] [stderr]    |
[INFO] [stderr]    = note: `Props` is in scope, but it is a struct, not a derive macro
[INFO] [stderr] 
[INFO] [stderr] error: cannot find attribute `prop` in this scope
[INFO] [stderr]   --> tests/view/component-pass.rs:37:7
[INFO] [stderr]    |
[INFO] [stderr] 37 |     #[prop(default, setter(strip_option))]
[INFO] [stderr]    |       ^^^^
[INFO] [stderr] 
[INFO] [stderr] error: cannot find attribute `component` in this scope
[INFO] [stderr]   --> tests/view/component-pass.rs:28:3
[INFO] [stderr]    |
[INFO] [stderr] 28 | #[component]
[INFO] [stderr]    |   ^^^^^^^^^
[INFO] [stderr] 
[INFO] [stderr] error: cannot find macro `view` in this scope
[INFO] [stderr]   --> tests/view/component-pass.rs:30:5
[INFO] [stderr]    |
[INFO] [stderr] 30 |     view! {
[INFO] [stderr]    |     ^^^^
[INFO] [stderr] 
[INFO] [stderr] error: cannot find derive macro `Props` in this scope
[INFO] [stderr]   --> tests/view/component-pass.rs:22:10
[INFO] [stderr]    |
[INFO] [stderr] 22 | #[derive(Props)]
[INFO] [stderr]    |          ^^^^^
[INFO] [stderr]    |
[INFO] [stderr]    = note: `Props` is in scope, but it is a struct, not a derive macro
[INFO] [stderr] 
[INFO] [stderr] error: cannot find attribute `prop` in this scope
[INFO] [stderr]   --> tests/view/component-pass.rs:24:7
[INFO] [stderr]    |
[INFO] [stderr] 24 |     #[prop(default)]
[INFO] [stderr]    |       ^^^^
[INFO] [stderr] 
[INFO] [stderr] error: cannot find attribute `component` in this scope
[INFO] [stderr]   --> tests/view/component-pass.rs:15:3
[INFO] [stderr]    |
[INFO] [stderr] 15 | #[component]
[INFO] [stderr]    |   ^^^^^^^^^
[INFO] [stderr] 
[INFO] [stderr] error: cannot find macro `view` in this scope
[INFO] [stderr]   --> tests/view/component-pass.rs:17:5
[INFO] [stderr]    |
[INFO] [stderr] 17 |     view! {
[INFO] [stderr]    |     ^^^^
[INFO] [stderr] 
[INFO] [stderr] error: cannot find derive macro `Props` in this scope
[INFO] [stderr]   --> tests/view/component-pass.rs:10:10
[INFO] [stderr]    |
[INFO] [stderr] 10 | #[derive(Props)]
[INFO] [stderr]    |          ^^^^^
[INFO] [stderr]    |
[INFO] [stderr]    = note: `Props` is in scope, but it is a struct, not a derive macro
[INFO] [stderr] 
[INFO] [stderr] error: cannot find attribute `component` in this scope
[INFO] [stderr]  --> tests/view/component-pass.rs:3:3
[INFO] [stderr]   |
[INFO] [stderr] 3 | #[component]
[INFO] [stderr]   |   ^^^^^^^^^
[INFO] [stderr] 
[INFO] [stderr] error: cannot find macro `view` in this scope
[INFO] [stderr]  --> tests/view/component-pass.rs:5:5
[INFO] [stderr]   |
[INFO] [stderr] 5 |     view! {
[INFO] [stderr]   |     ^^^^
[INFO] [stderr] 
[INFO] [stderr] error[E0425]: cannot find type `View` in this scope
[INFO] [stderr]  --> tests/view/component-pass.rs:4:23
[INFO] [stderr]   |
[INFO] [stderr] 4 | pub fn Component() -> View {
[INFO] [stderr]   |                       ^^^^ not found in this scope
[INFO] [stderr] 
[INFO] [stderr] error[E0425]: cannot find type `View` in this scope
[INFO] [stderr]   --> tests/view/component-pass.rs:16:52
[INFO] [stderr]    |
[INFO] [stderr] 16 | pub fn PropsComponent(Props { prop: _ }: Props) -> View {
[INFO] [stderr]    |                                                    ^^^^ not found in this scope
[INFO] [stderr] 
[INFO] [stderr] error[E0425]: cannot find type `View` in this scope
[INFO] [stderr]   --> tests/view/component-pass.rs:29:61
[INFO] [stderr]    |
[INFO] [stderr] 29 | pub fn AllDefaultPropsComponent(_props: AllDefaultProps) -> View {
[INFO] [stderr]    |                                                             ^^^^ not found in this scope
[INFO] [stderr] 
[INFO] [stderr] error[E0425]: cannot find type `View` in this scope
[INFO] [stderr]   --> tests/view/component-pass.rs:43:57
[INFO] [stderr]    |
[INFO] [stderr] 43 | pub fn OptionalPropsComponent(_props: OptionalProps) -> View {
[INFO] [stderr]    |                                                         ^^^^ not found in this scope
[INFO] [stderr] 
[INFO] [stderr] error[E0425]: cannot find type `Children` in this scope
[INFO] [stderr]   --> tests/view/component-pass.rs:51:15
[INFO] [stderr]    |
[INFO] [stderr] 51 |     children: Children,
[INFO] [stderr]    |               ^^^^^^^^ not found in this scope
[INFO] [stderr] 
[INFO] [stderr] error[E0425]: cannot find type `View` in this scope
[INFO] [stderr]   --> tests/view/component-pass.rs:55:59
[INFO] [stderr]    |
[INFO] [stderr] 55 | pub fn ComponentWithChildren(props: PropsWithChildren) -> View {
[INFO] [stderr]    |                                                           ^^^^ not found in this scope
[INFO] [stderr] 
[INFO] [stderr] error[E0425]: cannot find type `View` in this scope
[INFO] [stderr]   --> tests/view/component-pass.rs:64:65
[INFO] [stderr]    |
[INFO] [stderr] 64 | pub fn NestedComponentWithChildren(props: PropsWithChildren) -> View {
[INFO] [stderr]    |                                                                 ^^^^ not found in this scope
[INFO] [stderr] 
[INFO] [stderr] error[E0425]: cannot find type `View` in this scope
[INFO] [stderr]   --> tests/view/component-pass.rs:78:6
[INFO] [stderr]    |
[INFO] [stderr] 78 | ) -> View {
[INFO] [stderr]    |      ^^^^ not found in this scope
[INFO] [stderr] 
[INFO] [stderr] error[E0425]: cannot find type `Attributes` in this scope
[INFO] [stderr]   --> tests/view/component-pass.rs:85:17
[INFO] [stderr]    |
[INFO] [stderr] 85 |     attributes: Attributes,
[INFO] [stderr]    |                 ^^^^^^^^^^ not found in this scope
[INFO] [stderr] 
[INFO] [stderr] error[E0425]: cannot find type `View` in this scope
[INFO] [stderr]   --> tests/view/component-pass.rs:89:80
[INFO] [stderr]    |
[INFO] [stderr] 89 | pub fn AttributesComponent(AttributesProps { attributes }: AttributesProps) -> View {
[INFO] [stderr]    |                                                                                ^^^^ not found in this scope
[INFO] [stderr] 
[INFO] [stderr] error[E0425]: cannot find type `View` in this scope
[INFO] [stderr]   --> tests/view/component-pass.rs:97:16
[INFO] [stderr]    |
[INFO] [stderr] 97 |         let _: View = view! {
[INFO] [stderr]    |                ^^^^ not found in this scope
[INFO] [stderr] 
[INFO] [stderr] error[E0425]: cannot find type `View` in this scope
[INFO] [stderr]    --> tests/view/component-pass.rs:100:16
[INFO] [stderr]     |
[INFO] [stderr] 100 |         let _: View = view! {
[INFO] [stderr]     |                ^^^^ not found in this scope
[INFO] [stderr] 
[INFO] [stderr] error[E0425]: cannot find type `View` in this scope
[INFO] [stderr]    --> tests/view/component-pass.rs:105:16
[INFO] [stderr]     |
[INFO] [stderr] 105 |         let _: View = view! {
[INFO] [stderr]     |                ^^^^ not found in this scope
[INFO] [stderr] 
[INFO] [stderr] error[E0425]: cannot find type `View` in this scope
[INFO] [stderr]    --> tests/view/component-pass.rs:109:16
[INFO] [stderr]     |
[INFO] [stderr] 109 |         let _: View = view! {
[INFO] [stderr]     |                ^^^^ not found in this scope
[INFO] [stderr] 
[INFO] [stderr] error[E0425]: cannot find type `View` in this scope
[INFO] [stderr]    --> tests/view/component-pass.rs:112:16
[INFO] [stderr]     |
[INFO] [stderr] 112 |         let _: View = view! {
[INFO] [stderr]     |                ^^^^ not found in this scope
[INFO] [stderr] 
[INFO] [stderr] error[E0425]: cannot find type `View` in this scope
[INFO] [stderr]    --> tests/view/component-pass.rs:115:16
[INFO] [stderr]     |
[INFO] [stderr] 115 |         let _: View = view! {
[INFO] [stderr]     |                ^^^^ not found in this scope
[INFO] [stderr] 
[INFO] [stderr] error[E0425]: cannot find type `View` in this scope
[INFO] [stderr]    --> tests/view/component-pass.rs:119:16
[INFO] [stderr]     |
[INFO] [stderr] 119 |         let _: View = view! {
[INFO] [stderr]     |                ^^^^ not found in this scope
[INFO] [stderr] 
[INFO] [stderr] error[E0425]: cannot find type `View` in this scope
[INFO] [stderr]    --> tests/view/component-pass.rs:122:16
[INFO] [stderr]     |
[INFO] [stderr] 122 |         let _: View = view! {
[INFO] [stderr]     |                ^^^^ not found in this scope
[INFO] [stderr] 
[INFO] [stderr] error[E0425]: cannot find type `View` in this scope
[INFO] [stderr]    --> tests/view/component-pass.rs:125:16
[INFO] [stderr]     |
[INFO] [stderr] 125 |         let _: View = view! {
[INFO] [stderr]     |                ^^^^ not found in this scope
[INFO] [stderr] 
[INFO] [stderr] error[E0425]: cannot find type `View` in this scope
[INFO] [stderr]    --> tests/view/component-pass.rs:128:16
[INFO] [stderr]     |
[INFO] [stderr] 128 |         let _: View = view! {
[INFO] [stderr]     |                ^^^^ not found in this scope
[INFO] [stderr] 
[INFO] [stderr] error[E0425]: cannot find type `View` in this scope
[INFO] [stderr]    --> tests/view/component-pass.rs:131:16
[INFO] [stderr]     |
[INFO] [stderr] 131 |         let _: View = view! {
[INFO] [stderr]     |                ^^^^ not found in this scope
[INFO] [stderr] 
[INFO] [stderr] error[E0425]: cannot find type `View` in this scope
[INFO] [stderr]    --> tests/view/component-pass.rs:135:16
[INFO] [stderr]     |
[INFO] [stderr] 135 |         let _: View = view! {
[INFO] [stderr]     |                ^^^^ not found in this scope
[INFO] [stderr] 
[INFO] [stderr] error[E0425]: cannot find type `View` in this scope
[INFO] [stderr]    --> tests/view/component-pass.rs:138:16
[INFO] [stderr]     |
[INFO] [stderr] 138 |         let _: View = view! {
[INFO] [stderr]     |                ^^^^ not found in this scope
[INFO] [stderr] 
[INFO] [stderr] error[E0425]: cannot find type `View` in this scope
[INFO] [stderr]    --> tests/view/component-pass.rs:141:16
[INFO] [stderr]     |
[INFO] [stderr] 141 |         let _: View = view! {
[INFO] [stderr]     |                ^^^^ not found in this scope
[INFO] [stderr] 
[INFO] [stderr] error[E0425]: cannot find type `View` in this scope
[INFO] [stderr]    --> tests/view/component-pass.rs:147:16
[INFO] [stderr]     |
[INFO] [stderr] 147 |         let _: View = view! {
[INFO] [stderr]     |                ^^^^ not found in this scope
[INFO] [stderr] 
[INFO] [stderr] error[E0425]: cannot find type `View` in this scope
[INFO] [stderr]    --> tests/view/component-pass.rs:150:16
[INFO] [stderr]     |
[INFO] [stderr] 150 |         let _: View = view! {
[INFO] [stderr]     |                ^^^^ not found in this scope
[INFO] [stderr] 
[INFO] [stderr] error[E0425]: cannot find type `View` in this scope
[INFO] [stderr]    --> tests/view/component-pass.rs:153:16
[INFO] [stderr]     |
[INFO] [stderr] 153 |         let _: View = view! {
[INFO] [stderr]     |                ^^^^ not found in this scope
[INFO] [stderr] 
[INFO] [stderr] error[E0425]: cannot find type `View` in this scope
[INFO] [stderr]    --> tests/view/component-pass.rs:156:16
[INFO] [stderr]     |
[INFO] [stderr] 156 |         let _: View = view! {
[INFO] [stderr]     |                ^^^^ not found in this scope
[INFO] [stderr] 
[INFO] [stderr] error[E0425]: cannot find type `View` in this scope
[INFO] [stderr]    --> tests/view/component-pass.rs:159:16
[INFO] [stderr]     |
[INFO] [stderr] 159 |         let _: View = view! {
[INFO] [stderr]     |                ^^^^ not found in this scope
[INFO] [stderr] 
[INFO] [stderr] error[E0425]: cannot find type `View` in this scope
[INFO] [stderr]    --> tests/view/component-pass.rs:163:16
[INFO] [stderr]     |
[INFO] [stderr] 163 |         let _: View = view! {
[INFO] [stderr]     |                ^^^^ not found in this scope
[INFO] [stderr] 
[INFO] [stderr] error[E0425]: cannot find type `View` in this scope
[INFO] [stderr]    --> tests/view/component-pass.rs:167:16
[INFO] [stderr]     |
[INFO] [stderr] 167 |         let _: View = view! {
[INFO] [stderr]     |                ^^^^ not found in this scope
[INFO] [stderr] 
[INFO] [stderr] error[E0425]: cannot find type `View` in this scope
[INFO] [stderr]    --> tests/view/component-pass.rs:171:16
[INFO] [stderr]     |
[INFO] [stderr] 171 |         let _: View = view! {
[INFO] [stderr]     |                ^^^^ not found in this scope
[INFO] [stderr] 
[INFO] [stderr] error[E0425]: cannot find type `View` in this scope
[INFO] [stderr]    --> tests/view/component-pass.rs:175:16
[INFO] [stderr]     |
[INFO] [stderr] 175 |         let _: View = view! {
[INFO] [stderr]     |                ^^^^ not found in this scope
[INFO] [stderr] 
[INFO] [stderr] error[E0425]: cannot find type `View` in this scope
[INFO] [stderr]    --> tests/view/component-pass.rs:179:16
[INFO] [stderr]     |
[INFO] [stderr] 179 |         let _: View = view! {
[INFO] [stderr]     |                ^^^^ not found in this scope
[INFO] [stderr] 
[INFO] [stderr] error[E0425]: cannot find type `View` in this scope
[INFO] [stderr]    --> tests/view/component-pass.rs:183:16
[INFO] [stderr]     |
[INFO] [stderr] 183 |         let _: View = view! {
[INFO] [stderr]     |                ^^^^ not found in this scope
[INFO] [stderr] 
[INFO] [stderr] error[E0425]: cannot find type `View` in this scope
[INFO] [stderr]    --> tests/view/component-pass.rs:187:16
[INFO] [stderr]     |
[INFO] [stderr] 187 |         let _: View = view! {
[INFO] [stderr]     |                ^^^^ not found in this scope
[INFO] [stderr] 
[INFO] [stderr] error[E0425]: cannot find function `create_signal` in this scope
[INFO] [stderr]    --> tests/view/component-pass.rs:166:26
[INFO] [stderr]     |
[INFO] [stderr] 166 |         let str_signal = create_signal(String::new());
[INFO] [stderr]     |                          ^^^^^^^^^^^^^ not found in this scope
[INFO] [stderr] 
[INFO] [stderr] error[E0425]: cannot find function `create_signal` in this scope
[INFO] [stderr]    --> tests/view/component-pass.rs:174:27
[INFO] [stderr]     |
[INFO] [stderr] 174 |         let bool_signal = create_signal(false);
[INFO] [stderr]     |                           ^^^^^^^^^^^^^ not found in this scope
[INFO] [stderr] 
[INFO] [stderr] error[E0425]: cannot find function `create_root` in this scope
[INFO] [stderr]   --> tests/view/component-pass.rs:96:13
[INFO] [stderr]    |
[INFO] [stderr] 96 |     let _ = create_root(|| {
[INFO] [stderr]    |             ^^^^^^^^^^^ not found in this scope
[INFO] [stderr] ┈┈┈┈┈┈┈┈┈┈┈┈┈┈┈┈┈┈┈┈┈┈┈┈┈┈┈┈┈┈┈┈┈┈┈┈┈┈┈┈┈┈┈┈┈┈┈┈┈┈┈┈┈┈┈┈┈┈┈┈
[INFO] [stderr] 
[INFO] [stderr] test tests/view/control-flow-pass.rs ... error
[INFO] [stderr] ┈┈┈┈┈┈┈┈┈┈┈┈┈┈┈┈┈┈┈┈┈┈┈┈┈┈┈┈┈┈┈┈┈┈┈┈┈┈┈┈┈┈┈┈┈┈┈┈┈┈┈┈┈┈┈┈┈┈┈┈
[INFO] [stderr] error[E0433]: cannot find module or crate `sycamore` in this scope
[INFO] [stderr]  --> tests/view/control-flow-pass.rs:1:5
[INFO] [stderr]   |
[INFO] [stderr] 1 | use sycamore::prelude::*;
[INFO] [stderr]   |     ^^^^^^^^ use of unresolved module or unlinked crate `sycamore`
[INFO] [stderr]   |
[INFO] [stderr]   = help: if you wanted to use a crate named `sycamore`, use `cargo add sycamore` to add it to your `Cargo.toml`
[INFO] [stderr] 
[INFO] [stderr] error: cannot find macro `view` in this scope
[INFO] [stderr]    --> tests/view/control-flow-pass.rs:132:23
[INFO] [stderr]     |
[INFO] [stderr] 132 |         let _: View = view! {
[INFO] [stderr]     |                       ^^^^
[INFO] [stderr] 
[INFO] [stderr] error: cannot find macro `view` in this scope
[INFO] [stderr]    --> tests/view/control-flow-pass.rs:122:23
[INFO] [stderr]     |
[INFO] [stderr] 122 |         let _: View = view! {
[INFO] [stderr]     |                       ^^^^
[INFO] [stderr] 
[INFO] [stderr] error: cannot find macro `view` in this scope
[INFO] [stderr]    --> tests/view/control-flow-pass.rs:111:23
[INFO] [stderr]     |
[INFO] [stderr] 111 |         let _: View = view! {
[INFO] [stderr]     |                       ^^^^
[INFO] [stderr] 
[INFO] [stderr] error: cannot find macro `view` in this scope
[INFO] [stderr]    --> tests/view/control-flow-pass.rs:105:23
[INFO] [stderr]     |
[INFO] [stderr] 105 |         let _: View = view! {
[INFO] [stderr]     |                       ^^^^
[INFO] [stderr] 
[INFO] [stderr] error: cannot find macro `view` in this scope
[INFO] [stderr]   --> tests/view/control-flow-pass.rs:94:23
[INFO] [stderr]    |
[INFO] [stderr] 94 |         let _: View = view! {
[INFO] [stderr]    |                       ^^^^
[INFO] [stderr] 
[INFO] [stderr] error: cannot find macro `view` in this scope
[INFO] [stderr]   --> tests/view/control-flow-pass.rs:82:23
[INFO] [stderr]    |
[INFO] [stderr] 82 |         let _: View = view! {
[INFO] [stderr]    |                       ^^^^
[INFO] [stderr] 
[INFO] [stderr] error: cannot find macro `view` in this scope
[INFO] [stderr]   --> tests/view/control-flow-pass.rs:74:23
[INFO] [stderr]    |
[INFO] [stderr] 74 |         let _: View = view! {
[INFO] [stderr]    |                       ^^^^
[INFO] [stderr] 
[INFO] [stderr] error: cannot find macro `view` in this scope
[INFO] [stderr]   --> tests/view/control-flow-pass.rs:64:23
[INFO] [stderr]    |
[INFO] [stderr] 64 |         let _: View = view! {
[INFO] [stderr]    |                       ^^^^
[INFO] [stderr] 
[INFO] [stderr] error: cannot find macro `view` in this scope
[INFO] [stderr]   --> tests/view/control-flow-pass.rs:37:23
[INFO] [stderr]    |
[INFO] [stderr] 37 |         let _: View = view! {
[INFO] [stderr]    |                       ^^^^
[INFO] [stderr] 
[INFO] [stderr] error: cannot find macro `view` in this scope
[INFO] [stderr]   --> tests/view/control-flow-pass.rs:25:23
[INFO] [stderr]    |
[INFO] [stderr] 25 |         let _: View = view! {
[INFO] [stderr]    |                       ^^^^
[INFO] [stderr] 
[INFO] [stderr] error: cannot find macro `view` in this scope
[INFO] [stderr]   --> tests/view/control-flow-pass.rs:17:23
[INFO] [stderr]    |
[INFO] [stderr] 17 |         let _: View = view! {
[INFO] [stderr]    |                       ^^^^
[INFO] [stderr] 
[INFO] [stderr] error: cannot find macro `view` in this scope
[INFO] [stderr]  --> tests/view/control-flow-pass.rs:7:23
[INFO] [stderr]   |
[INFO] [stderr] 7 |         let _: View = view! {
[INFO] [stderr]   |                       ^^^^
[INFO] [stderr] 
[INFO] [stderr] error[E0425]: cannot find type `View` in this scope
[INFO] [stderr]  --> tests/view/control-flow-pass.rs:7:16
[INFO] [stderr]   |
[INFO] [stderr] 7 |         let _: View = view! {
[INFO] [stderr]   |                ^^^^ not found in this scope
[INFO] [stderr] 
[INFO] [stderr] error[E0425]: cannot find type `View` in this scope
[INFO] [stderr]   --> tests/view/control-flow-pass.rs:17:16
[INFO] [stderr]    |
[INFO] [stderr] 17 |         let _: View = view! {
[INFO] [stderr]    |                ^^^^ not found in this scope
[INFO] [stderr] 
[INFO] [stderr] error[E0425]: cannot find type `View` in this scope
[INFO] [stderr]   --> tests/view/control-flow-pass.rs:25:16
[INFO] [stderr]    |
[INFO] [stderr] 25 |         let _: View = view! {
[INFO] [stderr]    |                ^^^^ not found in this scope
[INFO] [stderr] 
[INFO] [stderr] error[E0425]: cannot find type `View` in this scope
[INFO] [stderr]   --> tests/view/control-flow-pass.rs:37:16
[INFO] [stderr]    |
[INFO] [stderr] 37 |         let _: View = view! {
[INFO] [stderr]    |                ^^^^ not found in this scope
[INFO] [stderr] 
[INFO] [stderr] error[E0425]: cannot find type `View` in this scope
[INFO] [stderr]   --> tests/view/control-flow-pass.rs:64:16
[INFO] [stderr]    |
[INFO] [stderr] 64 |         let _: View = view! {
[INFO] [stderr]    |                ^^^^ not found in this scope
[INFO] [stderr] 
[INFO] [stderr] error[E0425]: cannot find type `View` in this scope
[INFO] [stderr]   --> tests/view/control-flow-pass.rs:74:16
[INFO] [stderr]    |
[INFO] [stderr] 74 |         let _: View = view! {
[INFO] [stderr]    |                ^^^^ not found in this scope
[INFO] [stderr] 
[INFO] [stderr] error[E0425]: cannot find type `View` in this scope
[INFO] [stderr]   --> tests/view/control-flow-pass.rs:82:16
[INFO] [stderr]    |
[INFO] [stderr] 82 |         let _: View = view! {
[INFO] [stderr]    |                ^^^^ not found in this scope
[INFO] [stderr] 
[INFO] [stderr] error[E0425]: cannot find type `View` in this scope
[INFO] [stderr]   --> tests/view/control-flow-pass.rs:94:16
[INFO] [stderr]    |
[INFO] [stderr] 94 |         let _: View = view! {
[INFO] [stderr]    |                ^^^^ not found in this scope
[INFO] [stderr] 
[INFO] [stderr] error[E0425]: cannot find type `View` in this scope
[INFO] [stderr]    --> tests/view/control-flow-pass.rs:105:16
[INFO] [stderr]     |
[INFO] [stderr] 105 |         let _: View = view! {
[INFO] [stderr]     |                ^^^^ not found in this scope
[INFO] [stderr] 
[INFO] [stderr] error[E0425]: cannot find type `View` in this scope
[INFO] [stderr]    --> tests/view/control-flow-pass.rs:111:16
[INFO] [stderr]     |
[INFO] [stderr] 111 |         let _: View = view! {
[INFO] [stderr]     |                ^^^^ not found in this scope
[INFO] [stderr] 
[INFO] [stderr] error[E0425]: cannot find type `View` in this scope
[INFO] [stderr]    --> tests/view/control-flow-pass.rs:122:16
[INFO] [stderr]     |
[INFO] [stderr] 122 |         let _: View = view! {
[INFO] [stderr]     |                ^^^^ not found in this scope
[INFO] [stderr] 
[INFO] [stderr] error[E0425]: cannot find type `View` in this scope
[INFO] [stderr]    --> tests/view/control-flow-pass.rs:132:16
[INFO] [stderr]     |
[INFO] [stderr] 132 |         let _: View = view! {
[INFO] [stderr]     |                ^^^^ not found in this scope
[INFO] [stderr] 
[INFO] [stderr] error[E0425]: cannot find function `create_root` in this scope
[INFO] [stderr]  --> tests/view/control-flow-pass.rs:4:13
[INFO] [stderr]   |
[INFO] [stderr] 4 |     let _ = create_root(|| {
[INFO] [stderr]   |             ^^^^^^^^^^^ not found in this scope
[INFO] [stderr] ┈┈┈┈┈┈┈┈┈┈┈┈┈┈┈┈┈┈┈┈┈┈┈┈┈┈┈┈┈┈┈┈┈┈┈┈┈┈┈┈┈┈┈┈┈┈┈┈┈┈┈┈┈┈┈┈┈┈┈┈
[INFO] [stderr] 
[INFO] [stderr] test tests/view/element-pass.rs ... error
[INFO] [stderr] ┈┈┈┈┈┈┈┈┈┈┈┈┈┈┈┈┈┈┈┈┈┈┈┈┈┈┈┈┈┈┈┈┈┈┈┈┈┈┈┈┈┈┈┈┈┈┈┈┈┈┈┈┈┈┈┈┈┈┈┈
[INFO] [stderr] error[E0433]: cannot find module or crate `sycamore` in this scope
[INFO] [stderr]  --> tests/view/element-pass.rs:1:5
[INFO] [stderr]   |
[INFO] [stderr] 1 | use sycamore::prelude::*;
[INFO] [stderr]   |     ^^^^^^^^ use of unresolved module or unlinked crate `sycamore`
[INFO] [stderr]   |
[INFO] [stderr]   = help: if you wanted to use a crate named `sycamore`, use `cargo add sycamore` to add it to your `Cargo.toml`
[INFO] [stderr] 
[INFO] [stderr] error: cannot find macro `view` in this scope
[INFO] [stderr]   --> tests/view/element-pass.rs:51:23
[INFO] [stderr]    |
[INFO] [stderr] 51 |         let _: View = view! {
[INFO] [stderr]    |                       ^^^^
[INFO] [stderr] 
[INFO] [stderr] error: cannot find macro `view` in this scope
[INFO] [stderr]   --> tests/view/element-pass.rs:46:23
[INFO] [stderr]    |
[INFO] [stderr] 46 |         let _: View = view! {
[INFO] [stderr]    |                       ^^^^
[INFO] [stderr] 
[INFO] [stderr] error: cannot find macro `view` in this scope
[INFO] [stderr]   --> tests/view/element-pass.rs:41:23
[INFO] [stderr]    |
[INFO] [stderr] 41 |         let _: View = view! {
[INFO] [stderr]    |                       ^^^^
[INFO] [stderr] 
[INFO] [stderr] error: cannot find macro `view` in this scope
[INFO] [stderr]   --> tests/view/element-pass.rs:36:23
[INFO] [stderr]    |
[INFO] [stderr] 36 |         let _: View = view! {
[INFO] [stderr]    |                       ^^^^
[INFO] [stderr] 
[INFO] [stderr] error: cannot find macro `view` in this scope
[INFO] [stderr]   --> tests/view/element-pass.rs:32:23
[INFO] [stderr]    |
[INFO] [stderr] 32 |         let _: View = view! {
[INFO] [stderr]    |                       ^^^^
[INFO] [stderr] 
[INFO] [stderr] error: cannot find macro `view` in this scope
[INFO] [stderr]   --> tests/view/element-pass.rs:29:23
[INFO] [stderr]    |
[INFO] [stderr] 29 |         let _: View = view! {
[INFO] [stderr]    |                       ^^^^
[INFO] [stderr] 
[INFO] [stderr] error: cannot find macro `view` in this scope
[INFO] [stderr]   --> tests/view/element-pass.rs:25:23
[INFO] [stderr]    |
[INFO] [stderr] 25 |         let _: View = view! {
[INFO] [stderr]    |                       ^^^^
[INFO] [stderr] 
[INFO] [stderr] error: cannot find macro `view` in this scope
[INFO] [stderr]   --> tests/view/element-pass.rs:22:23
[INFO] [stderr]    |
[INFO] [stderr] 22 |         let _: View = view! {
[INFO] [stderr]    |                       ^^^^
[INFO] [stderr] 
[INFO] [stderr] error: cannot find macro `view` in this scope
[INFO] [stderr]   --> tests/view/element-pass.rs:19:23
[INFO] [stderr]    |
[INFO] [stderr] 19 |         let _: View = view! {
[INFO] [stderr]    |                       ^^^^
[INFO] [stderr] 
[INFO] [stderr] error: cannot find macro `view` in this scope
[INFO] [stderr]   --> tests/view/element-pass.rs:15:23
[INFO] [stderr]    |
[INFO] [stderr] 15 |         let _: View = view! {
[INFO] [stderr]    |                       ^^^^
[INFO] [stderr] 
[INFO] [stderr] error: cannot find macro `view` in this scope
[INFO] [stderr]   --> tests/view/element-pass.rs:12:23
[INFO] [stderr]    |
[INFO] [stderr] 12 |         let _: View = view! {
[INFO] [stderr]    |                       ^^^^
[INFO] [stderr] 
[INFO] [stderr] error: cannot find macro `view` in this scope
[INFO] [stderr]  --> tests/view/element-pass.rs:8:23
[INFO] [stderr]   |
[INFO] [stderr] 8 |         let _: View = view! {
[INFO] [stderr]   |                       ^^^^
[INFO] [stderr] 
[INFO] [stderr] error: cannot find macro `view` in this scope
[INFO] [stderr]  --> tests/view/element-pass.rs:5:23
[INFO] [stderr]   |
[INFO] [stderr] 5 |         let _: View = view! {
[INFO] [stderr]   |                       ^^^^
[INFO] [stderr] 
[INFO] [stderr] error[E0425]: cannot find type `View` in this scope
[INFO] [stderr]  --> tests/view/element-pass.rs:5:16
[INFO] [stderr]   |
[INFO] [stderr] 5 |         let _: View = view! {
[INFO] [stderr]   |                ^^^^ not found in this scope
[INFO] [stderr] 
[INFO] [stderr] error[E0425]: cannot find type `View` in this scope
[INFO] [stderr]  --> tests/view/element-pass.rs:8:16
[INFO] [stderr]   |
[INFO] [stderr] 8 |         let _: View = view! {
[INFO] [stderr]   |                ^^^^ not found in this scope
[INFO] [stderr] 
[INFO] [stderr] error[E0425]: cannot find type `View` in this scope
[INFO] [stderr]   --> tests/view/element-pass.rs:12:16
[INFO] [stderr]    |
[INFO] [stderr] 12 |         let _: View = view! {
[INFO] [stderr]    |                ^^^^ not found in this scope
[INFO] [stderr] 
[INFO] [stderr] error[E0425]: cannot find type `View` in this scope
[INFO] [stderr]   --> tests/view/element-pass.rs:15:16
[INFO] [stderr]    |
[INFO] [stderr] 15 |         let _: View = view! {
[INFO] [stderr]    |                ^^^^ not found in this scope
[INFO] [stderr] 
[INFO] [stderr] error[E0425]: cannot find type `View` in this scope
[INFO] [stderr]   --> tests/view/element-pass.rs:19:16
[INFO] [stderr]    |
[INFO] [stderr] 19 |         let _: View = view! {
[INFO] [stderr]    |                ^^^^ not found in this scope
[INFO] [stderr] 
[INFO] [stderr] error[E0425]: cannot find type `View` in this scope
[INFO] [stderr]   --> tests/view/element-pass.rs:22:16
[INFO] [stderr]    |
[INFO] [stderr] 22 |         let _: View = view! {
[INFO] [stderr]    |                ^^^^ not found in this scope
[INFO] [stderr] 
[INFO] [stderr] error[E0425]: cannot find type `View` in this scope
[INFO] [stderr]   --> tests/view/element-pass.rs:25:16
[INFO] [stderr]    |
[INFO] [stderr] 25 |         let _: View = view! {
[INFO] [stderr]    |                ^^^^ not found in this scope
[INFO] [stderr] 
[INFO] [stderr] error[E0425]: cannot find type `View` in this scope
[INFO] [stderr]   --> tests/view/element-pass.rs:29:16
[INFO] [stderr]    |
[INFO] [stderr] 29 |         let _: View = view! {
[INFO] [stderr]    |                ^^^^ not found in this scope
[INFO] [stderr] 
[INFO] [stderr] error[E0425]: cannot find type `View` in this scope
[INFO] [stderr]   --> tests/view/element-pass.rs:32:16
[INFO] [stderr]    |
[INFO] [stderr] 32 |         let _: View = view! {
[INFO] [stderr]    |                ^^^^ not found in this scope
[INFO] [stderr] 
[INFO] [stderr] error[E0425]: cannot find type `View` in this scope
[INFO] [stderr]   --> tests/view/element-pass.rs:36:16
[INFO] [stderr]    |
[INFO] [stderr] 36 |         let _: View = view! {
[INFO] [stderr]    |                ^^^^ not found in this scope
[INFO] [stderr] 
[INFO] [stderr] error[E0425]: cannot find type `View` in this scope
[INFO] [stderr]   --> tests/view/element-pass.rs:41:16
[INFO] [stderr]    |
[INFO] [stderr] 41 |         let _: View = view! {
[INFO] [stderr]    |                ^^^^ not found in this scope
[INFO] [stderr] 
[INFO] [stderr] error[E0425]: cannot find type `View` in this scope
[INFO] [stderr]   --> tests/view/element-pass.rs:46:16
[INFO] [stderr]    |
[INFO] [stderr] 46 |         let _: View = view! {
[INFO] [stderr]    |                ^^^^ not found in this scope
[INFO] [stderr] 
[INFO] [stderr] error[E0425]: cannot find type `View` in this scope
[INFO] [stderr]   --> tests/view/element-pass.rs:51:16
[INFO] [stderr]    |
[INFO] [stderr] 51 |         let _: View = view! {
[INFO] [stderr]    |                ^^^^ not found in this scope
[INFO] [stderr] 
[INFO] [stderr] error[E0433]: cannot find type `Attributes` in this scope
[INFO] [stderr]   --> tests/view/element-pass.rs:40:26
[INFO] [stderr]    |
[INFO] [stderr] 40 |         let attributes = Attributes::default();
[INFO] [stderr]    |                          ^^^^^^^^^^ use of undeclared type `Attributes`
[INFO] [stderr] 
[INFO] [stderr] error[E0425]: cannot find function `create_root` in this scope
[INFO] [stderr]  --> tests/view/element-pass.rs:4:13
[INFO] [stderr]   |
[INFO] [stderr] 4 |     let _ = create_root(|| {
[INFO] [stderr]   |             ^^^^^^^^^^^ not found in this scope
[INFO] [stderr] ┈┈┈┈┈┈┈┈┈┈┈┈┈┈┈┈┈┈┈┈┈┈┈┈┈┈┈┈┈┈┈┈┈┈┈┈┈┈┈┈┈┈┈┈┈┈┈┈┈┈┈┈┈┈┈┈┈┈┈┈
[INFO] [stderr] 
[INFO] [stdout] test view_ui ... FAILED
[INFO] [stderr] test tests/view/root-pass.rs ... error
[INFO] [stdout] 
[INFO] [stderr] ┈┈┈┈┈┈┈┈┈┈┈┈┈┈┈┈┈┈┈┈┈┈┈┈┈┈┈┈┈┈┈┈┈┈┈┈┈┈┈┈┈┈┈┈┈┈┈┈┈┈┈┈┈┈┈┈┈┈┈┈
[INFO] [stdout] failures:
[INFO] [stderr] error[E0433]: cannot find module or crate `sycamore` in this scope
[INFO] [stdout] 
[INFO] [stderr]  --> tests/view/root-pass.rs:1:5
[INFO] [stdout] ---- component_ui stdout ----
[INFO] [stderr]   |
[INFO] [stdout] 
[INFO] [stderr] 1 | use sycamore::prelude::*;
[INFO] [stdout] thread 'component_ui' (811) panicked at /opt/rustwide/cargo-home/registry/src/index.crates.io-1949cf8c6b5b557f/trybuild-1.0.121/src/run.rs:103:13:
[INFO] [stderr]   |     ^^^^^^^^ use of unresolved module or unlinked crate `sycamore`
[INFO] [stdout] 2 of 2 tests failed
[INFO] [stderr]   |
[INFO] [stdout] stack backtrace:
[INFO] [stderr]   = help: if you wanted to use a crate named `sycamore`, use `cargo add sycamore` to add it to your `Cargo.toml`
[INFO] [stdout]    0:     0x5db8632ff311 - <<std[70759c8f55707aa4]::sys::backtrace::BacktraceLock>::print::DisplayBacktrace as core[df12db4294e9bfd3]::fmt::Display>::fmt
[INFO] [stderr] 
[INFO] [stdout]    1:     0x5db86331599a - core[df12db4294e9bfd3]::fmt::write
[INFO] [stderr] error: cannot find macro `view` in this scope
[INFO] [stdout]    2:     0x5db863303ddc - <alloc[2182bb758b4b3781]::vec::Vec<u8> as core[df12db4294e9bfd3]::io::write::Write>::write_fmt
[INFO] [stderr]   --> tests/view/root-pass.rs:16:23
[INFO] [stdout]    3:     0x5db8632d87f6 - std[70759c8f55707aa4]::panicking::default_hook::{closure#0}
[INFO] [stderr]    |
[INFO] [stdout]    4:     0x5db8632f6989 - std[70759c8f55707aa4]::panicking::default_hook
[INFO] [stderr] 16 |         let _: View = view! {
[INFO] [stdout]    5:     0x5db86328fc60 - test[9d35eded1c95d3be]::test_main_inner::<test[9d35eded1c95d3be]::test_main_static::{closure#0}>::{closure#0}
[INFO] [stderr]    |                       ^^^^
[INFO] [stdout]    6:     0x5db8632f6b42 - std[70759c8f55707aa4]::panicking::panic_with_hook
[INFO] [stderr] 
[INFO] [stdout]    7:     0x5db8632d88a2 - std[70759c8f55707aa4]::panicking::panic_handler::{closure#0}
[INFO] [stderr] error: cannot find macro `view` in this scope
[INFO] [stdout]    8:     0x5db8632d1169 - std[70759c8f55707aa4]::sys::backtrace::__rust_end_short_backtrace::<std[70759c8f55707aa4]::panicking::panic_handler::{closure#0}, !>
[INFO] [stderr]  --> tests/view/root-pass.rs:9:23
[INFO] [stdout]    9:     0x5db8632d949d - __rustc[8fa7c3cbc660c2b3]::rust_begin_unwind
[INFO] [stderr]   |
[INFO] [stdout]   10:     0x5db86331610c - core[df12db4294e9bfd3]::panicking::panic_fmt
[INFO] [stderr] 9 |         let _: View = view! {
[INFO] [stdout]   11:     0x5db8631e45b8 - <trybuild[b216d838bdc71262]::Runner>::run
[INFO] [stderr]   |                       ^^^^
[INFO] [stdout]   12:     0x5db8631e79a0 - <trybuild[b216d838bdc71262]::TestCases as core[df12db4294e9bfd3]::ops::drop::Drop>::drop
[INFO] [stderr] 
[INFO] [stdout]   13:     0x5db8631dde7f - <ui[b1032002afaa64e8]::component_ui::{closure#0} as core[df12db4294e9bfd3]::ops::function::FnOnce<()>>::call_once
[INFO] [stderr] error: cannot find macro `view` in this scope
[INFO] [stdout]   14:     0x5db863282f4b - test[9d35eded1c95d3be]::__rust_begin_short_backtrace::<core[df12db4294e9bfd3]::result::Result<(), alloc[2182bb758b4b3781]::string::String>, fn() -> core[df12db4294e9bfd3]::result::Result<(), alloc[2182bb758b4b3781]::string::String>>
[INFO] [stderr]  --> tests/view/root-pass.rs:5:23
[INFO] [stdout]   15:     0x5db8632905b5 - test[9d35eded1c95d3be]::run_test::{closure#0}
[INFO] [stderr]   |
[INFO] [stdout]   16:     0x5db863289e74 - std[70759c8f55707aa4]::sys::backtrace::__rust_begin_short_backtrace::<test[9d35eded1c95d3be]::run_test::{closure#1}, ()>
[INFO] [stderr] 5 |         let _: View = view! {
[INFO] [stdout]   17:     0x5db863293712 - <std[70759c8f55707aa4]::thread::lifecycle::spawn_unchecked<test[9d35eded1c95d3be]::run_test::{closure#1}, ()>::{closure#1} as core[df12db4294e9bfd3]::ops::function::FnOnce<()>>::call_once::{shim:vtable#0}
[INFO] [stderr]   |                       ^^^^
[INFO] [stdout]   18:     0x5db8632fe5c9 - <std[70759c8f55707aa4]::sys::thread::unix::Thread>::new::thread_start
[INFO] [stderr] 
[INFO] [stdout]   19:     0x7831522c2dfa - <unknown>
[INFO] [stderr] error[E0425]: cannot find type `View` in this scope
[INFO] [stdout]   20:     0x7831523563d4 - clone
[INFO] [stderr]  --> tests/view/root-pass.rs:5:16
[INFO] [stdout]   21:                0x0 - <unknown>
[INFO] [stderr]   |
[INFO] [stdout] 
[INFO] [stderr] 5 |         let _: View = view! {
[INFO] [stdout] ---- view_ui stdout ----
[INFO] [stderr]   |                ^^^^ not found in this scope
[INFO] [stdout] 
[INFO] [stderr] 
[INFO] [stdout] thread 'view_ui' (812) panicked at /opt/rustwide/cargo-home/registry/src/index.crates.io-1949cf8c6b5b557f/trybuild-1.0.121/src/run.rs:103:13:
[INFO] [stderr] error[E0425]: cannot find type `View` in this scope
[INFO] [stdout] 4 of 4 tests failed
[INFO] [stderr]  --> tests/view/root-pass.rs:9:16
[INFO] [stdout] stack backtrace:
[INFO] [stderr]   |
[INFO] [stdout]    0:     0x5db8632ff311 - <<std[70759c8f55707aa4]::sys::backtrace::BacktraceLock>::print::DisplayBacktrace as core[df12db4294e9bfd3]::fmt::Display>::fmt
[INFO] [stderr] 9 |         let _: View = view! {
[INFO] [stdout]    1:     0x5db86331599a - core[df12db4294e9bfd3]::fmt::write
[INFO] [stderr]   |                ^^^^ not found in this scope
[INFO] [stdout]    2:     0x5db863303ddc - <alloc[2182bb758b4b3781]::vec::Vec<u8> as core[df12db4294e9bfd3]::io::write::Write>::write_fmt
[INFO] [stderr] 
[INFO] [stdout]    3:     0x5db8632d87f6 - std[70759c8f55707aa4]::panicking::default_hook::{closure#0}
[INFO] [stderr] error[E0425]: cannot find type `View` in this scope
[INFO] [stdout]    4:     0x5db8632f6989 - std[70759c8f55707aa4]::panicking::default_hook
[INFO] [stderr]   --> tests/view/root-pass.rs:16:16
[INFO] [stdout]    5:     0x5db86328fc60 - test[9d35eded1c95d3be]::test_main_inner::<test[9d35eded1c95d3be]::test_main_static::{closure#0}>::{closure#0}
[INFO] [stderr]    |
[INFO] [stdout]    6:     0x5db8632f6b42 - std[70759c8f55707aa4]::panicking::panic_with_hook
[INFO] [stderr] 16 |         let _: View = view! {
[INFO] [stdout]    7:     0x5db8632d88a2 - std[70759c8f55707aa4]::panicking::panic_handler::{closure#0}
[INFO] [stderr]    |                ^^^^ not found in this scope
[INFO] [stdout]    8:     0x5db8632d1169 - std[70759c8f55707aa4]::sys::backtrace::__rust_end_short_backtrace::<std[70759c8f55707aa4]::panicking::panic_handler::{closure#0}, !>
[INFO] [stderr] 
[INFO] [stdout]    9:     0x5db8632d949d - __rustc[8fa7c3cbc660c2b3]::rust_begin_unwind
[INFO] [stderr] error[E0425]: cannot find function `create_root` in this scope
[INFO] [stdout]   10:     0x5db86331610c - core[df12db4294e9bfd3]::panicking::panic_fmt
[INFO] [stderr]  --> tests/view/root-pass.rs:4:13
[INFO] [stdout]   11:     0x5db8631e45b8 - <trybuild[b216d838bdc71262]::Runner>::run
[INFO] [stderr]   |
[INFO] [stdout]   12:     0x5db8631e79a0 - <trybuild[b216d838bdc71262]::TestCases as core[df12db4294e9bfd3]::ops::drop::Drop>::drop
[INFO] [stderr] 4 |     let _ = create_root(|| {
[INFO] [stdout]   13:     0x5db8631ddfdf - <ui[b1032002afaa64e8]::view_ui::{closure#0} as core[df12db4294e9bfd3]::ops::function::FnOnce<()>>::call_once
[INFO] [stderr]   |             ^^^^^^^^^^^ not found in this scope
[INFO] [stdout]   14:     0x5db863282f4b - test[9d35eded1c95d3be]::__rust_begin_short_backtrace::<core[df12db4294e9bfd3]::result::Result<(), alloc[2182bb758b4b3781]::string::String>, fn() -> core[df12db4294e9bfd3]::result::Result<(), alloc[2182bb758b4b3781]::string::String>>
[INFO] [stderr] ┈┈┈┈┈┈┈┈┈┈┈┈┈┈┈┈┈┈┈┈┈┈┈┈┈┈┈┈┈┈┈┈┈┈┈┈┈┈┈┈┈┈┈┈┈┈┈┈┈┈┈┈┈┈┈┈┈┈┈┈
[INFO] [stdout]   15:     0x5db8632905b5 - test[9d35eded1c95d3be]::run_test::{closure#0}
[INFO] [stderr] 
[INFO] [stdout]   16:     0x5db863289e74 - std[70759c8f55707aa4]::sys::backtrace::__rust_begin_short_backtrace::<test[9d35eded1c95d3be]::run_test::{closure#1}, ()>
[INFO] [stderr] 
[INFO] [stdout]   17:     0x5db863293712 - <std[70759c8f55707aa4]::thread::lifecycle::spawn_unchecked<test[9d35eded1c95d3be]::run_test::{closure#1}, ()>::{closure#1} as core[df12db4294e9bfd3]::ops::function::FnOnce<()>>::call_once::{shim:vtable#0}
[INFO] [stderr] 
[INFO] [stdout]   18:     0x5db8632fe5c9 - <std[70759c8f55707aa4]::sys::thread::unix::Thread>::new::thread_start
[INFO] [stderr] error: test failed, to rerun pass `--test ui`
[INFO] [stdout]   19:     0x7831522c2dfa - <unknown>
[INFO] [stdout]   20:     0x7831523563d4 - clone
[INFO] [stdout]   21:                0x0 - <unknown>
[INFO] [stdout] 
[INFO] [stdout] 
[INFO] [stdout] failures:
[INFO] [stdout]     component_ui
[INFO] [stdout]     view_ui
[INFO] [stdout] 
[INFO] [stdout] test result: FAILED. 0 passed; 2 failed; 0 ignored; 0 measured; 0 filtered out; finished in 29.63s
[INFO] [stdout] 
[INFO] running `Command { std: "docker" "inspect" "fac13cdd810f1dfc1c40f4814003b9532da40b4a862fcb714d202ab015203cd2", kill_on_drop: false }`
[INFO] running `Command { std: "docker" "rm" "-f" "fac13cdd810f1dfc1c40f4814003b9532da40b4a862fcb714d202ab015203cd2", kill_on_drop: false }`
[INFO] [stdout] fac13cdd810f1dfc1c40f4814003b9532da40b4a862fcb714d202ab015203cd2
