[INFO] fetching crate sycamore-core 0.9.4...
[INFO] testing sycamore-core-0.9.4 against 1.99.0-beta.8+cargoflags=--release for beta-release-1.100-2
[INFO] extracting crate sycamore-core 0.9.4 into /workspace/builds/worker-5-tc1/source
[INFO] started tweaking crates.io crate sycamore-core 0.9.4
[INFO] finished tweaking crates.io crate sycamore-core 0.9.4
[INFO] tweaked toml for crates.io crate sycamore-core 0.9.4 written to /workspace/builds/worker-5-tc1/source/Cargo.toml
[INFO] validating manifest of crates.io crate sycamore-core 0.9.4 on toolchain 1.99.0-beta.8
[INFO] running `Command { std: CARGO_HOME="/workspace/cargo-home" RUSTUP_HOME="/workspace/rustup-home" "/workspace/cargo-home/bin/cargo" "+1.99.0-beta.8" "metadata" "--manifest-path" "Cargo.toml" "--no-deps", kill_on_drop: false }`
[INFO] crate crates.io crate sycamore-core 0.9.4 already has a lockfile, it will not be regenerated
[INFO] running `Command { std: CARGO_HOME="/workspace/cargo-home" RUSTUP_HOME="/workspace/rustup-home" "/workspace/cargo-home/bin/cargo" "+1.99.0-beta.8" "fetch" "--manifest-path" "Cargo.toml", kill_on_drop: false }`
[INFO] [stderr]     Updating crates.io index
[INFO] [stderr]  Downloading crates ...
[INFO] [stderr]   Downloaded sycamore-reactive v0.9.4
[INFO] [stderr]   Downloaded sycamore-macro v0.9.4
[INFO] [stderr]   Downloaded sycamore-view-parser v0.9.4
[INFO] [stderr]   Downloaded sycamore-futures v0.9.4
[INFO] running `Command { std: "docker" "create" "-v" "/var/lib/crater-agent-workspace/builds/worker-5-tc1/source:/opt/rustwide/workdir:ro,Z" "-v" "/var/lib/crater-agent-workspace/builds/worker-5-tc1/target:/opt/rustwide/target:rw,Z" "-v" "/var/lib/crater-agent-workspace/cargo-home:/opt/rustwide/cargo-home:ro,Z" "-v" "/var/lib/crater-agent-workspace/rustup-home:/opt/rustwide/rustup-home:ro,Z" "-m" "1610612736" "--network" "none" "ghcr.io/rust-lang/crates-build-env/linux@sha256:77db811e55d90add9212f6832c23229e3de5f1c1f9905e8cb07319ea15df73ac" "sleep" "infinity", kill_on_drop: false }`
[INFO] [stdout] 209b0629a4a24173f2266486be591ec7555d8edcc197944395a1e7400e75a68c
[INFO] running `Command { std: "docker" "start" "209b0629a4a24173f2266486be591ec7555d8edcc197944395a1e7400e75a68c", kill_on_drop: false }`
[INFO] running `Command { std: "docker" "inspect" "209b0629a4a24173f2266486be591ec7555d8edcc197944395a1e7400e75a68c", kill_on_drop: false }`
[INFO] running `Command { std: "docker" "exec" "-e" "SOURCE_DIR=/opt/rustwide/workdir" "-e" "CARGO_HOME=/opt/rustwide/cargo-home" "-e" "RUSTUP_HOME=/opt/rustwide/rustup-home" "-e" "CARGO_TARGET_DIR=/opt/rustwide/target" "-w" "/opt/rustwide/workdir" "--user" "0:0" "209b0629a4a24173f2266486be591ec7555d8edcc197944395a1e7400e75a68c" "/opt/rustwide/cargo-home/bin/cargo" "+1.99.0-beta.8" "metadata" "--no-deps" "--format-version=1", kill_on_drop: false }`
[INFO] running `Command { std: "docker" "inspect" "209b0629a4a24173f2266486be591ec7555d8edcc197944395a1e7400e75a68c", kill_on_drop: false }`
[INFO] running `Command { std: "docker" "exec" "-e" "SOURCE_DIR=/opt/rustwide/workdir" "-e" "CARGO_HOME=/opt/rustwide/cargo-home" "-e" "RUSTUP_HOME=/opt/rustwide/rustup-home" "-e" "CARGO_TARGET_DIR=/opt/rustwide/target" "-e" "CARGO_INCREMENTAL=0" "-e" "RUST_BACKTRACE=full" "-e" "RUSTFLAGS=--cap-lints=warn" "-e" "RUSTDOCFLAGS=--cap-lints=warn" "-w" "/opt/rustwide/workdir" "--user" "0:0" "209b0629a4a24173f2266486be591ec7555d8edcc197944395a1e7400e75a68c" "/opt/rustwide/cargo-home/bin/cargo" "+1.99.0-beta.8" "build" "--frozen" "--message-format=json" "--release", kill_on_drop: false }`
[INFO] [stderr]    Compiling slotmap v1.1.1
[INFO] [stderr]    Compiling smallvec v1.16.2
[INFO] [stderr]    Compiling sycamore-reactive v0.9.4
[INFO] [stderr]    Compiling sycamore-core v0.9.4 (/opt/rustwide/workdir)
[INFO] [stderr]     Finished `release` profile [optimized] target(s) in 2.22s
[INFO] running `Command { std: "docker" "inspect" "209b0629a4a24173f2266486be591ec7555d8edcc197944395a1e7400e75a68c", kill_on_drop: false }`
[INFO] running `Command { std: "docker" "exec" "-e" "SOURCE_DIR=/opt/rustwide/workdir" "-e" "CARGO_HOME=/opt/rustwide/cargo-home" "-e" "RUSTUP_HOME=/opt/rustwide/rustup-home" "-e" "CARGO_TARGET_DIR=/opt/rustwide/target" "-e" "CARGO_INCREMENTAL=0" "-e" "RUST_BACKTRACE=full" "-e" "RUSTFLAGS=--cap-lints=warn" "-e" "RUSTDOCFLAGS=--cap-lints=warn" "-w" "/opt/rustwide/workdir" "--user" "0:0" "209b0629a4a24173f2266486be591ec7555d8edcc197944395a1e7400e75a68c" "/opt/rustwide/cargo-home/bin/cargo" "+1.99.0-beta.8" "test" "--frozen" "--no-run" "--message-format=json" "--release", kill_on_drop: false }`
[INFO] [stderr]    Compiling sycamore-core v0.9.4 (/opt/rustwide/workdir)
[INFO] [stderr]     Finished `release` profile [optimized] target(s) in 0.22s
[INFO] running `Command { std: "docker" "inspect" "209b0629a4a24173f2266486be591ec7555d8edcc197944395a1e7400e75a68c", kill_on_drop: false }`
[INFO] running `Command { std: "docker" "exec" "-e" "SOURCE_DIR=/opt/rustwide/workdir" "-e" "CARGO_HOME=/opt/rustwide/cargo-home" "-e" "RUSTUP_HOME=/opt/rustwide/rustup-home" "-e" "CARGO_TARGET_DIR=/opt/rustwide/target" "-e" "CARGO_INCREMENTAL=0" "-e" "RUST_BACKTRACE=full" "-e" "RUSTFLAGS=--cap-lints=warn" "-e" "RUSTDOCFLAGS=--cap-lints=warn" "-w" "/opt/rustwide/workdir" "--user" "0:0" "209b0629a4a24173f2266486be591ec7555d8edcc197944395a1e7400e75a68c" "/opt/rustwide/cargo-home/bin/cargo" "+1.99.0-beta.8" "test" "--frozen" "--release", kill_on_drop: false }`
[INFO] [stderr]     Finished `release` profile [optimized] target(s) in 0.06s
[INFO] [stderr]      Running unittests src/lib.rs (/opt/rustwide/target/release/deps/sycamore_core-c08900cfa5b9b3d6)
[INFO] [stdout] 
[INFO] [stdout] running 0 tests
[INFO] [stdout] 
[INFO] [stdout] test result: ok. 0 passed; 0 failed; 0 ignored; 0 measured; 0 filtered out; finished in 0.00s
[INFO] [stdout] 
[INFO] [stderr]    Doc-tests sycamore_core
[INFO] [stdout] 
[INFO] [stdout] running 2 tests
[INFO] [stdout] test src/component.rs - component::Props (line 21) ... FAILED
[INFO] [stdout] test src/component.rs - component::Children (line 91) ... FAILED
[INFO] [stdout] 
[INFO] [stdout] failures:
[INFO] [stdout] 
[INFO] [stdout] ---- src/component.rs - component::Props (line 21) stdout ----
[INFO] [stdout] error[E0433]: cannot find module or crate `sycamore` in this scope
[INFO] [stdout]   --> src/component.rs:22:5
[INFO] [stdout]    |
[INFO] [stdout] 22 | use sycamore::prelude::*;
[INFO] [stdout]    |     ^^^^^^^^ use of unresolved module or unlinked crate `sycamore`
[INFO] [stdout]    |
[INFO] [stdout]    = help: if you wanted to use a crate named `sycamore`, use `cargo add sycamore` to add it to your `Cargo.toml`
[INFO] [stdout] 
[INFO] [stdout] error: cannot find derive macro `Props` in this scope
[INFO] [stdout]   --> src/component.rs:23:10
[INFO] [stdout]    |
[INFO] [stdout] 23 | #[derive(Props)]
[INFO] [stdout]    |          ^^^^^
[INFO] [stdout] 
[INFO] [stdout] error[E0405]: cannot find trait `Props` in this scope
[INFO] [stdout]   --> src/component.rs:29:31
[INFO] [stdout]    |
[INFO] [stdout] 29 | let builder = <ButtonProps as Props>::builder();
[INFO] [stdout]    |                               ^^^^^ not found in this scope
[INFO] [stdout] 
[INFO] [stdout] error: aborting due to 3 previous errors
[INFO] [stdout] 
[INFO] [stdout] Some errors have detailed explanations: E0405, E0433.
[INFO] [stdout] For more information about an error, try `rustc --explain E0405`.
[INFO] [stdout] Couldn't compile the test.
[INFO] [stdout] ---- src/component.rs - component::Children (line 91) stdout ----
[INFO] [stdout] error[E0433]: cannot find module or crate `sycamore` in this scope
[INFO] [stdout]   --> src/component.rs:92:5
[INFO] [stdout]    |
[INFO] [stdout] 92 | use sycamore::prelude::*;
[INFO] [stdout]    |     ^^^^^^^^ use of unresolved module or unlinked crate `sycamore`
[INFO] [stdout]    |
[INFO] [stdout]    = help: if you wanted to use a crate named `sycamore`, use `cargo add sycamore` to add it to your `Cargo.toml`
[INFO] [stdout] 
[INFO] [stdout] error: cannot find attribute `component` in this scope
[INFO] [stdout]    --> src/component.rs:110:3
[INFO] [stdout]     |
[INFO] [stdout] 110 | #[component]
[INFO] [stdout]     |   ^^^^^^^^^
[INFO] [stdout] 
[INFO] [stdout] error: cannot find macro `view` in this scope
[INFO] [stdout]    --> src/component.rs:113:1
[INFO] [stdout]     |
[INFO] [stdout] 113 | view! {
[INFO] [stdout]     | ^^^^
[INFO] [stdout] 
[INFO] [stdout] error: cannot find attribute `component` in this scope
[INFO] [stdout]   --> src/component.rs:99:3
[INFO] [stdout]    |
[INFO] [stdout] 99 | #[component]
[INFO] [stdout]    |   ^^^^^^^^^
[INFO] [stdout] 
[INFO] [stdout] error: cannot find macro `view` in this scope
[INFO] [stdout]    --> src/component.rs:103:5
[INFO] [stdout]     |
[INFO] [stdout] 103 |     view! {
[INFO] [stdout]     |     ^^^^
[INFO] [stdout] 
[INFO] [stdout] error: cannot find derive macro `Props` in this scope
[INFO] [stdout]   --> src/component.rs:93:10
[INFO] [stdout]    |
[INFO] [stdout] 93 | #[derive(Props)]
[INFO] [stdout]    |          ^^^^^
[INFO] [stdout] 
[INFO] [stdout] error[E0425]: cannot find type `Children` in this scope
[INFO] [stdout]   --> src/component.rs:96:15
[INFO] [stdout]    |
[INFO] [stdout] 96 |     children: Children,
[INFO] [stdout]    |               ^^^^^^^^ not found in this scope
[INFO] [stdout] 
[INFO] [stdout] error[E0425]: cannot find type `View` in this scope
[INFO] [stdout]    --> src/component.rs:100:28
[INFO] [stdout]     |
[INFO] [stdout] 100 | fn Row(props: RowProps) -> View {
[INFO] [stdout]     |                            ^^^^ not found in this scope
[INFO] [stdout] 
[INFO] [stdout] error[E0425]: cannot find type `View` in this scope
[INFO] [stdout]    --> src/component.rs:111:13
[INFO] [stdout]     |
[INFO] [stdout] 111 | fn App() -> View {
[INFO] [stdout]     |             ^^^^ not found in this scope
[INFO] [stdout] 
[INFO] [stdout] error: aborting due to 9 previous errors
[INFO] [stdout] 
[INFO] [stdout] Some errors have detailed explanations: E0425, E0433.
[INFO] [stdout] For more information about an error, try `rustc --explain E0425`.
[INFO] [stdout] Couldn't compile the test.
[INFO] [stdout] 
[INFO] [stdout] failures:
[INFO] [stdout]     src/component.rs - component::Children (line 91)
[INFO] [stdout]     src/component.rs - component::Props (line 21)
[INFO] [stdout] 
[INFO] [stdout] test result: FAILED. 0 passed; 2 failed; 0 ignored; 0 measured; 0 filtered out; finished in 0.15s
[INFO] [stdout] 
[INFO] [stdout] all doctests ran in 0.36s; merged doctests compilation took 0.19s
[INFO] [stderr] error: doctest failed, to rerun pass `--doc`
[INFO] running `Command { std: "docker" "inspect" "209b0629a4a24173f2266486be591ec7555d8edcc197944395a1e7400e75a68c", kill_on_drop: false }`
[INFO] running `Command { std: "docker" "rm" "-f" "209b0629a4a24173f2266486be591ec7555d8edcc197944395a1e7400e75a68c", kill_on_drop: false }`
[INFO] [stdout] 209b0629a4a24173f2266486be591ec7555d8edcc197944395a1e7400e75a68c
