[INFO] fetching crate syan 0.2.2...
[INFO] testing syan-0.2.2 against 1.99.0-beta.8+cargoflags=--release for beta-release-1.100-2
[INFO] extracting crate syan 0.2.2 into /workspace/builds/worker-5-tc1/source
[INFO] started tweaking crates.io crate syan 0.2.2
[INFO] removed 0 missing tests
[INFO] finished tweaking crates.io crate syan 0.2.2
[INFO] tweaked toml for crates.io crate syan 0.2.2 written to /workspace/builds/worker-5-tc1/source/Cargo.toml
[INFO] validating manifest of crates.io crate syan 0.2.2 on toolchain 1.99.0-beta.8
[INFO] running `Command { std: CARGO_HOME="/workspace/cargo-home" RUSTUP_HOME="/workspace/rustup-home" "/workspace/cargo-home/bin/cargo" "+1.99.0-beta.8" "metadata" "--manifest-path" "Cargo.toml" "--no-deps", kill_on_drop: false }`
[INFO] crate crates.io crate syan 0.2.2 already has a lockfile, it will not be regenerated
[INFO] running `Command { std: CARGO_HOME="/workspace/cargo-home" RUSTUP_HOME="/workspace/rustup-home" "/workspace/cargo-home/bin/cargo" "+1.99.0-beta.8" "fetch" "--manifest-path" "Cargo.toml", kill_on_drop: false }`
[INFO] [stderr]     Updating crates.io index
[INFO] [stderr]  Downloading crates ...
[INFO] [stderr]   Downloaded trybuild v1.0.117
[INFO] [stderr]   Downloaded template-quote v0.4.4
[INFO] [stderr]   Downloaded syan-macro v0.2.2
[INFO] [stderr]   Downloaded template-quote-impl v0.4.4
[INFO] [stderr]   Downloaded type-macro-derive-tricks v0.2.0
[INFO] [stderr]   Downloaded decycle-macro v0.5.2
[INFO] [stderr]   Downloaded parametrized-macro v0.1.7
[INFO] [stderr]   Downloaded newer-type-macro v0.1.2
[INFO] [stderr]   Downloaded safegraph-macros v0.2.0
[INFO] [stderr]   Downloaded syn_derive v0.1.8
[INFO] [stderr]   Downloaded type-leak v0.7.0
[INFO] [stderr]   Downloaded safegraph-macros v0.1.0
[INFO] [stderr]   Downloaded derive-syn-parse v0.1.5
[INFO] [stderr]   Downloaded newer-type v0.1.2
[INFO] [stderr]   Downloaded decycle v0.5.2
[INFO] [stderr]   Downloaded sumtype v0.4.1
[INFO] [stderr]   Downloaded sumtype-macro v0.4.1
[INFO] [stderr]   Downloaded parametrized v0.1.8
[INFO] [stderr]   Downloaded type-leak v0.2.0
[INFO] [stderr]   Downloaded decycle-impl v0.5.2
[INFO] [stderr]   Downloaded safegraph v0.2.0
[INFO] [stderr]   Downloaded safegraph v0.1.0
[INFO] running `Command { std: "docker" "create" "-v" "/var/lib/crater-agent-workspace/builds/worker-5-tc1/source:/opt/rustwide/workdir:ro,Z" "-v" "/var/lib/crater-agent-workspace/builds/worker-5-tc1/target:/opt/rustwide/target:rw,Z" "-v" "/var/lib/crater-agent-workspace/cargo-home:/opt/rustwide/cargo-home:ro,Z" "-v" "/var/lib/crater-agent-workspace/rustup-home:/opt/rustwide/rustup-home:ro,Z" "-m" "1610612736" "--network" "none" "ghcr.io/rust-lang/crates-build-env/linux@sha256:77db811e55d90add9212f6832c23229e3de5f1c1f9905e8cb07319ea15df73ac" "sleep" "infinity", kill_on_drop: false }`
[INFO] [stdout] 2e71ca8d2c4ef9f201b393b08b038119a7c1bf37c42069b28a6492b9faa0b58e
[INFO] running `Command { std: "docker" "start" "2e71ca8d2c4ef9f201b393b08b038119a7c1bf37c42069b28a6492b9faa0b58e", kill_on_drop: false }`
[INFO] running `Command { std: "docker" "inspect" "2e71ca8d2c4ef9f201b393b08b038119a7c1bf37c42069b28a6492b9faa0b58e", kill_on_drop: false }`
[INFO] running `Command { std: "docker" "exec" "-e" "SOURCE_DIR=/opt/rustwide/workdir" "-e" "CARGO_HOME=/opt/rustwide/cargo-home" "-e" "RUSTUP_HOME=/opt/rustwide/rustup-home" "-e" "CARGO_TARGET_DIR=/opt/rustwide/target" "-w" "/opt/rustwide/workdir" "--user" "0:0" "2e71ca8d2c4ef9f201b393b08b038119a7c1bf37c42069b28a6492b9faa0b58e" "/opt/rustwide/cargo-home/bin/cargo" "+1.99.0-beta.8" "metadata" "--no-deps" "--format-version=1", kill_on_drop: false }`
[INFO] running `Command { std: "docker" "inspect" "2e71ca8d2c4ef9f201b393b08b038119a7c1bf37c42069b28a6492b9faa0b58e", kill_on_drop: false }`
[INFO] running `Command { std: "docker" "exec" "-e" "SOURCE_DIR=/opt/rustwide/workdir" "-e" "CARGO_HOME=/opt/rustwide/cargo-home" "-e" "RUSTUP_HOME=/opt/rustwide/rustup-home" "-e" "CARGO_TARGET_DIR=/opt/rustwide/target" "-e" "CARGO_INCREMENTAL=0" "-e" "RUST_BACKTRACE=full" "-e" "RUSTFLAGS=--cap-lints=warn" "-e" "RUSTDOCFLAGS=--cap-lints=warn" "-w" "/opt/rustwide/workdir" "--user" "0:0" "2e71ca8d2c4ef9f201b393b08b038119a7c1bf37c42069b28a6492b9faa0b58e" "/opt/rustwide/cargo-home/bin/cargo" "+1.99.0-beta.8" "build" "--frozen" "--message-format=json" "--release", kill_on_drop: false }`
[INFO] [stderr]    Compiling quote v1.0.46
[INFO] [stderr]    Compiling either v1.16.0
[INFO] [stderr]    Compiling proc-macro2 v1.0.107
[INFO] [stderr]    Compiling fixedbitset v0.5.7
[INFO] [stderr]    Compiling toml_datetime v0.6.11
[INFO] [stderr]    Compiling proc-macro-error v1.0.4
[INFO] [stderr]    Compiling num-traits v0.2.19
[INFO] [stderr]    Compiling syn v1.0.109
[INFO] [stderr]    Compiling syn v2.0.118
[INFO] [stderr]    Compiling itertools v0.10.5
[INFO] [stderr]    Compiling itertools v0.14.0
[INFO] [stderr]    Compiling proc-macro-error-attr v1.0.4
[INFO] [stderr]    Compiling include_dir_macros v0.7.4
[INFO] [stderr]    Compiling proc-macro-error-attr2 v2.0.0
[INFO] [stderr]    Compiling toml_edit v0.19.15
[INFO] [stderr]    Compiling petgraph v0.7.1
[INFO] [stderr]    Compiling include_dir v0.7.4
[INFO] [stderr]    Compiling proc-macro-error2 v2.0.1
[INFO] [stderr]    Compiling proc-macro-crate v1.3.1
[INFO] [stderr]    Compiling template-quote-impl v0.4.4
[INFO] [stderr]    Compiling derive-syn-parse v0.1.5
[INFO] [stderr]    Compiling template-quote v0.4.4
[INFO] [stderr]    Compiling darling_core v0.20.11
[INFO] [stderr]    Compiling safegraph-macros v0.1.0
[INFO] [stderr]    Compiling safegraph-macros v0.2.0
[INFO] [stderr]    Compiling aquamarine v0.6.0
[INFO] [stderr]    Compiling derive-syn-parse v0.2.0
[INFO] [stderr]    Compiling syn_derive v0.1.8
[INFO] [stderr]    Compiling parametrized-macro v0.1.7
[INFO] [stderr]    Compiling safegraph v0.2.0
[INFO] [stderr]    Compiling safegraph v0.1.0
[INFO] [stderr]    Compiling type-leak v0.2.0
[INFO] [stderr]    Compiling newer-type-macro v0.1.2
[INFO] [stderr]    Compiling type-leak v0.7.0
[INFO] [stderr]    Compiling darling_macro v0.20.11
[INFO] [stderr]    Compiling darling v0.20.11
[INFO] [stderr]    Compiling sumtype-macro v0.4.1
[INFO] [stderr]    Compiling newer-type v0.1.2
[INFO] [stderr]    Compiling decycle-impl v0.5.2
[INFO] [stderr]    Compiling sumtype v0.4.1
[INFO] [stderr]    Compiling parametrized v0.1.8
[INFO] [stderr]    Compiling decycle-macro v0.5.2
[INFO] [stderr]    Compiling decycle v0.5.2
[INFO] [stderr]    Compiling syan-macro v0.2.2
[INFO] [stderr]    Compiling syan v0.2.2 (/opt/rustwide/workdir)
[INFO] [stderr]     Finished `release` profile [optimized] target(s) in 2m 18s
[INFO] [stderr] warning: the following packages contain code that will be rejected by a future version of Rust: proc-macro-error2 v2.0.1
[INFO] [stderr] note: to see what the problems were, use the option `--future-incompat-report`, or run `cargo report future-incompatibilities --id 1`
[INFO] running `Command { std: "docker" "inspect" "2e71ca8d2c4ef9f201b393b08b038119a7c1bf37c42069b28a6492b9faa0b58e", kill_on_drop: false }`
[INFO] running `Command { std: "docker" "exec" "-e" "SOURCE_DIR=/opt/rustwide/workdir" "-e" "CARGO_HOME=/opt/rustwide/cargo-home" "-e" "RUSTUP_HOME=/opt/rustwide/rustup-home" "-e" "CARGO_TARGET_DIR=/opt/rustwide/target" "-e" "CARGO_INCREMENTAL=0" "-e" "RUST_BACKTRACE=full" "-e" "RUSTFLAGS=--cap-lints=warn" "-e" "RUSTDOCFLAGS=--cap-lints=warn" "-w" "/opt/rustwide/workdir" "--user" "0:0" "2e71ca8d2c4ef9f201b393b08b038119a7c1bf37c42069b28a6492b9faa0b58e" "/opt/rustwide/cargo-home/bin/cargo" "+1.99.0-beta.8" "test" "--frozen" "--no-run" "--message-format=json" "--release", kill_on_drop: false }`
[INFO] [stderr]    Compiling libc v0.2.186
[INFO] [stderr]    Compiling zerocopy v0.8.52
[INFO] [stderr]    Compiling serde v1.0.228
[INFO] [stderr]    Compiling winnow v1.0.3
[INFO] [stderr]    Compiling target-triple v1.0.0
[INFO] [stderr]    Compiling serde_spanned v1.1.1
[INFO] [stderr]    Compiling toml_datetime v1.1.1+spec-1.1.0
[INFO] [stderr]    Compiling toml_writer v1.1.1+spec-1.1.0
[INFO] [stderr]    Compiling serde_json v1.0.150
[INFO] [stderr]    Compiling serde_derive v1.0.228
[INFO] [stderr]    Compiling glob v0.3.3
[INFO] [stderr]    Compiling dissimilar v1.0.11
[INFO] [stderr]    Compiling toml_parser v1.1.2+spec-1.1.0
[INFO] [stderr]    Compiling toml v1.1.2+spec-1.1.0
[INFO] [stderr]    Compiling getrandom v0.2.17
[INFO] [stderr]    Compiling rand_core v0.6.4
[INFO] [stderr]    Compiling trybuild v1.0.117
[INFO] [stderr]    Compiling ppv-lite86 v0.2.21
[INFO] [stderr]    Compiling rand_chacha v0.3.1
[INFO] [stderr]    Compiling rand v0.8.6
[INFO] [stderr]    Compiling type-macro-derive-tricks v0.2.0
[INFO] [stderr]    Compiling syan v0.2.2 (/opt/rustwide/workdir)
[INFO] [stderr]     Finished `release` profile [optimized] target(s) in 42.24s
[INFO] [stderr] warning: the following packages contain code that will be rejected by a future version of Rust: proc-macro-error2 v2.0.1
[INFO] [stderr] note: to see what the problems were, use the option `--future-incompat-report`, or run `cargo report future-incompatibilities --id 1`
[INFO] running `Command { std: "docker" "inspect" "2e71ca8d2c4ef9f201b393b08b038119a7c1bf37c42069b28a6492b9faa0b58e", kill_on_drop: false }`
[INFO] running `Command { std: "docker" "exec" "-e" "SOURCE_DIR=/opt/rustwide/workdir" "-e" "CARGO_HOME=/opt/rustwide/cargo-home" "-e" "RUSTUP_HOME=/opt/rustwide/rustup-home" "-e" "CARGO_TARGET_DIR=/opt/rustwide/target" "-e" "CARGO_INCREMENTAL=0" "-e" "RUST_BACKTRACE=full" "-e" "RUSTFLAGS=--cap-lints=warn" "-e" "RUSTDOCFLAGS=--cap-lints=warn" "-w" "/opt/rustwide/workdir" "--user" "0:0" "2e71ca8d2c4ef9f201b393b08b038119a7c1bf37c42069b28a6492b9faa0b58e" "/opt/rustwide/cargo-home/bin/cargo" "+1.99.0-beta.8" "test" "--frozen" "--release", kill_on_drop: false }`
[INFO] [stderr]     Finished `release` profile [optimized] target(s) in 0.12s
[INFO] [stderr] warning: the following packages contain code that will be rejected by a future version of Rust: proc-macro-error2 v2.0.1
[INFO] [stderr] note: to see what the problems were, use the option `--future-incompat-report`, or run `cargo report future-incompatibilities --id 1`
[INFO] [stderr]      Running unittests src/lib.rs (/opt/rustwide/target/release/deps/syan-65e833dfabd0e953)
[INFO] [stdout] 
[INFO] [stdout] running 38 tests
[INFO] [stdout] test literal::tests::test_bool_parsing_invalid ... ok
[INFO] [stdout] test literal::tests::test_bytechar_parsing_escape_sequences ... ok
[INFO] [stdout] test literal::tests::test_bytechar_parsing_invalid ... ok
[INFO] [stdout] test literal::tests::test_bytestr_raw_parsing ... ok
[INFO] [stdout] test literal::tests::test_bytestr_raw_parsing_invalid ... ok
[INFO] [stdout] test literal::tests::test_bool_parsing_false ... ok
[INFO] [stdout] test literal::tests::test_cstr_parsing_invalid ... ok
[INFO] [stdout] test literal::tests::test_bytechar_parsing_simple ... ok
[INFO] [stdout] test literal::tests::test_cstr_raw_parsing ... ok
[INFO] [stdout] test literal::tests::test_bytestr_parsing ... ok
[INFO] [stdout] test literal::tests::test_cstr_raw_parsing_invalid ... ok
[INFO] [stdout] test literal::tests::test_bytestr_parsing_invalid ... ok
[INFO] [stdout] test literal::tests::test_display_implementations ... ok
[INFO] [stdout] test literal::tests::test_char_parsing_escape_sequences ... ok
[INFO] [stdout] test literal::tests::test_float_parsing_invalid ... ok
[INFO] [stdout] test literal::tests::test_float_parsing_scientific ... ok
[INFO] [stdout] test literal::tests::test_float_parsing_simple ... ok
[INFO] [stdout] test literal::tests::test_char_parsing_simple ... ok
[INFO] [stdout] test literal::tests::test_integer_parsing_simple ... ok
[INFO] [stdout] test literal::tests::test_integer_parsing_with_suffixes ... ok
[INFO] [stdout] test literal::tests::test_str_parsing_simple ... ok
[INFO] [stdout] test literal::tests::test_str_raw_parsing ... ok
[INFO] [stdout] test literal::tests::test_cstr_parsing ... ok
[INFO] [stdout] test literal::tests::test_bool_parsing_true ... ok
[INFO] [stdout] test literal::tests::test_integer_parsing_invalid ... ok
[INFO] [stdout] test literal::tests::test_integer_parsing_with_underscores ... ok
[INFO] [stdout] test literal::tests::test_str_parsing_invalid ... ok
[INFO] [stdout] test literal::tests::test_str_parsing_with_escapes ... ok
[INFO] [stdout] test literal::tests::test_str_raw_parsing_invalid ... ok
[INFO] [stdout] test parse::tape::tests::pulls_only_what_is_asked_for ... ok
[INFO] [stdout] test parse::tape::tests::nested_rollback_keeps_the_outer_scope_rewindable ... ok
[INFO] [stdout] test literal::tests::test_float_parsing_with_suffixes ... ok
[INFO] [stdout] test parse::tape::tests::pushback_survives_rollback_and_commit ... ok
[INFO] [stdout] test parse::tape::tests::reading_outside_a_transaction_retains_nothing ... ok
[INFO] [stdout] test parse::tape::tests::the_end_is_reached_at_most_once ... ok
[INFO] [stdout] test parse::tape::tests::retention_is_scoped_to_the_outermost_open_transaction ... ok
[INFO] [stdout] test parse::tape::tests::rollback_re_serves_atoms_the_iterator_can_no_longer_produce ... ok
[INFO] [stdout] test literal::tests::test_char_parsing_invalid ... ok
[INFO] [stdout] 
[INFO] [stdout] test result: ok. 38 passed; 0 failed; 0 ignored; 0 measured; 0 filtered out; finished in 0.01s
[INFO] [stdout] 
[INFO] [stderr]      Running tests/ast_derive.rs (/opt/rustwide/target/release/deps/ast_derive-630e79d666087bc9)
[INFO] [stdout] 
[INFO] [stdout] running 4 tests
[INFO] [stdout] test subast_allowlist_round_trips ... ok
[INFO] [stdout] test metadata_macro_round_trips_definition ... ok
[INFO] [stdout] test repeater_is_implemented_on_the_type_itself ... ok
[INFO] [stdout] test marker_trait_is_implemented ... ok
[INFO] [stdout] 
[INFO] [stdout] test result: ok. 4 passed; 0 failed; 0 ignored; 0 measured; 0 filtered out; finished in 0.00s
[INFO] [stdout] 
[INFO] [stderr]      Running tests/dup_transaction.rs (/opt/rustwide/target/release/deps/dup_transaction-860b218323036a2e)
[INFO] [stdout] 
[INFO] [stdout] running 22 tests
[INFO] [stdout] test deep_nesting_keeps_type_names_bounded ... ok
[INFO] [stdout] test dup_commit_preserves_pushback_order_odd_depth ... ok
[INFO] [stdout] test dup_commit_keeps_consumption ... ok
[INFO] [stdout] test inner_failure_does_not_escape_a_successful_outer ... ok
[INFO] [stdout] test dup_commit_preserves_pushback_order ... ok
[INFO] [stdout] test dup_error_type_is_fully_generic ... ok
[INFO] [stdout] test outer_failure_restores_past_a_committed_inner ... ok
[INFO] [stdout] test outer_keeps_consuming_after_an_inner_failure_and_commits ... ok
[INFO] [stdout] test dup_nesting_does_not_grow_the_stream_type ... ok
[INFO] [stdout] test leaf_style_pushback_inside_a_failing_dup ... ok
[INFO] [stdout] test leftover_order_is_preserved_at_every_depth_and_width ... ok
[INFO] [stdout] test a_failed_dup_is_always_a_no_op ... ok
[INFO] [stdout] test peek_agrees_with_next_after_a_rollback ... ok
[INFO] [stdout] test dup_rollback_restores_everything_consumed ... ok
[INFO] [stdout] test dup_that_consumes_nothing_and_fails_is_a_no_op ... ok
[INFO] [stdout] test descent_instantiates_exactly_one_stream_type ... ok
[INFO] [stdout] test dup_that_consumes_to_eof_and_fails_restores_all ... ok
[INFO] [stdout] test substream_does_not_nest ... ok
[INFO] [stdout] test three_deep_inner_fail_middle_ok_outer_fail ... ok
[INFO] [stdout] test wrappers_forward_every_method ... ok
[INFO] [stderr]      Running tests/error_span.rs (/opt/rustwide/target/release/deps/error_span-ee4f476a1a68eb8f)
[INFO] [stdout] test dup_nests_to_arbitrary_depth_generically ... ok
[INFO] [stdout] test peek_inside_a_nested_scope_agrees_with_next ... ok
[INFO] [stdout] 
[INFO] [stdout] test result: ok. 22 passed; 0 failed; 0 ignored; 0 measured; 0 filtered out; finished in 0.01s
[INFO] [stdout] 
[INFO] [stdout] 
[INFO] [stdout] running 9 tests
[INFO] [stdout] test a_span_is_kept_by_value ... ok
[INFO] [stdout] test an_aggregate_reports_the_farthest_alternatives_position ... ok
[INFO] [stdout] test the_unit_span_is_not_rendered ... ok
[INFO] [stdout] test a_leaf_failure_reports_where_it_failed_not_byte_zero ... ok
[INFO] [stdout] test a_literal_failure_names_the_literal_kind ... ok
[INFO] [stdout] test eof_is_its_own_kind ... ok
[INFO] [stdout] test other_carries_an_owned_message ... ok
[INFO] [stdout] test an_aggregate_renders_its_alternatives ... ok
[INFO] [stdout] test the_error_is_small ... ok
[INFO] [stdout] 
[INFO] [stdout] test result: ok. 9 passed; 0 failed; 0 ignored; 0 measured; 0 filtered out; finished in 0.00s
[INFO] [stdout] 
[INFO] [stderr]      Running tests/field_spacing.rs (/opt/rustwide/target/release/deps/field_spacing-53ae25af411decb4)
[INFO] [stdout] 
[INFO] [stdout] running 9 tests
[INFO] [stdout] test combinator_boundaries::group_and_punctuated_skip_between_parts ... ok
[INFO] [stdout] test combinator_boundaries::a_trailing_separator_does_not_invent_an_item ... ok
[INFO] [stdout] test combinator_boundaries::empty_group_tolerates_a_separator ... ok
[INFO] [stdout] test alone_field_demands_a_separator ... ok
[INFO] [stdout] test leading_whitespace_is_skipped ... ok
[INFO] [stdout] test combinator_boundaries::vec_skips_between_items ... ok
[INFO] [stdout] test plain_field_accepts_either_spacing ... ok
[INFO] [stdout] test joint_field_demands_adjacency ... ok
[INFO] [stdout] test over_tokens::plain_field_over_tokens ... ok
[INFO] [stdout] 
[INFO] [stdout] test result: ok. 9 passed; 0 failed; 0 ignored; 0 measured; 0 filtered out; finished in 0.01s
[INFO] [stdout] 
[INFO] [stderr]      Running tests/group_prefix_dedup.rs (/opt/rustwide/target/release/deps/group_prefix_dedup-2f4288f5abab51f0)
[INFO] [stdout] 
[INFO] [stdout] running 3 tests
[INFO] [stderr]      Running tests/group_substruct_names.rs (/opt/rustwide/target/release/deps/group_substruct_names-9e2950326da24c9f)
[INFO] [stdout] test a_shared_holder_with_per_variant_content_parses ... ok
[INFO] [stdout] test both_arms_round_trip ... ok
[INFO] [stdout] test a_fully_shared_group_run_still_dedups ... ok
[INFO] [stdout] 
[INFO] [stdout] test result: ok. 3 passed; 0 failed; 0 ignored; 0 measured; 0 filtered out; finished in 0.00s
[INFO] [stdout] 
[INFO] [stdout] 
[INFO] [stdout] running 3 tests
[INFO] [stdout] test each_variant_round_trips_through_its_own_substruct ... ok
[INFO] [stderr]      Running tests/literal_text.rs (/opt/rustwide/target/release/deps/literal_text-4186dd0f602b66d7)
[INFO] [stdout] test a_struct_still_works ... ok
[INFO] [stdout] test two_variants_may_share_a_group_field_name ... ok
[INFO] [stdout] 
[INFO] [stdout] test result: ok. 3 passed; 0 failed; 0 ignored; 0 measured; 0 filtered out; finished in 0.00s
[INFO] [stdout] 
[INFO] [stdout] 
[INFO] [stdout] running 8 tests
[INFO] [stdout] test non_suffix_tail_is_pushed_back ... ok
[INFO] [stdout] test failure_restores_the_stream ... ok
[INFO] [stdout] test over_bytes::digits_and_suffix_from_bytes ... ok
[INFO] [stdout] test over_bytes::stops_at_non_ascii ... ok
[INFO] [stdout] test keeps_underscores_like_the_token_impl ... ok
[INFO] [stdout] test recognises_suffixes ... ok
[INFO] [stdout] test rejects_non_digits ... ok
[INFO] [stderr]      Running tests/macro_audit_runtime_test.rs (/opt/rustwide/target/release/deps/macro_audit_runtime_test-155a546fb3c9b037)
[INFO] [stdout] test plain_digits ... ok
[INFO] [stdout] 
[INFO] [stdout] test result: ok. 8 passed; 0 failed; 0 ignored; 0 measured; 0 filtered out; finished in 0.01s
[INFO] [stdout] 
[INFO] [stdout] 
[INFO] [stdout] running 5 tests
[INFO] [stdout] test symbol_leaks_raw_ident_prefix ... ok
[INFO] [stdout] test symbol_reencodes_int_literals ... ok
[INFO] [stdout] test visitor_map_value::a_hashmap_values_nodes_are_visited ... ok
[INFO] [stdout] test visitor_map_value::a_btreemap_values_nodes_are_visited ... ok
[INFO] [stdout] test visitor_map_value::a_vec_of_the_same_node_is_traversed ... ok
[INFO] [stdout] 
[INFO] [stdout] test result: ok. 5 passed; 0 failed; 0 ignored; 0 measured; 0 filtered out; finished in 0.00s
[INFO] [stdout] 
[INFO] [stderr]      Running tests/macro_audit_test.rs (/opt/rustwide/target/release/deps/macro_audit_test-bb3bc1b88f73ebfe)
[INFO] [stdout] 
[INFO] [stdout] running 1 test
[INFO] [stderr]    Compiling proc-macro2 v1.0.107
[INFO] [stderr]    Compiling quote v1.0.46
[INFO] [stderr]    Compiling unicode-ident v1.0.24
[INFO] [stderr]    Compiling version_check v0.9.5
[INFO] [stderr]    Compiling syn v1.0.109
[INFO] [stderr]    Compiling autocfg v1.5.1
[INFO] [stderr]    Compiling rustversion v1.0.23
[INFO] [stderr]    Compiling hashbrown v0.17.1
[INFO] [stderr]    Compiling equivalent v1.0.2
[INFO] [stderr]    Compiling either v1.16.0
[INFO] [stderr]    Compiling strsim v0.11.1
[INFO] [stderr]    Compiling unicode-width v0.1.14
[INFO] [stderr]    Compiling libc v0.2.186
[INFO] [stderr]    Compiling fnv v1.0.7
[INFO] [stderr]    Compiling ident_case v1.0.1
[INFO] [stderr]    Compiling zerocopy v0.8.52
[INFO] [stderr]    Compiling toml_datetime v0.6.11
[INFO] [stderr]    Compiling fixedbitset v0.5.7
[INFO] [stderr]    Compiling winnow v0.5.40
[INFO] [stderr]    Compiling once_cell v1.21.4
[INFO] [stderr]    Compiling itertools v0.10.5
[INFO] [stderr]    Compiling cfg-if v1.0.4
[INFO] [stderr]    Compiling proc-macro-error-attr v1.0.4
[INFO] [stderr]    Compiling proc-macro-error v1.0.4
[INFO] [stderr]    Compiling itertools v0.14.0
[INFO] [stderr]    Compiling num-traits v0.2.19
[INFO] [stderr]    Compiling indexmap v2.14.0
[INFO] [stderr]    Compiling getrandom v0.2.17
[INFO] [stderr]     Checking syn v2.0.118
[INFO] [stderr]    Compiling rand_core v0.6.4
[INFO] [stderr]    Compiling proc-macro-error-attr2 v2.0.0
[INFO] [stderr]    Compiling include_dir_macros v0.7.4
[INFO] [stderr]    Compiling proc-macro-error2 v2.0.1
[INFO] [stderr]    Compiling include_dir v0.7.4
[INFO] [stderr]    Compiling petgraph v0.7.1
[INFO] [stderr]    Compiling toml_edit v0.19.15
[INFO] [stderr]    Compiling template-quote-impl v0.4.4
[INFO] [stderr]    Compiling derive-syn-parse v0.1.5
[INFO] [stderr]    Compiling proc-macro-crate v1.3.1
[INFO] [stderr]    Compiling template-quote v0.4.4
[INFO] [stderr]    Compiling darling_core v0.20.11
[INFO] [stderr]    Compiling ppv-lite86 v0.2.21
[INFO] [stderr]    Compiling rand_chacha v0.3.1
[INFO] [stderr]    Compiling safegraph-macros v0.1.0
[INFO] [stderr]    Compiling safegraph-macros v0.2.0
[INFO] [stderr]    Compiling aquamarine v0.6.0
[INFO] [stderr]    Compiling syn_derive v0.1.8
[INFO] [stderr]    Compiling derive-syn-parse v0.2.0
[INFO] [stderr]    Compiling parametrized-macro v0.1.7
[INFO] [stderr]    Compiling rand v0.8.6
[INFO] [stderr]    Compiling safegraph v0.1.0
[INFO] [stderr]    Compiling type-leak v0.2.0
[INFO] [stderr]    Compiling safegraph v0.2.0
[INFO] [stderr]    Compiling type-macro-derive-tricks v0.2.0
[INFO] [stderr]    Compiling newer-type-macro v0.1.2
[INFO] [stderr]    Compiling darling_macro v0.20.11
[INFO] [stderr]    Compiling darling v0.20.11
[INFO] [stderr]     Checking type-leak v0.7.0
[INFO] [stderr]     Checking decycle-impl v0.5.2
[INFO] [stderr]     Checking newer-type v0.1.2
[INFO] [stderr]    Compiling sumtype-macro v0.4.1
[INFO] [stderr]     Checking sumtype v0.4.1
[INFO] [stderr]     Checking parametrized v0.1.8
[INFO] [stderr]    Compiling decycle-macro v0.5.2
[INFO] [stderr]    Compiling decycle v0.5.2
[INFO] [stderr]    Compiling syan-macro v0.2.2
[INFO] [stderr]     Checking syan v0.2.2 (/opt/rustwide/workdir)
[INFO] [stderr]     Checking syan-tests v0.0.0 (/opt/rustwide/target/tests/trybuild/syan)
[INFO] [stderr]     Finished `dev` profile [unoptimized + debuginfo] target(s) in 50.52s
[INFO] [stderr] warning: the following packages contain code that will be rejected by a future version of Rust: proc-macro-error2 v2.0.1
[INFO] [stderr] note: to see what the problems were, use the option `--future-incompat-report`, or run `cargo report future-incompatibilities --id 1`
[INFO] [stderr] 
[INFO] [stderr] 
[INFO] [stdout] test macro_audit_compile_fail has been running for over 60 seconds
[INFO] [stderr] test tests/ui/audit_unparse_empty_enum.rs ... ok
[INFO] [stderr] test tests/ui/audit_attribute_hygiene_local.rs ... mismatch
[INFO] [stderr] 
[INFO] [stderr] EXPECTED:
[INFO] [stderr] ┈┈┈┈┈┈┈┈┈┈┈┈┈┈┈┈┈┈┈┈┈┈┈┈┈┈┈┈┈┈┈┈┈┈┈┈┈┈┈┈┈┈┈┈┈┈┈┈┈┈┈┈┈┈┈┈┈┈┈┈
[INFO] [stderr] error[E0614]: type `syan::literal::Integer` cannot be dereferenced
[INFO] [stderr]   --> tests/ui/audit_attribute_hygiene_local.rs:10:10
[INFO] [stderr]    |
[INFO] [stderr] 10 | #[derive(Parse, Unparse)]
[INFO] [stderr]    |          ^^^^^ can't be dereferenced
[INFO] [stderr]    |
[INFO] [stderr]    = note: this error originates in the derive macro `Parse` (in Nightly builds, run with -Z macro-backtrace for more info)
[INFO] [stderr] ┈┈┈┈┈┈┈┈┈┈┈┈┈┈┈┈┈┈┈┈┈┈┈┈┈┈┈┈┈┈┈┈┈┈┈┈┈┈┈┈┈┈┈┈┈┈┈┈┈┈┈┈┈┈┈┈┈┈┈┈
[INFO] [stderr] 
[INFO] [stderr] ACTUAL OUTPUT:
[INFO] [stderr] ┈┈┈┈┈┈┈┈┈┈┈┈┈┈┈┈┈┈┈┈┈┈┈┈┈┈┈┈┈┈┈┈┈┈┈┈┈┈┈┈┈┈┈┈┈┈┈┈┈┈┈┈┈┈┈┈┈┈┈┈
[INFO] [stderr] error[E0614]: type `Integer` cannot be dereferenced
[INFO] [stderr]   --> tests/ui/audit_attribute_hygiene_local.rs:10:10
[INFO] [stderr]    |
[INFO] [stderr] 10 | #[derive(Parse, Unparse)]
[INFO] [stderr]    |          ^^^^^ can't be dereferenced
[INFO] [stderr]    |
[INFO] [stderr]    = note: this error originates in the derive macro `Parse` (in Nightly builds, run with -Z macro-backtrace for more info)
[INFO] [stderr] ┈┈┈┈┈┈┈┈┈┈┈┈┈┈┈┈┈┈┈┈┈┈┈┈┈┈┈┈┈┈┈┈┈┈┈┈┈┈┈┈┈┈┈┈┈┈┈┈┈┈┈┈┈┈┈┈┈┈┈┈
[INFO] [stderr] note: If the actual output is the correct output you can bless it by rerunning
[INFO] [stderr]       your test with the environment variable TRYBUILD=overwrite
[INFO] [stderr] 
[INFO] [stderr] test tests/ui/audit_symbol_unsupported_char.rs ... ok
[INFO] [stderr] test tests/ui/audit_subast_generic_args.rs ... ok
[INFO] [stderr] test tests/ui/subast_non_full_path.rs ... ok
[INFO] [stderr] test tests/ui/audit_visitor_union.rs ... ok
[INFO] [stderr] 
[INFO] [stderr] 
[INFO] [stdout] test macro_audit_compile_fail ... FAILED
[INFO] [stdout] 
[INFO] [stdout] failures:
[INFO] [stdout] 
[INFO] [stdout] ---- macro_audit_compile_fail stdout ----
[INFO] [stdout] 
[INFO] [stdout] thread 'macro_audit_compile_fail' (3050) panicked at /opt/rustwide/cargo-home/registry/src/index.crates.io-1949cf8c6b5b557f/trybuild-1.0.117/src/run.rs:102:13:
[INFO] [stdout] 1 of 6 tests failed
[INFO] [stdout] stack backtrace:
[INFO] [stdout]    0:     0x60eb7e31ea51 - <<std[70759c8f55707aa4]::sys::backtrace::BacktraceLock>::print::DisplayBacktrace as core[df12db4294e9bfd3]::fmt::Display>::fmt
[INFO] [stdout]    1:     0x60eb7e33510a - core[df12db4294e9bfd3]::fmt::write
[INFO] [stdout]    2:     0x60eb7e32351c - <alloc[2182bb758b4b3781]::vec::Vec<u8> as core[df12db4294e9bfd3]::io::write::Write>::write_fmt
[INFO] [stdout]    3:     0x60eb7e2f7f36 - std[70759c8f55707aa4]::panicking::default_hook::{closure#0}
[INFO] [stdout]    4:     0x60eb7e3160c9 - std[70759c8f55707aa4]::panicking::default_hook
[INFO] [stdout]    5:     0x60eb7e2af3a0 - test[9d35eded1c95d3be]::test_main_inner::<test[9d35eded1c95d3be]::test_main_static::{closure#0}>::{closure#0}
[INFO] [stdout]    6:     0x60eb7e316282 - std[70759c8f55707aa4]::panicking::panic_with_hook
[INFO] [stdout]    7:     0x60eb7e2f7fe2 - std[70759c8f55707aa4]::panicking::panic_handler::{closure#0}
[INFO] [stdout]    8:     0x60eb7e2f08a9 - std[70759c8f55707aa4]::sys::backtrace::__rust_end_short_backtrace::<std[70759c8f55707aa4]::panicking::panic_handler::{closure#0}, !>
[INFO] [stdout]    9:     0x60eb7e2f8bdd - __rustc[8fa7c3cbc660c2b3]::rust_begin_unwind
[INFO] [stdout]   10:     0x60eb7e33587c - core[df12db4294e9bfd3]::panicking::panic_fmt
[INFO] [stdout]   11:     0x60eb7e1f9478 - <trybuild[f7b8ae7f18b6ec76]::Runner>::run
[INFO] [stdout]   12:     0x60eb7e1fcf80 - <trybuild[f7b8ae7f18b6ec76]::TestCases as core[df12db4294e9bfd3]::ops::drop::Drop>::drop
[INFO] [stdout]   13:     0x60eb7e1f413a - <macro_audit_test[5643c604579f1fd2]::macro_audit_compile_fail::{closure#0} as core[df12db4294e9bfd3]::ops::function::FnOnce<()>>::call_once
[INFO] [stdout]   14:     0x60eb7e2a268b - test[9d35eded1c95d3be]::__rust_begin_short_backtrace::<core[df12db4294e9bfd3]::result::Result<(), alloc[2182bb758b4b3781]::string::String>, fn() -> core[df12db4294e9bfd3]::result::Result<(), alloc[2182bb758b4b3781]::string::String>>
[INFO] [stdout]   15:     0x60eb7e2afcf5 - test[9d35eded1c95d3be]::run_test::{closure#0}
[INFO] [stdout]   16:     0x60eb7e2a95b4 - std[70759c8f55707aa4]::sys::backtrace::__rust_begin_short_backtrace::<test[9d35eded1c95d3be]::run_test::{closure#1}, ()>
[INFO] [stdout]   17:     0x60eb7e2b2e52 - <std[70759c8f55707aa4]::thread::lifecycle::spawn_unchecked<test[9d35eded1c95d3be]::run_test::{closure#1}, ()>::{closure#1} as core[df12db4294e9bfd3]::ops::function::FnOnce<()>>::call_once::{shim:vtable#0}
[INFO] [stdout]   18:     0x60eb7e31dd09 - <std[70759c8f55707aa4]::sys::thread::unix::Thread>::new::thread_start
[INFO] [stdout]   19:     0x78a6a2410dfa - <unknown>
[INFO] [stdout]   20:     0x78a6a24a43d4 - clone
[INFO] [stdout]   21:                0x0 - <unknown>
[INFO] [stdout] 
[INFO] [stdout] 
[INFO] [stdout] failures:
[INFO] [stdout]     macro_audit_compile_fail
[INFO] [stdout] 
[INFO] [stdout] test result: FAILED. 0 passed; 1 failed; 0 ignored; 0 measured; 0 filtered out; finished in 60.32s
[INFO] [stdout] 
[INFO] [stderr] error: test failed, to rerun pass `--test macro_audit_test`
[INFO] running `Command { std: "docker" "inspect" "2e71ca8d2c4ef9f201b393b08b038119a7c1bf37c42069b28a6492b9faa0b58e", kill_on_drop: false }`
[INFO] running `Command { std: "docker" "rm" "-f" "2e71ca8d2c4ef9f201b393b08b038119a7c1bf37c42069b28a6492b9faa0b58e", kill_on_drop: false }`
[INFO] [stdout] 2e71ca8d2c4ef9f201b393b08b038119a7c1bf37c42069b28a6492b9faa0b58e
