[INFO] fetching crate switchboard-utils 0.10.0...
[INFO] testing switchboard-utils-0.10.0 against 1.100.0-beta.1+cargoflags=--release for beta-release-1.100-2
[INFO] extracting crate switchboard-utils 0.10.0 into /workspace/builds/worker-2-tc2/source
[INFO] started tweaking crates.io crate switchboard-utils 0.10.0
[INFO] finished tweaking crates.io crate switchboard-utils 0.10.0
[INFO] tweaked toml for crates.io crate switchboard-utils 0.10.0 written to /workspace/builds/worker-2-tc2/source/Cargo.toml
[INFO] validating manifest of crates.io crate switchboard-utils 0.10.0 on toolchain 1.100.0-beta.1
[INFO] running `Command { std: CARGO_HOME="/workspace/cargo-home" RUSTUP_HOME="/workspace/rustup-home" "/workspace/cargo-home/bin/cargo" "+1.100.0-beta.1" "metadata" "--manifest-path" "Cargo.toml" "--no-deps", kill_on_drop: false }`
[INFO] crate crates.io crate switchboard-utils 0.10.0 already has a lockfile, it will not be regenerated
[INFO] running `Command { std: CARGO_HOME="/workspace/cargo-home" RUSTUP_HOME="/workspace/rustup-home" "/workspace/cargo-home/bin/cargo" "+1.100.0-beta.1" "fetch" "--manifest-path" "Cargo.toml", kill_on_drop: false }`
[INFO] running `Command { std: "docker" "create" "-v" "/var/lib/crater-agent-workspace/builds/worker-2-tc2/source:/opt/rustwide/workdir:ro,Z" "-v" "/var/lib/crater-agent-workspace/builds/worker-2-tc2/target:/opt/rustwide/target:rw,Z" "-v" "/var/lib/crater-agent-workspace/cargo-home:/opt/rustwide/cargo-home:ro,Z" "-v" "/var/lib/crater-agent-workspace/rustup-home:/opt/rustwide/rustup-home:ro,Z" "-m" "1610612736" "--network" "none" "ghcr.io/rust-lang/crates-build-env/linux@sha256:77db811e55d90add9212f6832c23229e3de5f1c1f9905e8cb07319ea15df73ac" "sleep" "infinity", kill_on_drop: false }`
[INFO] [stdout] b6bf52ad2b840aa7084cde7713dc620d07f6f2dbb78695c4bb4e32a82465e831
[INFO] running `Command { std: "docker" "start" "b6bf52ad2b840aa7084cde7713dc620d07f6f2dbb78695c4bb4e32a82465e831", kill_on_drop: false }`
[INFO] running `Command { std: "docker" "inspect" "b6bf52ad2b840aa7084cde7713dc620d07f6f2dbb78695c4bb4e32a82465e831", kill_on_drop: false }`
[INFO] running `Command { std: "docker" "exec" "-e" "SOURCE_DIR=/opt/rustwide/workdir" "-e" "CARGO_HOME=/opt/rustwide/cargo-home" "-e" "RUSTUP_HOME=/opt/rustwide/rustup-home" "-e" "CARGO_TARGET_DIR=/opt/rustwide/target" "-w" "/opt/rustwide/workdir" "--user" "0:0" "b6bf52ad2b840aa7084cde7713dc620d07f6f2dbb78695c4bb4e32a82465e831" "/opt/rustwide/cargo-home/bin/cargo" "+1.100.0-beta.1" "metadata" "--no-deps" "--format-version=1", kill_on_drop: false }`
[INFO] running `Command { std: "docker" "inspect" "b6bf52ad2b840aa7084cde7713dc620d07f6f2dbb78695c4bb4e32a82465e831", kill_on_drop: false }`
[INFO] running `Command { std: "docker" "exec" "-e" "SOURCE_DIR=/opt/rustwide/workdir" "-e" "CARGO_HOME=/opt/rustwide/cargo-home" "-e" "RUSTUP_HOME=/opt/rustwide/rustup-home" "-e" "CARGO_TARGET_DIR=/opt/rustwide/target" "-e" "CARGO_INCREMENTAL=0" "-e" "RUST_BACKTRACE=full" "-e" "RUSTFLAGS=--cap-lints=warn" "-e" "RUSTDOCFLAGS=--cap-lints=warn" "-w" "/opt/rustwide/workdir" "--user" "0:0" "b6bf52ad2b840aa7084cde7713dc620d07f6f2dbb78695c4bb4e32a82465e831" "/opt/rustwide/cargo-home/bin/cargo" "+1.100.0-beta.1" "build" "--frozen" "--message-format=json" "--release", kill_on_drop: false }`
[INFO] [stderr]    Compiling proc-macro2 v1.0.94
[INFO] [stderr]    Compiling libc v0.2.170
[INFO] [stderr]    Compiling smallvec v1.14.0
[INFO] [stderr]    Compiling serde v1.0.218
[INFO] [stderr]    Compiling lock_api v0.4.12
[INFO] [stderr]    Compiling parking_lot_core v0.9.10
[INFO] [stderr]    Compiling bytes v1.10.0
[INFO] [stderr]    Compiling slab v0.4.9
[INFO] [stderr]    Compiling openssl-sys v0.9.106
[INFO] [stderr]    Compiling litemap v0.7.5
[INFO] [stderr]    Compiling once_cell v1.20.3
[INFO] [stderr]    Compiling futures-io v0.3.31
[INFO] [stderr]    Compiling thiserror v2.0.12
[INFO] [stderr]    Compiling openssl v0.10.71
[INFO] [stderr]    Compiling tracing-core v0.1.33
[INFO] [stderr]    Compiling bitflags v2.9.0
[INFO] [stderr]    Compiling native-tls v0.2.14
[INFO] [stderr]    Compiling memchr v2.7.4
[INFO] [stderr]    Compiling http v0.2.12
[INFO] [stderr]    Compiling hashbrown v0.15.2
[INFO] [stderr]    Compiling object v0.36.7
[INFO] [stderr]    Compiling num-traits v0.2.19
[INFO] [stderr]    Compiling quote v1.0.39
[INFO] [stderr]    Compiling gimli v0.31.1
[INFO] [stderr]    Compiling percent-encoding v2.3.1
[INFO] [stderr]    Compiling syn v2.0.99
[INFO] [stderr]    Compiling socket2 v0.5.8
[INFO] [stderr]    Compiling signal-hook-registry v1.4.2
[INFO] [stderr]    Compiling parking_lot v0.12.3
[INFO] [stderr]    Compiling mio v1.0.3
[INFO] [stderr]    Compiling indexmap v2.7.1
[INFO] [stderr]    Compiling tracing v0.1.41
[INFO] [stderr]    Compiling adler2 v2.0.0
[INFO] [stderr]    Compiling log v0.4.26
[INFO] [stderr]    Compiling openssl-probe v0.1.6
[INFO] [stderr]    Compiling miniz_oxide v0.8.5
[INFO] [stderr]    Compiling http-body v0.4.6
[INFO] [stderr]    Compiling form_urlencoded v1.2.1
[INFO] [stderr]    Compiling digest v0.10.7
[INFO] [stderr]    Compiling either v1.14.0
[INFO] [stderr]    Compiling rustc-demangle v0.1.24
[INFO] [stderr]    Compiling anyhow v1.0.98
[INFO] [stderr]    Compiling itertools v0.12.1
[INFO] [stderr]    Compiling rust_decimal v1.36.0
[INFO] [stderr]    Compiling sha3 v0.10.8
[INFO] [stderr]    Compiling sha2 v0.10.9
[INFO] [stderr]    Compiling rustls-pemfile v1.0.4
[INFO] [stderr]    Compiling encoding_rs v0.8.35
[INFO] [stderr]    Compiling iana-time-zone v0.1.61
[INFO] [stderr]    Compiling sync_wrapper v0.1.2
[INFO] [stderr]    Compiling addr2line v0.24.2
[INFO] [stderr]    Compiling arrayvec v0.7.6
[INFO] [stderr]    Compiling synstructure v0.13.1
[INFO] [stderr]    Compiling zerofrom-derive v0.1.6
[INFO] [stderr]    Compiling yoke-derive v0.7.5
[INFO] [stderr]    Compiling serde_derive v1.0.218
[INFO] [stderr]    Compiling zerovec-derive v0.10.3
[INFO] [stderr]    Compiling displaydoc v0.2.5
[INFO] [stderr]    Compiling icu_provider_macros v1.5.0
[INFO] [stderr]    Compiling thiserror-impl v2.0.12
[INFO] [stderr]    Compiling tokio-macros v2.5.0
[INFO] [stderr]    Compiling futures-macro v0.3.31
[INFO] [stderr]    Compiling tokio v1.45.0
[INFO] [stderr]    Compiling openssl-macros v0.1.1
[INFO] [stderr]    Compiling backtrace v0.3.74
[INFO] [stderr]    Compiling thiserror-impl v1.0.69
[INFO] [stderr]    Compiling pest v2.7.15
[INFO] [stderr]    Compiling futures-util v0.3.31
[INFO] [stderr]    Compiling zerofrom v0.1.6
[INFO] [stderr]    Compiling yoke v0.7.5
[INFO] [stderr]    Compiling zerovec v0.10.4
[INFO] [stderr]    Compiling pest_meta v2.7.15
[INFO] [stderr]    Compiling tinystr v0.7.6
[INFO] [stderr]    Compiling icu_locid v1.5.0
[INFO] [stderr]    Compiling icu_collections v1.5.0
[INFO] [stderr]    Compiling icu_provider v1.5.0
[INFO] [stderr]    Compiling icu_locid_transform v1.5.0
[INFO] [stderr]    Compiling futures-executor v0.3.31
[INFO] [stderr]    Compiling pest_generator v2.7.15
[INFO] [stderr]    Compiling icu_properties v1.5.1
[INFO] [stderr]    Compiling pest_derive v2.7.15
[INFO] [stderr]    Compiling futures v0.3.31
[INFO] [stderr]    Compiling thiserror v1.0.69
[INFO] [stderr]    Compiling prost-derive v0.13.5
[INFO] [stderr]    Compiling serde_json v1.0.140
[INFO] [stderr]    Compiling serde_urlencoded v0.7.1
[INFO] [stderr]    Compiling tokio-util v0.7.13
[INFO] [stderr]    Compiling tokio-native-tls v0.3.1
[INFO] [stderr]    Compiling envy v0.4.2
[INFO] [stderr]    Compiling bincode v1.3.3
[INFO] [stderr]    Compiling h2 v0.3.26
[INFO] [stderr]    Compiling hex v0.4.3
[INFO] [stderr]    Compiling icu_normalizer v1.5.0
[INFO] [stderr]    Compiling prost v0.13.5
[INFO] [stderr]    Compiling jsonpath-rust v0.3.5
[INFO] [stderr]    Compiling switchboard-common v0.11.6
[INFO] [stderr]    Compiling chrono v0.4.40
[INFO] [stderr]    Compiling pbjson v0.8.0
[INFO] [stderr]    Compiling idna_adapter v1.2.0
[INFO] [stderr]    Compiling idna v1.0.3
[INFO] [stderr]    Compiling url v2.5.4
[INFO] [stderr]    Compiling hyper v0.14.32
[INFO] [stderr]    Compiling hyper-tls v0.5.0
[INFO] [stderr]    Compiling reqwest v0.11.27
[INFO] [stderr]    Compiling switchboard-utils v0.10.0 (/opt/rustwide/workdir)
[INFO] [stderr] warning: unused dependency `pbjson`
[INFO] [stderr]   --> Cargo.toml:11:15
[INFO] [stderr]    |
[INFO] [stderr] 11 | [dependencies.pbjson]
[INFO] [stderr]    |               ^^^^^^^
[INFO] [stderr]    |
[INFO] [stderr]    = note: `cargo::unused_dependencies` is set to `warn` by default
[INFO] [stderr] help: consider removing the dependency on `pbjson`
[INFO] [stderr] warning: `switchboard-utils` (manifest) generated 1 warning
[INFO] [stderr]     Finished `release` profile [optimized] target(s) in 2m 58s
[INFO] running `Command { std: "docker" "inspect" "b6bf52ad2b840aa7084cde7713dc620d07f6f2dbb78695c4bb4e32a82465e831", kill_on_drop: false }`
[INFO] running `Command { std: "docker" "exec" "-e" "SOURCE_DIR=/opt/rustwide/workdir" "-e" "CARGO_HOME=/opt/rustwide/cargo-home" "-e" "RUSTUP_HOME=/opt/rustwide/rustup-home" "-e" "CARGO_TARGET_DIR=/opt/rustwide/target" "-e" "CARGO_INCREMENTAL=0" "-e" "RUST_BACKTRACE=full" "-e" "RUSTFLAGS=--cap-lints=warn" "-e" "RUSTDOCFLAGS=--cap-lints=warn" "-w" "/opt/rustwide/workdir" "--user" "0:0" "b6bf52ad2b840aa7084cde7713dc620d07f6f2dbb78695c4bb4e32a82465e831" "/opt/rustwide/cargo-home/bin/cargo" "+1.100.0-beta.1" "test" "--frozen" "--no-run" "--message-format=json" "--release", kill_on_drop: false }`
[INFO] [stderr]    Compiling smallvec v1.14.0
[INFO] [stderr]    Compiling http v1.2.0
[INFO] [stderr]    Compiling getrandom v0.3.1
[INFO] [stderr]    Compiling zerocopy-derive v0.7.35
[INFO] [stderr]    Compiling zerocopy v0.8.21
[INFO] [stderr]    Compiling num-traits v0.2.19
[INFO] [stderr]    Compiling rust_decimal v1.36.0
[INFO] [stderr]    Compiling arrayvec v0.7.6
[INFO] [stderr]    Compiling assert-json-diff v2.0.2
[INFO] [stderr]    Compiling parking_lot_core v0.9.10
[INFO] [stderr]    Compiling icu_normalizer v1.5.0
[INFO] [stderr]    Compiling rand_core v0.9.3
[INFO] [stderr]    Compiling parking_lot v0.12.3
[INFO] [stderr]    Compiling similar v2.7.0
[INFO] [stderr]    Compiling zerocopy v0.7.35
[INFO] [stderr]    Compiling tokio v1.45.0
[INFO] [stderr]    Compiling http-body v1.0.1
[INFO] [stderr]    Compiling idna_adapter v1.2.0
[INFO] [stderr]    Compiling http-body-util v0.1.2
[INFO] [stderr]    Compiling idna v1.0.3
[INFO] [stderr]    Compiling ppv-lite86 v0.2.20
[INFO] [stderr]    Compiling rand_chacha v0.9.0
[INFO] [stderr]    Compiling url v2.5.4
[INFO] [stderr]    Compiling rand v0.9.0
[INFO] [stderr]    Compiling colored v3.0.0
[INFO] [stderr]    Compiling rust_decimal_macros v1.36.0
[INFO] [stderr]    Compiling tokio-util v0.7.13
[INFO] [stderr]    Compiling tokio-native-tls v0.3.1
[INFO] [stderr]    Compiling switchboard-common v0.11.6
[INFO] [stderr]    Compiling h2 v0.3.26
[INFO] [stderr]    Compiling h2 v0.4.8
[INFO] [stderr]    Compiling hyper v0.14.32
[INFO] [stderr]    Compiling hyper v1.6.0
[INFO] [stderr]    Compiling hyper-util v0.1.10
[INFO] [stderr]    Compiling mockito v1.7.0
[INFO] [stderr]    Compiling hyper-tls v0.5.0
[INFO] [stderr]    Compiling reqwest v0.11.27
[INFO] [stderr]    Compiling switchboard-utils v0.10.0 (/opt/rustwide/workdir)
[INFO] [stderr] warning: unused dependency `pbjson`
[INFO] [stderr]   --> Cargo.toml:11:15
[INFO] [stderr]    |
[INFO] [stderr] 11 | [dependencies.pbjson]
[INFO] [stderr]    |               ^^^^^^^
[INFO] [stderr]    |
[INFO] [stderr]    = note: `cargo::unused_dependencies` is set to `warn` by default
[INFO] [stderr] help: consider removing the dependency on `pbjson`
[INFO] [stderr] warning: `switchboard-utils` (manifest) generated 1 warning
[INFO] [stderr]     Finished `release` profile [optimized] target(s) in 1m 56s
[INFO] running `Command { std: "docker" "inspect" "b6bf52ad2b840aa7084cde7713dc620d07f6f2dbb78695c4bb4e32a82465e831", kill_on_drop: false }`
[INFO] running `Command { std: "docker" "exec" "-e" "SOURCE_DIR=/opt/rustwide/workdir" "-e" "CARGO_HOME=/opt/rustwide/cargo-home" "-e" "RUSTUP_HOME=/opt/rustwide/rustup-home" "-e" "CARGO_TARGET_DIR=/opt/rustwide/target" "-e" "CARGO_INCREMENTAL=0" "-e" "RUST_BACKTRACE=full" "-e" "RUSTFLAGS=--cap-lints=warn" "-e" "RUSTDOCFLAGS=--cap-lints=warn" "-w" "/opt/rustwide/workdir" "--user" "0:0" "b6bf52ad2b840aa7084cde7713dc620d07f6f2dbb78695c4bb4e32a82465e831" "/opt/rustwide/cargo-home/bin/cargo" "+1.100.0-beta.1" "test" "--frozen" "--release", kill_on_drop: false }`
[INFO] [stderr] warning: unused dependency `pbjson`
[INFO] [stderr]   --> Cargo.toml:11:15
[INFO] [stderr]    |
[INFO] [stderr] 11 | [dependencies.pbjson]
[INFO] [stderr]    |               ^^^^^^^
[INFO] [stderr]    |
[INFO] [stderr]    = note: `cargo::unused_dependencies` is set to `warn` by default
[INFO] [stderr] help: consider removing the dependency on `pbjson`
[INFO] [stderr] warning: `switchboard-utils` (manifest) generated 1 warning
[INFO] [stderr]     Finished `release` profile [optimized] target(s) in 0.29s
[INFO] [stderr]      Running unittests src/lib.rs (/opt/rustwide/target/release/build/switchboard-utils/7138f2eb32f456b2/out/switchboard_utils-7138f2eb32f456b2)
[INFO] [stdout] 
[INFO] [stdout] running 44 tests
[INFO] [stdout] test utils::median::tests::decimal::even_length ... ok
[INFO] [stdout] test utils::median::tests::decimal::empty ... ok
[INFO] [stdout] test utils::median::tests::decimal::odd_length ... ok
[INFO] [stdout] test utils::median::tests::decimal::single_element ... ok
[INFO] [stdout] test utils::median::tests::i128::even_length ... ok
[INFO] [stdout] test utils::median::tests::i128::large_numbers ... ok
[INFO] [stdout] test utils::median::tests::i128::negative_numbers ... ok
[INFO] [stdout] test utils::median::tests::i128::odd_length ... ok
[INFO] [stdout] test utils::median::tests::i128::single_element ... ok
[INFO] [stdout] test utils::median::tests::i128::unsorted ... ok
[INFO] [stdout] test utils::median::tests::u64::empty ... ok
[INFO] [stdout] test utils::median::tests::u64::even_length ... ok
[INFO] [stdout] test utils::median::tests::u64::large_numbers ... ok
[INFO] [stdout] test utils::median::tests::u64::odd_length ... ok
[INFO] [stdout] test utils::median::tests::decimal::unsorted ... ok
[INFO] [stdout] test exchanges::coinbase::tests::test_coinbase_api ... FAILED
[INFO] [stdout] test exchanges::bitfinex::tests::test_bitfinex_api ... FAILED
[INFO] [stdout] test utils::median::tests::weighted_decimal::basic_weighted ... ok
[INFO] [stdout] test exchanges::kraken::tests::test_kraken_api ... FAILED
[INFO] [stdout] test exchanges::huobi::tests::test_huobi_api ... FAILED
[INFO] [stdout] test utils::median::tests::weighted_decimal::heavy_weight_dominates ... ok
[INFO] [stdout] test utils::median::tests::weighted_decimal::mixed_negative_with_heavy_weights ... ok
[INFO] [stdout] test utils::median::tests::weighted_decimal::negative_numbers ... ok
[INFO] [stdout] test utils::median::tests::u64::single_element ... ok
[INFO] [stdout] test utils::median::tests::weighted_decimal::single_element ... ok
[INFO] [stdout] test utils::median::tests::weighted_decimal::unsorted ... ok
[INFO] [stdout] test utils::median::tests::weighted_i128::basic_weighted ... ok
[INFO] [stdout] test utils::median::tests::weighted_i128::empty ... ok
[INFO] [stdout] test utils::median::tests::weighted_i128::extreme_numbers ... ok
[INFO] [stdout] test utils::median::tests::weighted_i128::heavy_weight_dominates ... ok
[INFO] [stdout] test utils::median::tests::weighted_i128::mixed_negative_with_heavy_weights ... ok
[INFO] [stdout] test utils::median::tests::weighted_i128::negative_numbers ... ok
[INFO] [stdout] test utils::median::tests::weighted_decimal::empty ... ok
[INFO] [stdout] test utils::median::tests::weighted_i128::single_element ... ok
[INFO] [stdout] test utils::median::tests::weighted_i128::unsorted ... ok
[INFO] [stdout] test utils::median::tests::weighted_u64::basic_weighted ... ok
[INFO] [stdout] test utils::median::tests::weighted_u64::empty ... ok
[INFO] [stdout] test utils::median::tests::weighted_u64::extreme_numbers ... ok
[INFO] [stdout] test utils::median::tests::weighted_u64::heavy_weight_dominates ... ok
[INFO] [stdout] test utils::median::tests::weighted_u64::single_element ... ok
[INFO] [stdout] test utils::median::tests::weighted_u64::unsorted ... ok
[INFO] [stdout] test utils::median::tests::decimal::negative_numbers ... ok
[INFO] [stdout] test utils::median::tests::i128::empty ... ok
[INFO] [stdout] test utils::median::tests::u64::unsorted ... ok
[INFO] [stdout] 
[INFO] [stdout] failures:
[INFO] [stdout] 
[INFO] [stdout] ---- exchanges::coinbase::tests::test_coinbase_api stdout ----
[INFO] [stdout] 
[INFO] [stdout] thread 'exchanges::coinbase::tests::test_coinbase_api' (2767) panicked at src/exchanges/coinbase.rs:59:26:
[INFO] [stdout] Cannot start a runtime from within a runtime. This happens because a function (like `block_on`) attempted to block the current thread while the thread is being used to drive asynchronous tasks.
[INFO] [stdout] stack backtrace:
[INFO] [stdout]    0:     0x63d8876623e1 - <<std[617be2ca0a6fd877]::sys::backtrace::BacktraceLock>::print::DisplayBacktrace as core[a373ad73a504971]::fmt::Display>::fmt
[INFO] [stdout]    1:     0x63d887679c1a - core[a373ad73a504971]::fmt::write
[INFO] [stdout]    2:     0x63d8876671ec - <alloc[2e1b2a31b91974c5]::vec::Vec<u8> as core[a373ad73a504971]::io::write::Write>::write_fmt
[INFO] [stdout]    3:     0x63d88763d556 - std[617be2ca0a6fd877]::panicking::default_hook::{closure#0}
[INFO] [stdout]    4:     0x63d88765a3d9 - std[617be2ca0a6fd877]::panicking::default_hook
[INFO] [stdout]    5:     0x63d8873d03a0 - test[aada8e7e76ba119b]::test_main_inner::{closure#0}
[INFO] [stdout]    6:     0x63d88765a702 - std[617be2ca0a6fd877]::panicking::panic_with_hook
[INFO] [stdout]    7:     0x63d88763d634 - std[617be2ca0a6fd877]::panicking::panic_handler::{closure#0}
[INFO] [stdout]    8:     0x63d887635df9 - std[617be2ca0a6fd877]::sys::backtrace::__rust_end_short_backtrace::<std[617be2ca0a6fd877]::panicking::panic_handler::{closure#0}, !>
[INFO] [stdout]    9:     0x63d88763e4fd - __rustc[ea4f61d10b84890b]::rust_begin_unwind
[INFO] [stdout]   10:     0x63d88767a3fc - core[a373ad73a504971]::panicking::panic_fmt
[INFO] [stdout]   11:     0x63d887334aaa - tokio[28a647308ec1e351]::runtime::context::runtime::enter_runtime::<<tokio[28a647308ec1e351]::runtime::scheduler::current_thread::CurrentThread>::block_on<<mockito[74645ede10adfa77]::server::Server>::try_new::{closure#0}>::{closure#0}, core[a373ad73a504971]::result::Result<mockito[74645ede10adfa77]::server_pool::ServerGuard, mockito[74645ede10adfa77]::error::Error>>
[INFO] [stdout]   12:     0x63d88732f8c0 - <tokio[28a647308ec1e351]::runtime::runtime::Runtime>::block_on::<<mockito[74645ede10adfa77]::server::Server>::try_new::{closure#0}>
[INFO] [stdout]   13:     0x63d88733b15c - <mockito[74645ede10adfa77]::server::Server>::new
[INFO] [stdout]   14:     0x63d8872de25e - switchboard_utils[9385433795dddf2d]::exchanges::coinbase::tests::test_coinbase_api::{closure#0}
[INFO] [stdout]   15:     0x63d8872d3d98 - <tokio[28a647308ec1e351]::runtime::scheduler::current_thread::CoreGuard>::block_on::<core[a373ad73a504971]::pin::Pin<&mut core[a373ad73a504971]::pin::Pin<&mut dyn core[a373ad73a504971]::future::future::Future<Output = ()>>>>
[INFO] [stdout]   16:     0x63d8872d170d - tokio[28a647308ec1e351]::runtime::context::runtime::enter_runtime::<<tokio[28a647308ec1e351]::runtime::scheduler::current_thread::CurrentThread>::block_on<core[a373ad73a504971]::pin::Pin<&mut dyn core[a373ad73a504971]::future::future::Future<Output = ()>>>::{closure#0}, ()>
[INFO] [stdout]   17:     0x63d8872c2a15 - <tokio[28a647308ec1e351]::runtime::runtime::Runtime>::block_on::<core[a373ad73a504971]::pin::Pin<&mut dyn core[a373ad73a504971]::future::future::Future<Output = ()>>>
[INFO] [stdout]   18:     0x63d8872df6fe - <switchboard_utils[9385433795dddf2d]::exchanges::coinbase::tests::test_coinbase_api::{closure#0} as core[a373ad73a504971]::ops::function::FnOnce<()>>::call_once
[INFO] [stdout]   19:     0x63d8873c37eb - test[aada8e7e76ba119b]::__rust_begin_short_backtrace::<core[a373ad73a504971]::result::Result<(), alloc[2e1b2a31b91974c5]::string::String>, fn() -> core[a373ad73a504971]::result::Result<(), alloc[2e1b2a31b91974c5]::string::String>>
[INFO] [stdout]   20:     0x63d8873d09c5 - test[aada8e7e76ba119b]::run_test::{closure#0}
[INFO] [stdout]   21:     0x63d8873ca2b4 - std[617be2ca0a6fd877]::sys::backtrace::__rust_begin_short_backtrace::<test[aada8e7e76ba119b]::run_test::{closure#1}, ()>
[INFO] [stdout]   22:     0x63d8873d3a52 - <std[617be2ca0a6fd877]::thread::lifecycle::spawn_unchecked<test[aada8e7e76ba119b]::run_test::{closure#1}, ()>::{closure#1} as core[a373ad73a504971]::ops::function::FnOnce<()>>::call_once::{shim:vtable#0}
[INFO] [stdout]   23:     0x63d88766188f - <std[617be2ca0a6fd877]::sys::thread::unix::Thread>::new::thread_start
[INFO] [stdout]   24:     0x7c81a5c4bdfa - <unknown>
[INFO] [stdout]   25:     0x7c81a5cdf3d4 - clone
[INFO] [stdout]   26:                0x0 - <unknown>
[INFO] [stdout] 
[INFO] [stdout] ---- exchanges::bitfinex::tests::test_bitfinex_api stdout ----
[INFO] [stdout] 
[INFO] [stdout] thread 'exchanges::bitfinex::tests::test_bitfinex_api' (2766) panicked at src/exchanges/bitfinex.rs:73:26:
[INFO] [stdout] Cannot start a runtime from within a runtime. This happens because a function (like `block_on`) attempted to block the current thread while the thread is being used to drive asynchronous tasks.
[INFO] [stdout] stack backtrace:
[INFO] [stdout]    0:     0x63d8876623e1 - <<std[617be2ca0a6fd877]::sys::backtrace::BacktraceLock>::print::DisplayBacktrace as core[a373ad73a504971]::fmt::Display>::fmt
[INFO] [stdout]    1:     0x63d887679c1a - core[a373ad73a504971]::fmt::write
[INFO] [stdout]    2:     0x63d8876671ec - <alloc[2e1b2a31b91974c5]::vec::Vec<u8> as core[a373ad73a504971]::io::write::Write>::write_fmt
[INFO] [stdout]    3:     0x63d88763d556 - std[617be2ca0a6fd877]::panicking::default_hook::{closure#0}
[INFO] [stdout]    4:     0x63d88765a3d9 - std[617be2ca0a6fd877]::panicking::default_hook
[INFO] [stdout]    5:     0x63d8873d03a0 - test[aada8e7e76ba119b]::test_main_inner::{closure#0}
[INFO] [stdout]    6:     0x63d88765a702 - std[617be2ca0a6fd877]::panicking::panic_with_hook
[INFO] [stdout]    7:     0x63d88763d634 - std[617be2ca0a6fd877]::panicking::panic_handler::{closure#0}
[INFO] [stdout]    8:     0x63d887635df9 - std[617be2ca0a6fd877]::sys::backtrace::__rust_end_short_backtrace::<std[617be2ca0a6fd877]::panicking::panic_handler::{closure#0}, !>
[INFO] [stdout]    9:     0x63d88763e4fd - __rustc[ea4f61d10b84890b]::rust_begin_unwind
[INFO] [stdout]   10:     0x63d88767a3fc - core[a373ad73a504971]::panicking::panic_fmt
[INFO] [stdout]   11:     0x63d887334aaa - tokio[28a647308ec1e351]::runtime::context::runtime::enter_runtime::<<tokio[28a647308ec1e351]::runtime::scheduler::current_thread::CurrentThread>::block_on<<mockito[74645ede10adfa77]::server::Server>::try_new::{closure#0}>::{closure#0}, core[a373ad73a504971]::result::Result<mockito[74645ede10adfa77]::server_pool::ServerGuard, mockito[74645ede10adfa77]::error::Error>>
[INFO] [stdout]   12:     0x63d88732f8c0 - <tokio[28a647308ec1e351]::runtime::runtime::Runtime>::block_on::<<mockito[74645ede10adfa77]::server::Server>::try_new::{closure#0}>
[INFO] [stdout]   13:     0x63d88733b15c - <mockito[74645ede10adfa77]::server::Server>::new
[INFO] [stdout]   14:     0x63d8872c0550 - switchboard_utils[9385433795dddf2d]::exchanges::bitfinex::tests::test_bitfinex_api::{closure#0}
[INFO] [stdout]   15:     0x63d8872d3d98 - <tokio[28a647308ec1e351]::runtime::scheduler::current_thread::CoreGuard>::block_on::<core[a373ad73a504971]::pin::Pin<&mut core[a373ad73a504971]::pin::Pin<&mut dyn core[a373ad73a504971]::future::future::Future<Output = ()>>>>
[INFO] [stdout]   16:     0x63d8872d170d - tokio[28a647308ec1e351]::runtime::context::runtime::enter_runtime::<<tokio[28a647308ec1e351]::runtime::scheduler::current_thread::CurrentThread>::block_on<core[a373ad73a504971]::pin::Pin<&mut dyn core[a373ad73a504971]::future::future::Future<Output = ()>>>::{closure#0}, ()>
[INFO] [stdout]   17:     0x63d8872c2a15 - <tokio[28a647308ec1e351]::runtime::runtime::Runtime>::block_on::<core[a373ad73a504971]::pin::Pin<&mut dyn core[a373ad73a504971]::future::future::Future<Output = ()>>>
[INFO] [stdout]   18:     0x63d8872c28ce - <switchboard_utils[9385433795dddf2d]::exchanges::bitfinex::tests::test_bitfinex_api::{closure#0} as core[a373ad73a504971]::ops::function::FnOnce<()>>::call_once
[INFO] [stdout]   19:     0x63d8873c37eb - test[aada8e7e76ba119b]::__rust_begin_short_backtrace::<core[a373ad73a504971]::result::Result<(), alloc[2e1b2a31b91974c5]::string::String>, fn() -> core[a373ad73a504971]::result::Result<(), alloc[2e1b2a31b91974c5]::string::String>>
[INFO] [stdout]   20:     0x63d8873d09c5 - test[aada8e7e76ba119b]::run_test::{closure#0}
[INFO] [stdout]   21:     0x63d8873ca2b4 - std[617be2ca0a6fd877]::sys::backtrace::__rust_begin_short_backtrace::<test[aada8e7e76ba119b]::run_test::{closure#1}, ()>
[INFO] [stdout]   22:     0x63d8873d3a52 - <std[617be2ca0a6fd877]::thread::lifecycle::spawn_unchecked<test[aada8e7e76ba119b]::run_test::{closure#1}, ()>::{closure#1} as core[a373ad73a504971]::ops::function::FnOnce<()>>::call_once::{shim:vtable#0}
[INFO] [stdout]   23:     0x63d88766188f - <std[617be2ca0a6fd877]::sys::thread::unix::Thread>::new::thread_start
[INFO] [stdout]   24:     0x7c81a5c4bdfa - <unknown>
[INFO] [stdout]   25:     0x7c81a5cdf3d4 - clone
[INFO] [stdout]   26:                0x0 - <unknown>
[INFO] [stdout] 
[INFO] [stdout] ---- exchanges::kraken::tests::test_kraken_api stdout ----
[INFO] [stdout] 
[INFO] [stdout] thread 'exchanges::kraken::tests::test_kraken_api' (2769) panicked at src/exchanges/kraken.rs:81:26:
[INFO] [stdout] Cannot start a runtime from within a runtime. This happens because a function (like `block_on`) attempted to block the current thread while the thread is being used to drive asynchronous tasks.
[INFO] [stdout] stack backtrace:
[INFO] [stdout]    0:     0x63d8876623e1 - <<std[617be2ca0a6fd877]::sys::backtrace::BacktraceLock>::print::DisplayBacktrace as core[a373ad73a504971]::fmt::Display>::fmt
[INFO] [stdout]    1:     0x63d887679c1a - core[a373ad73a504971]::fmt::write
[INFO] [stdout]    2:     0x63d8876671ec - <alloc[2e1b2a31b91974c5]::vec::Vec<u8> as core[a373ad73a504971]::io::write::Write>::write_fmt
[INFO] [stdout]    3:     0x63d88763d556 - std[617be2ca0a6fd877]::panicking::default_hook::{closure#0}
[INFO] [stdout]    4:     0x63d88765a3d9 - std[617be2ca0a6fd877]::panicking::default_hook
[INFO] [stdout]    5:     0x63d8873d03a0 - test[aada8e7e76ba119b]::test_main_inner::{closure#0}
[INFO] [stdout]    6:     0x63d88765a702 - std[617be2ca0a6fd877]::panicking::panic_with_hook
[INFO] [stdout]    7:     0x63d88763d634 - std[617be2ca0a6fd877]::panicking::panic_handler::{closure#0}
[INFO] [stdout]    8:     0x63d887635df9 - std[617be2ca0a6fd877]::sys::backtrace::__rust_end_short_backtrace::<std[617be2ca0a6fd877]::panicking::panic_handler::{closure#0}, !>
[INFO] [stdout]    9:     0x63d88763e4fd - __rustc[ea4f61d10b84890b]::rust_begin_unwind
[INFO] [stdout]   10:     0x63d88767a3fc - core[a373ad73a504971]::panicking::panic_fmt
[INFO] [stdout]   11:     0x63d887334aaa - tokio[28a647308ec1e351]::runtime::context::runtime::enter_runtime::<<tokio[28a647308ec1e351]::runtime::scheduler::current_thread::CurrentThread>::block_on<<mockito[74645ede10adfa77]::server::Server>::try_new::{closure#0}>::{closure#0}, core[a373ad73a504971]::result::Result<mockito[74645ede10adfa77]::server_pool::ServerGuard, mockito[74645ede10adfa77]::error::Error>>
[INFO] [stdout]   12:     0x63d88732f8c0 - <tokio[28a647308ec1e351]::runtime::runtime::Runtime>::block_on::<<mockito[74645ede10adfa77]::server::Server>::try_new::{closure#0}>
[INFO] [stdout]   13:     0x63d88733b15c - <mockito[74645ede10adfa77]::server::Server>::new
[INFO] [stdout]   14:     0x63d8872c75ce - switchboard_utils[9385433795dddf2d]::exchanges::kraken::tests::test_kraken_api::{closure#0}
[INFO] [stdout]   15:     0x63d8872d3d98 - <tokio[28a647308ec1e351]::runtime::scheduler::current_thread::CoreGuard>::block_on::<core[a373ad73a504971]::pin::Pin<&mut core[a373ad73a504971]::pin::Pin<&mut dyn core[a373ad73a504971]::future::future::Future<Output = ()>>>>
[INFO] [stdout]   16:     0x63d8872d170d - tokio[28a647308ec1e351]::runtime::context::runtime::enter_runtime::<<tokio[28a647308ec1e351]::runtime::scheduler::current_thread::CurrentThread>::block_on<core[a373ad73a504971]::pin::Pin<&mut dyn core[a373ad73a504971]::future::future::Future<Output = ()>>>::{closure#0}, ()>
[INFO] [stdout]   17:     0x63d8872c2a15 - <tokio[28a647308ec1e351]::runtime::runtime::Runtime>::block_on::<core[a373ad73a504971]::pin::Pin<&mut dyn core[a373ad73a504971]::future::future::Future<Output = ()>>>
[INFO] [stdout]   18:     0x63d8872c9fbe - <switchboard_utils[9385433795dddf2d]::exchanges::kraken::tests::test_kraken_api::{closure#0} as core[a373ad73a504971]::ops::function::FnOnce<()>>::call_once
[INFO] [stdout]   19:     0x63d8873c37eb - test[aada8e7e76ba119b]::__rust_begin_short_backtrace::<core[a373ad73a504971]::result::Result<(), alloc[2e1b2a31b91974c5]::string::String>, fn() -> core[a373ad73a504971]::result::Result<(), alloc[2e1b2a31b91974c5]::string::String>>
[INFO] [stdout]   20:     0x63d8873d09c5 - test[aada8e7e76ba119b]::run_test::{closure#0}
[INFO] [stdout]   21:     0x63d8873ca2b4 - std[617be2ca0a6fd877]::sys::backtrace::__rust_begin_short_backtrace::<test[aada8e7e76ba119b]::run_test::{closure#1}, ()>
[INFO] [stdout]   22:     0x63d8873d3a52 - <std[617be2ca0a6fd877]::thread::lifecycle::spawn_unchecked<test[aada8e7e76ba119b]::run_test::{closure#1}, ()>::{closure#1} as core[a373ad73a504971]::ops::function::FnOnce<()>>::call_once::{shim:vtable#0}
[INFO] [stdout]   23:     0x63d88766188f - <std[617be2ca0a6fd877]::sys::thread::unix::Thread>::new::thread_start
[INFO] [stdout]   24:     0x7c81a5c4bdfa - <unknown>
[INFO] [stdout]   25:     0x7c81a5cdf3d4 - clone
[INFO] [stdout]   26:                0x0 - <unknown>
[INFO] [stdout] 
[INFO] [stdout] ---- exchanges::huobi::tests::test_huobi_api stdout ----
[INFO] [stdout] 
[INFO] [stdout] thread 'exchanges::huobi::tests::test_huobi_api' (2768) panicked at src/exchanges/huobi.rs:64:26:
[INFO] [stdout] Cannot start a runtime from within a runtime. This happens because a function (like `block_on`) attempted to block the current thread while the thread is being used to drive asynchronous tasks.
[INFO] [stdout] stack backtrace:
[INFO] [stdout]    0:     0x63d8876623e1 - <<std[617be2ca0a6fd877]::sys::backtrace::BacktraceLock>::print::DisplayBacktrace as core[a373ad73a504971]::fmt::Display>::fmt
[INFO] [stdout]    1:     0x63d887679c1a - core[a373ad73a504971]::fmt::write
[INFO] [stdout]    2:     0x63d8876671ec - <alloc[2e1b2a31b91974c5]::vec::Vec<u8> as core[a373ad73a504971]::io::write::Write>::write_fmt
[INFO] [stdout]    3:     0x63d88763d556 - std[617be2ca0a6fd877]::panicking::default_hook::{closure#0}
[INFO] [stdout]    4:     0x63d88765a3d9 - std[617be2ca0a6fd877]::panicking::default_hook
[INFO] [stdout]    5:     0x63d8873d03a0 - test[aada8e7e76ba119b]::test_main_inner::{closure#0}
[INFO] [stdout]    6:     0x63d88765a702 - std[617be2ca0a6fd877]::panicking::panic_with_hook
[INFO] [stdout]    7:     0x63d88763d634 - std[617be2ca0a6fd877]::panicking::panic_handler::{closure#0}
[INFO] [stdout]    8:     0x63d887635df9 - std[617be2ca0a6fd877]::sys::backtrace::__rust_end_short_backtrace::<std[617be2ca0a6fd877]::panicking::panic_handler::{closure#0}, !>
[INFO] [stdout]    9:     0x63d88763e4fd - __rustc[ea4f61d10b84890b]::rust_begin_unwind
[INFO] [stdout]   10:     0x63d88767a3fc - core[a373ad73a504971]::panicking::panic_fmt
[INFO] [stdout]   11:     0x63d887334aaa - tokio[28a647308ec1e351]::runtime::context::runtime::enter_runtime::<<tokio[28a647308ec1e351]::runtime::scheduler::current_thread::CurrentThread>::block_on<<mockito[74645ede10adfa77]::server::Server>::try_new::{closure#0}>::{closure#0}, core[a373ad73a504971]::result::Result<mockito[74645ede10adfa77]::server_pool::ServerGuard, mockito[74645ede10adfa77]::error::Error>>
[INFO] [stdout]   12:     0x63d88732f8c0 - <tokio[28a647308ec1e351]::runtime::runtime::Runtime>::block_on::<<mockito[74645ede10adfa77]::server::Server>::try_new::{closure#0}>
[INFO] [stdout]   13:     0x63d88733b15c - <mockito[74645ede10adfa77]::server::Server>::new
[INFO] [stdout]   14:     0x63d8872cc86e - switchboard_utils[9385433795dddf2d]::exchanges::huobi::tests::test_huobi_api::{closure#0}
[INFO] [stdout]   15:     0x63d8872d3d98 - <tokio[28a647308ec1e351]::runtime::scheduler::current_thread::CoreGuard>::block_on::<core[a373ad73a504971]::pin::Pin<&mut core[a373ad73a504971]::pin::Pin<&mut dyn core[a373ad73a504971]::future::future::Future<Output = ()>>>>
[INFO] [stdout]   16:     0x63d8872d170d - tokio[28a647308ec1e351]::runtime::context::runtime::enter_runtime::<<tokio[28a647308ec1e351]::runtime::scheduler::current_thread::CurrentThread>::block_on<core[a373ad73a504971]::pin::Pin<&mut dyn core[a373ad73a504971]::future::future::Future<Output = ()>>>::{closure#0}, ()>
[INFO] [stdout]   17:     0x63d8872c2a15 - <tokio[28a647308ec1e351]::runtime::runtime::Runtime>::block_on::<core[a373ad73a504971]::pin::Pin<&mut dyn core[a373ad73a504971]::future::future::Future<Output = ()>>>
[INFO] [stdout]   18:     0x63d8872cd6de - <switchboard_utils[9385433795dddf2d]::exchanges::huobi::tests::test_huobi_api::{closure#0} as core[a373ad73a504971]::ops::function::FnOnce<()>>::call_once
[INFO] [stdout]   19:     0x63d8873c37eb - test[aada8e7e76ba119b]::__rust_begin_short_backtrace::<core[a373ad73a504971]::result::Result<(), alloc[2e1b2a31b91974c5]::string::String>, fn() -> core[a373ad73a504971]::result::Result<(), alloc[2e1b2a31b91974c5]::string::String>>
[INFO] [stdout]   20:     0x63d8873d09c5 - test[aada8e7e76ba119b]::run_test::{closure#0}
[INFO] [stdout]   21:     0x63d8873ca2b4 - std[617be2ca0a6fd877]::sys::backtrace::__rust_begin_short_backtrace::<test[aada8e7e76ba119b]::run_test::{closure#1}, ()>
[INFO] [stdout]   22:     0x63d8873d3a52 - <std[617be2ca0a6fd877]::thread::lifecycle::spawn_unchecked<test[aada8e7e76ba119b]::run_test::{closure#1}, ()>::{closure#1} as core[a373ad73a504971]::ops::function::FnOnce<()>>::call_once::{shim:vtable#0}
[INFO] [stdout]   23:     0x63d88766188f - <std[617be2ca0a6fd877]::sys::thread::unix::Thread>::new::thread_start
[INFO] [stdout]   24:     0x7c81a5c4bdfa - <unknown>
[INFO] [stdout]   25:     0x7c81a5cdf3d4 - clone
[INFO] [stdout]   26:                0x0 - <unknown>
[INFO] [stdout] 
[INFO] [stdout] 
[INFO] [stdout] failures:
[INFO] [stdout]     exchanges::bitfinex::tests::test_bitfinex_api
[INFO] [stdout]     exchanges::coinbase::tests::test_coinbase_api
[INFO] [stdout]     exchanges::huobi::tests::test_huobi_api
[INFO] [stdout]     exchanges::kraken::tests::test_kraken_api
[INFO] [stdout] 
[INFO] [stdout] test result: FAILED. 40 passed; 4 failed; 0 ignored; 0 measured; 0 filtered out; finished in 0.02s
[INFO] [stdout] 
[INFO] [stderr] error: test failed, to rerun pass `--lib`
[INFO] running `Command { std: "docker" "inspect" "b6bf52ad2b840aa7084cde7713dc620d07f6f2dbb78695c4bb4e32a82465e831", kill_on_drop: false }`
[INFO] running `Command { std: "docker" "rm" "-f" "b6bf52ad2b840aa7084cde7713dc620d07f6f2dbb78695c4bb4e32a82465e831", kill_on_drop: false }`
[INFO] [stdout] b6bf52ad2b840aa7084cde7713dc620d07f6f2dbb78695c4bb4e32a82465e831
