[INFO] fetching crate swisseph-rs 0.2.1...
[INFO] testing swisseph-rs-0.2.1 against 1.100.0-beta.1+cargoflags=--release for beta-release-1.100-2
[INFO] extracting crate swisseph-rs 0.2.1 into /workspace/builds/worker-7-tc2/source
[INFO] started tweaking crates.io crate swisseph-rs 0.2.1
[INFO] removed 0 missing examples
[INFO] removed 0 missing tests
[INFO] finished tweaking crates.io crate swisseph-rs 0.2.1
[INFO] tweaked toml for crates.io crate swisseph-rs 0.2.1 written to /workspace/builds/worker-7-tc2/source/Cargo.toml
[INFO] validating manifest of crates.io crate swisseph-rs 0.2.1 on toolchain 1.100.0-beta.1
[INFO] running `Command { std: CARGO_HOME="/workspace/cargo-home" RUSTUP_HOME="/workspace/rustup-home" "/workspace/cargo-home/bin/cargo" "+1.100.0-beta.1" "metadata" "--manifest-path" "Cargo.toml" "--no-deps", kill_on_drop: false }`
[INFO] crate crates.io crate swisseph-rs 0.2.1 already has a lockfile, it will not be regenerated
[INFO] running `Command { std: CARGO_HOME="/workspace/cargo-home" RUSTUP_HOME="/workspace/rustup-home" "/workspace/cargo-home/bin/cargo" "+1.100.0-beta.1" "fetch" "--manifest-path" "Cargo.toml", kill_on_drop: false }`
[INFO] running `Command { std: "docker" "create" "-v" "/var/lib/crater-agent-workspace/builds/worker-7-tc2/source:/opt/rustwide/workdir:ro,Z" "-v" "/var/lib/crater-agent-workspace/builds/worker-7-tc2/target:/opt/rustwide/target:rw,Z" "-v" "/var/lib/crater-agent-workspace/cargo-home:/opt/rustwide/cargo-home:ro,Z" "-v" "/var/lib/crater-agent-workspace/rustup-home:/opt/rustwide/rustup-home:ro,Z" "-m" "1610612736" "--network" "none" "ghcr.io/rust-lang/crates-build-env/linux@sha256:77db811e55d90add9212f6832c23229e3de5f1c1f9905e8cb07319ea15df73ac" "sleep" "infinity", kill_on_drop: false }`
[INFO] [stdout] 0fe95f7d83a6470211680c8a2a01f6009d5694dd3f17a78ee2e89c0d0f1a24b5
[INFO] running `Command { std: "docker" "start" "0fe95f7d83a6470211680c8a2a01f6009d5694dd3f17a78ee2e89c0d0f1a24b5", kill_on_drop: false }`
[INFO] running `Command { std: "docker" "inspect" "0fe95f7d83a6470211680c8a2a01f6009d5694dd3f17a78ee2e89c0d0f1a24b5", kill_on_drop: false }`
[INFO] running `Command { std: "docker" "exec" "-e" "SOURCE_DIR=/opt/rustwide/workdir" "-e" "CARGO_HOME=/opt/rustwide/cargo-home" "-e" "RUSTUP_HOME=/opt/rustwide/rustup-home" "-e" "CARGO_TARGET_DIR=/opt/rustwide/target" "-w" "/opt/rustwide/workdir" "--user" "0:0" "0fe95f7d83a6470211680c8a2a01f6009d5694dd3f17a78ee2e89c0d0f1a24b5" "/opt/rustwide/cargo-home/bin/cargo" "+1.100.0-beta.1" "metadata" "--no-deps" "--format-version=1", kill_on_drop: false }`
[INFO] running `Command { std: "docker" "inspect" "0fe95f7d83a6470211680c8a2a01f6009d5694dd3f17a78ee2e89c0d0f1a24b5", kill_on_drop: false }`
[INFO] running `Command { std: "docker" "exec" "-e" "SOURCE_DIR=/opt/rustwide/workdir" "-e" "CARGO_HOME=/opt/rustwide/cargo-home" "-e" "RUSTUP_HOME=/opt/rustwide/rustup-home" "-e" "CARGO_TARGET_DIR=/opt/rustwide/target" "-e" "CARGO_INCREMENTAL=0" "-e" "RUST_BACKTRACE=full" "-e" "RUSTFLAGS=--cap-lints=warn" "-e" "RUSTDOCFLAGS=--cap-lints=warn" "-w" "/opt/rustwide/workdir" "--user" "0:0" "0fe95f7d83a6470211680c8a2a01f6009d5694dd3f17a78ee2e89c0d0f1a24b5" "/opt/rustwide/cargo-home/bin/cargo" "+1.100.0-beta.1" "build" "--frozen" "--message-format=json" "--release", kill_on_drop: false }`
[INFO] [stderr]    Compiling memmap2 v0.9.11
[INFO] [stderr]    Compiling bitflags v2.13.0
[INFO] [stderr]    Compiling swisseph-rs v0.2.1 (/opt/rustwide/workdir)
[INFO] [stderr]     Finished `release` profile [optimized] target(s) in 14.48s
[INFO] running `Command { std: "docker" "inspect" "0fe95f7d83a6470211680c8a2a01f6009d5694dd3f17a78ee2e89c0d0f1a24b5", kill_on_drop: false }`
[INFO] running `Command { std: "docker" "exec" "-e" "SOURCE_DIR=/opt/rustwide/workdir" "-e" "CARGO_HOME=/opt/rustwide/cargo-home" "-e" "RUSTUP_HOME=/opt/rustwide/rustup-home" "-e" "CARGO_TARGET_DIR=/opt/rustwide/target" "-e" "CARGO_INCREMENTAL=0" "-e" "RUST_BACKTRACE=full" "-e" "RUSTFLAGS=--cap-lints=warn" "-e" "RUSTDOCFLAGS=--cap-lints=warn" "-w" "/opt/rustwide/workdir" "--user" "0:0" "0fe95f7d83a6470211680c8a2a01f6009d5694dd3f17a78ee2e89c0d0f1a24b5" "/opt/rustwide/cargo-home/bin/cargo" "+1.100.0-beta.1" "test" "--frozen" "--no-run" "--message-format=json" "--release", kill_on_drop: false }`
[INFO] [stderr]    Compiling zerocopy v0.8.52
[INFO] [stderr]    Compiling serde_json v1.0.150
[INFO] [stderr]    Compiling either v1.16.0
[INFO] [stderr]    Compiling clap_builder v4.6.0
[INFO] [stderr]    Compiling regex-automata v0.4.14
[INFO] [stderr]    Compiling anes v0.1.6
[INFO] [stderr]    Compiling syn v2.0.118
[INFO] [stderr]    Compiling is-terminal v0.4.17
[INFO] [stderr]    Compiling itertools v0.10.5
[INFO] [stderr]    Compiling rayon v1.12.0
[INFO] [stderr]    Compiling criterion-plot v0.5.0
[INFO] [stderr]    Compiling regex v1.12.4
[INFO] [stderr]    Compiling clap v4.6.1
[INFO] [stderr]    Compiling zerocopy-derive v0.8.52
[INFO] [stderr]    Compiling serde_derive v1.0.228
[INFO] [stderr]    Compiling serde v1.0.228
[INFO] [stderr]    Compiling tinytemplate v1.2.1
[INFO] [stderr]    Compiling half v2.7.1
[INFO] [stderr]    Compiling ciborium-ll v0.2.2
[INFO] [stderr]    Compiling ciborium v0.2.2
[INFO] [stderr]    Compiling criterion v0.5.1
[INFO] [stderr]    Compiling swisseph-rs v0.2.1 (/opt/rustwide/workdir)
[INFO] [stdout] warning: field `retval` is never read
[INFO] [stdout]    --> tests/golden/heliacal_internals.rs:164:5
[INFO] [stdout]     |
[INFO] [stdout] 148 | struct SearchCase {
[INFO] [stdout]     |        ---------- field in this struct
[INFO] [stdout] ...
[INFO] [stdout] 164 |     retval: i32,
[INFO] [stdout]     |     ^^^^^^
[INFO] [stdout]     |
[INFO] [stdout]     = note: `#[warn(dead_code)]` (part of `#[warn(unused)]`) on by default
[INFO] [stdout] 
[INFO] [stdout] 
[INFO] [stdout] warning: field `retflag` is never read
[INFO] [stdout]   --> tests/golden/plmoon.rs:25:5
[INFO] [stdout]    |
[INFO] [stdout] 21 | struct PhenoCase {
[INFO] [stdout]    |        --------- field in this struct
[INFO] [stdout] ...
[INFO] [stdout] 25 |     retflag: u32,
[INFO] [stdout]    |     ^^^^^^^
[INFO] [stdout] 
[INFO] [stdout] 
[INFO] [stderr]     Finished `release` profile [optimized] target(s) in 1m 46s
[INFO] running `Command { std: "docker" "inspect" "0fe95f7d83a6470211680c8a2a01f6009d5694dd3f17a78ee2e89c0d0f1a24b5", kill_on_drop: false }`
[INFO] running `Command { std: "docker" "exec" "-e" "SOURCE_DIR=/opt/rustwide/workdir" "-e" "CARGO_HOME=/opt/rustwide/cargo-home" "-e" "RUSTUP_HOME=/opt/rustwide/rustup-home" "-e" "CARGO_TARGET_DIR=/opt/rustwide/target" "-e" "CARGO_INCREMENTAL=0" "-e" "RUST_BACKTRACE=full" "-e" "RUSTFLAGS=--cap-lints=warn" "-e" "RUSTDOCFLAGS=--cap-lints=warn" "-w" "/opt/rustwide/workdir" "--user" "0:0" "0fe95f7d83a6470211680c8a2a01f6009d5694dd3f17a78ee2e89c0d0f1a24b5" "/opt/rustwide/cargo-home/bin/cargo" "+1.100.0-beta.1" "test" "--frozen" "--release", kill_on_drop: false }`
[INFO] [stderr] warning: field `retval` is never read
[INFO] [stderr]    --> tests/golden/heliacal_internals.rs:164:5
[INFO] [stderr]     |
[INFO] [stderr] 148 | struct SearchCase {
[INFO] [stderr]     |        ---------- field in this struct
[INFO] [stderr] ...
[INFO] [stderr] 164 |     retval: i32,
[INFO] [stderr]     |     ^^^^^^
[INFO] [stderr]     |
[INFO] [stderr]     = note: `#[warn(dead_code)]` (part of `#[warn(unused)]`) on by default
[INFO] [stderr] 
[INFO] [stderr] warning: field `retflag` is never read
[INFO] [stderr]   --> tests/golden/plmoon.rs:25:5
[INFO] [stderr]    |
[INFO] [stderr] 21 | struct PhenoCase {
[INFO] [stderr]    |        --------- field in this struct
[INFO] [stderr] ...
[INFO] [stderr] 25 |     retflag: u32,
[INFO] [stderr]    |     ^^^^^^^
[INFO] [stderr] 
[INFO] [stderr] warning: `swisseph-rs` (test "golden") generated 2 warnings
[INFO] [stderr]     Finished `release` profile [optimized] target(s) in 0.21s
[INFO] [stderr]      Running unittests src/lib.rs (/opt/rustwide/target/release/build/swisseph-rs/3b28e8483ef732f0/out/swisseph-3b28e8483ef732f0)
[INFO] [stdout] 
[INFO] [stdout] running 132 tests
[INFO] [stdout] test date::tests::date_conversion_valid ... ok
[INFO] [stdout] test date::tests::julday_unix_epoch ... ok
[INFO] [stdout] test date::tests::julday_jd_epoch_julian ... ok
[INFO] [stdout] test date::tests::jdut1_to_utc_roundtrip_pre1972 ... ok
[INFO] [stdout] test ayanamsa::tests::set_sidereal_mode_j2000 ... ok
[INFO] [stdout] test date::tests::revjul_roundtrip_julian ... ok
[INFO] [stdout] test date::tests::revjul_roundtrip_gregorian ... ok
[INFO] [stdout] test date::tests::date_conversion_feb30 ... ok
[INFO] [stdout] test date::tests::date_conversion_proleptic_gregorian ... ok
[INFO] [stdout] test date::tests::date_conversion_month13 ... ok
[INFO] [stdout] test date::tests::day_of_week_known_dates ... ok
[INFO] [stdout] test date::tests::utc_time_zone_eastward_rollover ... ok
[INFO] [stdout] test date::tests::revjul_roundtrip_negative_years ... ok
[INFO] [stdout] test date::tests::utc_to_jd_post1972_tt_ut1_relationship ... ok
[INFO] [stdout] test date::tests::utc_to_jd_pre1972 ... ok
[INFO] [stdout] test date::tests::utc_time_zone_preserves_leap_second ... ok
[INFO] [stdout] test date::tests::utc_time_zone_westward_rollover ... ok
[INFO] [stdout] test date::tests::utc_to_jd_invalid_date ... ok
[INFO] [stdout] test fictitious::tests::test_kepler_high_eccentricity ... ok
[INFO] [stdout] test date::tests::utc_to_jd_valid_leap_second ... ok
[INFO] [stdout] test fictitious::tests::test_builtin_catalog ... ok
[INFO] [stdout] test fictitious::tests::test_bodies_55_58_need_file ... ok
[INFO] [stdout] test date::tests::jdet_to_utc_roundtrip_pre1972 ... ok
[INFO] [stdout] test fictitious::tests::test_kepler_low_eccentricity ... ok
[INFO] [stdout] test fictitious::tests::test_kepler_zero_eccentricity ... ok
[INFO] [stdout] test fictitious::tests::test_parse_seorbel_file ... ok
[INFO] [stdout] test fictitious::tests::test_parse_t_terms_constant ... ok
[INFO] [stdout] test fictitious::tests::test_parse_t_terms_eval ... ok
[INFO] [stdout] test format::tests::cs2degstr_basic ... ok
[INFO] [stdout] test format::tests::cs2lonlatstr_negative ... ok
[INFO] [stdout] test format::tests::cs2lonlatstr_positive ... ok
[INFO] [stdout] test format::tests::cs2degstr_truncates ... ok
[INFO] [stdout] test format::tests::cs2degstr_wraps_at_30 ... ok
[INFO] [stdout] test ayanamsa::tests::spot_check_values ... ok
[INFO] [stdout] test fictitious::tests::test_parse_t_terms_linear ... ok
[INFO] [stdout] test fictitious::tests::test_parse_t_terms_waldemath_complex ... ok
[INFO] [stdout] test fictitious::tests::test_parse_t_terms_subtraction ... ok
[INFO] [stdout] test heliacal::tests::object_to_body_star ... ok
[INFO] [stdout] test heliacal::tests::sgn_zero_is_positive ... ok
[INFO] [stdout] test format::tests::csroundsec_sign_boundary_guard ... ok
[INFO] [stdout] test heliacal::tests::kelvin_basic ... ok
[INFO] [stdout] test format::tests::cs2timestr_basic ... ok
[INFO] [stdout] test date::tests::utc_to_jd_invalid_leap_second ... ok
[INFO] [stdout] test format::tests::cs2timestr_with_seconds ... ok
[INFO] [stdout] test ayanamsa::tests::set_sidereal_mode_user_ut ... ok
[INFO] [stdout] test format::tests::csroundsec_basic ... ok
[INFO] [stdout] test math::tests::cartpol_roundtrip ... ok
[INFO] [stdout] test ayanamsa::tests::table_length ... ok
[INFO] [stdout] test calc::tests::requested_source_precedence ... ok
[INFO] [stdout] test ayanamsa::tests::set_sidereal_mode_true_citra_strips_bits ... ok
[INFO] [stdout] test date::tests::julday_gregorian_adoption ... ok
[INFO] [stdout] test date::tests::julday_j2000 ... ok
[INFO] [stdout] test heliacal::tests::object_to_body_asteroid ... ok
[INFO] [stdout] test heliacal::tests::object_to_body_planets ... ok
[INFO] [stdout] test math::tests::cartpol_zero ... ok
[INFO] [stdout] test math::tests::csnorm_basics ... ok
[INFO] [stdout] test math::tests::cartpol_sp_zero_position ... ok
[INFO] [stdout] test heliacal::tests::tolower_preserves_bayer ... ok
[INFO] [stdout] test math::tests::find_maximum_symmetric_parabola ... ok
[INFO] [stdout] test math::tests::chebyshev_t0 ... ok
[INFO] [stdout] test math::tests::chebyshev_t1 ... ok
[INFO] [stdout] test math::tests::normalize_degrees_basics ... ok
[INFO] [stdout] test math::tests::polcart_sp_roundtrip ... ok
[INFO] [stdout] test math::tests::mod_2pi_no_guard ... ok
[INFO] [stdout] test math::tests::d2l_rounding ... ok
[INFO] [stdout] test math::tests::find_zero_no_real_root ... ok
[INFO] [stdout] test math::tests::near_zero_guard ... ok
[INFO] [stdout] test math::tests::diff_degrees_signed ... ok
[INFO] [stdout] test math::tests::rotate_x_identity ... ok
[INFO] [stdout] test math::tests::find_zero_known_roots ... ok
[INFO] [stdout] test math::tests::cartpol_sp_zero_speed ... ok
[INFO] [stdout] test math::tests::cartpol_pole ... ok
[INFO] [stdout] test math::tests::chebyshev_deriv_t2 ... ok
[INFO] [stdout] test math::tests::midpoint_degrees_wrap ... ok
[INFO] [stdout] test math::tests::split_degrees_basic ... ok
[INFO] [stdout] test nutation::data::tests::array_lengths ... ok
[INFO] [stdout] test nutation::data::tests::npl_spot_check ... ok
[INFO] [stdout] test math::tests::split_degrees_negative ... ok
[INFO] [stdout] test nutation::data::tests::nls_spot_check ... ok
[INFO] [stdout] test nutation::data::tests::nt_herring_corrections ... ok
[INFO] [stdout] test math::tests::split_degrees_round_sec ... ok
[INFO] [stdout] test nutation::data::tests::nt_spot_check ... ok
[INFO] [stdout] test stars::tests::test_builtin_spica ... ok
[INFO] [stdout] test stars::tests::test_builtin_gp1958 ... ok
[INFO] [stdout] test stars::tests::test_builtin_gpol ... ok
[INFO] [stdout] test stars::tests::test_builtin_none ... ok
[INFO] [stdout] test stars::tests::test_cut_string_aldebaran ... ok
[INFO] [stdout] test stars::tests::test_builtin_sgra_star ... ok
[INFO] [stdout] test stars::tests::test_parse_catalog_skips_blank_and_comment ... ok
[INFO] [stdout] test stars::tests::test_load_real_catalog ... FAILED
[INFO] [stdout] test math::tests::split_degrees_zodiacal ... ok
[INFO] [stdout] test moshier::tests::planets_array_order ... ok
[INFO] [stdout] test nutation::data::tests::icpl_spot_check ... ok
[INFO] [stdout] test stars::tests::test_search_by_bayer ... FAILED
[INFO] [stdout] test sweph_file::parse::tests::test_parse_mpc_elements_eros ... ok
[INFO] [stdout] test sweph_file::tests::detect_file_type_6digit ... ok
[INFO] [stdout] test stars::tests::test_search_by_name ... FAILED
[INFO] [stdout] test sweph_file::tests::detect_file_type_planet_moon ... ok
[INFO] [stdout] test stars::tests::test_search_sequential ... FAILED
[INFO] [stdout] test sweph_file::tests::ephemeris_calc_quaoar ... ok
[INFO] [stdout] test sweph_file::tests::asteroid_eris_6digit_se1 ... ok
[INFO] [stdout] test nutation::data::tests::cls_spot_check ... ok
[INFO] [stdout] test sweph_file::tests::ephemeris_new_planet_moon_missing_file_errors ... ok
[INFO] [stdout] test sweph_file::tests::ephemeris_new_planet_moon_without_path_errors ... ok
[INFO] [stdout] test sweph_file::tests::ephemeris_new_with_asteroids ... ok
[INFO] [stdout] test sweph_file::tests::ephemeris_new_with_planet_moons ... ok
[INFO] [stdout] test sweph_file::tests::open_asteroid_file_eros ... ok
[INFO] [stdout] test sweph_file::tests::ephemeris_new_missing_asteroid_errors ... ok
[INFO] [stdout] test sweph_file::tests::ephemeris_new_planet_moon_invalid_range_errors ... ok
[INFO] [stdout] test sweph_file::tests::open_asteroid_file_missing ... ok
[INFO] [stdout] test sweph_file::tests::open_planet_moon_file_missing ... ok
[INFO] [stdout] test sweph_file::tests::planet_moon_jupiter_cob ... ok
[INFO] [stdout] test stars::tests::test_cut_string_sirius ... ok
[INFO] [stdout] test sweph_file::tests::planet_moon_phobos ... ok
[INFO] [stdout] test types::tests::asteroid_id_rejects_negative ... ok
[INFO] [stdout] test types::tests::body_constructors_validate ... ok
[INFO] [stdout] test sweph_file::parse::tests::test_atof_prefix ... ok
[INFO] [stdout] test types::tests::body_try_from_comet_range_rejected ... ok
[INFO] [stdout] test types::tests::body_try_from_gap_rejected ... ok
[INFO] [stdout] test types::tests::body_try_from_roundtrip ... ok
[INFO] [stdout] test types::tests::planet_moon_id_valid_range ... ok
[INFO] [stdout] test sweph_file::tests::open_planet_moon_file_via_sat_subdir ... ok
[INFO] [stdout] test sweph_file::tests::planet_moon_io ... ok
[INFO] [stdout] test types::tests::body_no_aliasing_via_constructors ... ok
[INFO] [stdout] test types::tests::fictitious_id_rejects_out_of_range ... ok
[INFO] [stdout] test types::tests::fictitious_id_valid_range ... ok
[INFO] [stdout] test stars::tests::test_cut_string_sgra_star ... ok
[INFO] [stdout] test date::tests::utc_to_jd_invalid_leap_second_high_delta_t ... ok
[INFO] [stdout] test sweph_file::tests::asteroid_eros_se1 ... ok
[INFO] [stdout] test sweph_file::tests::asteroid_quaoar_se1 ... ok
[INFO] [stdout] test moshier::tests::element_counts_match_c ... ok
[INFO] [stdout] test sweph_file::tests::ephemeris_new_asteroid_numbers_without_path_errors ... ok
[INFO] [stdout] 
[INFO] [stdout] failures:
[INFO] [stdout] 
[INFO] [stdout] ---- stars::tests::test_load_real_catalog stdout ----
[INFO] [stdout] 
[INFO] [stdout] thread 'stars::tests::test_load_real_catalog' (1021) panicked at src/stars.rs:452:9:
[INFO] [stdout] expected >1000 bayer records, got 0
[INFO] [stdout] stack backtrace:
[INFO] [stdout]    0:     0x59fdb6233371 - <<std[617be2ca0a6fd877]::sys::backtrace::BacktraceLock>::print::DisplayBacktrace as core[a373ad73a504971]::fmt::Display>::fmt
[INFO] [stdout]    1:     0x59fdb624942a - core[a373ad73a504971]::fmt::write
[INFO] [stdout]    2:     0x59fdb623787c - <alloc[2e1b2a31b91974c5]::vec::Vec<u8> as core[a373ad73a504971]::io::write::Write>::write_fmt
[INFO] [stdout]    3:     0x59fdb620ecb6 - std[617be2ca0a6fd877]::panicking::default_hook::{closure#0}
[INFO] [stdout]    4:     0x59fdb622b499 - std[617be2ca0a6fd877]::panicking::default_hook
[INFO] [stdout]    5:     0x59fdb61c6c70 - test[aada8e7e76ba119b]::test_main_inner::{closure#0}
[INFO] [stdout]    6:     0x59fdb622b652 - std[617be2ca0a6fd877]::panicking::panic_with_hook
[INFO] [stdout]    7:     0x59fdb620ed62 - std[617be2ca0a6fd877]::panicking::panic_handler::{closure#0}
[INFO] [stdout]    8:     0x59fdb6207849 - std[617be2ca0a6fd877]::sys::backtrace::__rust_end_short_backtrace::<std[617be2ca0a6fd877]::panicking::panic_handler::{closure#0}, !>
[INFO] [stdout]    9:     0x59fdb620f96d - __rustc[ea4f61d10b84890b]::rust_begin_unwind
[INFO] [stdout]   10:     0x59fdb6249b5c - core[a373ad73a504971]::panicking::panic_fmt
[INFO] [stdout]   11:     0x59fdb61b8e9a - <swisseph[ec51c8dcb98aea4a]::stars::tests::test_load_real_catalog::{closure#0} as core[a373ad73a504971]::ops::function::FnOnce<()>>::call_once
[INFO] [stdout]   12:     0x59fdb61ba0bb - test[aada8e7e76ba119b]::__rust_begin_short_backtrace::<core[a373ad73a504971]::result::Result<(), alloc[2e1b2a31b91974c5]::string::String>, fn() -> core[a373ad73a504971]::result::Result<(), alloc[2e1b2a31b91974c5]::string::String>>
[INFO] [stdout]   13:     0x59fdb61c7295 - test[aada8e7e76ba119b]::run_test::{closure#0}
[INFO] [stdout]   14:     0x59fdb61c0b84 - std[617be2ca0a6fd877]::sys::backtrace::__rust_begin_short_backtrace::<test[aada8e7e76ba119b]::run_test::{closure#1}, ()>
[INFO] [stdout]   15:     0x59fdb61ca322 - <std[617be2ca0a6fd877]::thread::lifecycle::spawn_unchecked<test[aada8e7e76ba119b]::run_test::{closure#1}, ()>::{closure#1} as core[a373ad73a504971]::ops::function::FnOnce<()>>::call_once::{shim:vtable#0}
[INFO] [stdout]   16:     0x59fdb623286f - <std[617be2ca0a6fd877]::sys::thread::unix::Thread>::new::thread_start
[INFO] [stdout]   17:     0x78fc5c969dfa - <unknown>
[INFO] [stdout]   18:     0x78fc5c9fd3d4 - clone
[INFO] [stdout]   19:                0x0 - <unknown>
[INFO] [stdout] 
[INFO] [stdout] ---- stars::tests::test_search_by_bayer stdout ----
[INFO] [stdout] 
[INFO] [stdout] thread 'stars::tests::test_search_by_bayer' (1023) panicked at src/stars.rs:474:39:
[INFO] [stdout] called `Result::unwrap()` on an `Err` value: FileFormat("star not found: ,alfCMa")
[INFO] [stdout] stack backtrace:
[INFO] [stdout]    0:     0x59fdb6233371 - <<std[617be2ca0a6fd877]::sys::backtrace::BacktraceLock>::print::DisplayBacktrace as core[a373ad73a504971]::fmt::Display>::fmt
[INFO] [stdout]    1:     0x59fdb624942a - core[a373ad73a504971]::fmt::write
[INFO] [stdout]    2:     0x59fdb623787c - <alloc[2e1b2a31b91974c5]::vec::Vec<u8> as core[a373ad73a504971]::io::write::Write>::write_fmt
[INFO] [stdout]    3:     0x59fdb620ecb6 - std[617be2ca0a6fd877]::panicking::default_hook::{closure#0}
[INFO] [stdout]    4:     0x59fdb622b499 - std[617be2ca0a6fd877]::panicking::default_hook
[INFO] [stdout]    5:     0x59fdb61c6c70 - test[aada8e7e76ba119b]::test_main_inner::{closure#0}
[INFO] [stdout]    6:     0x59fdb622b652 - std[617be2ca0a6fd877]::panicking::panic_with_hook
[INFO] [stdout]    7:     0x59fdb620ed62 - std[617be2ca0a6fd877]::panicking::panic_handler::{closure#0}
[INFO] [stdout]    8:     0x59fdb6207849 - std[617be2ca0a6fd877]::sys::backtrace::__rust_end_short_backtrace::<std[617be2ca0a6fd877]::panicking::panic_handler::{closure#0}, !>
[INFO] [stdout]    9:     0x59fdb620f96d - __rustc[ea4f61d10b84890b]::rust_begin_unwind
[INFO] [stdout]   10:     0x59fdb6249b5c - core[a373ad73a504971]::panicking::panic_fmt
[INFO] [stdout]   11:     0x59fdb6249932 - core[a373ad73a504971]::result::unwrap_failed
[INFO] [stdout]   12:     0x59fdb61b87d9 - <swisseph[ec51c8dcb98aea4a]::stars::tests::test_search_by_bayer::{closure#0} as core[a373ad73a504971]::ops::function::FnOnce<()>>::call_once
[INFO] [stdout]   13:     0x59fdb61ba0bb - test[aada8e7e76ba119b]::__rust_begin_short_backtrace::<core[a373ad73a504971]::result::Result<(), alloc[2e1b2a31b91974c5]::string::String>, fn() -> core[a373ad73a504971]::result::Result<(), alloc[2e1b2a31b91974c5]::string::String>>
[INFO] [stdout]   14:     0x59fdb61c7295 - test[aada8e7e76ba119b]::run_test::{closure#0}
[INFO] [stdout]   15:     0x59fdb61c0b84 - std[617be2ca0a6fd877]::sys::backtrace::__rust_begin_short_backtrace::<test[aada8e7e76ba119b]::run_test::{closure#1}, ()>
[INFO] [stdout]   16:     0x59fdb61ca322 - <std[617be2ca0a6fd877]::thread::lifecycle::spawn_unchecked<test[aada8e7e76ba119b]::run_test::{closure#1}, ()>::{closure#1} as core[a373ad73a504971]::ops::function::FnOnce<()>>::call_once::{shim:vtable#0}
[INFO] [stdout]   17:     0x59fdb623286f - <std[617be2ca0a6fd877]::sys::thread::unix::Thread>::new::thread_start
[INFO] [stdout]   18:     0x78fc5c969dfa - <unknown>
[INFO] [stdout]   19:     0x78fc5c9fd3d4 - clone
[INFO] [stdout]   20:                0x0 - <unknown>
[INFO] [stdout] 
[INFO] [stdout] ---- stars::tests::test_search_by_name stdout ----
[INFO] [stdout] 
[INFO] [stdout] thread 'stars::tests::test_search_by_name' (1024) panicked at src/stars.rs:467:38:
[INFO] [stdout] called `Result::unwrap()` on an `Err` value: FileFormat("star not found: Sirius")
[INFO] [stdout] stack backtrace:
[INFO] [stdout]    0:     0x59fdb6233371 - <<std[617be2ca0a6fd877]::sys::backtrace::BacktraceLock>::print::DisplayBacktrace as core[a373ad73a504971]::fmt::Display>::fmt
[INFO] [stdout]    1:     0x59fdb624942a - core[a373ad73a504971]::fmt::write
[INFO] [stdout]    2:     0x59fdb623787c - <alloc[2e1b2a31b91974c5]::vec::Vec<u8> as core[a373ad73a504971]::io::write::Write>::write_fmt
[INFO] [stdout]    3:     0x59fdb620ecb6 - std[617be2ca0a6fd877]::panicking::default_hook::{closure#0}
[INFO] [stdout]    4:     0x59fdb622b499 - std[617be2ca0a6fd877]::panicking::default_hook
[INFO] [stdout]    5:     0x59fdb61c6c70 - test[aada8e7e76ba119b]::test_main_inner::{closure#0}
[INFO] [stdout]    6:     0x59fdb622b652 - std[617be2ca0a6fd877]::panicking::panic_with_hook
[INFO] [stdout]    7:     0x59fdb620ed62 - std[617be2ca0a6fd877]::panicking::panic_handler::{closure#0}
[INFO] [stdout]    8:     0x59fdb6207849 - std[617be2ca0a6fd877]::sys::backtrace::__rust_end_short_backtrace::<std[617be2ca0a6fd877]::panicking::panic_handler::{closure#0}, !>
[INFO] [stdout]    9:     0x59fdb620f96d - __rustc[ea4f61d10b84890b]::rust_begin_unwind
[INFO] [stdout]   10:     0x59fdb6249b5c - core[a373ad73a504971]::panicking::panic_fmt
[INFO] [stdout]   11:     0x59fdb6249932 - core[a373ad73a504971]::result::unwrap_failed
[INFO] [stdout]   12:     0x59fdb61b85f9 - <swisseph[ec51c8dcb98aea4a]::stars::tests::test_search_by_name::{closure#0} as core[a373ad73a504971]::ops::function::FnOnce<()>>::call_once
[INFO] [stdout]   13:     0x59fdb61ba0bb - test[aada8e7e76ba119b]::__rust_begin_short_backtrace::<core[a373ad73a504971]::result::Result<(), alloc[2e1b2a31b91974c5]::string::String>, fn() -> core[a373ad73a504971]::result::Result<(), alloc[2e1b2a31b91974c5]::string::String>>
[INFO] [stdout]   14:     0x59fdb61c7295 - test[aada8e7e76ba119b]::run_test::{closure#0}
[INFO] [stdout]   15:     0x59fdb61c0b84 - std[617be2ca0a6fd877]::sys::backtrace::__rust_begin_short_backtrace::<test[aada8e7e76ba119b]::run_test::{closure#1}, ()>
[INFO] [stdout]   16:     0x59fdb61ca322 - <std[617be2ca0a6fd877]::thread::lifecycle::spawn_unchecked<test[aada8e7e76ba119b]::run_test::{closure#1}, ()>::{closure#1} as core[a373ad73a504971]::ops::function::FnOnce<()>>::call_once::{shim:vtable#0}
[INFO] [stdout]   17:     0x59fdb623286f - <std[617be2ca0a6fd877]::sys::thread::unix::Thread>::new::thread_start
[INFO] [stdout]   18:     0x78fc5c969dfa - <unknown>
[INFO] [stdout]   19:     0x78fc5c9fd3d4 - clone
[INFO] [stdout]   20:                0x0 - <unknown>
[INFO] [stdout] 
[INFO] [stdout] ---- stars::tests::test_search_sequential stdout ----
[INFO] [stdout] 
[INFO] [stdout] thread 'stars::tests::test_search_sequential' (1025) panicked at src/stars.rs:481:33:
[INFO] [stdout] called `Result::unwrap()` on an `Err` value: FileFormat("sequential fixed star number 1 is not available")
[INFO] [stdout] stack backtrace:
[INFO] [stdout]    0:     0x59fdb6233371 - <<std[617be2ca0a6fd877]::sys::backtrace::BacktraceLock>::print::DisplayBacktrace as core[a373ad73a504971]::fmt::Display>::fmt
[INFO] [stdout]    1:     0x59fdb624942a - core[a373ad73a504971]::fmt::write
[INFO] [stdout]    2:     0x59fdb623787c - <alloc[2e1b2a31b91974c5]::vec::Vec<u8> as core[a373ad73a504971]::io::write::Write>::write_fmt
[INFO] [stdout]    3:     0x59fdb620ecb6 - std[617be2ca0a6fd877]::panicking::default_hook::{closure#0}
[INFO] [stdout]    4:     0x59fdb622b499 - std[617be2ca0a6fd877]::panicking::default_hook
[INFO] [stdout]    5:     0x59fdb61c6c70 - test[aada8e7e76ba119b]::test_main_inner::{closure#0}
[INFO] [stdout]    6:     0x59fdb622b652 - std[617be2ca0a6fd877]::panicking::panic_with_hook
[INFO] [stdout]    7:     0x59fdb620ed62 - std[617be2ca0a6fd877]::panicking::panic_handler::{closure#0}
[INFO] [stdout]    8:     0x59fdb6207849 - std[617be2ca0a6fd877]::sys::backtrace::__rust_end_short_backtrace::<std[617be2ca0a6fd877]::panicking::panic_handler::{closure#0}, !>
[INFO] [stdout]    9:     0x59fdb620f96d - __rustc[ea4f61d10b84890b]::rust_begin_unwind
[INFO] [stdout]   10:     0x59fdb6249b5c - core[a373ad73a504971]::panicking::panic_fmt
[INFO] [stdout]   11:     0x59fdb6249932 - core[a373ad73a504971]::result::unwrap_failed
[INFO] [stdout]   12:     0x59fdb61b8fee - <swisseph[ec51c8dcb98aea4a]::stars::tests::test_search_sequential::{closure#0} as core[a373ad73a504971]::ops::function::FnOnce<()>>::call_once
[INFO] [stdout]   13:     0x59fdb61ba0bb - test[aada8e7e76ba119b]::__rust_begin_short_backtrace::<core[a373ad73a504971]::result::Result<(), alloc[2e1b2a31b91974c5]::string::String>, fn() -> core[a373ad73a504971]::result::Result<(), alloc[2e1b2a31b91974c5]::string::String>>
[INFO] [stdout]   14:     0x59fdb61c7295 - test[aada8e7e76ba119b]::run_test::{closure#0}
[INFO] [stdout]   15:     0x59fdb61c0b84 - std[617be2ca0a6fd877]::sys::backtrace::__rust_begin_short_backtrace::<test[aada8e7e76ba119b]::run_test::{closure#1}, ()>
[INFO] [stdout]   16:     0x59fdb61ca322 - <std[617be2ca0a6fd877]::thread::lifecycle::spawn_unchecked<test[aada8e7e76ba119b]::run_test::{closure#1}, ()>::{closure#1} as core[a373ad73a504971]::ops::function::FnOnce<()>>::call_once::{shim:vtable#0}
[INFO] [stdout]   17:     0x59fdb623286f - <std[617be2ca0a6fd877]::sys::thread::unix::Thread>::new::thread_start
[INFO] [stdout]   18:     0x78fc5c969dfa - <unknown>
[INFO] [stdout]   19:     0x78fc5c9fd3d4 - clone
[INFO] [stdout]   20:                0x0 - <unknown>
[INFO] [stdout] 
[INFO] [stdout] 
[INFO] [stdout] failures:
[INFO] [stdout]     stars::tests::test_load_real_catalog
[INFO] [stdout]     stars::tests::test_search_by_bayer
[INFO] [stdout]     stars::tests::test_search_by_name
[INFO] [stdout]     stars::tests::test_search_sequential
[INFO] [stdout] 
[INFO] [stdout] test result: FAILED. 128 passed; 4 failed; 0 ignored; 0 measured; 0 filtered out; finished in 0.08s
[INFO] [stdout] 
[INFO] [stderr] error: test failed, to rerun pass `--lib`
[INFO] running `Command { std: "docker" "inspect" "0fe95f7d83a6470211680c8a2a01f6009d5694dd3f17a78ee2e89c0d0f1a24b5", kill_on_drop: false }`
[INFO] running `Command { std: "docker" "rm" "-f" "0fe95f7d83a6470211680c8a2a01f6009d5694dd3f17a78ee2e89c0d0f1a24b5", kill_on_drop: false }`
[INFO] [stdout] 0fe95f7d83a6470211680c8a2a01f6009d5694dd3f17a78ee2e89c0d0f1a24b5
