[INFO] fetching crate swimos_form 0.1.1...
[INFO] testing swimos_form-0.1.1 against 1.99.0-beta.8+cargoflags=--release for beta-release-1.100-2
[INFO] extracting crate swimos_form 0.1.1 into /workspace/builds/worker-1-tc1/source
[INFO] started tweaking crates.io crate swimos_form 0.1.1
[INFO] removed 0 missing tests
[INFO] finished tweaking crates.io crate swimos_form 0.1.1
[INFO] tweaked toml for crates.io crate swimos_form 0.1.1 written to /workspace/builds/worker-1-tc1/source/Cargo.toml
[INFO] validating manifest of crates.io crate swimos_form 0.1.1 on toolchain 1.99.0-beta.8
[INFO] running `Command { std: CARGO_HOME="/workspace/cargo-home" RUSTUP_HOME="/workspace/rustup-home" "/workspace/cargo-home/bin/cargo" "+1.99.0-beta.8" "metadata" "--manifest-path" "Cargo.toml" "--no-deps", kill_on_drop: false }`
[INFO] running `Command { std: CARGO_HOME="/workspace/cargo-home" RUSTUP_HOME="/workspace/rustup-home" "/workspace/cargo-home/bin/cargo" "+1.99.0-beta.8" "generate-lockfile" "--manifest-path" "Cargo.toml", kill_on_drop: false }`
[INFO] [stderr]     Updating crates.io index
[INFO] [stderr]      Locking 118 packages to highest compatible versions
[INFO] [stderr]       Adding num-bigint v0.4.8 (available: v0.5.1)
[INFO] running `Command { std: CARGO_HOME="/workspace/cargo-home" RUSTUP_HOME="/workspace/rustup-home" "/workspace/cargo-home/bin/cargo" "+1.99.0-beta.8" "fetch" "--manifest-path" "Cargo.toml", kill_on_drop: false }`
[INFO] [stderr]  Downloading crates ...
[INFO] [stderr]   Downloaded swimos_route v0.1.1
[INFO] [stderr]   Downloaded swimos_utilities v0.1.1
[INFO] [stderr]   Downloaded trybuild v1.0.122
[INFO] [stderr]   Downloaded swimos_num v0.1.1
[INFO] [stderr]   Downloaded nom_locate v4.2.0
[INFO] [stderr]   Downloaded swimos_future v0.1.1
[INFO] [stderr]   Downloaded swimos_format v0.1.1
[INFO] [stderr]   Downloaded swimos_model v0.1.1
[INFO] [stderr]   Downloaded frunk_proc_macros v0.1.5
[INFO] [stderr]   Downloaded swimos_errors v0.1.1
[INFO] [stderr]   Downloaded swimos_algebra v0.1.1
[INFO] [stderr]   Downloaded swimos_encoding v0.1.1
[INFO] [stderr]   Downloaded swimos_form_derive v0.1.1
[INFO] [stderr]   Downloaded swimos_macro_utilities v0.1.1
[INFO] [stderr]   Downloaded swimos_trigger v0.1.1
[INFO] running `Command { std: "docker" "create" "-v" "/var/lib/crater-agent-workspace/builds/worker-1-tc1/source:/opt/rustwide/workdir:ro,Z" "-v" "/var/lib/crater-agent-workspace/builds/worker-1-tc1/target:/opt/rustwide/target:rw,Z" "-v" "/var/lib/crater-agent-workspace/cargo-home:/opt/rustwide/cargo-home:ro,Z" "-v" "/var/lib/crater-agent-workspace/rustup-home:/opt/rustwide/rustup-home:ro,Z" "-m" "1610612736" "--network" "none" "ghcr.io/rust-lang/crates-build-env/linux@sha256:77db811e55d90add9212f6832c23229e3de5f1c1f9905e8cb07319ea15df73ac" "sleep" "infinity", kill_on_drop: false }`
[INFO] [stdout] 99782f66f0d2b507a3ca9a582b5c15bf886aa16312a65dbf624644b8d7d34974
[INFO] running `Command { std: "docker" "start" "99782f66f0d2b507a3ca9a582b5c15bf886aa16312a65dbf624644b8d7d34974", kill_on_drop: false }`
[INFO] running `Command { std: "docker" "inspect" "99782f66f0d2b507a3ca9a582b5c15bf886aa16312a65dbf624644b8d7d34974", kill_on_drop: false }`
[INFO] running `Command { std: "docker" "exec" "-e" "SOURCE_DIR=/opt/rustwide/workdir" "-e" "CARGO_HOME=/opt/rustwide/cargo-home" "-e" "RUSTUP_HOME=/opt/rustwide/rustup-home" "-e" "CARGO_TARGET_DIR=/opt/rustwide/target" "-w" "/opt/rustwide/workdir" "--user" "0:0" "99782f66f0d2b507a3ca9a582b5c15bf886aa16312a65dbf624644b8d7d34974" "/opt/rustwide/cargo-home/bin/cargo" "+1.99.0-beta.8" "metadata" "--no-deps" "--format-version=1", kill_on_drop: false }`
[INFO] running `Command { std: "docker" "inspect" "99782f66f0d2b507a3ca9a582b5c15bf886aa16312a65dbf624644b8d7d34974", kill_on_drop: false }`
[INFO] running `Command { std: "docker" "exec" "-e" "SOURCE_DIR=/opt/rustwide/workdir" "-e" "CARGO_HOME=/opt/rustwide/cargo-home" "-e" "RUSTUP_HOME=/opt/rustwide/rustup-home" "-e" "CARGO_TARGET_DIR=/opt/rustwide/target" "-e" "CARGO_INCREMENTAL=0" "-e" "RUST_BACKTRACE=full" "-e" "RUSTFLAGS=--cap-lints=warn" "-e" "RUSTDOCFLAGS=--cap-lints=warn" "-w" "/opt/rustwide/workdir" "--user" "0:0" "99782f66f0d2b507a3ca9a582b5c15bf886aa16312a65dbf624644b8d7d34974" "/opt/rustwide/cargo-home/bin/cargo" "+1.99.0-beta.8" "build" "--frozen" "--message-format=json" "--release", kill_on_drop: false }`
[INFO] [stderr]    Compiling memchr v2.8.3
[INFO] [stderr]    Compiling futures-channel v0.3.34
[INFO] [stderr]    Compiling syn v2.0.119
[INFO] [stderr]    Compiling syn v3.0.9
[INFO] [stderr]    Compiling frunk_core v0.5.0
[INFO] [stderr]    Compiling smallvec v1.16.3
[INFO] [stderr]    Compiling tokio v1.53.3
[INFO] [stderr]    Compiling bytecount v0.6.9
[INFO] [stderr]    Compiling parking_lot_core v0.9.12
[INFO] [stderr]    Compiling syn v1.0.109
[INFO] [stderr]    Compiling nom v7.1.3
[INFO] [stderr]    Compiling parking_lot v0.12.5
[INFO] [stderr]    Compiling swimos_algebra v0.1.1
[INFO] [stderr]    Compiling frunk_core v0.4.4
[INFO] [stderr]    Compiling swimos_num v0.1.1
[INFO] [stderr]    Compiling either v1.19.0
[INFO] [stderr]    Compiling tokio-util v0.7.20
[INFO] [stderr]    Compiling convert_case v0.6.0
[INFO] [stderr]    Compiling nom_locate v4.2.0
[INFO] [stderr]    Compiling swimos_encoding v0.1.1
[INFO] [stderr]    Compiling swimos_errors v0.1.1
[INFO] [stderr]    Compiling swimos_route v0.1.1
[INFO] [stderr]    Compiling swimos_format v0.1.1
[INFO] [stderr]    Compiling swimos_utilities v0.1.1
[INFO] [stderr]    Compiling frunk_proc_macro_helpers v0.1.5
[INFO] [stderr]    Compiling futures-macro v0.3.34
[INFO] [stderr]    Compiling thiserror-impl v1.0.69
[INFO] [stderr]    Compiling pin-project-internal v1.1.13
[INFO] [stderr]    Compiling frunk_proc_macros v0.1.5
[INFO] [stderr]    Compiling frunk_derives v0.4.4
[INFO] [stderr]    Compiling frunk v0.4.4
[INFO] [stderr]    Compiling futures-util v0.3.34
[INFO] [stderr]    Compiling thiserror v1.0.69
[INFO] [stderr]    Compiling pin-project v1.1.13
[INFO] [stderr]    Compiling swimos_macro_utilities v0.1.1
[INFO] [stderr]    Compiling swimos_form_derive v0.1.1
[INFO] [stderr]    Compiling futures-executor v0.3.34
[INFO] [stderr]    Compiling futures v0.3.34
[INFO] [stderr]    Compiling swimos_trigger v0.1.1
[INFO] [stderr]    Compiling swimos_future v0.1.1
[INFO] [stderr]    Compiling swimos_model v0.1.1
[INFO] [stderr]    Compiling swimos_form v0.1.1 (/opt/rustwide/workdir)
[INFO] [stderr]     Finished `release` profile [optimized] target(s) in 45.00s
[INFO] running `Command { std: "docker" "inspect" "99782f66f0d2b507a3ca9a582b5c15bf886aa16312a65dbf624644b8d7d34974", kill_on_drop: false }`
[INFO] running `Command { std: "docker" "exec" "-e" "SOURCE_DIR=/opt/rustwide/workdir" "-e" "CARGO_HOME=/opt/rustwide/cargo-home" "-e" "RUSTUP_HOME=/opt/rustwide/rustup-home" "-e" "CARGO_TARGET_DIR=/opt/rustwide/target" "-e" "CARGO_INCREMENTAL=0" "-e" "RUST_BACKTRACE=full" "-e" "RUSTFLAGS=--cap-lints=warn" "-e" "RUSTDOCFLAGS=--cap-lints=warn" "-w" "/opt/rustwide/workdir" "--user" "0:0" "99782f66f0d2b507a3ca9a582b5c15bf886aa16312a65dbf624644b8d7d34974" "/opt/rustwide/cargo-home/bin/cargo" "+1.99.0-beta.8" "test" "--frozen" "--no-run" "--message-format=json" "--release", kill_on_drop: false }`
[INFO] [stderr]    Compiling serde v1.0.229
[INFO] [stderr]    Compiling serde_json v1.0.154
[INFO] [stderr]    Compiling target-tuple v1.0.2
[INFO] [stderr]    Compiling toml_parser v1.1.5+spec-1.1.0
[INFO] [stderr]    Compiling serde_derive v1.0.229
[INFO] [stderr]    Compiling glob v0.3.4
[INFO] [stderr]    Compiling termcolor v1.4.1
[INFO] [stderr]    Compiling toml v1.1.8+spec-1.1.0
[INFO] [stderr]    Compiling trybuild v1.0.122
[INFO] [stderr]    Compiling swimos_form v0.1.1 (/opt/rustwide/workdir)
[INFO] [stdout] warning: struct `HeaderView` is never constructed
[INFO] [stdout]    --> src/structural/tests/mod.rs:205:12
[INFO] [stdout]     |
[INFO] [stdout] 205 | pub struct HeaderView<T>(pub T);
[INFO] [stdout]     |            ^^^^^^^^^^
[INFO] [stdout]     |
[INFO] [stdout]     = note: `#[warn(dead_code)]` (part of `#[warn(unused)]`) on by default
[INFO] [stdout] 
[INFO] [stdout] 
[INFO] [stdout] warning: struct `WithHeaderField` is never constructed
[INFO] [stdout]    --> src/structural/tests/mod.rs:207:8
[INFO] [stdout]     |
[INFO] [stdout] 207 | struct WithHeaderField<T> {
[INFO] [stdout]     |        ^^^^^^^^^^^^^^^
[INFO] [stdout] 
[INFO] [stdout] 
[INFO] [stderr]     Finished `release` profile [optimized] target(s) in 1m 12s
[INFO] running `Command { std: "docker" "inspect" "99782f66f0d2b507a3ca9a582b5c15bf886aa16312a65dbf624644b8d7d34974", kill_on_drop: false }`
[INFO] running `Command { std: "docker" "exec" "-e" "SOURCE_DIR=/opt/rustwide/workdir" "-e" "CARGO_HOME=/opt/rustwide/cargo-home" "-e" "RUSTUP_HOME=/opt/rustwide/rustup-home" "-e" "CARGO_TARGET_DIR=/opt/rustwide/target" "-e" "CARGO_INCREMENTAL=0" "-e" "RUST_BACKTRACE=full" "-e" "RUSTFLAGS=--cap-lints=warn" "-e" "RUSTDOCFLAGS=--cap-lints=warn" "-w" "/opt/rustwide/workdir" "--user" "0:0" "99782f66f0d2b507a3ca9a582b5c15bf886aa16312a65dbf624644b8d7d34974" "/opt/rustwide/cargo-home/bin/cargo" "+1.99.0-beta.8" "test" "--frozen" "--release", kill_on_drop: false }`
[INFO] [stderr] warning: struct `HeaderView` is never constructed
[INFO] [stderr]    --> src/structural/tests/mod.rs:205:12
[INFO] [stderr]     |
[INFO] [stderr] 205 | pub struct HeaderView<T>(pub T);
[INFO] [stderr]     |            ^^^^^^^^^^
[INFO] [stderr]     |
[INFO] [stderr]     = note: `#[warn(dead_code)]` (part of `#[warn(unused)]`) on by default
[INFO] [stderr] 
[INFO] [stderr] warning: struct `WithHeaderField` is never constructed
[INFO] [stderr]    --> src/structural/tests/mod.rs:207:8
[INFO] [stderr]     |
[INFO] [stderr] 207 | struct WithHeaderField<T> {
[INFO] [stderr]     |        ^^^^^^^^^^^^^^^
[INFO] [stderr] 
[INFO] [stderr] warning: `swimos_form` (lib test) generated 2 warnings
[INFO] [stderr]     Finished `release` profile [optimized] target(s) in 0.11s
[INFO] [stderr]      Running unittests src/lib.rs (/opt/rustwide/target/release/deps/swimos_form-4bedac7157ae041d)
[INFO] [stdout] 
[INFO] [stdout] running 83 tests
[INFO] [stdout] test structural::bridge::tests::bridge_optional ... ok
[INFO] [stdout] test structural::bridge::tests::bridge_blob ... ok
[INFO] [stdout] test structural::bridge::tests::bridge_simple_missing_field ... ok
[INFO] [stdout] test structural::bridge::tests::bridge_text ... ok
[INFO] [stdout] test structural::bridge::tests::bridge_simple_compound_into ... ok
[INFO] [stdout] test structural::bridge::tests::bridge_nested_into ... ok
[INFO] [stdout] test structural::bridge::tests::bridge_nested ... ok
[INFO] [stdout] test structural::bridge::tests::bridge_simple_missing_field_into ... ok
[INFO] [stdout] test structural::bridge::tests::bridge_simple_compound ... ok
[INFO] [stdout] test structural::bridge::tests::bridge_numeric_and_logical ... ok
[INFO] [stdout] test structural::bridge::tests::bridge_transform_blob ... ok
[INFO] [stdout] test structural::bridge::tests::bridge_transform_numeric_and_logical ... ok
[INFO] [stdout] test structural::bridge::tests::bridge_transform_optional ... ok
[INFO] [stdout] test structural::bridge::tests::bridge_transform_text ... ok
[INFO] [stdout] test structural::bridge::tests::bridge_transform_vec ... ok
[INFO] [stdout] test structural::bridge::tests::bridge_vec ... ok
[INFO] [stdout] test structural::read::error::tests::expected_event_display ... ok
[INFO] [stdout] test structural::read::error::tests::read_error_display ... ok
[INFO] [stdout] test structural::read::recognizer::primitive::tests::string_recognizer ... ok
[INFO] [stdout] test structural::read::recognizer::primitive::tests::text_recognizer ... ok
[INFO] [stdout] test structural::read::recognizer::primitive::tests::u32_recognizer ... ok
[INFO] [stdout] test structural::read::recognizer::primitive::tests::u64_recognizer ... ok
[INFO] [stdout] test structural::read::recognizer::primitive::tests::unit_recognizer ... ok
[INFO] [stdout] test structural::read::recognizer::tests::examples ... ok
[INFO] [stdout] test structural::read::recognizer::primitive::tests::i32_recognizer ... ok
[INFO] [stdout] test structural::read::recognizer::primitive::tests::i64_recognizer ... ok
[INFO] [stdout] test structural::read::recognizer::primitive::tests::blob_recognizer ... ok
[INFO] [stdout] test structural::read::recognizer::primitive::tests::bool_recognizer ... ok
[INFO] [stdout] test structural::read::recognizer::primitive::tests::f64_recognizer ... ok
[INFO] [stdout] test structural::read::recognizer::primitive::tests::big_int_recognizer ... ok
[INFO] [stdout] test structural::read::recognizer::primitive::tests::big_uint_recognizer ... ok
[INFO] [stdout] test structural::read::recognizer::tests::vec_recognizer ... ok
[INFO] [stdout] test structural::read::recognizer::tests::vec_recognizer_attr_body ... ok
[INFO] [stdout] test structural::read::recognizer::tests::vec_recognizer_flattened ... ok
[INFO] [stdout] test structural::write::tests::big_uint_into_structure ... ok
[INFO] [stdout] test structural::write::tests::arc_into_structure ... ok
[INFO] [stdout] test structural::write::tests::big_uint_structure ... ok
[INFO] [stdout] test structural::write::tests::arc_structure ... ok
[INFO] [stdout] test structural::write::tests::big_int_into_structure ... ok
[INFO] [stdout] test structural::write::tests::blob_slice_structure ... ok
[INFO] [stdout] test structural::write::tests::blob_structure ... ok
[INFO] [stdout] test structural::write::tests::blob_into_structure ... ok
[INFO] [stdout] test structural::write::tests::blob_slice_into_structure ... ok
[INFO] [stdout] test structural::write::tests::blob_vec_into_structure ... ok
[INFO] [stdout] test structural::write::tests::bool_into_structure ... ok
[INFO] [stdout] test structural::write::tests::f64_into_structure ... ok
[INFO] [stdout] test structural::write::tests::blob_vec_structure ... ok
[INFO] [stdout] test structural::write::tests::calculate_body_kind ... ok
[INFO] [stdout] test structural::write::tests::bool_structure ... ok
[INFO] [stdout] test structural::write::tests::i32_into_structure ... ok
[INFO] [stdout] test structural::write::tests::f64_structure ... ok
[INFO] [stdout] test structural::write::tests::hash_map_strucuture ... ok
[INFO] [stdout] test structural::write::tests::i32_structure ... ok
[INFO] [stdout] test structural::write::tests::i64_structure ... ok
[INFO] [stdout] test structural::write::tests::nested_collection_strucuture ... ok
[INFO] [stdout] test structural::write::tests::rc_into_structure ... ok
[INFO] [stdout] test structural::write::tests::rc_structure ... ok
[INFO] [stdout] test structural::write::tests::str_into_structure ... ok
[INFO] [stdout] test structural::write::tests::str_structure ... ok
[INFO] [stdout] test structural::write::tests::i64_into_structure ... ok
[INFO] [stdout] test structural::write::tests::some_structure ... ok
[INFO] [stdout] test structural::write::tests::none_into_structure ... ok
[INFO] [stdout] test structural::read::recognizer::tests::hash_map_recognizer ... ok
[INFO] [stdout] test structural::write::tests::string_structure ... ok
[INFO] [stdout] test structural::read::recognizer::tests::optional_recognizer ... ok
[INFO] [stdout] test structural::write::tests::string_into_structure ... ok
[INFO] [stdout] test structural::write::tests::some_into_structure ... ok
[INFO] [stdout] test structural::write::tests::none_structure ... ok
[INFO] [stdout] test structural::write::tests::text_into_structure ... ok
[INFO] [stdout] test structural::write::tests::u64_structure ... ok
[INFO] [stdout] test structural::write::tests::unit_structure ... ok
[INFO] [stdout] test structural::write::tests::u32_structure ... ok
[INFO] [stdout] test structural::write::tests::text_structure ... ok
[INFO] [stdout] test structural::write::tests::u64_into_structure ... ok
[INFO] [stdout] test structural::write::tests::u32_into_structure ... ok
[INFO] [stdout] test structural::write::tests::vec_structure ... ok
[INFO] [stdout] test structural::write::to_model::tests::nested_record ... ok
[INFO] [stdout] test structural::write::to_model::tests::primitive_values ... ok
[INFO] [stdout] test structural::write::to_model::tests::record_with_attrs_and_items ... ok
[INFO] [stdout] test structural::write::to_model::tests::simple_records ... ok
[INFO] [stdout] test structural::write::tests::unit_into_structure ... ok
[INFO] [stdout] test structural::write::tests::vec_into_structure ... ok
[INFO] [stderr]    Compiling proc-macro2 v1.0.107
[INFO] [stderr]    Compiling unicode-ident v1.0.27
[INFO] [stderr]    Compiling quote v1.0.47
[INFO] [stderr]    Compiling libc v0.2.191
[INFO] [stderr]     Checking pin-project-lite v0.2.17
[INFO] [stderr]     Checking futures-sink v0.3.34
[INFO] [stderr]     Checking futures-core v0.3.34
[INFO] [stderr]     Checking memchr v2.8.3
[INFO] [stderr]     Checking cfg-if v1.0.5
[INFO] [stderr]    Compiling zerocopy v0.8.63
[INFO] [stderr]    Compiling autocfg v1.5.1
[INFO] [stderr]     Checking futures-channel v0.3.34
[INFO] [stderr]     Checking futures-io v0.3.34
[INFO] [stderr]    Compiling thiserror v1.0.69
[INFO] [stderr]    Compiling parking_lot_core v0.9.12
[INFO] [stderr]     Checking slab v0.4.12
[INFO] [stderr]     Checking futures-task v0.3.34
[INFO] [stderr]    Compiling frunk_core v0.5.0
[INFO] [stderr]     Checking smallvec v1.16.3
[INFO] [stderr]     Checking scopeguard v1.2.0
[INFO] [stderr]     Checking lock_api v0.4.14
[INFO] [stderr]    Compiling num-traits v0.2.19
[INFO] [stderr]     Checking tokio v1.53.3
[INFO] [stderr]     Checking bytes v1.12.1
[INFO] [stderr]    Compiling minimal-lexical v0.2.1
[INFO] [stderr]    Compiling syn v2.0.119
[INFO] [stderr]    Compiling syn v3.0.9
[INFO] [stderr]    Compiling nom v7.1.3
[INFO] [stderr]     Checking getrandom v0.2.17
[INFO] [stderr]     Checking rand_core v0.6.4
[INFO] [stderr]     Checking parking_lot v0.12.5
[INFO] [stderr]    Compiling bytecount v0.6.9
[INFO] [stderr]    Compiling syn v1.0.109
[INFO] [stderr]     Checking tokio-util v0.7.20
[INFO] [stderr]    Compiling unicode-segmentation v1.13.3
[INFO] [stderr]    Compiling swimos_algebra v0.1.1
[INFO] [stderr]    Compiling percent-encoding v2.3.2
[INFO] [stderr]     Checking swimos_num v0.1.1
[INFO] [stderr]    Compiling frunk_core v0.4.4
[INFO] [stderr]     Checking either v1.19.0
[INFO] [stderr]    Compiling convert_case v0.6.0
[INFO] [stderr]    Compiling swimos_errors v0.1.1
[INFO] [stderr]     Checking swimos_encoding v0.1.1
[INFO] [stderr]     Checking nom_locate v4.2.0
[INFO] [stderr]     Checking num-integer v0.1.47
[INFO] [stderr]     Checking swimos_route v0.1.1
[INFO] [stderr]     Checking swimos_format v0.1.1
[INFO] [stderr]     Checking itoa v1.0.18
[INFO] [stderr]     Checking iana-time-zone v0.1.65
[INFO] [stderr]     Checking chrono v0.4.45
[INFO] [stderr]     Checking http v1.5.0
[INFO] [stderr]    Compiling swimos_utilities v0.1.1
[INFO] [stderr]     Checking num-bigint v0.4.8
[INFO] [stderr]    Compiling frunk_proc_macro_helpers v0.1.5
[INFO] [stderr]     Checking base64 v0.22.1
[INFO] [stderr]     Checking ppv-lite86 v0.2.21
[INFO] [stderr]     Checking rand_chacha v0.3.1
[INFO] [stderr]     Checking rand v0.8.8
[INFO] [stderr]    Compiling thiserror-impl v1.0.69
[INFO] [stderr]    Compiling pin-project-internal v1.1.13
[INFO] [stderr]    Compiling frunk_derives v0.4.4
[INFO] [stderr]    Compiling frunk_proc_macros v0.1.5
[INFO] [stderr]    Compiling futures-macro v0.3.34
[INFO] [stderr]    Compiling frunk v0.4.4
[INFO] [stderr]     Checking futures-util v0.3.34
[INFO] [stderr]     Checking pin-project v1.1.13
[INFO] [stderr]    Compiling swimos_macro_utilities v0.1.1
[INFO] [stderr]    Compiling swimos_form_derive v0.1.1
[INFO] [stderr]     Checking futures-executor v0.3.34
[INFO] [stderr]     Checking futures v0.3.34
[INFO] [stderr]     Checking swimos_trigger v0.1.1
[INFO] [stderr]     Checking swimos_future v0.1.1
[INFO] [stderr]     Checking swimos_model v0.1.1
[INFO] [stderr]     Checking swimos_form v0.1.1 (/opt/rustwide/workdir)
[INFO] [stdout] test tests::test_derive has been running for over 60 seconds
[INFO] [stderr]     Checking swimos_form-tests v0.0.0 (/opt/rustwide/target/tests/trybuild/swimos_form)
[INFO] [stderr]     Finished `dev` profile [unoptimized + debuginfo] target(s) in 1m 00s
[INFO] [stderr] 
[INFO] [stderr] 
[INFO] [stdout] test tests::test_derive ... FAILED
[INFO] [stderr] test src/tests/derive/form/double_body_attr.rs ... ok
[INFO] [stdout] 
[INFO] [stderr] test src/tests/derive/form/double_header_body_attr.rs ... ok
[INFO] [stdout] failures:
[INFO] [stderr] test src/tests/derive/form/double_kind.rs ... ok
[INFO] [stdout] 
[INFO] [stderr] test src/tests/derive/form/empty_tag.rs ... ok
[INFO] [stdout] ---- tests::test_derive stdout ----
[INFO] [stderr] test src/tests/derive/form/enum_duplicate_fields.rs ... mismatch
[INFO] [stdout] 
[INFO] [stderr] 
[INFO] [stdout] thread 'tests::test_derive' (1259) panicked at /opt/rustwide/cargo-home/registry/src/index.crates.io-1949cf8c6b5b557f/trybuild-1.0.122/src/run.rs:103:13:
[INFO] [stderr] EXPECTED:
[INFO] [stdout] 7 of 24 tests failed
[INFO] [stderr] ┈┈┈┈┈┈┈┈┈┈┈┈┈┈┈┈┈┈┈┈┈┈┈┈┈┈┈┈┈┈┈┈┈┈┈┈┈┈┈┈┈┈┈┈┈┈┈┈┈┈┈┈┈┈┈┈┈┈┈┈
[INFO] [stdout] stack backtrace:
[INFO] [stderr] error: Form field names must be unique. Duplicated names: [firstField]
[INFO] [stdout]    0:     0x5e1180f2cae1 - <<std[70759c8f55707aa4]::sys::backtrace::BacktraceLock>::print::DisplayBacktrace as core[df12db4294e9bfd3]::fmt::Display>::fmt
[INFO] [stderr]   --> src/tests/derive/form/enum_duplicate_fields.rs:7:9
[INFO] [stdout]    1:     0x5e1180f43eaa - core[df12db4294e9bfd3]::fmt::write
[INFO] [stderr]    |
[INFO] [stdout]    2:     0x5e1180f315ac - <alloc[2182bb758b4b3781]::vec::Vec<u8> as core[df12db4294e9bfd3]::io::write::Write>::write_fmt
[INFO] [stderr] 7  | /         First {
[INFO] [stdout]    3:     0x5e1180f05fc6 - std[70759c8f55707aa4]::panicking::default_hook::{closure#0}
[INFO] [stderr] 8  | |             #[form(convention = "camel")]
[INFO] [stdout]    4:     0x5e1180f24159 - std[70759c8f55707aa4]::panicking::default_hook
[INFO] [stderr] 9  | |             first_field: i32,
[INFO] [stdout]    5:     0x5e1180e05890 - test[9d35eded1c95d3be]::test_main_inner::<test[9d35eded1c95d3be]::test_main_static::{closure#0}>::{closure#0}
[INFO] [stderr] 10 | |             firstField: i32,
[INFO] [stdout]    6:     0x5e1180f24312 - std[70759c8f55707aa4]::panicking::panic_with_hook
[INFO] [stderr] 11 | |         },
[INFO] [stdout]    7:     0x5e1180f06072 - std[70759c8f55707aa4]::panicking::panic_handler::{closure#0}
[INFO] [stderr]    | |_________^
[INFO] [stdout]    8:     0x5e1180efe939 - std[70759c8f55707aa4]::sys::backtrace::__rust_end_short_backtrace::<std[70759c8f55707aa4]::panicking::panic_handler::{closure#0}, !>
[INFO] [stderr] 
[INFO] [stdout]    9:     0x5e1180f06c6d - __rustc[8fa7c3cbc660c2b3]::rust_begin_unwind
[INFO] [stderr] error: Form field names must be unique. Duplicated names: [firstField]
[INFO] [stdout]   10:     0x5e1180f4461c - core[df12db4294e9bfd3]::panicking::panic_fmt
[INFO] [stderr]   --> src/tests/derive/form/enum_duplicate_fields.rs:12:9
[INFO] [stdout]   11:     0x5e1180e3f6eb - <trybuild[5ecee6cbb6a91aa]::Runner>::run
[INFO] [stderr]    |
[INFO] [stdout]   12:     0x5e1180e42ae0 - <trybuild[5ecee6cbb6a91aa]::TestCases as core[df12db4294e9bfd3]::ops::drop::Drop>::drop
[INFO] [stderr] 12 | /         #[form(fields_convention = "camel")]
[INFO] [stdout]   13:     0x5e1180de8511 - core[df12db4294e9bfd3]::ptr::drop_glue::<trybuild[5ecee6cbb6a91aa]::TestCases>
[INFO] [stderr] 13 | |         Second {
[INFO] [stdout]   14:     0x5e1180de0ee1 - <swimos_form[72891745a2e20900]::tests::test_derive::{closure#0} as core[df12db4294e9bfd3]::ops::function::FnOnce<()>>::call_once
[INFO] [stderr] 14 | |             first_field: i32,
[INFO] [stdout]   15:     0x5e1180df8b7b - test[9d35eded1c95d3be]::__rust_begin_short_backtrace::<core[df12db4294e9bfd3]::result::Result<(), alloc[2182bb758b4b3781]::string::String>, fn() -> core[df12db4294e9bfd3]::result::Result<(), alloc[2182bb758b4b3781]::string::String>>
[INFO] [stderr] 15 | |             #[form(name = "firstField")]
[INFO] [stdout]   16:     0x5e1180e061e5 - test[9d35eded1c95d3be]::run_test::{closure#0}
[INFO] [stderr] 16 | |             second_field: i32,
[INFO] [stdout]   17:     0x5e1180dffaa4 - std[70759c8f55707aa4]::sys::backtrace::__rust_begin_short_backtrace::<test[9d35eded1c95d3be]::run_test::{closure#1}, ()>
[INFO] [stderr] 17 | |         },
[INFO] [stdout]   18:     0x5e1180e09342 - <std[70759c8f55707aa4]::thread::lifecycle::spawn_unchecked<test[9d35eded1c95d3be]::run_test::{closure#1}, ()>::{closure#1} as core[df12db4294e9bfd3]::ops::function::FnOnce<()>>::call_once::{shim:vtable#0}
[INFO] [stderr]    | |_________^
[INFO] [stdout]   19:     0x5e1180f2bd99 - <std[70759c8f55707aa4]::sys::thread::unix::Thread>::new::thread_start
[INFO] [stderr] ┈┈┈┈┈┈┈┈┈┈┈┈┈┈┈┈┈┈┈┈┈┈┈┈┈┈┈┈┈┈┈┈┈┈┈┈┈┈┈┈┈┈┈┈┈┈┈┈┈┈┈┈┈┈┈┈┈┈┈┈
[INFO] [stdout]   20:     0x7c9a1a297dfa - <unknown>
[INFO] [stderr] 
[INFO] [stdout]   21:     0x7c9a1a32b3d4 - clone
[INFO] [stderr] ACTUAL OUTPUT:
[INFO] [stdout]   22:                0x0 - <unknown>
[INFO] [stderr] ┈┈┈┈┈┈┈┈┈┈┈┈┈┈┈┈┈┈┈┈┈┈┈┈┈┈┈┈┈┈┈┈┈┈┈┈┈┈┈┈┈┈┈┈┈┈┈┈┈┈┈┈┈┈┈┈┈┈┈┈
[INFO] [stdout] 
[INFO] [stderr] error: Form field names must be unique. Duplicated names: [firstField]
[INFO] [stdout] 
[INFO] [stderr]   --> src/tests/derive/form/enum_duplicate_fields.rs:7:9
[INFO] [stdout] failures:
[INFO] [stderr]    |
[INFO] [stdout]     tests::test_derive
[INFO] [stderr]  7 | /         First {
[INFO] [stdout] 
[INFO] [stderr]  8 | |             #[form(convention = "camel")]
[INFO] [stdout] test result: FAILED. 82 passed; 1 failed; 0 ignored; 0 measured; 0 filtered out; finished in 81.57s
[INFO] [stderr]  9 | |             first_field: i32,
[INFO] [stdout] 
[INFO] [stderr] 10 | |             firstField: i32,
[INFO] [stderr] 11 | |         },
[INFO] [stderr]    | |_________^
[INFO] [stderr] 
[INFO] [stderr] error: Form field names must be unique. Duplicated names: [firstField]
[INFO] [stderr]   --> src/tests/derive/form/enum_duplicate_fields.rs:12:9
[INFO] [stderr]    |
[INFO] [stderr] 12 | /         #[form(fields_convention = "camel")]
[INFO] [stderr] 13 | |         Second {
[INFO] [stderr] 14 | |             first_field: i32,
[INFO] [stderr] 15 | |             #[form(name = "firstField")]
[INFO] [stderr] 16 | |             second_field: i32,
[INFO] [stderr] 17 | |         },
[INFO] [stderr]    | |_________^
[INFO] [stderr] ┈┈┈┈┈┈┈┈┈┈┈┈┈┈┈┈┈┈┈┈┈┈┈┈┈┈┈┈┈┈┈┈┈┈┈┈┈┈┈┈┈┈┈┈┈┈┈┈┈┈┈┈┈┈┈┈┈┈┈┈
[INFO] [stderr] note: If the actual output is the correct output you can bless it by rerunning
[INFO] [stderr]       your test with the environment variable TRYBUILD=overwrite
[INFO] [stderr] 
[INFO] [stderr] test src/tests/derive/form/enum_duplicate_tags.rs ... mismatch
[INFO] [stderr] 
[INFO] [stderr] EXPECTED:
[INFO] [stderr] ┈┈┈┈┈┈┈┈┈┈┈┈┈┈┈┈┈┈┈┈┈┈┈┈┈┈┈┈┈┈┈┈┈┈┈┈┈┈┈┈┈┈┈┈┈┈┈┈┈┈┈┈┈┈┈┈┈┈┈┈
[INFO] [stderr] error: Duplicate enumeration tag: "First"
[INFO] [stderr]   --> src/tests/derive/form/enum_duplicate_tags.rs:4:5
[INFO] [stderr]    |
[INFO] [stderr] 4  | /     #[allow(non_snake_case)]
[INFO] [stderr] 5  | |     #[derive(Form)]
[INFO] [stderr] 6  | |     enum Duplicates {
[INFO] [stderr] 7  | |         First {
[INFO] [stderr] ...  |
[INFO] [stderr] 12 | |         Second,
[INFO] [stderr] 13 | |     }
[INFO] [stderr]    | |_____^
[INFO] [stderr] ┈┈┈┈┈┈┈┈┈┈┈┈┈┈┈┈┈┈┈┈┈┈┈┈┈┈┈┈┈┈┈┈┈┈┈┈┈┈┈┈┈┈┈┈┈┈┈┈┈┈┈┈┈┈┈┈┈┈┈┈
[INFO] [stderr] 
[INFO] [stderr] ACTUAL OUTPUT:
[INFO] [stderr] ┈┈┈┈┈┈┈┈┈┈┈┈┈┈┈┈┈┈┈┈┈┈┈┈┈┈┈┈┈┈┈┈┈┈┈┈┈┈┈┈┈┈┈┈┈┈┈┈┈┈┈┈┈┈┈┈┈┈┈┈
[INFO] [stderr] error: Duplicate enumeration tag: "First"
[INFO] [stderr]   --> src/tests/derive/form/enum_duplicate_tags.rs:4:5
[INFO] [stderr]    |
[INFO] [stderr]  4 | /     #[allow(non_snake_case)]
[INFO] [stderr]  5 | |     #[derive(Form)]
[INFO] [stderr]  6 | |     enum Duplicates {
[INFO] [stderr]  7 | |         First {
[INFO] [stderr] ...  |
[INFO] [stderr] 12 | |         Second,
[INFO] [stderr] 13 | |     }
[INFO] [stderr]    | |_____^
[INFO] [stderr] ┈┈┈┈┈┈┈┈┈┈┈┈┈┈┈┈┈┈┈┈┈┈┈┈┈┈┈┈┈┈┈┈┈┈┈┈┈┈┈┈┈┈┈┈┈┈┈┈┈┈┈┈┈┈┈┈┈┈┈┈
[INFO] [stderr] note: If the actual output is the correct output you can bless it by rerunning
[INFO] [stderr]       your test with the environment variable TRYBUILD=overwrite
[INFO] [stderr] 
[INFO] [stderr] test src/tests/derive/form/generic.rs ... mismatch
[INFO] [stderr] 
[INFO] [stderr] EXPECTED:
[INFO] [stderr] ┈┈┈┈┈┈┈┈┈┈┈┈┈┈┈┈┈┈┈┈┈┈┈┈┈┈┈┈┈┈┈┈┈┈┈┈┈┈┈┈┈┈┈┈┈┈┈┈┈┈┈┈┈┈┈┈┈┈┈┈
[INFO] [stderr] error[E0599]: the method `as_value` exists for struct `S<Valid, Invalid>`, but its trait bounds were not satisfied
[INFO] [stderr]   --> src/tests/derive/form/generic.rs:34:15
[INFO] [stderr]    |
[INFO] [stderr] 24 |     struct S<A, B> {
[INFO] [stderr]    |     -------------- method `as_value` not found for this struct because it doesn't satisfy `S<Valid, Invalid>: Form`, `S<Valid, Invalid>: StructuralReadable` or `S<Valid, Invalid>: StructuralWritable`
[INFO] [stderr] ...
[INFO] [stderr] 34 |     let _ = s.as_value();
[INFO] [stderr]    |               ^^^^^^^^ method cannot be called on `S<Valid, Invalid>` due to unsatisfied trait bounds
[INFO] [stderr]    |
[INFO] [stderr]    = note: the following trait bounds were not satisfied:
[INFO] [stderr]            `S<Valid, Invalid>: StructuralReadable`
[INFO] [stderr]            which is required by `S<Valid, Invalid>: Form`
[INFO] [stderr]            `S<Valid, Invalid>: StructuralWritable`
[INFO] [stderr]            which is required by `S<Valid, Invalid>: Form`
[INFO] [stderr] note: the traits `StructuralReadable` and `StructuralWritable` must be implemented
[INFO] [stderr]   --> src/structural/read/mod.rs
[INFO] [stderr]    |
[INFO] [stderr]    | pub trait StructuralReadable: RecognizerReadable {
[INFO] [stderr]    | ^^^^^^^^^^^^^^^^^^^^^^^^^^^^^^^^^^^^^^^^^^^^^^^^
[INFO] [stderr]    |
[INFO] [stderr]   ::: src/structural/write/mod.rs
[INFO] [stderr]    |
[INFO] [stderr]    | pub trait StructuralWritable {
[INFO] [stderr]    | ^^^^^^^^^^^^^^^^^^^^^^^^^^^^
[INFO] [stderr]    = help: items from traits can only be used if the trait is implemented and in scope
[INFO] [stderr]    = note: the following trait defines an item `as_value`, perhaps you need to implement it:
[INFO] [stderr]            candidate #1: `Form`
[INFO] [stderr] ┈┈┈┈┈┈┈┈┈┈┈┈┈┈┈┈┈┈┈┈┈┈┈┈┈┈┈┈┈┈┈┈┈┈┈┈┈┈┈┈┈┈┈┈┈┈┈┈┈┈┈┈┈┈┈┈┈┈┈┈
[INFO] [stderr] 
[INFO] [stderr] ACTUAL OUTPUT:
[INFO] [stderr] ┈┈┈┈┈┈┈┈┈┈┈┈┈┈┈┈┈┈┈┈┈┈┈┈┈┈┈┈┈┈┈┈┈┈┈┈┈┈┈┈┈┈┈┈┈┈┈┈┈┈┈┈┈┈┈┈┈┈┈┈
[INFO] [stderr] error[E0599]: the method `as_value` exists for struct `S<Valid, Invalid>`, but its trait bounds were not satisfied
[INFO] [stderr]   --> src/tests/derive/form/generic.rs:34:15
[INFO] [stderr]    |
[INFO] [stderr] 24 |     struct S<A, B> {
[INFO] [stderr]    |     -------------- method `as_value` not found for this struct because it doesn't satisfy `S<Valid, Invalid>: Form`, `S<Valid, Invalid>: StructuralReadable` or `S<Valid, Invalid>: StructuralWritable`
[INFO] [stderr] ...
[INFO] [stderr] 34 |     let _ = s.as_value();
[INFO] [stderr]    |               ^^^^^^^^ method cannot be called on `S<Valid, Invalid>` due to unsatisfied trait bounds
[INFO] [stderr]    |
[INFO] [stderr]    = note: the following trait bounds were not satisfied:
[INFO] [stderr]            `S<Valid, Invalid>: StructuralReadable`
[INFO] [stderr]            which is required by `S<Valid, Invalid>: Form`
[INFO] [stderr]            `S<Valid, Invalid>: StructuralWritable`
[INFO] [stderr]            which is required by `S<Valid, Invalid>: Form`
[INFO] [stderr] note: the traits `StructuralReadable` and `StructuralWritable` must be implemented
[INFO] [stderr]   --> src/structural/write/mod.rs
[INFO] [stderr]    |
[INFO] [stderr]    | pub trait StructuralWritable {
[INFO] [stderr]    | ^^^^^^^^^^^^^^^^^^^^^^^^^^^^
[INFO] [stderr]    |
[INFO] [stderr]   ::: src/structural/read/mod.rs
[INFO] [stderr]    |
[INFO] [stderr]    | pub trait StructuralReadable: RecognizerReadable {
[INFO] [stderr]    | ^^^^^^^^^^^^^^^^^^^^^^^^^^^^^^^^^^^^^^^^^^^^^^^^
[INFO] [stderr]    = help: items from traits can only be used if the trait is implemented and in scope
[INFO] [stderr]    = note: the following trait defines an item `as_value`, perhaps you need to implement it:
[INFO] [stderr]            candidate #1: `Form`
[INFO] [stderr] ┈┈┈┈┈┈┈┈┈┈┈┈┈┈┈┈┈┈┈┈┈┈┈┈┈┈┈┈┈┈┈┈┈┈┈┈┈┈┈┈┈┈┈┈┈┈┈┈┈┈┈┈┈┈┈┈┈┈┈┈
[INFO] [stderr] note: If the actual output is the correct output you can bless it by rerunning
[INFO] [stderr]       your test with the environment variable TRYBUILD=overwrite
[INFO] [stderr] 
[INFO] [stderr] test src/tests/derive/form/generic_no_default.rs ... mismatch
[INFO] [stderr] 
[INFO] [stderr] EXPECTED:
[INFO] [stderr] ┈┈┈┈┈┈┈┈┈┈┈┈┈┈┈┈┈┈┈┈┈┈┈┈┈┈┈┈┈┈┈┈┈┈┈┈┈┈┈┈┈┈┈┈┈┈┈┈┈┈┈┈┈┈┈┈┈┈┈┈
[INFO] [stderr] error[E0599]: the method `as_value` exists for struct `S<Valid, Skipped>`, but its trait bounds were not satisfied
[INFO] [stderr]   --> src/tests/derive/form/generic_no_default.rs:35:15
[INFO] [stderr]    |
[INFO] [stderr] 24 |     struct S<A, B> {
[INFO] [stderr]    |     -------------- method `as_value` not found for this struct because it doesn't satisfy `S<Valid, Skipped>: Form`, `S<Valid, Skipped>: StructuralReadable` or `S<Valid, Skipped>: StructuralWritable`
[INFO] [stderr] ...
[INFO] [stderr] 35 |     let _ = s.as_value();
[INFO] [stderr]    |               ^^^^^^^^ method cannot be called on `S<Valid, Skipped>` due to unsatisfied trait bounds
[INFO] [stderr]    |
[INFO] [stderr]    = note: the following trait bounds were not satisfied:
[INFO] [stderr]            `S<Valid, Skipped>: StructuralReadable`
[INFO] [stderr]            which is required by `S<Valid, Skipped>: Form`
[INFO] [stderr]            `S<Valid, Skipped>: StructuralWritable`
[INFO] [stderr]            which is required by `S<Valid, Skipped>: Form`
[INFO] [stderr] note: the traits `StructuralReadable` and `StructuralWritable` must be implemented
[INFO] [stderr]   --> src/structural/read/mod.rs
[INFO] [stderr]    |
[INFO] [stderr]    | pub trait StructuralReadable: RecognizerReadable {
[INFO] [stderr]    | ^^^^^^^^^^^^^^^^^^^^^^^^^^^^^^^^^^^^^^^^^^^^^^^^
[INFO] [stderr]    |
[INFO] [stderr]   ::: src/structural/write/mod.rs
[INFO] [stderr]    |
[INFO] [stderr]    | pub trait StructuralWritable {
[INFO] [stderr]    | ^^^^^^^^^^^^^^^^^^^^^^^^^^^^
[INFO] [stderr]    = help: items from traits can only be used if the trait is implemented and in scope
[INFO] [stderr]    = note: the following trait defines an item `as_value`, perhaps you need to implement it:
[INFO] [stderr]            candidate #1: `Form`
[INFO] [stderr] 
[INFO] [stderr] error[E0277]: the trait bound `B: Default` is not satisfied
[INFO] [stderr]   --> src/tests/derive/form/generic_no_default.rs:23:14
[INFO] [stderr]    |
[INFO] [stderr] 23 |     #[derive(Form, Debug, PartialEq, Clone)]
[INFO] [stderr]    |              ^^^^ the trait `Default` is not implemented for `B`
[INFO] [stderr]    |
[INFO] [stderr]    = note: this error originates in the derive macro `Form` (in Nightly builds, run with -Z macro-backtrace for more info)
[INFO] [stderr] ┈┈┈┈┈┈┈┈┈┈┈┈┈┈┈┈┈┈┈┈┈┈┈┈┈┈┈┈┈┈┈┈┈┈┈┈┈┈┈┈┈┈┈┈┈┈┈┈┈┈┈┈┈┈┈┈┈┈┈┈
[INFO] [stderr] 
[INFO] [stderr] ACTUAL OUTPUT:
[INFO] [stderr] ┈┈┈┈┈┈┈┈┈┈┈┈┈┈┈┈┈┈┈┈┈┈┈┈┈┈┈┈┈┈┈┈┈┈┈┈┈┈┈┈┈┈┈┈┈┈┈┈┈┈┈┈┈┈┈┈┈┈┈┈
[INFO] [stderr] error[E0599]: the method `as_value` exists for struct `S<Valid, Skipped>`, but its trait bounds were not satisfied
[INFO] [stderr]   --> src/tests/derive/form/generic_no_default.rs:35:15
[INFO] [stderr]    |
[INFO] [stderr] 24 |     struct S<A, B> {
[INFO] [stderr]    |     -------------- method `as_value` not found for this struct because it doesn't satisfy `S<Valid, Skipped>: Form`, `S<Valid, Skipped>: StructuralReadable` or `S<Valid, Skipped>: StructuralWritable`
[INFO] [stderr] ...
[INFO] [stderr] 35 |     let _ = s.as_value();
[INFO] [stderr]    |               ^^^^^^^^ method cannot be called on `S<Valid, Skipped>` due to unsatisfied trait bounds
[INFO] [stderr]    |
[INFO] [stderr]    = note: the following trait bounds were not satisfied:
[INFO] [stderr]            `S<Valid, Skipped>: StructuralReadable`
[INFO] [stderr]            which is required by `S<Valid, Skipped>: Form`
[INFO] [stderr]            `S<Valid, Skipped>: StructuralWritable`
[INFO] [stderr]            which is required by `S<Valid, Skipped>: Form`
[INFO] [stderr] note: the traits `StructuralReadable` and `StructuralWritable` must be implemented
[INFO] [stderr]   --> src/structural/write/mod.rs
[INFO] [stderr]    |
[INFO] [stderr]    | pub trait StructuralWritable {
[INFO] [stderr]    | ^^^^^^^^^^^^^^^^^^^^^^^^^^^^
[INFO] [stderr]    |
[INFO] [stderr]   ::: src/structural/read/mod.rs
[INFO] [stderr]    |
[INFO] [stderr]    | pub trait StructuralReadable: RecognizerReadable {
[INFO] [stderr]    | ^^^^^^^^^^^^^^^^^^^^^^^^^^^^^^^^^^^^^^^^^^^^^^^^
[INFO] [stderr]    = help: items from traits can only be used if the trait is implemented and in scope
[INFO] [stderr]    = note: the following trait defines an item `as_value`, perhaps you need to implement it:
[INFO] [stderr]            candidate #1: `Form`
[INFO] [stderr] 
[INFO] [stderr] error[E0277]: the trait bound `B: Default` is not satisfied
[INFO] [stderr]   --> src/tests/derive/form/generic_no_default.rs:23:14
[INFO] [stderr]    |
[INFO] [stderr] 23 |     #[derive(Form, Debug, PartialEq, Clone)]
[INFO] [stderr]    |              ^^^^ the trait `Default` is not implemented for `B`
[INFO] [stderr]    |
[INFO] [stderr]    = note: this error originates in the derive macro `Form` (in Nightly builds, run with -Z macro-backtrace for more info)
[INFO] [stderr] ┈┈┈┈┈┈┈┈┈┈┈┈┈┈┈┈┈┈┈┈┈┈┈┈┈┈┈┈┈┈┈┈┈┈┈┈┈┈┈┈┈┈┈┈┈┈┈┈┈┈┈┈┈┈┈┈┈┈┈┈
[INFO] [stderr] note: If the actual output is the correct output you can bless it by rerunning
[INFO] [stderr]       your test with the environment variable TRYBUILD=overwrite
[INFO] [stderr] 
[INFO] [stderr] test src/tests/derive/form/incorrect_rename_type.rs ... ok
[INFO] [stderr] test src/tests/derive/form/incorrect_tag_type.rs ... ok
[INFO] [stderr] test src/tests/derive/form/incorrect_tag_type_enum.rs ... ok
[INFO] [stderr] test src/tests/derive/form/invalid_tag_placement_enum.rs ... ok
[INFO] [stderr] test src/tests/derive/form/newtype_empty_struct.rs ... ok
[INFO] [stderr] test src/tests/derive/form/newtype_enum.rs ... ok
[INFO] [stderr] test src/tests/derive/form/newtype_enum_variant.rs ... ok
[INFO] [stderr] test src/tests/derive/form/newtype_multi_field_struct.rs ... mismatch
[INFO] [stderr] 
[INFO] [stderr] EXPECTED:
[INFO] [stderr] ┈┈┈┈┈┈┈┈┈┈┈┈┈┈┈┈┈┈┈┈┈┈┈┈┈┈┈┈┈┈┈┈┈┈┈┈┈┈┈┈┈┈┈┈┈┈┈┈┈┈┈┈┈┈┈┈┈┈┈┈
[INFO] [stderr] error: Cannot apply `newtype` attribute to a struct with multiple fields
[INFO] [stderr]   --> src/tests/derive/form/newtype_multi_field_struct.rs:5:5
[INFO] [stderr]    |
[INFO] [stderr] 5  | /     #[form(newtype)]
[INFO] [stderr] 6  | |     struct A {
[INFO] [stderr] 7  | |         a: i32,
[INFO] [stderr] 8  | |         b: i32,
[INFO] [stderr] 9  | |         #[form(skip)]
[INFO] [stderr] 10 | |         c: i32,
[INFO] [stderr] 11 | |     }
[INFO] [stderr]    | |_____^
[INFO] [stderr] ┈┈┈┈┈┈┈┈┈┈┈┈┈┈┈┈┈┈┈┈┈┈┈┈┈┈┈┈┈┈┈┈┈┈┈┈┈┈┈┈┈┈┈┈┈┈┈┈┈┈┈┈┈┈┈┈┈┈┈┈
[INFO] [stderr] 
[INFO] [stderr] ACTUAL OUTPUT:
[INFO] [stderr] ┈┈┈┈┈┈┈┈┈┈┈┈┈┈┈┈┈┈┈┈┈┈┈┈┈┈┈┈┈┈┈┈┈┈┈┈┈┈┈┈┈┈┈┈┈┈┈┈┈┈┈┈┈┈┈┈┈┈┈┈
[INFO] [stderr] error: Cannot apply `newtype` attribute to a struct with multiple fields
[INFO] [stderr]   --> src/tests/derive/form/newtype_multi_field_struct.rs:5:5
[INFO] [stderr]    |
[INFO] [stderr]  5 | /     #[form(newtype)]
[INFO] [stderr]  6 | |     struct A {
[INFO] [stderr]  7 | |         a: i32,
[INFO] [stderr]  8 | |         b: i32,
[INFO] [stderr]  9 | |         #[form(skip)]
[INFO] [stderr] 10 | |         c: i32,
[INFO] [stderr] 11 | |     }
[INFO] [stderr]    | |_____^
[INFO] [stderr] ┈┈┈┈┈┈┈┈┈┈┈┈┈┈┈┈┈┈┈┈┈┈┈┈┈┈┈┈┈┈┈┈┈┈┈┈┈┈┈┈┈┈┈┈┈┈┈┈┈┈┈┈┈┈┈┈┈┈┈┈
[INFO] [stderr] note: If the actual output is the correct output you can bless it by rerunning
[INFO] [stderr]       your test with the environment variable TRYBUILD=overwrite
[INFO] [stderr] 
[INFO] [stderr] test src/tests/derive/form/struct_duplicate_fields.rs ... mismatch
[INFO] [stderr] 
[INFO] [stderr] EXPECTED:
[INFO] [stderr] ┈┈┈┈┈┈┈┈┈┈┈┈┈┈┈┈┈┈┈┈┈┈┈┈┈┈┈┈┈┈┈┈┈┈┈┈┈┈┈┈┈┈┈┈┈┈┈┈┈┈┈┈┈┈┈┈┈┈┈┈
[INFO] [stderr] error: Form field names must be unique. Duplicated names: [secondField]
[INFO] [stderr]   --> src/tests/derive/form/struct_duplicate_fields.rs:5:5
[INFO] [stderr]    |
[INFO] [stderr] 5  | /     #[allow(non_snake_case)]
[INFO] [stderr] 6  | |     struct Duplicates {
[INFO] [stderr] 7  | |         #[form(convention = "camel")]
[INFO] [stderr] 8  | |         second_field: i32,
[INFO] [stderr] 9  | |         secondField: String,
[INFO] [stderr] 10 | |     }
[INFO] [stderr]    | |_____^
[INFO] [stderr] ┈┈┈┈┈┈┈┈┈┈┈┈┈┈┈┈┈┈┈┈┈┈┈┈┈┈┈┈┈┈┈┈┈┈┈┈┈┈┈┈┈┈┈┈┈┈┈┈┈┈┈┈┈┈┈┈┈┈┈┈
[INFO] [stderr] 
[INFO] [stderr] ACTUAL OUTPUT:
[INFO] [stderr] ┈┈┈┈┈┈┈┈┈┈┈┈┈┈┈┈┈┈┈┈┈┈┈┈┈┈┈┈┈┈┈┈┈┈┈┈┈┈┈┈┈┈┈┈┈┈┈┈┈┈┈┈┈┈┈┈┈┈┈┈
[INFO] [stderr] error: Form field names must be unique. Duplicated names: [secondField]
[INFO] [stderr]   --> src/tests/derive/form/struct_duplicate_fields.rs:5:5
[INFO] [stderr]    |
[INFO] [stderr]  5 | /     #[allow(non_snake_case)]
[INFO] [stderr]  6 | |     struct Duplicates {
[INFO] [stderr]  7 | |         #[form(convention = "camel")]
[INFO] [stderr]  8 | |         second_field: i32,
[INFO] [stderr]  9 | |         secondField: String,
[INFO] [stderr] 10 | |     }
[INFO] [stderr]    | |_____^
[INFO] [stderr] ┈┈┈┈┈┈┈┈┈┈┈┈┈┈┈┈┈┈┈┈┈┈┈┈┈┈┈┈┈┈┈┈┈┈┈┈┈┈┈┈┈┈┈┈┈┈┈┈┈┈┈┈┈┈┈┈┈┈┈┈
[INFO] [stderr] note: If the actual output is the correct output you can bless it by rerunning
[INFO] [stderr]       your test with the environment variable TRYBUILD=overwrite
[INFO] [stderr] 
[INFO] [stderr] test src/tests/derive/form/tag_enum.rs ... ok
[INFO] [stderr] test src/tests/derive/form/tag_no_to_string.rs ... mismatch
[INFO] [stderr] 
[INFO] [stderr] EXPECTED:
[INFO] [stderr] ┈┈┈┈┈┈┈┈┈┈┈┈┈┈┈┈┈┈┈┈┈┈┈┈┈┈┈┈┈┈┈┈┈┈┈┈┈┈┈┈┈┈┈┈┈┈┈┈┈┈┈┈┈┈┈┈┈┈┈┈
[INFO] [stderr] error[E0277]: the trait bound `B: AsRef<str>` is not satisfied
[INFO] [stderr]   --> src/tests/derive/form/tag_no_to_string.rs:24:9
[INFO] [stderr]    |
[INFO] [stderr] 21 |     #[derive(Form)]
[INFO] [stderr]    |              ---- required by a bound introduced by this call
[INFO] [stderr] ...
[INFO] [stderr] 24 |         a: B,
[INFO] [stderr]    |         ^ the trait `AsRef<str>` is not implemented for `B`
[INFO] [stderr] 
[INFO] [stderr] error[E0277]: the trait bound `B: AsRef<str>` is not satisfied
[INFO] [stderr]   --> src/tests/derive/form/tag_no_to_string.rs:24:12
[INFO] [stderr]    |
[INFO] [stderr] 24 |         a: B,
[INFO] [stderr]    |            ^ the trait `AsRef<str>` is not implemented for `B`
[INFO] [stderr] 
[INFO] [stderr] error[E0277]: the trait bound `B: swimos_form::Tag` is not satisfied
[INFO] [stderr]   --> src/tests/derive/form/tag_no_to_string.rs:21:14
[INFO] [stderr]    |
[INFO] [stderr] 21 |     #[derive(Form)]
[INFO] [stderr]    |              ^^^^ the trait `swimos_form::Tag` is not implemented for `B`, which is required by `TagRecognizer<B>: Recognizer`
[INFO] [stderr]    |
[INFO] [stderr]    = help: the trait `Recognizer` is implemented for `TagRecognizer<T>`
[INFO] [stderr]    = note: required for `TagRecognizer<B>` to implement `Recognizer`
[INFO] [stderr] note: required by a bound in `feed_field`
[INFO] [stderr]   --> src/structural/read/recognizer/mod.rs
[INFO] [stderr]    |
[INFO] [stderr]    | pub fn feed_field<R>(
[INFO] [stderr]    |        ---------- required by a bound in this function
[INFO] [stderr] ...
[INFO] [stderr]    |     R: Recognizer,
[INFO] [stderr]    |        ^^^^^^^^^^ required by this bound in `feed_field`
[INFO] [stderr]    = note: this error originates in the derive macro `Form` (in Nightly builds, run with -Z macro-backtrace for more info)
[INFO] [stderr] 
[INFO] [stderr] error[E0277]: the trait bound `B: swimos_form::Tag` is not satisfied
[INFO] [stderr]   --> src/tests/derive/form/tag_no_to_string.rs:21:14
[INFO] [stderr]    |
[INFO] [stderr] 21 |     #[derive(Form)]
[INFO] [stderr]    |              ^^^^ the trait `swimos_form::Tag` is not implemented for `B`, which is required by `TagRecognizer<B>: Recognizer`
[INFO] [stderr]    |
[INFO] [stderr]    = help: the trait `Recognizer` is implemented for `TagRecognizer<T>`
[INFO] [stderr]    = note: required for `TagRecognizer<B>` to implement `Recognizer`
[INFO] [stderr]    = note: this error originates in the derive macro `Form` (in Nightly builds, run with -Z macro-backtrace for more info)
[INFO] [stderr] 
[INFO] [stderr] error[E0277]: the trait bound `B: swimos_form::Tag` is not satisfied
[INFO] [stderr]   --> src/tests/derive/form/tag_no_to_string.rs:21:14
[INFO] [stderr]    |
[INFO] [stderr] 21 |     #[derive(Form)]
[INFO] [stderr]    |              ^^^^ the trait `swimos_form::Tag` is not implemented for `B`, which is required by `TagRecognizer<B>: Default`
[INFO] [stderr]    |
[INFO] [stderr]    = help: the trait `Default` is implemented for `TagRecognizer<T>`
[INFO] [stderr]    = note: required for `TagRecognizer<B>` to implement `Default`
[INFO] [stderr]    = note: this error originates in the derive macro `Form` (in Nightly builds, run with -Z macro-backtrace for more info)
[INFO] [stderr] ┈┈┈┈┈┈┈┈┈┈┈┈┈┈┈┈┈┈┈┈┈┈┈┈┈┈┈┈┈┈┈┈┈┈┈┈┈┈┈┈┈┈┈┈┈┈┈┈┈┈┈┈┈┈┈┈┈┈┈┈
[INFO] [stderr] 
[INFO] [stderr] ACTUAL OUTPUT:
[INFO] [stderr] ┈┈┈┈┈┈┈┈┈┈┈┈┈┈┈┈┈┈┈┈┈┈┈┈┈┈┈┈┈┈┈┈┈┈┈┈┈┈┈┈┈┈┈┈┈┈┈┈┈┈┈┈┈┈┈┈┈┈┈┈
[INFO] [stderr] error[E0277]: the trait bound `B: AsRef<str>` is not satisfied
[INFO] [stderr]   --> src/tests/derive/form/tag_no_to_string.rs:24:9
[INFO] [stderr]    |
[INFO] [stderr] 21 |     #[derive(Form)]
[INFO] [stderr]    |              ---- required by a bound introduced by this call
[INFO] [stderr] ...
[INFO] [stderr] 24 |         a: B,
[INFO] [stderr]    |         ^ unsatisfied trait bound
[INFO] [stderr]    |
[INFO] [stderr] help: the trait `AsRef<str>` is not implemented for `B`
[INFO] [stderr]   --> src/tests/derive/form/tag_no_to_string.rs:19:5
[INFO] [stderr]    |
[INFO] [stderr] 19 |     struct B;
[INFO] [stderr]    |     ^^^^^^^^
[INFO] [stderr] 
[INFO] [stderr] error[E0277]: the trait bound `B: AsRef<str>` is not satisfied
[INFO] [stderr]   --> src/tests/derive/form/tag_no_to_string.rs:24:12
[INFO] [stderr]    |
[INFO] [stderr] 24 |         a: B,
[INFO] [stderr]    |            ^ unsatisfied trait bound
[INFO] [stderr]    |
[INFO] [stderr] help: the trait `AsRef<str>` is not implemented for `B`
[INFO] [stderr]   --> src/tests/derive/form/tag_no_to_string.rs:19:5
[INFO] [stderr]    |
[INFO] [stderr] 19 |     struct B;
[INFO] [stderr]    |     ^^^^^^^^
[INFO] [stderr] 
[INFO] [stderr] error[E0277]: the trait bound `B: Tag` is not satisfied
[INFO] [stderr]   --> src/tests/derive/form/tag_no_to_string.rs:21:14
[INFO] [stderr]    |
[INFO] [stderr] 21 |     #[derive(Form)]
[INFO] [stderr]    |              ^^^^ unsatisfied trait bound
[INFO] [stderr]    |
[INFO] [stderr] help: the trait `Tag` is not implemented for `B`
[INFO] [stderr]   --> src/tests/derive/form/tag_no_to_string.rs:19:5
[INFO] [stderr]    |
[INFO] [stderr] 19 |     struct B;
[INFO] [stderr]    |     ^^^^^^^^
[INFO] [stderr] help: the trait `Recognizer` is conditionally implemented for `swimos_form::read::TagRecognizer<T>`
[INFO] [stderr]   --> src/structural/read/recognizer/mod.rs
[INFO] [stderr]    |
[INFO] [stderr]    | impl<T: Tag> Recognizer for TagRecognizer<T> {
[INFO] [stderr]    | ^^^^^^^^---^^^^^^^^^^^^^^^^^^^^^^^^^^^^^^^^^
[INFO] [stderr]    |         |
[INFO] [stderr]    |         unsatisfied requirement introduced here: `B: Tag`
[INFO] [stderr]    = note: required for `swimos_form::read::TagRecognizer<B>` to implement `Recognizer`
[INFO] [stderr] note: required by a bound in `swimos_form::read::feed_field`
[INFO] [stderr]   --> src/structural/read/recognizer/mod.rs
[INFO] [stderr]    |
[INFO] [stderr]    | pub fn feed_field<R>(
[INFO] [stderr]    |        ---------- required by a bound in this function
[INFO] [stderr] ...
[INFO] [stderr]    |     R: Recognizer,
[INFO] [stderr]    |        ^^^^^^^^^^ required by this bound in `feed_field`
[INFO] [stderr]    = note: this error originates in the derive macro `Form` (in Nightly builds, run with -Z macro-backtrace for more info)
[INFO] [stderr] 
[INFO] [stderr] error[E0277]: the trait bound `B: Tag` is not satisfied
[INFO] [stderr]   --> src/tests/derive/form/tag_no_to_string.rs:21:14
[INFO] [stderr]    |
[INFO] [stderr] 21 |     #[derive(Form)]
[INFO] [stderr]    |              ^^^^ unsatisfied trait bound
[INFO] [stderr]    |
[INFO] [stderr] help: the trait `Tag` is not implemented for `B`
[INFO] [stderr]   --> src/tests/derive/form/tag_no_to_string.rs:19:5
[INFO] [stderr]    |
[INFO] [stderr] 19 |     struct B;
[INFO] [stderr]    |     ^^^^^^^^
[INFO] [stderr] help: the trait `Recognizer` is conditionally implemented for `swimos_form::read::TagRecognizer<T>`
[INFO] [stderr]   --> src/structural/read/recognizer/mod.rs
[INFO] [stderr]    |
[INFO] [stderr]    | impl<T: Tag> Recognizer for TagRecognizer<T> {
[INFO] [stderr]    | ^^^^^^^^---^^^^^^^^^^^^^^^^^^^^^^^^^^^^^^^^^
[INFO] [stderr]    |         |
[INFO] [stderr]    |         unsatisfied requirement introduced here: `B: Tag`
[INFO] [stderr]    = note: required for `swimos_form::read::TagRecognizer<B>` to implement `Recognizer`
[INFO] [stderr]    = note: this error originates in the derive macro `Form` (in Nightly builds, run with -Z macro-backtrace for more info)
[INFO] [stderr] 
[INFO] [stderr] error[E0277]: the trait bound `B: Tag` is not satisfied
[INFO] [stderr]   --> src/tests/derive/form/tag_no_to_string.rs:21:14
[INFO] [stderr]    |
[INFO] [stderr] 21 |     #[derive(Form)]
[INFO] [stderr]    |              ^^^^ unsatisfied trait bound
[INFO] [stderr]    |
[INFO] [stderr] help: the trait `Tag` is not implemented for `B`
[INFO] [stderr]   --> src/tests/derive/form/tag_no_to_string.rs:19:5
[INFO] [stderr]    |
[INFO] [stderr] 19 |     struct B;
[INFO] [stderr]    |     ^^^^^^^^
[INFO] [stderr] help: the trait `Default` is conditionally implemented for `swimos_form::read::TagRecognizer<T>`
[INFO] [stderr]   --> src/structural/read/recognizer/mod.rs
[INFO] [stderr]    |
[INFO] [stderr]    | impl<T: Tag> Default for TagRecognizer<T> {
[INFO] [stderr]    | ^^^^^^^^---^^^^^^^^^^^^^^^^^^^^^^^^^^^^^^
[INFO] [stderr]    |         |
[INFO] [stderr]    |         unsatisfied requirement introduced here: `B: Tag`
[INFO] [stderr]    = note: required for `swimos_form::read::TagRecognizer<B>` to implement `Default`
[INFO] [stderr]    = note: this error originates in the derive macro `Form` (in Nightly builds, run with -Z macro-backtrace for more info)
[INFO] [stderr] ┈┈┈┈┈┈┈┈┈┈┈┈┈┈┈┈┈┈┈┈┈┈┈┈┈┈┈┈┈┈┈┈┈┈┈┈┈┈┈┈┈┈┈┈┈┈┈┈┈┈┈┈┈┈┈┈┈┈┈┈
[INFO] [stderr] note: If the actual output is the correct output you can bless it by rerunning
[INFO] [stderr]       your test with the environment variable TRYBUILD=overwrite
[INFO] [stderr] 
[INFO] [stderr] test src/tests/derive/form/union.rs ... ok
[INFO] [stderr] test src/tests/derive/form/unknown_container_attr.rs ... ok
[INFO] [stderr] test src/tests/derive/form/unknown_field_attr.rs ... ok
[INFO] [stderr] test src/tests/derive/tag/fields.rs ... ok
[INFO] [stderr] test src/tests/derive/tag/not_enum.rs ... ok
[INFO] [stderr] 
[INFO] [stderr] 
[INFO] [stderr] error: test failed, to rerun pass `--lib`
[INFO] running `Command { std: "docker" "inspect" "99782f66f0d2b507a3ca9a582b5c15bf886aa16312a65dbf624644b8d7d34974", kill_on_drop: false }`
[INFO] running `Command { std: "docker" "rm" "-f" "99782f66f0d2b507a3ca9a582b5c15bf886aa16312a65dbf624644b8d7d34974", kill_on_drop: false }`
[INFO] [stdout] 99782f66f0d2b507a3ca9a582b5c15bf886aa16312a65dbf624644b8d7d34974
