[INFO] fetching crate swimming-pool 0.1.4...
[INFO] testing swimming-pool-0.1.4 against 1.99.0-beta.8+cargoflags=--release for beta-release-1.100-2
[INFO] extracting crate swimming-pool 0.1.4 into /workspace/builds/worker-7-tc1/source
[INFO] started tweaking crates.io crate swimming-pool 0.1.4
[INFO] finished tweaking crates.io crate swimming-pool 0.1.4
[INFO] tweaked toml for crates.io crate swimming-pool 0.1.4 written to /workspace/builds/worker-7-tc1/source/Cargo.toml
[INFO] validating manifest of crates.io crate swimming-pool 0.1.4 on toolchain 1.99.0-beta.8
[INFO] running `Command { std: CARGO_HOME="/workspace/cargo-home" RUSTUP_HOME="/workspace/rustup-home" "/workspace/cargo-home/bin/cargo" "+1.99.0-beta.8" "metadata" "--manifest-path" "Cargo.toml" "--no-deps", kill_on_drop: false }`
[INFO] running `Command { std: CARGO_HOME="/workspace/cargo-home" RUSTUP_HOME="/workspace/rustup-home" "/workspace/cargo-home/bin/cargo" "+1.99.0-beta.8" "generate-lockfile" "--manifest-path" "Cargo.toml", kill_on_drop: false }`
[INFO] [stderr]     Blocking waiting for file lock on package cache
[INFO] running `Command { std: CARGO_HOME="/workspace/cargo-home" RUSTUP_HOME="/workspace/rustup-home" "/workspace/cargo-home/bin/cargo" "+1.99.0-beta.8" "fetch" "--manifest-path" "Cargo.toml", kill_on_drop: false }`
[INFO] running `Command { std: "docker" "create" "-v" "/var/lib/crater-agent-workspace/builds/worker-7-tc1/source:/opt/rustwide/workdir:ro,Z" "-v" "/var/lib/crater-agent-workspace/builds/worker-7-tc1/target:/opt/rustwide/target:rw,Z" "-v" "/var/lib/crater-agent-workspace/cargo-home:/opt/rustwide/cargo-home:ro,Z" "-v" "/var/lib/crater-agent-workspace/rustup-home:/opt/rustwide/rustup-home:ro,Z" "-m" "1610612736" "--network" "none" "ghcr.io/rust-lang/crates-build-env/linux@sha256:77db811e55d90add9212f6832c23229e3de5f1c1f9905e8cb07319ea15df73ac" "sleep" "infinity", kill_on_drop: false }`
[INFO] [stdout] 0e42f3f6d4ddd7909a023ccd3751f9a5fe5f12174bec68f4e66b941c9b648185
[INFO] running `Command { std: "docker" "start" "0e42f3f6d4ddd7909a023ccd3751f9a5fe5f12174bec68f4e66b941c9b648185", kill_on_drop: false }`
[INFO] running `Command { std: "docker" "inspect" "0e42f3f6d4ddd7909a023ccd3751f9a5fe5f12174bec68f4e66b941c9b648185", kill_on_drop: false }`
[INFO] running `Command { std: "docker" "exec" "-e" "SOURCE_DIR=/opt/rustwide/workdir" "-e" "CARGO_HOME=/opt/rustwide/cargo-home" "-e" "RUSTUP_HOME=/opt/rustwide/rustup-home" "-e" "CARGO_TARGET_DIR=/opt/rustwide/target" "-w" "/opt/rustwide/workdir" "--user" "0:0" "0e42f3f6d4ddd7909a023ccd3751f9a5fe5f12174bec68f4e66b941c9b648185" "/opt/rustwide/cargo-home/bin/cargo" "+1.99.0-beta.8" "metadata" "--no-deps" "--format-version=1", kill_on_drop: false }`
[INFO] running `Command { std: "docker" "inspect" "0e42f3f6d4ddd7909a023ccd3751f9a5fe5f12174bec68f4e66b941c9b648185", kill_on_drop: false }`
[INFO] running `Command { std: "docker" "exec" "-e" "SOURCE_DIR=/opt/rustwide/workdir" "-e" "CARGO_HOME=/opt/rustwide/cargo-home" "-e" "RUSTUP_HOME=/opt/rustwide/rustup-home" "-e" "CARGO_TARGET_DIR=/opt/rustwide/target" "-e" "CARGO_INCREMENTAL=0" "-e" "RUST_BACKTRACE=full" "-e" "RUSTFLAGS=--cap-lints=warn" "-e" "RUSTDOCFLAGS=--cap-lints=warn" "-w" "/opt/rustwide/workdir" "--user" "0:0" "0e42f3f6d4ddd7909a023ccd3751f9a5fe5f12174bec68f4e66b941c9b648185" "/opt/rustwide/cargo-home/bin/cargo" "+1.99.0-beta.8" "build" "--frozen" "--message-format=json" "--release", kill_on_drop: false }`
[INFO] [stderr]    Compiling swimming-pool v0.1.4 (/opt/rustwide/workdir)
[INFO] [stderr]     Finished `release` profile [optimized] target(s) in 0.49s
[INFO] running `Command { std: "docker" "inspect" "0e42f3f6d4ddd7909a023ccd3751f9a5fe5f12174bec68f4e66b941c9b648185", kill_on_drop: false }`
[INFO] running `Command { std: "docker" "exec" "-e" "SOURCE_DIR=/opt/rustwide/workdir" "-e" "CARGO_HOME=/opt/rustwide/cargo-home" "-e" "RUSTUP_HOME=/opt/rustwide/rustup-home" "-e" "CARGO_TARGET_DIR=/opt/rustwide/target" "-e" "CARGO_INCREMENTAL=0" "-e" "RUST_BACKTRACE=full" "-e" "RUSTFLAGS=--cap-lints=warn" "-e" "RUSTDOCFLAGS=--cap-lints=warn" "-w" "/opt/rustwide/workdir" "--user" "0:0" "0e42f3f6d4ddd7909a023ccd3751f9a5fe5f12174bec68f4e66b941c9b648185" "/opt/rustwide/cargo-home/bin/cargo" "+1.99.0-beta.8" "test" "--frozen" "--no-run" "--message-format=json" "--release", kill_on_drop: false }`
[INFO] [stderr]    Compiling swimming-pool v0.1.4 (/opt/rustwide/workdir)
[INFO] [stderr]     Finished `release` profile [optimized] target(s) in 0.18s
[INFO] running `Command { std: "docker" "inspect" "0e42f3f6d4ddd7909a023ccd3751f9a5fe5f12174bec68f4e66b941c9b648185", kill_on_drop: false }`
[INFO] running `Command { std: "docker" "exec" "-e" "SOURCE_DIR=/opt/rustwide/workdir" "-e" "CARGO_HOME=/opt/rustwide/cargo-home" "-e" "RUSTUP_HOME=/opt/rustwide/rustup-home" "-e" "CARGO_TARGET_DIR=/opt/rustwide/target" "-e" "CARGO_INCREMENTAL=0" "-e" "RUST_BACKTRACE=full" "-e" "RUSTFLAGS=--cap-lints=warn" "-e" "RUSTDOCFLAGS=--cap-lints=warn" "-w" "/opt/rustwide/workdir" "--user" "0:0" "0e42f3f6d4ddd7909a023ccd3751f9a5fe5f12174bec68f4e66b941c9b648185" "/opt/rustwide/cargo-home/bin/cargo" "+1.99.0-beta.8" "test" "--frozen" "--release", kill_on_drop: false }`
[INFO] [stderr]     Finished `release` profile [optimized] target(s) in 0.03s
[INFO] [stdout] 
[INFO] [stderr]      Running unittests src/lib.rs (/opt/rustwide/target/release/deps/swimming_pool-f0964cceb8395a47)
[INFO] [stdout] running 0 tests
[INFO] [stderr]    Doc-tests swimming_pool
[INFO] [stdout] 
[INFO] [stdout] test result: ok. 0 passed; 0 failed; 0 ignored; 0 measured; 0 filtered out; finished in 0.00s
[INFO] [stdout] 
[INFO] [stdout] 
[INFO] [stdout] running 2 tests
[INFO] [stdout] test src/threadpool.rs - threadpool::ThreadPool::execute (line 67) ... FAILED
[INFO] [stdout] test src/threadpool.rs - threadpool::ThreadPool (line 15) ... ok
[INFO] [stdout] 
[INFO] [stdout] failures:
[INFO] [stdout] 
[INFO] [stdout] ---- src/threadpool.rs - threadpool::ThreadPool::execute (line 67) stdout ----
[INFO] [stdout] error[E0432]: unresolved import `threadpool`
[INFO] [stdout]   --> src/threadpool.rs:68:5
[INFO] [stdout]    |
[INFO] [stdout] 68 | use threadpool::Threadpool;
[INFO] [stdout]    |     ^^^^^^^^^^ use of unresolved module or unlinked crate `threadpool`
[INFO] [stdout]    |
[INFO] [stdout] help: to make use of source file src/threadpool.rs, use `mod threadpool` in this file to declare the module
[INFO] [stdout]    |
[INFO] [stdout] 67 + mod threadpool;
[INFO] [stdout]    |
[INFO] [stdout] 
[INFO] [stdout] error[E0433]: cannot find type `ThreadPool` in this scope
[INFO] [stdout]   --> src/threadpool.rs:70:12
[INFO] [stdout]    |
[INFO] [stdout] 70 | let pool = ThreadPool::new(10);
[INFO] [stdout]    |            ^^^^^^^^^^ use of undeclared type `ThreadPool`
[INFO] [stdout] 
[INFO] [stdout] error: aborting due to 2 previous errors
[INFO] [stdout] 
[INFO] [stdout] Some errors have detailed explanations: E0432, E0433.
[INFO] [stdout] For more information about an error, try `rustc --explain E0432`.
[INFO] [stdout] Couldn't compile the test.
[INFO] [stdout] 
[INFO] [stdout] failures:
[INFO] [stdout]     src/threadpool.rs - threadpool::ThreadPool::execute (line 67)
[INFO] [stdout] 
[INFO] [stdout] test result: FAILED. 1 passed; 1 failed; 0 ignored; 0 measured; 0 filtered out; finished in 5.39s
[INFO] [stdout] 
[INFO] [stderr] error: doctest failed, to rerun pass `--doc`
[INFO] running `Command { std: "docker" "inspect" "0e42f3f6d4ddd7909a023ccd3751f9a5fe5f12174bec68f4e66b941c9b648185", kill_on_drop: false }`
[INFO] running `Command { std: "docker" "rm" "-f" "0e42f3f6d4ddd7909a023ccd3751f9a5fe5f12174bec68f4e66b941c9b648185", kill_on_drop: false }`
[INFO] [stdout] 0e42f3f6d4ddd7909a023ccd3751f9a5fe5f12174bec68f4e66b941c9b648185
