[INFO] fetching crate swiftide-docker-executor 0.13.7...
[INFO] testing swiftide-docker-executor-0.13.7 against 1.99.0-beta.8+cargoflags=--release for beta-release-1.100-2
[INFO] extracting crate swiftide-docker-executor 0.13.7 into /workspace/builds/worker-6-tc1/source
[INFO] started tweaking crates.io crate swiftide-docker-executor 0.13.7
[INFO] finished tweaking crates.io crate swiftide-docker-executor 0.13.7
[INFO] tweaked toml for crates.io crate swiftide-docker-executor 0.13.7 written to /workspace/builds/worker-6-tc1/source/Cargo.toml
[INFO] validating manifest of crates.io crate swiftide-docker-executor 0.13.7 on toolchain 1.99.0-beta.8
[INFO] running `Command { std: CARGO_HOME="/workspace/cargo-home" RUSTUP_HOME="/workspace/rustup-home" "/workspace/cargo-home/bin/cargo" "+1.99.0-beta.8" "metadata" "--manifest-path" "Cargo.toml" "--no-deps", kill_on_drop: false }`
[INFO] crate crates.io crate swiftide-docker-executor 0.13.7 already has a lockfile, it will not be regenerated
[INFO] running `Command { std: CARGO_HOME="/workspace/cargo-home" RUSTUP_HOME="/workspace/rustup-home" "/workspace/cargo-home/bin/cargo" "+1.99.0-beta.8" "fetch" "--manifest-path" "Cargo.toml", kill_on_drop: false }`
[INFO] [stderr]     Updating crates.io index
[INFO] [stderr]  Downloading crates ...
[INFO] [stderr]   Downloaded swiftide-agents v0.32.1
[INFO] [stderr]   Downloaded test-log-macros v0.2.20
[INFO] [stderr]   Downloaded test-log-core v0.2.20
[INFO] [stderr]   Downloaded test-log v0.2.20
[INFO] [stderr]   Downloaded swiftide-core v0.32.1
[INFO] [stderr]   Downloaded redox_syscall v0.7.4
[INFO] [stderr]   Downloaded fs-err v3.3.0
[INFO] [stderr]   Downloaded swiftide-macros v0.32.1
[INFO] [stderr]   Downloaded swiftide-indexing v0.32.1
[INFO] [stderr]   Downloaded text-splitter v0.27.0
[INFO] [stderr]   Downloaded astral-tokio-tar v0.6.1
[INFO] [stderr]   Downloaded bollard-buildkit-proto v0.7.0
[INFO] [stderr]   Downloaded bollard v0.20.2
[INFO] [stderr]   Downloaded bollard-stubs v1.52.1-rc.29.1.3
[INFO] [stderr]   Downloaded rustls v0.23.39
[INFO] running `Command { std: "docker" "create" "-v" "/var/lib/crater-agent-workspace/builds/worker-6-tc1/source:/opt/rustwide/workdir:ro,Z" "-v" "/var/lib/crater-agent-workspace/builds/worker-6-tc1/target:/opt/rustwide/target:rw,Z" "-v" "/var/lib/crater-agent-workspace/cargo-home:/opt/rustwide/cargo-home:ro,Z" "-v" "/var/lib/crater-agent-workspace/rustup-home:/opt/rustwide/rustup-home:ro,Z" "-m" "1610612736" "--network" "none" "ghcr.io/rust-lang/crates-build-env/linux@sha256:77db811e55d90add9212f6832c23229e3de5f1c1f9905e8cb07319ea15df73ac" "sleep" "infinity", kill_on_drop: false }`
[INFO] [stdout] 30557a87472a6f289e1799a91abc6b58fadcd1fe519cc5e713f38a1b573f7b08
[INFO] running `Command { std: "docker" "start" "30557a87472a6f289e1799a91abc6b58fadcd1fe519cc5e713f38a1b573f7b08", kill_on_drop: false }`
[INFO] running `Command { std: "docker" "inspect" "30557a87472a6f289e1799a91abc6b58fadcd1fe519cc5e713f38a1b573f7b08", kill_on_drop: false }`
[INFO] running `Command { std: "docker" "exec" "-e" "SOURCE_DIR=/opt/rustwide/workdir" "-e" "CARGO_HOME=/opt/rustwide/cargo-home" "-e" "RUSTUP_HOME=/opt/rustwide/rustup-home" "-e" "CARGO_TARGET_DIR=/opt/rustwide/target" "-w" "/opt/rustwide/workdir" "--user" "0:0" "30557a87472a6f289e1799a91abc6b58fadcd1fe519cc5e713f38a1b573f7b08" "/opt/rustwide/cargo-home/bin/cargo" "+1.99.0-beta.8" "metadata" "--no-deps" "--format-version=1", kill_on_drop: false }`
[INFO] running `Command { std: "docker" "inspect" "30557a87472a6f289e1799a91abc6b58fadcd1fe519cc5e713f38a1b573f7b08", kill_on_drop: false }`
[INFO] running `Command { std: "docker" "exec" "-e" "SOURCE_DIR=/opt/rustwide/workdir" "-e" "CARGO_HOME=/opt/rustwide/cargo-home" "-e" "RUSTUP_HOME=/opt/rustwide/rustup-home" "-e" "CARGO_TARGET_DIR=/opt/rustwide/target" "-e" "CARGO_INCREMENTAL=0" "-e" "RUST_BACKTRACE=full" "-e" "RUSTFLAGS=--cap-lints=warn" "-e" "RUSTDOCFLAGS=--cap-lints=warn" "-w" "/opt/rustwide/workdir" "--user" "0:0" "30557a87472a6f289e1799a91abc6b58fadcd1fe519cc5e713f38a1b573f7b08" "/opt/rustwide/cargo-home/bin/cargo" "+1.99.0-beta.8" "build" "--frozen" "--message-format=json" "--release", kill_on_drop: false }`
[INFO] [stderr]    Compiling memchr v2.8.0
[INFO] [stderr]    Compiling indexmap v2.14.0
[INFO] [stderr]    Compiling bitflags v2.11.1
[INFO] [stderr]    Compiling parking_lot_core v0.9.12
[INFO] [stderr]    Compiling mio v1.2.0
[INFO] [stderr]    Compiling socket2 v0.6.3
[INFO] [stderr]    Compiling tokio-macros v2.7.0
[INFO] [stderr]    Compiling zerovec-derive v0.11.3
[INFO] [stderr]    Compiling zerofrom-derive v0.1.7
[INFO] [stderr]    Compiling yoke-derive v0.8.2
[INFO] [stderr]    Compiling tracing v0.1.44
[INFO] [stderr]    Compiling futures-util v0.3.32
[INFO] [stderr]    Compiling futures-channel v0.3.32
[INFO] [stderr]    Compiling pulldown-cmark v0.13.3
[INFO] [stderr]    Compiling prettyplease v0.2.37
[INFO] [stderr]    Compiling generic-array v0.14.7
[INFO] [stderr]    Compiling regex-automata v0.4.14
[INFO] [stderr]    Compiling serde v1.0.228
[INFO] [stderr]    Compiling http-body-util v0.1.3
[INFO] [stderr]    Compiling parking_lot v0.12.5
[INFO] [stderr]    Compiling rustix v1.1.4
[INFO] [stderr]    Compiling bytes v1.11.1
[INFO] [stderr]    Compiling regex-syntax v0.8.10
[INFO] [stderr]    Compiling ucd-trie v0.1.7
[INFO] [stderr]    Compiling getrandom v0.4.2
[INFO] [stderr]    Compiling tokio v1.52.1
[INFO] [stderr]    Compiling pest v2.8.6
[INFO] [stderr]    Compiling crossbeam-epoch v0.9.18
[INFO] [stderr]    Compiling prost v0.14.3
[INFO] [stderr]    Compiling zerofrom v0.1.7
[INFO] [stderr]    Compiling serde_json v1.0.149
[INFO] [stderr]    Compiling yoke v0.8.2
[INFO] [stderr]    Compiling darling_macro v0.20.11
[INFO] [stderr]    Compiling fastrand v2.4.1
[INFO] [stderr]    Compiling once_cell v1.21.4
[INFO] [stderr]    Compiling zerovec v0.11.6
[INFO] [stderr]    Compiling zerotrie v0.2.4
[INFO] [stderr]    Compiling darling v0.20.11
[INFO] [stderr]    Compiling crossbeam-deque v0.8.6
[INFO] [stderr]    Compiling block-buffer v0.10.4
[INFO] [stderr]    Compiling crypto-common v0.1.7
[INFO] [stderr]    Compiling prost-types v0.14.3
[INFO] [stderr]    Compiling multimap v0.10.1
[INFO] [stderr]    Compiling axum-core v0.5.6
[INFO] [stderr]    Compiling petgraph v0.8.3
[INFO] [stderr]    Compiling digest v0.10.7
[INFO] [stderr]    Compiling derive_builder_core v0.20.2
[INFO] [stderr]    Compiling pulldown-cmark-to-cmark v22.0.0
[INFO] [stderr]    Compiling tonic-build v0.14.5
[INFO] [stderr]    Compiling serde_derive_internals v0.29.1
[INFO] [stderr]    Compiling tinystr v0.8.3
[INFO] [stderr]    Compiling potential_utf v0.1.5
[INFO] [stderr]    Compiling icu_collections v2.2.0
[INFO] [stderr]    Compiling pest_meta v2.8.6
[INFO] [stderr]    Compiling ref-cast-impl v1.0.25
[INFO] [stderr]    Compiling icu_locale_core v2.2.0
[INFO] [stderr]    Compiling ref-cast v1.0.25
[INFO] [stderr]    Compiling fs-err v3.3.0
[INFO] [stderr]    Compiling md-5 v0.10.6
[INFO] [stderr]    Compiling serde_repr v0.1.20
[INFO] [stderr]    Compiling derive_builder_macro v0.20.2
[INFO] [stderr]    Compiling instant v0.1.13
[INFO] [stderr]    Compiling schemars_derive v1.2.1
[INFO] [stderr]    Compiling unicode-segmentation v1.13.2
[INFO] [stderr]    Compiling tempfile v3.27.0
[INFO] [stderr]    Compiling derive_builder v0.20.2
[INFO] [stderr]    Compiling serde_urlencoded v0.7.1
[INFO] [stderr]    Compiling dirs-sys v0.5.0
[INFO] [stderr]    Compiling bollard-stubs v1.52.1-rc.29.1.3
[INFO] [stderr]    Compiling uuid v1.23.1
[INFO] [stderr]    Compiling globset v0.4.18
[INFO] [stderr]    Compiling pest_generator v2.8.6
[INFO] [stderr]    Compiling regex v1.12.3
[INFO] [stderr]    Compiling icu_provider v2.2.0
[INFO] [stderr]    Compiling xattr v1.6.1
[INFO] [stderr]    Compiling strum_macros v0.27.2
[INFO] [stderr]    Compiling icu_properties v2.2.0
[INFO] [stderr]    Compiling icu_normalizer v2.2.0
[INFO] [stderr]    Compiling ignore v0.4.25
[INFO] [stderr]    Compiling pest_derive v2.8.6
[INFO] [stderr]    Compiling filetime v0.2.27
[INFO] [stderr]    Compiling strum v0.27.2
[INFO] [stderr]    Compiling rustc-hash v2.1.2
[INFO] [stderr]    Compiling schemars v1.2.1
[INFO] [stderr]    Compiling prost-build v0.14.3
[INFO] [stderr]    Compiling flate2 v1.1.9
[INFO] [stderr]    Compiling dirs v6.0.0
[INFO] [stderr]    Compiling globwalk v0.9.1
[INFO] [stderr]    Compiling tera v1.20.1
[INFO] [stderr]    Compiling idna_adapter v1.2.2
[INFO] [stderr]    Compiling idna v1.1.0
[INFO] [stderr]    Compiling tonic-prost-build v0.14.5
[INFO] [stderr]    Compiling url v2.5.8
[INFO] [stderr]    Compiling swiftide-docker-executor v0.13.7 (/opt/rustwide/workdir)
[INFO] [stderr]    Compiling tokio-util v0.7.18
[INFO] [stderr]    Compiling tokio-stream v0.1.18
[INFO] [stderr]    Compiling backoff v0.4.0
[INFO] [stderr]    Compiling swiftide-core v0.32.1
[INFO] [stderr]    Compiling astral-tokio-tar v0.6.1
[INFO] [stderr]    Compiling h2 v0.4.13
[INFO] [stderr]    Compiling tower v0.5.3
[INFO] [stderr]    Compiling axum v0.8.9
[INFO] [stderr]    Compiling hyper v1.9.0
[INFO] [stderr]    Compiling hyper-util v0.1.20
[INFO] [stderr]    Compiling hyper-timeout v0.5.2
[INFO] [stderr]    Compiling hyperlocal v0.9.1
[INFO] [stderr]    Compiling tonic v0.14.5
[INFO] [stderr]    Compiling bollard v0.20.2
[INFO] [stderr]    Compiling tonic-prost v0.14.5
[INFO] [stderr]     Finished `release` profile [optimized] target(s) in 2m 35s
[INFO] running `Command { std: "docker" "inspect" "30557a87472a6f289e1799a91abc6b58fadcd1fe519cc5e713f38a1b573f7b08", kill_on_drop: false }`
[INFO] running `Command { std: "docker" "exec" "-e" "SOURCE_DIR=/opt/rustwide/workdir" "-e" "CARGO_HOME=/opt/rustwide/cargo-home" "-e" "RUSTUP_HOME=/opt/rustwide/rustup-home" "-e" "CARGO_TARGET_DIR=/opt/rustwide/target" "-e" "CARGO_INCREMENTAL=0" "-e" "RUST_BACKTRACE=full" "-e" "RUSTFLAGS=--cap-lints=warn" "-e" "RUSTDOCFLAGS=--cap-lints=warn" "-w" "/opt/rustwide/workdir" "--user" "0:0" "30557a87472a6f289e1799a91abc6b58fadcd1fe519cc5e713f38a1b573f7b08" "/opt/rustwide/cargo-home/bin/cargo" "+1.99.0-beta.8" "test" "--frozen" "--no-run" "--message-format=json" "--release", kill_on_drop: false }`
[INFO] [stderr]    Compiling stable_deref_trait v1.2.1
[INFO] [stderr]    Compiling writeable v0.6.3
[INFO] [stderr]    Compiling litemap v0.8.2
[INFO] [stderr]    Compiling tracing v0.1.44
[INFO] [stderr]    Compiling zerofrom v0.1.7
[INFO] [stderr]    Compiling tokio-util v0.7.18
[INFO] [stderr]    Compiling globset v0.4.18
[INFO] [stderr]    Compiling icu_locale_data v2.2.0
[INFO] [stderr]    Compiling serde_json v1.0.149
[INFO] [stderr]    Compiling icu_segmenter_data v2.2.0
[INFO] [stderr]    Compiling serde v1.0.228
[INFO] [stderr]    Compiling itertools v0.14.0
[INFO] [stderr]    Compiling strum v0.27.2
[INFO] [stderr]    Compiling ref-cast v1.0.25
[INFO] [stderr]    Compiling darling_core v0.21.3
[INFO] [stderr]    Compiling core_maths v0.1.1
[INFO] [stderr]    Compiling derive_utils v0.15.1
[INFO] [stderr]    Compiling pulldown-cmark v0.13.3
[INFO] [stderr]    Compiling unicode-segmentation v1.13.2
[INFO] [stderr]    Compiling unicase v2.9.0
[INFO] [stderr]    Compiling dyn-clone v1.0.20
[INFO] [stderr]    Compiling yoke v0.8.2
[INFO] [stderr]    Compiling ahash v0.8.12
[INFO] [stderr]    Compiling anstream v1.0.0
[INFO] [stderr]    Compiling test-log-core v0.2.20
[INFO] [stderr]    Compiling zerovec v0.11.6
[INFO] [stderr]    Compiling zerotrie v0.2.4
[INFO] [stderr]    Compiling auto_enums v0.8.8
[INFO] [stderr]    Compiling env_filter v1.0.1
[INFO] [stderr]    Compiling tracing-subscriber v0.3.23
[INFO] [stderr]    Compiling test-log-macros v0.2.20
[INFO] [stderr]    Compiling convert_case v0.8.0
[INFO] [stderr]    Compiling ignore v0.4.25
[INFO] [stderr]    Compiling h2 v0.4.13
[INFO] [stderr]    Compiling tower v0.5.3
[INFO] [stderr]    Compiling schemars v1.2.1
[INFO] [stderr]    Compiling env_logger v0.11.10
[INFO] [stderr]    Compiling console v0.16.3
[INFO] [stderr]    Compiling insta v1.47.2
[INFO] [stderr]    Compiling darling_macro v0.21.3
[INFO] [stderr]    Compiling tinystr v0.8.3
[INFO] [stderr]    Compiling potential_utf v0.1.5
[INFO] [stderr]    Compiling globwalk v0.9.1
[INFO] [stderr]    Compiling icu_locale_core v2.2.0
[INFO] [stderr]    Compiling icu_collections v2.2.0
[INFO] [stderr]    Compiling axum v0.8.9
[INFO] [stderr]    Compiling darling v0.21.3
[INFO] [stderr]    Compiling tera v1.20.1
[INFO] [stderr]    Compiling swiftide-macros v0.32.1
[INFO] [stderr]    Compiling test-log v0.2.20
[INFO] [stderr]    Compiling icu_provider v2.2.0
[INFO] [stderr]    Compiling icu_properties v2.2.0
[INFO] [stderr]    Compiling icu_normalizer v2.2.0
[INFO] [stderr]    Compiling icu_locale v2.2.0
[INFO] [stderr]    Compiling swiftide-core v0.32.1
[INFO] [stderr]    Compiling icu_segmenter v2.2.0
[INFO] [stderr]    Compiling idna_adapter v1.2.2
[INFO] [stderr]    Compiling idna v1.1.0
[INFO] [stderr]    Compiling url v2.5.8
[INFO] [stderr]    Compiling hyper v1.9.0
[INFO] [stderr]    Compiling text-splitter v0.27.0
[INFO] [stderr]    Compiling swiftide-indexing v0.32.1
[INFO] [stderr]    Compiling hyper-util v0.1.20
[INFO] [stderr]    Compiling swiftide-agents v0.32.1
[INFO] [stderr]    Compiling hyper-timeout v0.5.2
[INFO] [stderr]    Compiling hyperlocal v0.9.1
[INFO] [stderr]    Compiling tonic v0.14.5
[INFO] [stderr]    Compiling bollard v0.20.2
[INFO] [stderr]    Compiling tonic-prost v0.14.5
[INFO] [stderr]    Compiling swiftide-docker-executor v0.13.7 (/opt/rustwide/workdir)
[INFO] [stderr]     Finished `release` profile [optimized] target(s) in 2m 26s
[INFO] running `Command { std: "docker" "inspect" "30557a87472a6f289e1799a91abc6b58fadcd1fe519cc5e713f38a1b573f7b08", kill_on_drop: false }`
[INFO] running `Command { std: "docker" "exec" "-e" "SOURCE_DIR=/opt/rustwide/workdir" "-e" "CARGO_HOME=/opt/rustwide/cargo-home" "-e" "RUSTUP_HOME=/opt/rustwide/rustup-home" "-e" "CARGO_TARGET_DIR=/opt/rustwide/target" "-e" "CARGO_INCREMENTAL=0" "-e" "RUST_BACKTRACE=full" "-e" "RUSTFLAGS=--cap-lints=warn" "-e" "RUSTDOCFLAGS=--cap-lints=warn" "-w" "/opt/rustwide/workdir" "--user" "0:0" "30557a87472a6f289e1799a91abc6b58fadcd1fe519cc5e713f38a1b573f7b08" "/opt/rustwide/cargo-home/bin/cargo" "+1.99.0-beta.8" "test" "--frozen" "--release", kill_on_drop: false }`
[INFO] [stderr]     Finished `release` profile [optimized] target(s) in 0.44s
[INFO] [stderr]      Running unittests src/lib.rs (/opt/rustwide/target/release/deps/swiftide_docker_executor-11a00e81d0317a16)
[INFO] [stdout] 
[INFO] [stdout] running 39 tests
[INFO] [stdout] test context_builder::tests::test_is_ignored ... ok
[INFO] [stdout] test context_builder::tests::test_works_without_gitignore ... ok
[INFO] [stdout] test context_builder::tests::test_adds_git_even_if_in_ignore ... ok
[INFO] [stdout] test tests::test_assert_container_retain_on_drop ... FAILED
[INFO] [stdout] test dockerfile_mangler::tests::test_mangle ... ok
[INFO] [stdout] test tests::test_create_file_subdirectory_that_does_not_exist ... FAILED
[INFO] [stdout] test tests::test_current_dir_resolution ... FAILED
[INFO] [stdout] test tests::test_context_present ... FAILED
[INFO] [stdout] test tests::test_assert_container_stopped_on_drop_entrypoint ... FAILED
[INFO] [stdout] test dockerfile_mangler::tests::test_mangle_with_multiple_forms_and_other_lines ... ok
[INFO] [stdout] test dockerfile_mangler::tests::test_remove_cmd_entrypoint ... ok
[INFO] [stdout] test tests::test_docker_logs_in_stdout ... FAILED
[INFO] [stdout] test tests::test_container_state ... FAILED
[INFO] [stdout] test tests::test_clear_env ... FAILED
[INFO] [stdout] test tests::test_custom_dockerfile ... FAILED
[INFO] [stdout] test tests::test_default_workdir_override ... FAILED
[INFO] [stdout] test tests::test_add_env ... FAILED
[INFO] [stdout] test tests::test_loading_files ... FAILED
[INFO] [stdout] test tests::test_run_multiline_bash_script ... FAILED
[INFO] [stdout] test tests::test_regression_complicated_dockerfile ... FAILED
[INFO] [stdout] test tests::test_per_command_timeout_overrides_default ... FAILED
[INFO] [stdout] test tests::test_run_python_script ... FAILED
[INFO] [stdout] test tests::test_existing_image_no_context ... FAILED
[INFO] [stdout] test tests::test_invalid_dockerfile ... FAILED
[INFO] [stdout] test tests::test_no_clear_env ... FAILED
[INFO] [stdout] test tests::test_shell_reads_etc_profile ... FAILED
[INFO] [stdout] test tests::test_nullifies_entrypoint ... FAILED
[INFO] [stdout] test tests::test_write_and_read_file_with_quotes ... FAILED
[INFO] [stdout] test tests::test_default_timeout_triggers ... FAILED
[INFO] [stdout] test tests::test_assert_container_stopped_on_drop ... FAILED
[INFO] [stdout] test tests::test_background_shell_command_returns_immediately ... FAILED
[INFO] [stdout] test dockerfile_mangler::tests::test_remove_cmd_entrypoint_case_insensitive ... ok
[INFO] [stdout] test tests::test_nullifies_cmd ... FAILED
[INFO] [stdout] test tests::test_logs_stream_returns_live_log_lines ... FAILED
[INFO] [stdout] test tests::test_remove_env ... FAILED
[INFO] [stdout] test tests::test_write_and_read_file_markdown ... FAILED
[INFO] [stdout] test tests::test_runs_on_alpine ... FAILED
[INFO] [stdout] test tests::test_runs_docker_and_echos ... FAILED
[INFO] [stdout] test tests::test_overrides_include_git_respects_ignore ... FAILED
[INFO] [stdout] 
[INFO] [stdout] failures:
[INFO] [stdout] 
[INFO] [stdout] ---- tests::test_assert_container_retain_on_drop stdout ----
[INFO] [stdout] 
[INFO] [stdout] thread 'tests::test_assert_container_retain_on_drop' (3460) panicked at src/tests.rs:453:10:
[INFO] [stdout] called `Result::unwrap()` on an `Err` value: Init(Init(SocketNotFoundError("/var/run/docker.sock")))
[INFO] [stdout] stack backtrace:
[INFO] [stdout]    0:     0x5be2102abb51 - <<std[70759c8f55707aa4]::sys::backtrace::BacktraceLock>::print::DisplayBacktrace as core[df12db4294e9bfd3]::fmt::Display>::fmt
[INFO] [stdout]    1:     0x5be2102c56ea - core[df12db4294e9bfd3]::fmt::write
[INFO] [stdout]    2:     0x5be2102b118c - <alloc[2182bb758b4b3781]::vec::Vec<u8> as core[df12db4294e9bfd3]::io::write::Write>::write_fmt
[INFO] [stdout]    3:     0x5be210282e96 - std[70759c8f55707aa4]::panicking::default_hook::{closure#0}
[INFO] [stdout]    4:     0x5be2102a2439 - std[70759c8f55707aa4]::panicking::default_hook
[INFO] [stdout]    5:     0x5be210034c80 - test[9d35eded1c95d3be]::test_main_inner::<test[9d35eded1c95d3be]::test_main_static::{closure#0}>::{closure#0}
[INFO] [stdout]    6:     0x5be2102a2762 - std[70759c8f55707aa4]::panicking::panic_with_hook
[INFO] [stdout]    7:     0x5be210282f42 - std[70759c8f55707aa4]::panicking::panic_handler::{closure#0}
[INFO] [stdout]    8:     0x5be21027b179 - std[70759c8f55707aa4]::sys::backtrace::__rust_end_short_backtrace::<std[70759c8f55707aa4]::panicking::panic_handler::{closure#0}, !>
[INFO] [stdout]    9:     0x5be210283edd - __rustc[8fa7c3cbc660c2b3]::rust_begin_unwind
[INFO] [stdout]   10:     0x5be2102c5ecc - core[df12db4294e9bfd3]::panicking::panic_fmt
[INFO] [stdout]   11:     0x5be2102c5ca2 - core[df12db4294e9bfd3]::result::unwrap_failed
[INFO] [stdout]   12:     0x5be20fdfcaa3 - swiftide_docker_executor[741cb097a3488315]::tests::test_assert_container_retain_on_drop::{closure#0}
[INFO] [stdout]   13:     0x5be20fe9c913 - <tokio[86a94a6d272c836b]::runtime::runtime::Runtime>::block_on::<core[df12db4294e9bfd3]::pin::Pin<&mut dyn core[df12db4294e9bfd3]::future::future::Future<Output = ()>>>
[INFO] [stdout]   14:     0x5be20fe0b3f9 - swiftide_docker_executor[741cb097a3488315]::tests::test_assert_container_retain_on_drop
[INFO] [stdout]   15:     0x5be20ff6fc39 - <swiftide_docker_executor[741cb097a3488315]::tests::test_assert_container_retain_on_drop::{closure#0} as core[df12db4294e9bfd3]::ops::function::FnOnce<()>>::call_once
[INFO] [stdout]   16:     0x5be210027f6b - test[9d35eded1c95d3be]::__rust_begin_short_backtrace::<core[df12db4294e9bfd3]::result::Result<(), alloc[2182bb758b4b3781]::string::String>, fn() -> core[df12db4294e9bfd3]::result::Result<(), alloc[2182bb758b4b3781]::string::String>>
[INFO] [stdout]   17:     0x5be2100355d5 - test[9d35eded1c95d3be]::run_test::{closure#0}
[INFO] [stdout]   18:     0x5be21002ee94 - std[70759c8f55707aa4]::sys::backtrace::__rust_begin_short_backtrace::<test[9d35eded1c95d3be]::run_test::{closure#1}, ()>
[INFO] [stdout]   19:     0x5be210038732 - <std[70759c8f55707aa4]::thread::lifecycle::spawn_unchecked<test[9d35eded1c95d3be]::run_test::{closure#1}, ()>::{closure#1} as core[df12db4294e9bfd3]::ops::function::FnOnce<()>>::call_once::{shim:vtable#0}
[INFO] [stdout]   20:     0x5be2102aa7f9 - <std[70759c8f55707aa4]::sys::thread::unix::Thread>::new::thread_start
[INFO] [stdout]   21:     0x7d453fbd3dfa - <unknown>
[INFO] [stdout]   22:     0x7d453fc673d4 - clone
[INFO] [stdout]   23:                0x0 - <unknown>
[INFO] [stdout] 
[INFO] [stdout] ---- tests::test_create_file_subdirectory_that_does_not_exist stdout ----
[INFO] [stdout] 
[INFO] [stdout] thread 'tests::test_create_file_subdirectory_that_does_not_exist' (3468) panicked at src/tests.rs:569:10:
[INFO] [stdout] called `Result::unwrap()` on an `Err` value: Init(Init(SocketNotFoundError("/var/run/docker.sock")))
[INFO] [stdout] stack backtrace:
[INFO] [stdout]    0:     0x5be2102abb51 - <<std[70759c8f55707aa4]::sys::backtrace::BacktraceLock>::print::DisplayBacktrace as core[df12db4294e9bfd3]::fmt::Display>::fmt
[INFO] [stdout]    1:     0x5be2102c56ea - core[df12db4294e9bfd3]::fmt::write
[INFO] [stdout]    2:     0x5be2102b118c - <alloc[2182bb758b4b3781]::vec::Vec<u8> as core[df12db4294e9bfd3]::io::write::Write>::write_fmt
[INFO] [stdout]    3:     0x5be210282e96 - std[70759c8f55707aa4]::panicking::default_hook::{closure#0}
[INFO] [stdout]    4:     0x5be2102a2439 - std[70759c8f55707aa4]::panicking::default_hook
[INFO] [stdout]    5:     0x5be210034c80 - test[9d35eded1c95d3be]::test_main_inner::<test[9d35eded1c95d3be]::test_main_static::{closure#0}>::{closure#0}
[INFO] [stdout]    6:     0x5be2102a2762 - std[70759c8f55707aa4]::panicking::panic_with_hook
[INFO] [stdout]    7:     0x5be210282f42 - std[70759c8f55707aa4]::panicking::panic_handler::{closure#0}
[INFO] [stdout]    8:     0x5be21027b179 - std[70759c8f55707aa4]::sys::backtrace::__rust_end_short_backtrace::<std[70759c8f55707aa4]::panicking::panic_handler::{closure#0}, !>
[INFO] [stdout]    9:     0x5be210283edd - __rustc[8fa7c3cbc660c2b3]::rust_begin_unwind
[INFO] [stdout]   10:     0x5be2102c5ecc - core[df12db4294e9bfd3]::panicking::panic_fmt
[INFO] [stdout]   11:     0x5be2102c5ca2 - core[df12db4294e9bfd3]::result::unwrap_failed
[INFO] [stdout]   12:     0x5be20fe08e13 - swiftide_docker_executor[741cb097a3488315]::tests::test_create_file_subdirectory_that_does_not_exist::{closure#0}
[INFO] [stdout]   13:     0x5be20fe9c913 - <tokio[86a94a6d272c836b]::runtime::runtime::Runtime>::block_on::<core[df12db4294e9bfd3]::pin::Pin<&mut dyn core[df12db4294e9bfd3]::future::future::Future<Output = ()>>>
[INFO] [stdout]   14:     0x5be20fe0c07a - swiftide_docker_executor[741cb097a3488315]::tests::test_create_file_subdirectory_that_does_not_exist
[INFO] [stdout]   15:     0x5be20ff6fd59 - <swiftide_docker_executor[741cb097a3488315]::tests::test_create_file_subdirectory_that_does_not_exist::{closure#0} as core[df12db4294e9bfd3]::ops::function::FnOnce<()>>::call_once
[INFO] [stdout]   16:     0x5be210027f6b - test[9d35eded1c95d3be]::__rust_begin_short_backtrace::<core[df12db4294e9bfd3]::result::Result<(), alloc[2182bb758b4b3781]::string::String>, fn() -> core[df12db4294e9bfd3]::result::Result<(), alloc[2182bb758b4b3781]::string::String>>
[INFO] [stdout]   17:     0x5be2100355d5 - test[9d35eded1c95d3be]::run_test::{closure#0}
[INFO] [stdout]   18:     0x5be21002ee94 - std[70759c8f55707aa4]::sys::backtrace::__rust_begin_short_backtrace::<test[9d35eded1c95d3be]::run_test::{closure#1}, ()>
[INFO] [stdout]   19:     0x5be210038732 - <std[70759c8f55707aa4]::thread::lifecycle::spawn_unchecked<test[9d35eded1c95d3be]::run_test::{closure#1}, ()>::{closure#1} as core[df12db4294e9bfd3]::ops::function::FnOnce<()>>::call_once::{shim:vtable#0}
[INFO] [stdout]   20:     0x5be2102aa7f9 - <std[70759c8f55707aa4]::sys::thread::unix::Thread>::new::thread_start
[INFO] [stdout]   21:     0x7d453fbd3dfa - <unknown>
[INFO] [stdout]   22:     0x7d453fc673d4 - clone
[INFO] [stdout]   23:                0x0 - <unknown>
[INFO] [stdout] 
[INFO] [stdout] ---- tests::test_current_dir_resolution stdout ----
[INFO] [stdout] 
[INFO] [stdout] thread 'tests::test_current_dir_resolution' (3470) panicked at src/tests.rs:165:10:
[INFO] [stdout] called `Result::unwrap()` on an `Err` value: Init(Init(SocketNotFoundError("/var/run/docker.sock")))
[INFO] [stdout] stack backtrace:
[INFO] [stdout]    0:     0x5be2102abb51 - <<std[70759c8f55707aa4]::sys::backtrace::BacktraceLock>::print::DisplayBacktrace as core[df12db4294e9bfd3]::fmt::Display>::fmt
[INFO] [stdout]    1:     0x5be2102c56ea - core[df12db4294e9bfd3]::fmt::write
[INFO] [stdout]    2:     0x5be2102b118c - <alloc[2182bb758b4b3781]::vec::Vec<u8> as core[df12db4294e9bfd3]::io::write::Write>::write_fmt
[INFO] [stdout]    3:     0x5be210282e96 - std[70759c8f55707aa4]::panicking::default_hook::{closure#0}
[INFO] [stdout]    4:     0x5be2102a2439 - std[70759c8f55707aa4]::panicking::default_hook
[INFO] [stdout]    5:     0x5be210034c80 - test[9d35eded1c95d3be]::test_main_inner::<test[9d35eded1c95d3be]::test_main_static::{closure#0}>::{closure#0}
[INFO] [stdout]    6:     0x5be2102a2762 - std[70759c8f55707aa4]::panicking::panic_with_hook
[INFO] [stdout]    7:     0x5be210282f42 - std[70759c8f55707aa4]::panicking::panic_handler::{closure#0}
[INFO] [stdout]    8:     0x5be21027b179 - std[70759c8f55707aa4]::sys::backtrace::__rust_end_short_backtrace::<std[70759c8f55707aa4]::panicking::panic_handler::{closure#0}, !>
[INFO] [stdout]    9:     0x5be210283edd - __rustc[8fa7c3cbc660c2b3]::rust_begin_unwind
[INFO] [stdout]   10:     0x5be2102c5ecc - core[df12db4294e9bfd3]::panicking::panic_fmt
[INFO] [stdout]   11:     0x5be2102c5ca2 - core[df12db4294e9bfd3]::result::unwrap_failed
[INFO] [stdout]   12:     0x5be20fdf456d - swiftide_docker_executor[741cb097a3488315]::tests::test_current_dir_resolution::{closure#0}
[INFO] [stdout]   13:     0x5be20fe9c913 - <tokio[86a94a6d272c836b]::runtime::runtime::Runtime>::block_on::<core[df12db4294e9bfd3]::pin::Pin<&mut dyn core[df12db4294e9bfd3]::future::future::Future<Output = ()>>>
[INFO] [stdout]   14:     0x5be20fe0aa4a - swiftide_docker_executor[741cb097a3488315]::tests::test_current_dir_resolution
[INFO] [stdout]   15:     0x5be20ff6fb59 - <swiftide_docker_executor[741cb097a3488315]::tests::test_current_dir_resolution::{closure#0} as core[df12db4294e9bfd3]::ops::function::FnOnce<()>>::call_once
[INFO] [stdout]   16:     0x5be210027f6b - test[9d35eded1c95d3be]::__rust_begin_short_backtrace::<core[df12db4294e9bfd3]::result::Result<(), alloc[2182bb758b4b3781]::string::String>, fn() -> core[df12db4294e9bfd3]::result::Result<(), alloc[2182bb758b4b3781]::string::String>>
[INFO] [stdout]   17:     0x5be2100355d5 - test[9d35eded1c95d3be]::run_test::{closure#0}
[INFO] [stdout]   18:     0x5be21002ee94 - std[70759c8f55707aa4]::sys::backtrace::__rust_begin_short_backtrace::<test[9d35eded1c95d3be]::run_test::{closure#1}, ()>
[INFO] [stdout]   19:     0x5be210038732 - <std[70759c8f55707aa4]::thread::lifecycle::spawn_unchecked<test[9d35eded1c95d3be]::run_test::{closure#1}, ()>::{closure#1} as core[df12db4294e9bfd3]::ops::function::FnOnce<()>>::call_once::{shim:vtable#0}
[INFO] [stdout]   20:     0x5be2102aa7f9 - <std[70759c8f55707aa4]::sys::thread::unix::Thread>::new::thread_start
[INFO] [stdout]   21:     0x7d453fbd3dfa - <unknown>
[INFO] [stdout]   22:     0x7d453fc673d4 - clone
[INFO] [stdout]   23:                0x0 - <unknown>
[INFO] [stdout] 
[INFO] [stdout] ---- tests::test_context_present stdout ----
[INFO] [stdout] 
[INFO] [stdout] thread 'tests::test_context_present' (3467) panicked at src/tests.rs:146:10:
[INFO] [stdout] called `Result::unwrap()` on an `Err` value: Init(Init(SocketNotFoundError("/var/run/docker.sock")))
[INFO] [stdout] stack backtrace:
[INFO] [stdout]    0:     0x5be2102abb51 - <<std[70759c8f55707aa4]::sys::backtrace::BacktraceLock>::print::DisplayBacktrace as core[df12db4294e9bfd3]::fmt::Display>::fmt
[INFO] [stdout]    1:     0x5be2102c56ea - core[df12db4294e9bfd3]::fmt::write
[INFO] [stdout]    2:     0x5be2102b118c - <alloc[2182bb758b4b3781]::vec::Vec<u8> as core[df12db4294e9bfd3]::io::write::Write>::write_fmt
[INFO] [stdout]    3:     0x5be210282e96 - std[70759c8f55707aa4]::panicking::default_hook::{closure#0}
[INFO] [stdout]    4:     0x5be2102a2439 - std[70759c8f55707aa4]::panicking::default_hook
[INFO] [stdout]    5:     0x5be210034c80 - test[9d35eded1c95d3be]::test_main_inner::<test[9d35eded1c95d3be]::test_main_static::{closure#0}>::{closure#0}
[INFO] [stdout]    6:     0x5be2102a2762 - std[70759c8f55707aa4]::panicking::panic_with_hook
[INFO] [stdout]    7:     0x5be210282f42 - std[70759c8f55707aa4]::panicking::panic_handler::{closure#0}
[INFO] [stdout]    8:     0x5be21027b179 - std[70759c8f55707aa4]::sys::backtrace::__rust_end_short_backtrace::<std[70759c8f55707aa4]::panicking::panic_handler::{closure#0}, !>
[INFO] [stdout]    9:     0x5be210283edd - __rustc[8fa7c3cbc660c2b3]::rust_begin_unwind
[INFO] [stdout]   10:     0x5be2102c5ecc - core[df12db4294e9bfd3]::panicking::panic_fmt
[INFO] [stdout]   11:     0x5be2102c5ca2 - core[df12db4294e9bfd3]::result::unwrap_failed
[INFO] [stdout]   12:     0x5be20fdea77e - swiftide_docker_executor[741cb097a3488315]::tests::test_context_present::{closure#0}
[INFO] [stdout]   13:     0x5be20fe9c913 - <tokio[86a94a6d272c836b]::runtime::runtime::Runtime>::block_on::<core[df12db4294e9bfd3]::pin::Pin<&mut dyn core[df12db4294e9bfd3]::future::future::Future<Output = ()>>>
[INFO] [stdout]   14:     0x5be20fe0a0aa - swiftide_docker_executor[741cb097a3488315]::tests::test_context_present
[INFO] [stdout]   15:     0x5be20ff6fa79 - <swiftide_docker_executor[741cb097a3488315]::tests::test_context_present::{closure#0} as core[df12db4294e9bfd3]::ops::function::FnOnce<()>>::call_once
[INFO] [stdout]   16:     0x5be210027f6b - test[9d35eded1c95d3be]::__rust_begin_short_backtrace::<core[df12db4294e9bfd3]::result::Result<(), alloc[2182bb758b4b3781]::string::String>, fn() -> core[df12db4294e9bfd3]::result::Result<(), alloc[2182bb758b4b3781]::string::String>>
[INFO] [stdout]   17:     0x5be2100355d5 - test[9d35eded1c95d3be]::run_test::{closure#0}
[INFO] [stdout]   18:     0x5be21002ee94 - std[70759c8f55707aa4]::sys::backtrace::__rust_begin_short_backtrace::<test[9d35eded1c95d3be]::run_test::{closure#1}, ()>
[INFO] [stdout]   19:     0x5be210038732 - <std[70759c8f55707aa4]::thread::lifecycle::spawn_unchecked<test[9d35eded1c95d3be]::run_test::{closure#1}, ()>::{closure#1} as core[df12db4294e9bfd3]::ops::function::FnOnce<()>>::call_once::{shim:vtable#0}
[INFO] [stdout]   20:     0x5be2102aa7f9 - <std[70759c8f55707aa4]::sys::thread::unix::Thread>::new::thread_start
[INFO] [stdout]   21:     0x7d453fbd3dfa - <unknown>
[INFO] [stdout]   22:     0x7d453fc673d4 - clone
[INFO] [stdout]   23:                0x0 - <unknown>
[INFO] [stdout] 
[INFO] [stdout] ---- tests::test_assert_container_stopped_on_drop_entrypoint stdout ----
[INFO] [stdout] 
[INFO] [stdout] thread 'tests::test_assert_container_stopped_on_drop_entrypoint' (3462) panicked at src/tests.rs:501:10:
[INFO] [stdout] called `Result::unwrap()` on an `Err` value: Init(Init(SocketNotFoundError("/var/run/docker.sock")))
[INFO] [stdout] stack backtrace:
[INFO] [stdout]    0:     0x5be2102abb51 - <<std[70759c8f55707aa4]::sys::backtrace::BacktraceLock>::print::DisplayBacktrace as core[df12db4294e9bfd3]::fmt::Display>::fmt
[INFO] [stdout]    1:     0x5be2102c56ea - core[df12db4294e9bfd3]::fmt::write
[INFO] [stdout]    2:     0x5be2102b118c - <alloc[2182bb758b4b3781]::vec::Vec<u8> as core[df12db4294e9bfd3]::io::write::Write>::write_fmt
[INFO] [stdout]    3:     0x5be210282e96 - std[70759c8f55707aa4]::panicking::default_hook::{closure#0}
[INFO] [stdout]    4:     0x5be2102a2439 - std[70759c8f55707aa4]::panicking::default_hook
[INFO] [stdout]    5:     0x5be210034c80 - test[9d35eded1c95d3be]::test_main_inner::<test[9d35eded1c95d3be]::test_main_static::{closure#0}>::{closure#0}
[INFO] [stdout]    6:     0x5be2102a2762 - std[70759c8f55707aa4]::panicking::panic_with_hook
[INFO] [stdout]    7:     0x5be210282f42 - std[70759c8f55707aa4]::panicking::panic_handler::{closure#0}
[INFO] [stdout]    8:     0x5be21027b179 - std[70759c8f55707aa4]::sys::backtrace::__rust_end_short_backtrace::<std[70759c8f55707aa4]::panicking::panic_handler::{closure#0}, !>
[INFO] [stdout]    9:     0x5be210283edd - __rustc[8fa7c3cbc660c2b3]::rust_begin_unwind
[INFO] [stdout]   10:     0x5be2102c5ecc - core[df12db4294e9bfd3]::panicking::panic_fmt
[INFO] [stdout]   11:     0x5be2102c5ca2 - core[df12db4294e9bfd3]::result::unwrap_failed
[INFO] [stdout]   12:     0x5be20fe065ab - swiftide_docker_executor[741cb097a3488315]::tests::test_assert_container_stopped_on_drop_entrypoint::{closure#0}
[INFO] [stdout]   13:     0x5be20fe9c913 - <tokio[86a94a6d272c836b]::runtime::runtime::Runtime>::block_on::<core[df12db4294e9bfd3]::pin::Pin<&mut dyn core[df12db4294e9bfd3]::future::future::Future<Output = ()>>>
[INFO] [stdout]   14:     0x5be20fe0bdb9 - swiftide_docker_executor[741cb097a3488315]::tests::test_assert_container_stopped_on_drop_entrypoint
[INFO] [stdout]   15:     0x5be20ff6fd19 - <swiftide_docker_executor[741cb097a3488315]::tests::test_assert_container_stopped_on_drop_entrypoint::{closure#0} as core[df12db4294e9bfd3]::ops::function::FnOnce<()>>::call_once
[INFO] [stdout]   16:     0x5be210027f6b - test[9d35eded1c95d3be]::__rust_begin_short_backtrace::<core[df12db4294e9bfd3]::result::Result<(), alloc[2182bb758b4b3781]::string::String>, fn() -> core[df12db4294e9bfd3]::result::Result<(), alloc[2182bb758b4b3781]::string::String>>
[INFO] [stdout]   17:     0x5be2100355d5 - test[9d35eded1c95d3be]::run_test::{closure#0}
[INFO] [stdout]   18:     0x5be21002ee94 - std[70759c8f55707aa4]::sys::backtrace::__rust_begin_short_backtrace::<test[9d35eded1c95d3be]::run_test::{closure#1}, ()>
[INFO] [stdout]   19:     0x5be210038732 - <std[70759c8f55707aa4]::thread::lifecycle::spawn_unchecked<test[9d35eded1c95d3be]::run_test::{closure#1}, ()>::{closure#1} as core[df12db4294e9bfd3]::ops::function::FnOnce<()>>::call_once::{shim:vtable#0}
[INFO] [stdout]   20:     0x5be2102aa7f9 - <std[70759c8f55707aa4]::sys::thread::unix::Thread>::new::thread_start
[INFO] [stdout]   21:     0x7d453fbd3dfa - <unknown>
[INFO] [stdout]   22:     0x7d453fc673d4 - clone
[INFO] [stdout]   23:                0x0 - <unknown>
[INFO] [stdout] 
[INFO] [stdout] ---- tests::test_docker_logs_in_stdout stdout ----
[INFO] [stdout] 
[INFO] [stdout] thread 'tests::test_docker_logs_in_stdout' (3639) panicked at src/tests.rs:726:10:
[INFO] [stdout] called `Result::unwrap()` on an `Err` value: Init(Init(SocketNotFoundError("/var/run/docker.sock")))
[INFO] [stdout] stack backtrace:
[INFO] [stdout]    0:     0x5be2102abb51 - <<std[70759c8f55707aa4]::sys::backtrace::BacktraceLock>::print::DisplayBacktrace as core[df12db4294e9bfd3]::fmt::Display>::fmt
[INFO] [stdout]    1:     0x5be2102c56ea - core[df12db4294e9bfd3]::fmt::write
[INFO] [stdout]    2:     0x5be2102b118c - <alloc[2182bb758b4b3781]::vec::Vec<u8> as core[df12db4294e9bfd3]::io::write::Write>::write_fmt
[INFO] [stdout]    3:     0x5be210282e96 - std[70759c8f55707aa4]::panicking::default_hook::{closure#0}
[INFO] [stdout]    4:     0x5be2102a2439 - std[70759c8f55707aa4]::panicking::default_hook
[INFO] [stdout]    5:     0x5be210034c80 - test[9d35eded1c95d3be]::test_main_inner::<test[9d35eded1c95d3be]::test_main_static::{closure#0}>::{closure#0}
[INFO] [stdout]    6:     0x5be2102a2762 - std[70759c8f55707aa4]::panicking::panic_with_hook
[INFO] [stdout]    7:     0x5be210282f42 - std[70759c8f55707aa4]::panicking::panic_handler::{closure#0}
[INFO] [stdout]    8:     0x5be21027b179 - std[70759c8f55707aa4]::sys::backtrace::__rust_end_short_backtrace::<std[70759c8f55707aa4]::panicking::panic_handler::{closure#0}, !>
[INFO] [stdout]    9:     0x5be210283edd - __rustc[8fa7c3cbc660c2b3]::rust_begin_unwind
[INFO] [stdout]   10:     0x5be2102c5ecc - core[df12db4294e9bfd3]::panicking::panic_fmt
[INFO] [stdout]   11:     0x5be2102c5ca2 - core[df12db4294e9bfd3]::result::unwrap_failed
[INFO] [stdout]   12:     0x5be20fdf0797 - swiftide_docker_executor[741cb097a3488315]::tests::test_docker_logs_in_stdout::{closure#0}
[INFO] [stdout]   13:     0x5be20fe9c913 - <tokio[86a94a6d272c836b]::runtime::runtime::Runtime>::block_on::<core[df12db4294e9bfd3]::pin::Pin<&mut dyn core[df12db4294e9bfd3]::future::future::Future<Output = ()>>>
[INFO] [stdout]   14:     0x5be20fe0a78a - swiftide_docker_executor[741cb097a3488315]::tests::test_docker_logs_in_stdout
[INFO] [stdout]   15:     0x5be20ff6fb19 - <swiftide_docker_executor[741cb097a3488315]::tests::test_docker_logs_in_stdout::{closure#0} as core[df12db4294e9bfd3]::ops::function::FnOnce<()>>::call_once
[INFO] [stdout]   16:     0x5be210027f6b - test[9d35eded1c95d3be]::__rust_begin_short_backtrace::<core[df12db4294e9bfd3]::result::Result<(), alloc[2182bb758b4b3781]::string::String>, fn() -> core[df12db4294e9bfd3]::result::Result<(), alloc[2182bb758b4b3781]::string::String>>
[INFO] [stdout]   17:     0x5be2100355d5 - test[9d35eded1c95d3be]::run_test::{closure#0}
[INFO] [stdout]   18:     0x5be21002ee94 - std[70759c8f55707aa4]::sys::backtrace::__rust_begin_short_backtrace::<test[9d35eded1c95d3be]::run_test::{closure#1}, ()>
[INFO] [stdout]   19:     0x5be210038732 - <std[70759c8f55707aa4]::thread::lifecycle::spawn_unchecked<test[9d35eded1c95d3be]::run_test::{closure#1}, ()>::{closure#1} as core[df12db4294e9bfd3]::ops::function::FnOnce<()>>::call_once::{shim:vtable#0}
[INFO] [stdout]   20:     0x5be2102aa7f9 - <std[70759c8f55707aa4]::sys::thread::unix::Thread>::new::thread_start
[INFO] [stdout]   21:     0x7d453fbd3dfa - <unknown>
[INFO] [stdout]   22:     0x7d453fc673d4 - clone
[INFO] [stdout]   23:                0x0 - <unknown>
[INFO] [stdout] 
[INFO] [stdout] ---- tests::test_container_state stdout ----
[INFO] [stdout] 
[INFO] [stdout] thread 'tests::test_container_state' (3465) panicked at src/tests.rs:681:10:
[INFO] [stdout] called `Result::unwrap()` on an `Err` value: Init(Init(SocketNotFoundError("/var/run/docker.sock")))
[INFO] [stdout] stack backtrace:
[INFO] [stdout]    0:     0x5be2102abb51 - <<std[70759c8f55707aa4]::sys::backtrace::BacktraceLock>::print::DisplayBacktrace as core[df12db4294e9bfd3]::fmt::Display>::fmt
[INFO] [stdout]    1:     0x5be2102c56ea - core[df12db4294e9bfd3]::fmt::write
[INFO] [stdout]    2:     0x5be2102b118c - <alloc[2182bb758b4b3781]::vec::Vec<u8> as core[df12db4294e9bfd3]::io::write::Write>::write_fmt
[INFO] [stdout]    3:     0x5be210282e96 - std[70759c8f55707aa4]::panicking::default_hook::{closure#0}
[INFO] [stdout]    4:     0x5be2102a2439 - std[70759c8f55707aa4]::panicking::default_hook
[INFO] [stdout]    5:     0x5be210034c80 - test[9d35eded1c95d3be]::test_main_inner::<test[9d35eded1c95d3be]::test_main_static::{closure#0}>::{closure#0}
[INFO] [stdout]    6:     0x5be2102a2762 - std[70759c8f55707aa4]::panicking::panic_with_hook
[INFO] [stdout]    7:     0x5be210282f42 - std[70759c8f55707aa4]::panicking::panic_handler::{closure#0}
[INFO] [stdout]    8:     0x5be21027b179 - std[70759c8f55707aa4]::sys::backtrace::__rust_end_short_backtrace::<std[70759c8f55707aa4]::panicking::panic_handler::{closure#0}, !>
[INFO] [stdout]    9:     0x5be210283edd - __rustc[8fa7c3cbc660c2b3]::rust_begin_unwind
[INFO] [stdout]   10:     0x5be2102c5ecc - core[df12db4294e9bfd3]::panicking::panic_fmt
[INFO] [stdout]   11:     0x5be2102c5ca2 - core[df12db4294e9bfd3]::result::unwrap_failed
[INFO] [stdout]   12:     0x5be20fde98c7 - swiftide_docker_executor[741cb097a3488315]::tests::test_container_state::{closure#0}
[INFO] [stdout]   13:     0x5be20fe9c913 - <tokio[86a94a6d272c836b]::runtime::runtime::Runtime>::block_on::<core[df12db4294e9bfd3]::pin::Pin<&mut dyn core[df12db4294e9bfd3]::future::future::Future<Output = ()>>>
[INFO] [stdout]   14:     0x5be20fe09f4a - swiftide_docker_executor[741cb097a3488315]::tests::test_container_state
[INFO] [stdout]   15:     0x5be20ff6fa59 - <swiftide_docker_executor[741cb097a3488315]::tests::test_container_state::{closure#0} as core[df12db4294e9bfd3]::ops::function::FnOnce<()>>::call_once
[INFO] [stdout]   16:     0x5be210027f6b - test[9d35eded1c95d3be]::__rust_begin_short_backtrace::<core[df12db4294e9bfd3]::result::Result<(), alloc[2182bb758b4b3781]::string::String>, fn() -> core[df12db4294e9bfd3]::result::Result<(), alloc[2182bb758b4b3781]::string::String>>
[INFO] [stdout]   17:     0x5be2100355d5 - test[9d35eded1c95d3be]::run_test::{closure#0}
[INFO] [stdout]   18:     0x5be21002ee94 - std[70759c8f55707aa4]::sys::backtrace::__rust_begin_short_backtrace::<test[9d35eded1c95d3be]::run_test::{closure#1}, ()>
[INFO] [stdout]   19:     0x5be210038732 - <std[70759c8f55707aa4]::thread::lifecycle::spawn_unchecked<test[9d35eded1c95d3be]::run_test::{closure#1}, ()>::{closure#1} as core[df12db4294e9bfd3]::ops::function::FnOnce<()>>::call_once::{shim:vtable#0}
[INFO] [stdout]   20:     0x5be2102aa7f9 - <std[70759c8f55707aa4]::sys::thread::unix::Thread>::new::thread_start
[INFO] [stdout]   21:     0x7d453fbd3dfa - <unknown>
[INFO] [stdout]   22:     0x7d453fc673d4 - clone
[INFO] [stdout]   23:                0x0 - <unknown>
[INFO] [stdout] 
[INFO] [stdout] ---- tests::test_clear_env stdout ----
[INFO] [stdout] 
[INFO] [stdout] thread 'tests::test_clear_env' (3464) panicked at src/tests.rs:897:10:
[INFO] [stdout] called `Result::unwrap()` on an `Err` value: Init(Init(SocketNotFoundError("/var/run/docker.sock")))
[INFO] [stdout] stack backtrace:
[INFO] [stdout]    0:     0x5be2102abb51 - <<std[70759c8f55707aa4]::sys::backtrace::BacktraceLock>::print::DisplayBacktrace as core[df12db4294e9bfd3]::fmt::Display>::fmt
[INFO] [stdout]    1:     0x5be2102c56ea - core[df12db4294e9bfd3]::fmt::write
[INFO] [stdout]    2:     0x5be2102b118c - <alloc[2182bb758b4b3781]::vec::Vec<u8> as core[df12db4294e9bfd3]::io::write::Write>::write_fmt
[INFO] [stdout]    3:     0x5be210282e96 - std[70759c8f55707aa4]::panicking::default_hook::{closure#0}
[INFO] [stdout]    4:     0x5be2102a2439 - std[70759c8f55707aa4]::panicking::default_hook
[INFO] [stdout]    5:     0x5be210034c80 - test[9d35eded1c95d3be]::test_main_inner::<test[9d35eded1c95d3be]::test_main_static::{closure#0}>::{closure#0}
[INFO] [stdout]    6:     0x5be2102a2762 - std[70759c8f55707aa4]::panicking::panic_with_hook
[INFO] [stdout]    7:     0x5be210282f42 - std[70759c8f55707aa4]::panicking::panic_handler::{closure#0}
[INFO] [stdout]    8:     0x5be21027b179 - std[70759c8f55707aa4]::sys::backtrace::__rust_end_short_backtrace::<std[70759c8f55707aa4]::panicking::panic_handler::{closure#0}, !>
[INFO] [stdout]    9:     0x5be210283edd - __rustc[8fa7c3cbc660c2b3]::rust_begin_unwind
[INFO] [stdout]   10:     0x5be2102c5ecc - core[df12db4294e9bfd3]::panicking::panic_fmt
[INFO] [stdout]   11:     0x5be2102c5ca2 - core[df12db4294e9bfd3]::result::unwrap_failed
[INFO] [stdout]   12:     0x5be20fde1fde - swiftide_docker_executor[741cb097a3488315]::tests::test_clear_env::{closure#0}
[INFO] [stdout]   13:     0x5be20fe9c913 - <tokio[86a94a6d272c836b]::runtime::runtime::Runtime>::block_on::<core[df12db4294e9bfd3]::pin::Pin<&mut dyn core[df12db4294e9bfd3]::future::future::Future<Output = ()>>>
[INFO] [stdout]   14:     0x5be20fe0970a - swiftide_docker_executor[741cb097a3488315]::tests::test_clear_env
[INFO] [stdout]   15:     0x5be20ff6f999 - <swiftide_docker_executor[741cb097a3488315]::tests::test_clear_env::{closure#0} as core[df12db4294e9bfd3]::ops::function::FnOnce<()>>::call_once
[INFO] [stdout]   16:     0x5be210027f6b - test[9d35eded1c95d3be]::__rust_begin_short_backtrace::<core[df12db4294e9bfd3]::result::Result<(), alloc[2182bb758b4b3781]::string::String>, fn() -> core[df12db4294e9bfd3]::result::Result<(), alloc[2182bb758b4b3781]::string::String>>
[INFO] [stdout]   17:     0x5be2100355d5 - test[9d35eded1c95d3be]::run_test::{closure#0}
[INFO] [stdout]   18:     0x5be21002ee94 - std[70759c8f55707aa4]::sys::backtrace::__rust_begin_short_backtrace::<test[9d35eded1c95d3be]::run_test::{closure#1}, ()>
[INFO] [stdout]   19:     0x5be210038732 - <std[70759c8f55707aa4]::thread::lifecycle::spawn_unchecked<test[9d35eded1c95d3be]::run_test::{closure#1}, ()>::{closure#1} as core[df12db4294e9bfd3]::ops::function::FnOnce<()>>::call_once::{shim:vtable#0}
[INFO] [stdout]   20:     0x5be2102aa7f9 - <std[70759c8f55707aa4]::sys::thread::unix::Thread>::new::thread_start
[INFO] [stdout]   21:     0x7d453fbd3dfa - <unknown>
[INFO] [stdout]   22:     0x7d453fc673d4 - clone
[INFO] [stdout]   23:                0x0 - <unknown>
[INFO] [stdout] 
[INFO] [stdout] ---- tests::test_custom_dockerfile stdout ----
[INFO] [stdout] 
[INFO] [stdout] thread 'tests::test_custom_dockerfile' (3496) panicked at src/tests.rs:602:10:
[INFO] [stdout] called `Result::unwrap()` on an `Err` value: Init(Init(SocketNotFoundError("/var/run/docker.sock")))
[INFO] [stdout] stack backtrace:
[INFO] [stdout]    0:     0x5be2102abb51 - <<std[70759c8f55707aa4]::sys::backtrace::BacktraceLock>::print::DisplayBacktrace as core[df12db4294e9bfd3]::fmt::Display>::fmt
[INFO] [stdout]    1:     0x5be2102c56ea - core[df12db4294e9bfd3]::fmt::write
[INFO] [stdout]    2:     0x5be2102b118c - <alloc[2182bb758b4b3781]::vec::Vec<u8> as core[df12db4294e9bfd3]::io::write::Write>::write_fmt
[INFO] [stdout]    3:     0x5be210282e96 - std[70759c8f55707aa4]::panicking::default_hook::{closure#0}
[INFO] [stdout]    4:     0x5be2102a2439 - std[70759c8f55707aa4]::panicking::default_hook
[INFO] [stdout]    5:     0x5be210034c80 - test[9d35eded1c95d3be]::test_main_inner::<test[9d35eded1c95d3be]::test_main_static::{closure#0}>::{closure#0}
[INFO] [stdout]    6:     0x5be2102a2762 - std[70759c8f55707aa4]::panicking::panic_with_hook
[INFO] [stdout]    7:     0x5be210282f42 - std[70759c8f55707aa4]::panicking::panic_handler::{closure#0}
[INFO] [stdout]    8:     0x5be21027b179 - std[70759c8f55707aa4]::sys::backtrace::__rust_end_short_backtrace::<std[70759c8f55707aa4]::panicking::panic_handler::{closure#0}, !>
[INFO] [stdout]    9:     0x5be210283edd - __rustc[8fa7c3cbc660c2b3]::rust_begin_unwind
[INFO] [stdout]   10:     0x5be2102c5ecc - core[df12db4294e9bfd3]::panicking::panic_fmt
[INFO] [stdout]   11:     0x5be2102c5ca2 - core[df12db4294e9bfd3]::result::unwrap_failed
[INFO] [stdout]   12:     0x5be20fdeb96c - swiftide_docker_executor[741cb097a3488315]::tests::test_custom_dockerfile::{closure#0}
[INFO] [stdout]   13:     0x5be20fe9c913 - <tokio[86a94a6d272c836b]::runtime::runtime::Runtime>::block_on::<core[df12db4294e9bfd3]::pin::Pin<&mut dyn core[df12db4294e9bfd3]::future::future::Future<Output = ()>>>
[INFO] [stdout]   14:     0x5be20fe0a20a - swiftide_docker_executor[741cb097a3488315]::tests::test_custom_dockerfile
[INFO] [stdout]   15:     0x5be20ff6fa99 - <swiftide_docker_executor[741cb097a3488315]::tests::test_custom_dockerfile::{closure#0} as core[df12db4294e9bfd3]::ops::function::FnOnce<()>>::call_once
[INFO] [stdout]   16:     0x5be210027f6b - test[9d35eded1c95d3be]::__rust_begin_short_backtrace::<core[df12db4294e9bfd3]::result::Result<(), alloc[2182bb758b4b3781]::string::String>, fn() -> core[df12db4294e9bfd3]::result::Result<(), alloc[2182bb758b4b3781]::string::String>>
[INFO] [stdout]   17:     0x5be2100355d5 - test[9d35eded1c95d3be]::run_test::{closure#0}
[INFO] [stdout]   18:     0x5be21002ee94 - std[70759c8f55707aa4]::sys::backtrace::__rust_begin_short_backtrace::<test[9d35eded1c95d3be]::run_test::{closure#1}, ()>
[INFO] [stdout]   19:     0x5be210038732 - <std[70759c8f55707aa4]::thread::lifecycle::spawn_unchecked<test[9d35eded1c95d3be]::run_test::{closure#1}, ()>::{closure#1} as core[df12db4294e9bfd3]::ops::function::FnOnce<()>>::call_once::{shim:vtable#0}
[INFO] [stdout]   20:     0x5be2102aa7f9 - <std[70759c8f55707aa4]::sys::thread::unix::Thread>::new::thread_start
[INFO] [stdout]   21:     0x7d453fbd3dfa - <unknown>
[INFO] [stdout]   22:     0x7d453fc673d4 - clone
[INFO] [stdout]   23:                0x0 - <unknown>
[INFO] [stdout] 
[INFO] [stdout] ---- tests::test_default_workdir_override stdout ----
[INFO] [stdout] 
[INFO] [stdout] thread 'tests::test_default_workdir_override' (3638) panicked at src/tests.rs:206:10:
[INFO] [stdout] called `Result::unwrap()` on an `Err` value: Init(Init(SocketNotFoundError("/var/run/docker.sock")))
[INFO] [stdout] stack backtrace:
[INFO] [stdout]    0:     0x5be2102abb51 - <<std[70759c8f55707aa4]::sys::backtrace::BacktraceLock>::print::DisplayBacktrace as core[df12db4294e9bfd3]::fmt::Display>::fmt
[INFO] [stdout]    1:     0x5be2102c56ea - core[df12db4294e9bfd3]::fmt::write
[INFO] [stdout]    2:     0x5be2102b118c - <alloc[2182bb758b4b3781]::vec::Vec<u8> as core[df12db4294e9bfd3]::io::write::Write>::write_fmt
[INFO] [stdout]    3:     0x5be210282e96 - std[70759c8f55707aa4]::panicking::default_hook::{closure#0}
[INFO] [stdout]    4:     0x5be2102a2439 - std[70759c8f55707aa4]::panicking::default_hook
[INFO] [stdout]    5:     0x5be210034c80 - test[9d35eded1c95d3be]::test_main_inner::<test[9d35eded1c95d3be]::test_main_static::{closure#0}>::{closure#0}
[INFO] [stdout]    6:     0x5be2102a2762 - std[70759c8f55707aa4]::panicking::panic_with_hook
[INFO] [stdout]    7:     0x5be210282f42 - std[70759c8f55707aa4]::panicking::panic_handler::{closure#0}
[INFO] [stdout]    8:     0x5be21027b179 - std[70759c8f55707aa4]::sys::backtrace::__rust_end_short_backtrace::<std[70759c8f55707aa4]::panicking::panic_handler::{closure#0}, !>
[INFO] [stdout]    9:     0x5be210283edd - __rustc[8fa7c3cbc660c2b3]::rust_begin_unwind
[INFO] [stdout]   10:     0x5be2102c5ecc - core[df12db4294e9bfd3]::panicking::panic_fmt
[INFO] [stdout]   11:     0x5be2102c5ca2 - core[df12db4294e9bfd3]::result::unwrap_failed
[INFO] [stdout]   12:     0x5be20fdf8051 - swiftide_docker_executor[741cb097a3488315]::tests::test_default_workdir_override::{closure#0}
[INFO] [stdout]   13:     0x5be20fe9c913 - <tokio[86a94a6d272c836b]::runtime::runtime::Runtime>::block_on::<core[df12db4294e9bfd3]::pin::Pin<&mut dyn core[df12db4294e9bfd3]::future::future::Future<Output = ()>>>
[INFO] [stdout]   14:     0x5be20fe0ae6a - swiftide_docker_executor[741cb097a3488315]::tests::test_default_workdir_override
[INFO] [stdout]   15:     0x5be20ff6fbb9 - <swiftide_docker_executor[741cb097a3488315]::tests::test_default_workdir_override::{closure#0} as core[df12db4294e9bfd3]::ops::function::FnOnce<()>>::call_once
[INFO] [stdout]   16:     0x5be210027f6b - test[9d35eded1c95d3be]::__rust_begin_short_backtrace::<core[df12db4294e9bfd3]::result::Result<(), alloc[2182bb758b4b3781]::string::String>, fn() -> core[df12db4294e9bfd3]::result::Result<(), alloc[2182bb758b4b3781]::string::String>>
[INFO] [stdout]   17:     0x5be2100355d5 - test[9d35eded1c95d3be]::run_test::{closure#0}
[INFO] [stdout]   18:     0x5be21002ee94 - std[70759c8f55707aa4]::sys::backtrace::__rust_begin_short_backtrace::<test[9d35eded1c95d3be]::run_test::{closure#1}, ()>
[INFO] [stdout]   19:     0x5be210038732 - <std[70759c8f55707aa4]::thread::lifecycle::spawn_unchecked<test[9d35eded1c95d3be]::run_test::{closure#1}, ()>::{closure#1} as core[df12db4294e9bfd3]::ops::function::FnOnce<()>>::call_once::{shim:vtable#0}
[INFO] [stdout]   20:     0x5be2102aa7f9 - <std[70759c8f55707aa4]::sys::thread::unix::Thread>::new::thread_start
[INFO] [stdout]   21:     0x7d453fbd3dfa - <unknown>
[INFO] [stdout]   22:     0x7d453fc673d4 - clone
[INFO] [stdout]   23:                0x0 - <unknown>
[INFO] [stdout] 
[INFO] [stdout] ---- tests::test_add_env stdout ----
[INFO] [stdout] 
[INFO] [stdout] thread 'tests::test_add_env' (3457) panicked at src/tests.rs:967:10:
[INFO] [stdout] called `Result::unwrap()` on an `Err` value: Init(Init(SocketNotFoundError("/var/run/docker.sock")))
[INFO] [stdout] stack backtrace:
[INFO] [stdout]    0:     0x5be2102abb51 - <<std[70759c8f55707aa4]::sys::backtrace::BacktraceLock>::print::DisplayBacktrace as core[df12db4294e9bfd3]::fmt::Display>::fmt
[INFO] [stdout]    1:     0x5be2102c56ea - core[df12db4294e9bfd3]::fmt::write
[INFO] [stdout]    2:     0x5be2102b118c - <alloc[2182bb758b4b3781]::vec::Vec<u8> as core[df12db4294e9bfd3]::io::write::Write>::write_fmt
[INFO] [stdout]    3:     0x5be210282e96 - std[70759c8f55707aa4]::panicking::default_hook::{closure#0}
[INFO] [stdout]    4:     0x5be2102a2439 - std[70759c8f55707aa4]::panicking::default_hook
[INFO] [stdout]    5:     0x5be210034c80 - test[9d35eded1c95d3be]::test_main_inner::<test[9d35eded1c95d3be]::test_main_static::{closure#0}>::{closure#0}
[INFO] [stdout]    6:     0x5be2102a2762 - std[70759c8f55707aa4]::panicking::panic_with_hook
[INFO] [stdout]    7:     0x5be210282f42 - std[70759c8f55707aa4]::panicking::panic_handler::{closure#0}
[INFO] [stdout]    8:     0x5be21027b179 - std[70759c8f55707aa4]::sys::backtrace::__rust_end_short_backtrace::<std[70759c8f55707aa4]::panicking::panic_handler::{closure#0}, !>
[INFO] [stdout]    9:     0x5be210283edd - __rustc[8fa7c3cbc660c2b3]::rust_begin_unwind
[INFO] [stdout]   10:     0x5be2102c5ecc - core[df12db4294e9bfd3]::panicking::panic_fmt
[INFO] [stdout]   11:     0x5be2102c5ca2 - core[df12db4294e9bfd3]::result::unwrap_failed
[INFO] [stdout]   12:     0x5be20fde0f04 - swiftide_docker_executor[741cb097a3488315]::tests::test_add_env::{closure#0}
[INFO] [stdout]   13:     0x5be20fe9c913 - <tokio[86a94a6d272c836b]::runtime::runtime::Runtime>::block_on::<core[df12db4294e9bfd3]::pin::Pin<&mut dyn core[df12db4294e9bfd3]::future::future::Future<Output = ()>>>
[INFO] [stdout]   14:     0x5be20fe095aa - swiftide_docker_executor[741cb097a3488315]::tests::test_add_env
[INFO] [stdout]   15:     0x5be20ff6f979 - <swiftide_docker_executor[741cb097a3488315]::tests::test_add_env::{closure#0} as core[df12db4294e9bfd3]::ops::function::FnOnce<()>>::call_once
[INFO] [stdout]   16:     0x5be210027f6b - test[9d35eded1c95d3be]::__rust_begin_short_backtrace::<core[df12db4294e9bfd3]::result::Result<(), alloc[2182bb758b4b3781]::string::String>, fn() -> core[df12db4294e9bfd3]::result::Result<(), alloc[2182bb758b4b3781]::string::String>>
[INFO] [stdout]   17:     0x5be2100355d5 - test[9d35eded1c95d3be]::run_test::{closure#0}
[INFO] [stdout]   18:     0x5be21002ee94 - std[70759c8f55707aa4]::sys::backtrace::__rust_begin_short_backtrace::<test[9d35eded1c95d3be]::run_test::{closure#1}, ()>
[INFO] [stdout]   19:     0x5be210038732 - <std[70759c8f55707aa4]::thread::lifecycle::spawn_unchecked<test[9d35eded1c95d3be]::run_test::{closure#1}, ()>::{closure#1} as core[df12db4294e9bfd3]::ops::function::FnOnce<()>>::call_once::{shim:vtable#0}
[INFO] [stdout]   20:     0x5be2102aa7f9 - <std[70759c8f55707aa4]::sys::thread::unix::Thread>::new::thread_start
[INFO] [stdout]   21:     0x7d453fbd3dfa - <unknown>
[INFO] [stdout]   22:     0x7d453fc673d4 - clone
[INFO] [stdout]   23:                0x0 - <unknown>
[INFO] [stdout] 
[INFO] [stdout] ---- tests::test_loading_files stdout ----
[INFO] [stdout] 
[INFO] [stdout] thread 'tests::test_loading_files' (3642) panicked at src/tests.rs:816:10:
[INFO] [stdout] called `Result::unwrap()` on an `Err` value: Init(Init(SocketNotFoundError("/var/run/docker.sock")))
[INFO] [stdout] stack backtrace:
[INFO] [stdout]    0:     0x5be2102abb51 - <<std[70759c8f55707aa4]::sys::backtrace::BacktraceLock>::print::DisplayBacktrace as core[df12db4294e9bfd3]::fmt::Display>::fmt
[INFO] [stdout]    1:     0x5be2102c56ea - core[df12db4294e9bfd3]::fmt::write
[INFO] [stdout]    2:     0x5be2102b118c - <alloc[2182bb758b4b3781]::vec::Vec<u8> as core[df12db4294e9bfd3]::io::write::Write>::write_fmt
[INFO] [stdout]    3:     0x5be210282e96 - std[70759c8f55707aa4]::panicking::default_hook::{closure#0}
[INFO] [stdout]    4:     0x5be2102a2439 - std[70759c8f55707aa4]::panicking::default_hook
[INFO] [stdout]    5:     0x5be210034c80 - test[9d35eded1c95d3be]::test_main_inner::<test[9d35eded1c95d3be]::test_main_static::{closure#0}>::{closure#0}
[INFO] [stdout]    6:     0x5be2102a2762 - std[70759c8f55707aa4]::panicking::panic_with_hook
[INFO] [stdout]    7:     0x5be210282f42 - std[70759c8f55707aa4]::panicking::panic_handler::{closure#0}
[INFO] [stdout]    8:     0x5be21027b179 - std[70759c8f55707aa4]::sys::backtrace::__rust_end_short_backtrace::<std[70759c8f55707aa4]::panicking::panic_handler::{closure#0}, !>
[INFO] [stdout]    9:     0x5be210283edd - __rustc[8fa7c3cbc660c2b3]::rust_begin_unwind
[INFO] [stdout]   10:     0x5be2102c5ecc - core[df12db4294e9bfd3]::panicking::panic_fmt
[INFO] [stdout]   11:     0x5be2102c5ca2 - core[df12db4294e9bfd3]::result::unwrap_failed
[INFO] [stdout]   12:     0x5be20fde5718 - swiftide_docker_executor[741cb097a3488315]::tests::test_loading_files::{closure#0}
[INFO] [stdout]   13:     0x5be20fe9c913 - <tokio[86a94a6d272c836b]::runtime::runtime::Runtime>::block_on::<core[df12db4294e9bfd3]::pin::Pin<&mut dyn core[df12db4294e9bfd3]::future::future::Future<Output = ()>>>
[INFO] [stdout]   14:     0x5be20fe09b2a - swiftide_docker_executor[741cb097a3488315]::tests::test_loading_files
[INFO] [stdout]   15:     0x5be20ff6f9f9 - <swiftide_docker_executor[741cb097a3488315]::tests::test_loading_files::{closure#0} as core[df12db4294e9bfd3]::ops::function::FnOnce<()>>::call_once
[INFO] [stdout]   16:     0x5be210027f6b - test[9d35eded1c95d3be]::__rust_begin_short_backtrace::<core[df12db4294e9bfd3]::result::Result<(), alloc[2182bb758b4b3781]::string::String>, fn() -> core[df12db4294e9bfd3]::result::Result<(), alloc[2182bb758b4b3781]::string::String>>
[INFO] [stdout]   17:     0x5be2100355d5 - test[9d35eded1c95d3be]::run_test::{closure#0}
[INFO] [stdout]   18:     0x5be21002ee94 - std[70759c8f55707aa4]::sys::backtrace::__rust_begin_short_backtrace::<test[9d35eded1c95d3be]::run_test::{closure#1}, ()>
[INFO] [stdout]   19:     0x5be210038732 - <std[70759c8f55707aa4]::thread::lifecycle::spawn_unchecked<test[9d35eded1c95d3be]::run_test::{closure#1}, ()>::{closure#1} as core[df12db4294e9bfd3]::ops::function::FnOnce<()>>::call_once::{shim:vtable#0}
[INFO] [stdout]   20:     0x5be2102aa7f9 - <std[70759c8f55707aa4]::sys::thread::unix::Thread>::new::thread_start
[INFO] [stdout]   21:     0x7d453fbd3dfa - <unknown>
[INFO] [stdout]   22:     0x7d453fc673d4 - clone
[INFO] [stdout]   23:                0x0 - <unknown>
[INFO] [stdout] 
[INFO] [stdout] ---- tests::test_run_multiline_bash_script stdout ----
[INFO] [stdout] 
[INFO] [stdout] thread 'tests::test_run_multiline_bash_script' (3771) panicked at src/tests.rs:845:10:
[INFO] [stdout] called `Result::unwrap()` on an `Err` value: Init(Init(SocketNotFoundError("/var/run/docker.sock")))
[INFO] [stdout] stack backtrace:
[INFO] [stdout]    0:     0x5be2102abb51 - <<std[70759c8f55707aa4]::sys::backtrace::BacktraceLock>::print::DisplayBacktrace as core[df12db4294e9bfd3]::fmt::Display>::fmt
[INFO] [stdout]    1:     0x5be2102c56ea - core[df12db4294e9bfd3]::fmt::write
[INFO] [stdout]    2:     0x5be2102b118c - <alloc[2182bb758b4b3781]::vec::Vec<u8> as core[df12db4294e9bfd3]::io::write::Write>::write_fmt
[INFO] [stdout]    3:     0x5be210282e96 - std[70759c8f55707aa4]::panicking::default_hook::{closure#0}
[INFO] [stdout]    4:     0x5be2102a2439 - std[70759c8f55707aa4]::panicking::default_hook
[INFO] [stdout]    5:     0x5be210034c80 - test[9d35eded1c95d3be]::test_main_inner::<test[9d35eded1c95d3be]::test_main_static::{closure#0}>::{closure#0}
[INFO] [stdout]    6:     0x5be2102a2762 - std[70759c8f55707aa4]::panicking::panic_with_hook
[INFO] [stdout]    7:     0x5be210282f42 - std[70759c8f55707aa4]::panicking::panic_handler::{closure#0}
[INFO] [stdout]    8:     0x5be21027b179 - std[70759c8f55707aa4]::sys::backtrace::__rust_end_short_backtrace::<std[70759c8f55707aa4]::panicking::panic_handler::{closure#0}, !>
[INFO] [stdout]    9:     0x5be210283edd - __rustc[8fa7c3cbc660c2b3]::rust_begin_unwind
[INFO] [stdout]   10:     0x5be2102c5ecc - core[df12db4294e9bfd3]::panicking::panic_fmt
[INFO] [stdout]   11:     0x5be2102c5ca2 - core[df12db4294e9bfd3]::result::unwrap_failed
[INFO] [stdout]   12:     0x5be20fdfa3d8 - swiftide_docker_executor[741cb097a3488315]::tests::test_run_multiline_bash_script::{closure#0}
[INFO] [stdout]   13:     0x5be20fe9c913 - <tokio[86a94a6d272c836b]::runtime::runtime::Runtime>::block_on::<core[df12db4294e9bfd3]::pin::Pin<&mut dyn core[df12db4294e9bfd3]::future::future::Future<Output = ()>>>
[INFO] [stdout]   14:     0x5be20fe0b12a - swiftide_docker_executor[741cb097a3488315]::tests::test_run_multiline_bash_script
[INFO] [stdout]   15:     0x5be20ff6fbf9 - <swiftide_docker_executor[741cb097a3488315]::tests::test_run_multiline_bash_script::{closure#0} as core[df12db4294e9bfd3]::ops::function::FnOnce<()>>::call_once
[INFO] [stdout]   16:     0x5be210027f6b - test[9d35eded1c95d3be]::__rust_begin_short_backtrace::<core[df12db4294e9bfd3]::result::Result<(), alloc[2182bb758b4b3781]::string::String>, fn() -> core[df12db4294e9bfd3]::result::Result<(), alloc[2182bb758b4b3781]::string::String>>
[INFO] [stdout]   17:     0x5be2100355d5 - test[9d35eded1c95d3be]::run_test::{closure#0}
[INFO] [stdout]   18:     0x5be21002ee94 - std[70759c8f55707aa4]::sys::backtrace::__rust_begin_short_backtrace::<test[9d35eded1c95d3be]::run_test::{closure#1}, ()>
[INFO] [stdout]   19:     0x5be210038732 - <std[70759c8f55707aa4]::thread::lifecycle::spawn_unchecked<test[9d35eded1c95d3be]::run_test::{closure#1}, ()>::{closure#1} as core[df12db4294e9bfd3]::ops::function::FnOnce<()>>::call_once::{shim:vtable#0}
[INFO] [stdout]   20:     0x5be2102aa7f9 - <std[70759c8f55707aa4]::sys::thread::unix::Thread>::new::thread_start
[INFO] [stdout]   21:     0x7d453fbd3dfa - <unknown>
[INFO] [stdout]   22:     0x7d453fc673d4 - clone
[INFO] [stdout]   23:                0x0 - <unknown>
[INFO] [stdout] 
[INFO] [stdout] ---- tests::test_regression_complicated_dockerfile stdout ----
[INFO] [stdout] 
[INFO] [stdout] thread 'tests::test_regression_complicated_dockerfile' (3765) panicked at src/tests.rs:782:10:
[INFO] [stdout] called `Result::unwrap()` on an `Err` value: Init(Init(SocketNotFoundError("/var/run/docker.sock")))
[INFO] [stdout] stack backtrace:
[INFO] [stdout]    0:     0x5be2102abb51 - <<std[70759c8f55707aa4]::sys::backtrace::BacktraceLock>::print::DisplayBacktrace as core[df12db4294e9bfd3]::fmt::Display>::fmt
[INFO] [stdout]    1:     0x5be2102c56ea - core[df12db4294e9bfd3]::fmt::write
[INFO] [stdout]    2:     0x5be2102b118c - <alloc[2182bb758b4b3781]::vec::Vec<u8> as core[df12db4294e9bfd3]::io::write::Write>::write_fmt
[INFO] [stdout]    3:     0x5be210282e96 - std[70759c8f55707aa4]::panicking::default_hook::{closure#0}
[INFO] [stdout]    4:     0x5be2102a2439 - std[70759c8f55707aa4]::panicking::default_hook
[INFO] [stdout]    5:     0x5be210034c80 - test[9d35eded1c95d3be]::test_main_inner::<test[9d35eded1c95d3be]::test_main_static::{closure#0}>::{closure#0}
[INFO] [stdout]    6:     0x5be2102a2762 - std[70759c8f55707aa4]::panicking::panic_with_hook
[INFO] [stdout]    7:     0x5be210282f42 - std[70759c8f55707aa4]::panicking::panic_handler::{closure#0}
[INFO] [stdout]    8:     0x5be21027b179 - std[70759c8f55707aa4]::sys::backtrace::__rust_end_short_backtrace::<std[70759c8f55707aa4]::panicking::panic_handler::{closure#0}, !>
[INFO] [stdout]    9:     0x5be210283edd - __rustc[8fa7c3cbc660c2b3]::rust_begin_unwind
[INFO] [stdout]   10:     0x5be2102c5ecc - core[df12db4294e9bfd3]::panicking::panic_fmt
[INFO] [stdout]   11:     0x5be2102c5ca2 - core[df12db4294e9bfd3]::result::unwrap_failed
[INFO] [stdout]   12:     0x5be20fe0029c - swiftide_docker_executor[741cb097a3488315]::tests::test_regression_complicated_dockerfile::{closure#0}
[INFO] [stdout]   13:     0x5be20fe9c913 - <tokio[86a94a6d272c836b]::runtime::runtime::Runtime>::block_on::<core[df12db4294e9bfd3]::pin::Pin<&mut dyn core[df12db4294e9bfd3]::future::future::Future<Output = ()>>>
[INFO] [stdout]   14:     0x5be20fe0b82a - swiftide_docker_executor[741cb097a3488315]::tests::test_regression_complicated_dockerfile
[INFO] [stdout]   15:     0x5be20ff6fc99 - <swiftide_docker_executor[741cb097a3488315]::tests::test_regression_complicated_dockerfile::{closure#0} as core[df12db4294e9bfd3]::ops::function::FnOnce<()>>::call_once
[INFO] [stdout]   16:     0x5be210027f6b - test[9d35eded1c95d3be]::__rust_begin_short_backtrace::<core[df12db4294e9bfd3]::result::Result<(), alloc[2182bb758b4b3781]::string::String>, fn() -> core[df12db4294e9bfd3]::result::Result<(), alloc[2182bb758b4b3781]::string::String>>
[INFO] [stdout]   17:     0x5be2100355d5 - test[9d35eded1c95d3be]::run_test::{closure#0}
[INFO] [stdout]   18:     0x5be21002ee94 - std[70759c8f55707aa4]::sys::backtrace::__rust_begin_short_backtrace::<test[9d35eded1c95d3be]::run_test::{closure#1}, ()>
[INFO] [stdout]   19:     0x5be210038732 - <std[70759c8f55707aa4]::thread::lifecycle::spawn_unchecked<test[9d35eded1c95d3be]::run_test::{closure#1}, ()>::{closure#1} as core[df12db4294e9bfd3]::ops::function::FnOnce<()>>::call_once::{shim:vtable#0}
[INFO] [stdout]   20:     0x5be2102aa7f9 - <std[70759c8f55707aa4]::sys::thread::unix::Thread>::new::thread_start
[INFO] [stdout]   21:     0x7d453fbd3dfa - <unknown>
[INFO] [stdout]   22:     0x7d453fc673d4 - clone
[INFO] [stdout]   23:                0x0 - <unknown>
[INFO] [stdout] 
[INFO] [stdout] ---- tests::test_per_command_timeout_overrides_default stdout ----
[INFO] [stdout] 
[INFO] [stdout] thread 'tests::test_per_command_timeout_overrides_default' (3716) panicked at src/tests.rs:1020:10:
[INFO] [stdout] called `Result::unwrap()` on an `Err` value: Init(Init(SocketNotFoundError("/var/run/docker.sock")))
[INFO] [stdout] stack backtrace:
[INFO] [stdout]    0:     0x5be2102abb51 - <<std[70759c8f55707aa4]::sys::backtrace::BacktraceLock>::print::DisplayBacktrace as core[df12db4294e9bfd3]::fmt::Display>::fmt
[INFO] [stdout]    1:     0x5be2102c56ea - core[df12db4294e9bfd3]::fmt::write
[INFO] [stdout]    2:     0x5be2102b118c - <alloc[2182bb758b4b3781]::vec::Vec<u8> as core[df12db4294e9bfd3]::io::write::Write>::write_fmt
[INFO] [stdout]    3:     0x5be210282e96 - std[70759c8f55707aa4]::panicking::default_hook::{closure#0}
[INFO] [stdout]    4:     0x5be2102a2439 - std[70759c8f55707aa4]::panicking::default_hook
[INFO] [stdout]    5:     0x5be210034c80 - test[9d35eded1c95d3be]::test_main_inner::<test[9d35eded1c95d3be]::test_main_static::{closure#0}>::{closure#0}
[INFO] [stdout]    6:     0x5be2102a2762 - std[70759c8f55707aa4]::panicking::panic_with_hook
[INFO] [stdout]    7:     0x5be210282f42 - std[70759c8f55707aa4]::panicking::panic_handler::{closure#0}
[INFO] [stdout]    8:     0x5be21027b179 - std[70759c8f55707aa4]::sys::backtrace::__rust_end_short_backtrace::<std[70759c8f55707aa4]::panicking::panic_handler::{closure#0}, !>
[INFO] [stdout]    9:     0x5be210283edd - __rustc[8fa7c3cbc660c2b3]::rust_begin_unwind
[INFO] [stdout]   10:     0x5be2102c5ecc - core[df12db4294e9bfd3]::panicking::panic_fmt
[INFO] [stdout]   11:     0x5be2102c5ca2 - core[df12db4294e9bfd3]::result::unwrap_failed
[INFO] [stdout]   12:     0x5be20fe05045 - swiftide_docker_executor[741cb097a3488315]::tests::test_per_command_timeout_overrides_default::{closure#0}
[INFO] [stdout]   13:     0x5be20fe9c913 - <tokio[86a94a6d272c836b]::runtime::runtime::Runtime>::block_on::<core[df12db4294e9bfd3]::pin::Pin<&mut dyn core[df12db4294e9bfd3]::future::future::Future<Output = ()>>>
[INFO] [stdout]   14:     0x5be20fe0bc4a - swiftide_docker_executor[741cb097a3488315]::tests::test_per_command_timeout_overrides_default
[INFO] [stdout]   15:     0x5be20ff6fcf9 - <swiftide_docker_executor[741cb097a3488315]::tests::test_per_command_timeout_overrides_default::{closure#0} as core[df12db4294e9bfd3]::ops::function::FnOnce<()>>::call_once
[INFO] [stdout]   16:     0x5be210027f6b - test[9d35eded1c95d3be]::__rust_begin_short_backtrace::<core[df12db4294e9bfd3]::result::Result<(), alloc[2182bb758b4b3781]::string::String>, fn() -> core[df12db4294e9bfd3]::result::Result<(), alloc[2182bb758b4b3781]::string::String>>
[INFO] [stdout]   17:     0x5be2100355d5 - test[9d35eded1c95d3be]::run_test::{closure#0}
[INFO] [stdout]   18:     0x5be21002ee94 - std[70759c8f55707aa4]::sys::backtrace::__rust_begin_short_backtrace::<test[9d35eded1c95d3be]::run_test::{closure#1}, ()>
[INFO] [stdout]   19:     0x5be210038732 - <std[70759c8f55707aa4]::thread::lifecycle::spawn_unchecked<test[9d35eded1c95d3be]::run_test::{closure#1}, ()>::{closure#1} as core[df12db4294e9bfd3]::ops::function::FnOnce<()>>::call_once::{shim:vtable#0}
[INFO] [stdout]   20:     0x5be2102aa7f9 - <std[70759c8f55707aa4]::sys::thread::unix::Thread>::new::thread_start
[INFO] [stdout]   21:     0x7d453fbd3dfa - <unknown>
[INFO] [stdout]   22:     0x7d453fc673d4 - clone
[INFO] [stdout]   23:                0x0 - <unknown>
[INFO] [stdout] 
[INFO] [stdout] ---- tests::test_run_python_script stdout ----
[INFO] [stdout] 
[INFO] [stdout] thread 'tests::test_run_python_script' (3793) panicked at src/tests.rs:871:10:
[INFO] [stdout] called `Result::unwrap()` on an `Err` value: Init(Init(SocketNotFoundError("/var/run/docker.sock")))
[INFO] [stdout] stack backtrace:
[INFO] [stdout]    0:     0x5be2102abb51 - <<std[70759c8f55707aa4]::sys::backtrace::BacktraceLock>::print::DisplayBacktrace as core[df12db4294e9bfd3]::fmt::Display>::fmt
[INFO] [stdout]    1:     0x5be2102c56ea - core[df12db4294e9bfd3]::fmt::write
[INFO] [stdout]    2:     0x5be2102b118c - <alloc[2182bb758b4b3781]::vec::Vec<u8> as core[df12db4294e9bfd3]::io::write::Write>::write_fmt
[INFO] [stdout]    3:     0x5be210282e96 - std[70759c8f55707aa4]::panicking::default_hook::{closure#0}
[INFO] [stdout]    4:     0x5be2102a2439 - std[70759c8f55707aa4]::panicking::default_hook
[INFO] [stdout]    5:     0x5be210034c80 - test[9d35eded1c95d3be]::test_main_inner::<test[9d35eded1c95d3be]::test_main_static::{closure#0}>::{closure#0}
[INFO] [stdout]    6:     0x5be2102a2762 - std[70759c8f55707aa4]::panicking::panic_with_hook
[INFO] [stdout]    7:     0x5be210282f42 - std[70759c8f55707aa4]::panicking::panic_handler::{closure#0}
[INFO] [stdout]    8:     0x5be21027b179 - std[70759c8f55707aa4]::sys::backtrace::__rust_end_short_backtrace::<std[70759c8f55707aa4]::panicking::panic_handler::{closure#0}, !>
[INFO] [stdout]    9:     0x5be210283edd - __rustc[8fa7c3cbc660c2b3]::rust_begin_unwind
[INFO] [stdout]   10:     0x5be2102c5ecc - core[df12db4294e9bfd3]::panicking::panic_fmt
[INFO] [stdout]   11:     0x5be2102c5ca2 - core[df12db4294e9bfd3]::result::unwrap_failed
[INFO] [stdout]   12:     0x5be20fdecd19 - swiftide_docker_executor[741cb097a3488315]::tests::test_run_python_script::{closure#0}
[INFO] [stdout]   13:     0x5be20fe9c913 - <tokio[86a94a6d272c836b]::runtime::runtime::Runtime>::block_on::<core[df12db4294e9bfd3]::pin::Pin<&mut dyn core[df12db4294e9bfd3]::future::future::Future<Output = ()>>>
[INFO] [stdout]   14:     0x5be20fe0a36a - swiftide_docker_executor[741cb097a3488315]::tests::test_run_python_script
[INFO] [stdout]   15:     0x5be20ff6fab9 - <swiftide_docker_executor[741cb097a3488315]::tests::test_run_python_script::{closure#0} as core[df12db4294e9bfd3]::ops::function::FnOnce<()>>::call_once
[INFO] [stdout]   16:     0x5be210027f6b - test[9d35eded1c95d3be]::__rust_begin_short_backtrace::<core[df12db4294e9bfd3]::result::Result<(), alloc[2182bb758b4b3781]::string::String>, fn() -> core[df12db4294e9bfd3]::result::Result<(), alloc[2182bb758b4b3781]::string::String>>
[INFO] [stdout]   17:     0x5be2100355d5 - test[9d35eded1c95d3be]::run_test::{closure#0}
[INFO] [stdout]   18:     0x5be21002ee94 - std[70759c8f55707aa4]::sys::backtrace::__rust_begin_short_backtrace::<test[9d35eded1c95d3be]::run_test::{closure#1}, ()>
[INFO] [stdout]   19:     0x5be210038732 - <std[70759c8f55707aa4]::thread::lifecycle::spawn_unchecked<test[9d35eded1c95d3be]::run_test::{closure#1}, ()>::{closure#1} as core[df12db4294e9bfd3]::ops::function::FnOnce<()>>::call_once::{shim:vtable#0}
[INFO] [stdout]   20:     0x5be2102aa7f9 - <std[70759c8f55707aa4]::sys::thread::unix::Thread>::new::thread_start
[INFO] [stdout]   21:     0x7d453fbd3dfa - <unknown>
[INFO] [stdout]   22:     0x7d453fc673d4 - clone
[INFO] [stdout]   23:                0x0 - <unknown>
[INFO] [stdout] 
[INFO] [stdout] ---- tests::test_existing_image_no_context stdout ----
[INFO] [stdout] 
[INFO] [stdout] thread 'tests::test_existing_image_no_context' (3640) panicked at src/tests.rs:794:10:
[INFO] [stdout] called `Result::unwrap()` on an `Err` value: Init(Init(SocketNotFoundError("/var/run/docker.sock")))
[INFO] [stdout] stack backtrace:
[INFO] [stdout]    0:     0x5be2102abb51 - <<std[70759c8f55707aa4]::sys::backtrace::BacktraceLock>::print::DisplayBacktrace as core[df12db4294e9bfd3]::fmt::Display>::fmt
[INFO] [stdout]    1:     0x5be2102c56ea - core[df12db4294e9bfd3]::fmt::write
[INFO] [stdout]    2:     0x5be2102b118c - <alloc[2182bb758b4b3781]::vec::Vec<u8> as core[df12db4294e9bfd3]::io::write::Write>::write_fmt
[INFO] [stdout]    3:     0x5be210282e96 - std[70759c8f55707aa4]::panicking::default_hook::{closure#0}
[INFO] [stdout]    4:     0x5be2102a2439 - std[70759c8f55707aa4]::panicking::default_hook
[INFO] [stdout]    5:     0x5be210034c80 - test[9d35eded1c95d3be]::test_main_inner::<test[9d35eded1c95d3be]::test_main_static::{closure#0}>::{closure#0}
[INFO] [stdout]    6:     0x5be2102a2762 - std[70759c8f55707aa4]::panicking::panic_with_hook
[INFO] [stdout]    7:     0x5be210282f42 - std[70759c8f55707aa4]::panicking::panic_handler::{closure#0}
[INFO] [stdout]    8:     0x5be21027b179 - std[70759c8f55707aa4]::sys::backtrace::__rust_end_short_backtrace::<std[70759c8f55707aa4]::panicking::panic_handler::{closure#0}, !>
[INFO] [stdout]    9:     0x5be210283edd - __rustc[8fa7c3cbc660c2b3]::rust_begin_unwind
[INFO] [stdout]   10:     0x5be2102c5ecc - core[df12db4294e9bfd3]::panicking::panic_fmt
[INFO] [stdout]   11:     0x5be2102c5ca2 - core[df12db4294e9bfd3]::result::unwrap_failed
[INFO] [stdout]   12:     0x5be20fdf95df - swiftide_docker_executor[741cb097a3488315]::tests::test_existing_image_no_context::{closure#0}
[INFO] [stdout]   13:     0x5be20fe9c913 - <tokio[86a94a6d272c836b]::runtime::runtime::Runtime>::block_on::<core[df12db4294e9bfd3]::pin::Pin<&mut dyn core[df12db4294e9bfd3]::future::future::Future<Output = ()>>>
[INFO] [stdout]   14:     0x5be20fe0afca - swiftide_docker_executor[741cb097a3488315]::tests::test_existing_image_no_context
[INFO] [stdout]   15:     0x5be20ff6fbd9 - <swiftide_docker_executor[741cb097a3488315]::tests::test_existing_image_no_context::{closure#0} as core[df12db4294e9bfd3]::ops::function::FnOnce<()>>::call_once
[INFO] [stdout]   16:     0x5be210027f6b - test[9d35eded1c95d3be]::__rust_begin_short_backtrace::<core[df12db4294e9bfd3]::result::Result<(), alloc[2182bb758b4b3781]::string::String>, fn() -> core[df12db4294e9bfd3]::result::Result<(), alloc[2182bb758b4b3781]::string::String>>
[INFO] [stdout]   17:     0x5be2100355d5 - test[9d35eded1c95d3be]::run_test::{closure#0}
[INFO] [stdout]   18:     0x5be21002ee94 - std[70759c8f55707aa4]::sys::backtrace::__rust_begin_short_backtrace::<test[9d35eded1c95d3be]::run_test::{closure#1}, ()>
[INFO] [stdout]   19:     0x5be210038732 - <std[70759c8f55707aa4]::thread::lifecycle::spawn_unchecked<test[9d35eded1c95d3be]::run_test::{closure#1}, ()>::{closure#1} as core[df12db4294e9bfd3]::ops::function::FnOnce<()>>::call_once::{shim:vtable#0}
[INFO] [stdout]   20:     0x5be2102aa7f9 - <std[70759c8f55707aa4]::sys::thread::unix::Thread>::new::thread_start
[INFO] [stdout]   21:     0x7d453fbd3dfa - <unknown>
[INFO] [stdout]   22:     0x7d453fc673d4 - clone
[INFO] [stdout]   23:                0x0 - <unknown>
[INFO] [stdout] 
[INFO] [stdout] ---- tests::test_invalid_dockerfile stdout ----
[INFO] [stdout] 
[INFO] [stdout] thread 'tests::test_invalid_dockerfile' (3641) panicked at src/tests.rs:692:78:
[INFO] [stdout] called `Result::unwrap()` on an `Err` value: Os { code: 2, kind: NotFound, message: "No such file or directory" }
[INFO] [stdout] stack backtrace:
[INFO] [stdout]    0:     0x5be2102abb51 - <<std[70759c8f55707aa4]::sys::backtrace::BacktraceLock>::print::DisplayBacktrace as core[df12db4294e9bfd3]::fmt::Display>::fmt
[INFO] [stdout]    1:     0x5be2102c56ea - core[df12db4294e9bfd3]::fmt::write
[INFO] [stdout]    2:     0x5be2102b118c - <alloc[2182bb758b4b3781]::vec::Vec<u8> as core[df12db4294e9bfd3]::io::write::Write>::write_fmt
[INFO] [stdout]    3:     0x5be210282e96 - std[70759c8f55707aa4]::panicking::default_hook::{closure#0}
[INFO] [stdout]    4:     0x5be2102a2439 - std[70759c8f55707aa4]::panicking::default_hook
[INFO] [stdout]    5:     0x5be210034c80 - test[9d35eded1c95d3be]::test_main_inner::<test[9d35eded1c95d3be]::test_main_static::{closure#0}>::{closure#0}
[INFO] [stdout]    6:     0x5be2102a2762 - std[70759c8f55707aa4]::panicking::panic_with_hook
[INFO] [stdout]    7:     0x5be210282f42 - std[70759c8f55707aa4]::panicking::panic_handler::{closure#0}
[INFO] [stdout]    8:     0x5be21027b179 - std[70759c8f55707aa4]::sys::backtrace::__rust_end_short_backtrace::<std[70759c8f55707aa4]::panicking::panic_handler::{closure#0}, !>
[INFO] [stdout]    9:     0x5be210283edd - __rustc[8fa7c3cbc660c2b3]::rust_begin_unwind
[INFO] [stdout]   10:     0x5be2102c5ecc - core[df12db4294e9bfd3]::panicking::panic_fmt
[INFO] [stdout]   11:     0x5be2102c5ca2 - core[df12db4294e9bfd3]::result::unwrap_failed
[INFO] [stdout]   12:     0x5be20fdeddd9 - swiftide_docker_executor[741cb097a3488315]::tests::test_invalid_dockerfile::{closure#0}
[INFO] [stdout]   13:     0x5be20fe9c913 - <tokio[86a94a6d272c836b]::runtime::runtime::Runtime>::block_on::<core[df12db4294e9bfd3]::pin::Pin<&mut dyn core[df12db4294e9bfd3]::future::future::Future<Output = ()>>>
[INFO] [stdout]   14:     0x5be20fe0a4ca - swiftide_docker_executor[741cb097a3488315]::tests::test_invalid_dockerfile
[INFO] [stdout]   15:     0x5be20ff6fad9 - <swiftide_docker_executor[741cb097a3488315]::tests::test_invalid_dockerfile::{closure#0} as core[df12db4294e9bfd3]::ops::function::FnOnce<()>>::call_once
[INFO] [stdout]   16:     0x5be210027f6b - test[9d35eded1c95d3be]::__rust_begin_short_backtrace::<core[df12db4294e9bfd3]::result::Result<(), alloc[2182bb758b4b3781]::string::String>, fn() -> core[df12db4294e9bfd3]::result::Result<(), alloc[2182bb758b4b3781]::string::String>>
[INFO] [stdout]   17:     0x5be2100355d5 - test[9d35eded1c95d3be]::run_test::{closure#0}
[INFO] [stdout]   18:     0x5be21002ee94 - std[70759c8f55707aa4]::sys::backtrace::__rust_begin_short_backtrace::<test[9d35eded1c95d3be]::run_test::{closure#1}, ()>
[INFO] [stdout]   19:     0x5be210038732 - <std[70759c8f55707aa4]::thread::lifecycle::spawn_unchecked<test[9d35eded1c95d3be]::run_test::{closure#1}, ()>::{closure#1} as core[df12db4294e9bfd3]::ops::function::FnOnce<()>>::call_once::{shim:vtable#0}
[INFO] [stdout]   20:     0x5be2102aa7f9 - <std[70759c8f55707aa4]::sys::thread::unix::Thread>::new::thread_start
[INFO] [stdout]   21:     0x7d453fbd3dfa - <unknown>
[INFO] [stdout]   22:     0x7d453fc673d4 - clone
[INFO] [stdout]   23:                0x0 - <unknown>
[INFO] [stdout] 
[INFO] [stdout] ---- tests::test_no_clear_env stdout ----
[INFO] [stdout] 
[INFO] [stdout] thread 'tests::test_no_clear_env' (3703) panicked at src/tests.rs:920:10:
[INFO] [stdout] called `Result::unwrap()` on an `Err` value: Init(Init(SocketNotFoundError("/var/run/docker.sock")))
[INFO] [stdout] stack backtrace:
[INFO] [stdout]    0:     0x5be2102abb51 - <<std[70759c8f55707aa4]::sys::backtrace::BacktraceLock>::print::DisplayBacktrace as core[df12db4294e9bfd3]::fmt::Display>::fmt
[INFO] [stdout]    1:     0x5be2102c56ea - core[df12db4294e9bfd3]::fmt::write
[INFO] [stdout]    2:     0x5be2102b118c - <alloc[2182bb758b4b3781]::vec::Vec<u8> as core[df12db4294e9bfd3]::io::write::Write>::write_fmt
[INFO] [stdout]    3:     0x5be210282e96 - std[70759c8f55707aa4]::panicking::default_hook::{closure#0}
[INFO] [stdout]    4:     0x5be2102a2439 - std[70759c8f55707aa4]::panicking::default_hook
[INFO] [stdout]    5:     0x5be210034c80 - test[9d35eded1c95d3be]::test_main_inner::<test[9d35eded1c95d3be]::test_main_static::{closure#0}>::{closure#0}
[INFO] [stdout]    6:     0x5be2102a2762 - std[70759c8f55707aa4]::panicking::panic_with_hook
[INFO] [stdout]    7:     0x5be210282f42 - std[70759c8f55707aa4]::panicking::panic_handler::{closure#0}
[INFO] [stdout]    8:     0x5be21027b179 - std[70759c8f55707aa4]::sys::backtrace::__rust_end_short_backtrace::<std[70759c8f55707aa4]::panicking::panic_handler::{closure#0}, !>
[INFO] [stdout]    9:     0x5be210283edd - __rustc[8fa7c3cbc660c2b3]::rust_begin_unwind
[INFO] [stdout]   10:     0x5be2102c5ecc - core[df12db4294e9bfd3]::panicking::panic_fmt
[INFO] [stdout]   11:     0x5be2102c5ca2 - core[df12db4294e9bfd3]::result::unwrap_failed
[INFO] [stdout]   12:     0x5be20fde440e - swiftide_docker_executor[741cb097a3488315]::tests::test_no_clear_env::{closure#0}
[INFO] [stdout]   13:     0x5be20fe9c913 - <tokio[86a94a6d272c836b]::runtime::runtime::Runtime>::block_on::<core[df12db4294e9bfd3]::pin::Pin<&mut dyn core[df12db4294e9bfd3]::future::future::Future<Output = ()>>>
[INFO] [stdout]   14:     0x5be20fe099ca - swiftide_docker_executor[741cb097a3488315]::tests::test_no_clear_env
[INFO] [stdout]   15:     0x5be20ff6f9d9 - <swiftide_docker_executor[741cb097a3488315]::tests::test_no_clear_env::{closure#0} as core[df12db4294e9bfd3]::ops::function::FnOnce<()>>::call_once
[INFO] [stdout]   16:     0x5be210027f6b - test[9d35eded1c95d3be]::__rust_begin_short_backtrace::<core[df12db4294e9bfd3]::result::Result<(), alloc[2182bb758b4b3781]::string::String>, fn() -> core[df12db4294e9bfd3]::result::Result<(), alloc[2182bb758b4b3781]::string::String>>
[INFO] [stdout]   17:     0x5be2100355d5 - test[9d35eded1c95d3be]::run_test::{closure#0}
[INFO] [stdout]   18:     0x5be21002ee94 - std[70759c8f55707aa4]::sys::backtrace::__rust_begin_short_backtrace::<test[9d35eded1c95d3be]::run_test::{closure#1}, ()>
[INFO] [stdout]   19:     0x5be210038732 - <std[70759c8f55707aa4]::thread::lifecycle::spawn_unchecked<test[9d35eded1c95d3be]::run_test::{closure#1}, ()>::{closure#1} as core[df12db4294e9bfd3]::ops::function::FnOnce<()>>::call_once::{shim:vtable#0}
[INFO] [stdout]   20:     0x5be2102aa7f9 - <std[70759c8f55707aa4]::sys::thread::unix::Thread>::new::thread_start
[INFO] [stdout]   21:     0x7d453fbd3dfa - <unknown>
[INFO] [stdout]   22:     0x7d453fc673d4 - clone
[INFO] [stdout]   23:                0x0 - <unknown>
[INFO] [stdout] 
[INFO] [stdout] ---- tests::test_shell_reads_etc_profile stdout ----
[INFO] [stdout] 
[INFO] [stdout] thread 'tests::test_shell_reads_etc_profile' (3906) panicked at src/tests.rs:72:10:
[INFO] [stdout] called `Result::unwrap()` on an `Err` value: Init(Init(SocketNotFoundError("/var/run/docker.sock")))
[INFO] [stdout] stack backtrace:
[INFO] [stdout]    0:     0x5be2102abb51 - <<std[70759c8f55707aa4]::sys::backtrace::BacktraceLock>::print::DisplayBacktrace as core[df12db4294e9bfd3]::fmt::Display>::fmt
[INFO] [stdout]    1:     0x5be2102c56ea - core[df12db4294e9bfd3]::fmt::write
[INFO] [stdout]    2:     0x5be2102b118c - <alloc[2182bb758b4b3781]::vec::Vec<u8> as core[df12db4294e9bfd3]::io::write::Write>::write_fmt
[INFO] [stdout]    3:     0x5be210282e96 - std[70759c8f55707aa4]::panicking::default_hook::{closure#0}
[INFO] [stdout]    4:     0x5be2102a2439 - std[70759c8f55707aa4]::panicking::default_hook
[INFO] [stdout]    5:     0x5be210034c80 - test[9d35eded1c95d3be]::test_main_inner::<test[9d35eded1c95d3be]::test_main_static::{closure#0}>::{closure#0}
[INFO] [stdout]    6:     0x5be2102a2762 - std[70759c8f55707aa4]::panicking::panic_with_hook
[INFO] [stdout]    7:     0x5be210282f42 - std[70759c8f55707aa4]::panicking::panic_handler::{closure#0}
[INFO] [stdout]    8:     0x5be21027b179 - std[70759c8f55707aa4]::sys::backtrace::__rust_end_short_backtrace::<std[70759c8f55707aa4]::panicking::panic_handler::{closure#0}, !>
[INFO] [stdout]    9:     0x5be210283edd - __rustc[8fa7c3cbc660c2b3]::rust_begin_unwind
[INFO] [stdout]   10:     0x5be2102c5ecc - core[df12db4294e9bfd3]::panicking::panic_fmt
[INFO] [stdout]   11:     0x5be2102c5ca2 - core[df12db4294e9bfd3]::result::unwrap_failed
[INFO] [stdout]   12:     0x5be20fdf5b5f - swiftide_docker_executor[741cb097a3488315]::tests::test_shell_reads_etc_profile::{closure#0}
[INFO] [stdout]   13:     0x5be20fe9c913 - <tokio[86a94a6d272c836b]::runtime::runtime::Runtime>::block_on::<core[df12db4294e9bfd3]::pin::Pin<&mut dyn core[df12db4294e9bfd3]::future::future::Future<Output = ()>>>
[INFO] [stdout]   14:     0x5be20fe0abaa - swiftide_docker_executor[741cb097a3488315]::tests::test_shell_reads_etc_profile
[INFO] [stdout]   15:     0x5be20ff6fb79 - <swiftide_docker_executor[741cb097a3488315]::tests::test_shell_reads_etc_profile::{closure#0} as core[df12db4294e9bfd3]::ops::function::FnOnce<()>>::call_once
[INFO] [stdout]   16:     0x5be210027f6b - test[9d35eded1c95d3be]::__rust_begin_short_backtrace::<core[df12db4294e9bfd3]::result::Result<(), alloc[2182bb758b4b3781]::string::String>, fn() -> core[df12db4294e9bfd3]::result::Result<(), alloc[2182bb758b4b3781]::string::String>>
[INFO] [stdout]   17:     0x5be2100355d5 - test[9d35eded1c95d3be]::run_test::{closure#0}
[INFO] [stdout]   18:     0x5be21002ee94 - std[70759c8f55707aa4]::sys::backtrace::__rust_begin_short_backtrace::<test[9d35eded1c95d3be]::run_test::{closure#1}, ()>
[INFO] [stdout]   19:     0x5be210038732 - <std[70759c8f55707aa4]::thread::lifecycle::spawn_unchecked<test[9d35eded1c95d3be]::run_test::{closure#1}, ()>::{closure#1} as core[df12db4294e9bfd3]::ops::function::FnOnce<()>>::call_once::{shim:vtable#0}
[INFO] [stdout]   20:     0x5be2102aa7f9 - <std[70759c8f55707aa4]::sys::thread::unix::Thread>::new::thread_start
[INFO] [stdout]   21:     0x7d453fbd3dfa - <unknown>
[INFO] [stdout]   22:     0x7d453fc673d4 - clone
[INFO] [stdout]   23:                0x0 - <unknown>
[INFO] [stdout] 
[INFO] [stdout] ---- tests::test_nullifies_entrypoint stdout ----
[INFO] [stdout] 
[INFO] [stdout] thread 'tests::test_nullifies_entrypoint' (3705) panicked at src/tests.rs:646:78:
[INFO] [stdout] called `Result::unwrap()` on an `Err` value: Os { code: 2, kind: NotFound, message: "No such file or directory" }
[INFO] [stdout] stack backtrace:
[INFO] [stdout]    0:     0x5be2102abb51 - <<std[70759c8f55707aa4]::sys::backtrace::BacktraceLock>::print::DisplayBacktrace as core[df12db4294e9bfd3]::fmt::Display>::fmt
[INFO] [stdout]    1:     0x5be2102c56ea - core[df12db4294e9bfd3]::fmt::write
[INFO] [stdout]    2:     0x5be2102b118c - <alloc[2182bb758b4b3781]::vec::Vec<u8> as core[df12db4294e9bfd3]::io::write::Write>::write_fmt
[INFO] [stdout]    3:     0x5be210282e96 - std[70759c8f55707aa4]::panicking::default_hook::{closure#0}
[INFO] [stdout]    4:     0x5be2102a2439 - std[70759c8f55707aa4]::panicking::default_hook
[INFO] [stdout]    5:     0x5be210034c80 - test[9d35eded1c95d3be]::test_main_inner::<test[9d35eded1c95d3be]::test_main_static::{closure#0}>::{closure#0}
[INFO] [stdout]    6:     0x5be2102a2762 - std[70759c8f55707aa4]::panicking::panic_with_hook
[INFO] [stdout]    7:     0x5be210282f42 - std[70759c8f55707aa4]::panicking::panic_handler::{closure#0}
[INFO] [stdout]    8:     0x5be21027b179 - std[70759c8f55707aa4]::sys::backtrace::__rust_end_short_backtrace::<std[70759c8f55707aa4]::panicking::panic_handler::{closure#0}, !>
[INFO] [stdout]    9:     0x5be210283edd - __rustc[8fa7c3cbc660c2b3]::rust_begin_unwind
[INFO] [stdout]   10:     0x5be2102c5ecc - core[df12db4294e9bfd3]::panicking::panic_fmt
[INFO] [stdout]   11:     0x5be2102c5ca2 - core[df12db4294e9bfd3]::result::unwrap_failed
[INFO] [stdout]   12:     0x5be20fdef241 - swiftide_docker_executor[741cb097a3488315]::tests::test_nullifies_entrypoint::{closure#0}
[INFO] [stdout]   13:     0x5be20fe9c913 - <tokio[86a94a6d272c836b]::runtime::runtime::Runtime>::block_on::<core[df12db4294e9bfd3]::pin::Pin<&mut dyn core[df12db4294e9bfd3]::future::future::Future<Output = ()>>>
[INFO] [stdout]   14:     0x5be20fe0a62a - swiftide_docker_executor[741cb097a3488315]::tests::test_nullifies_entrypoint
[INFO] [stdout]   15:     0x5be20ff6faf9 - <swiftide_docker_executor[741cb097a3488315]::tests::test_nullifies_entrypoint::{closure#0} as core[df12db4294e9bfd3]::ops::function::FnOnce<()>>::call_once
[INFO] [stdout]   16:     0x5be210027f6b - test[9d35eded1c95d3be]::__rust_begin_short_backtrace::<core[df12db4294e9bfd3]::result::Result<(), alloc[2182bb758b4b3781]::string::String>, fn() -> core[df12db4294e9bfd3]::result::Result<(), alloc[2182bb758b4b3781]::string::String>>
[INFO] [stdout]   17:     0x5be2100355d5 - test[9d35eded1c95d3be]::run_test::{closure#0}
[INFO] [stdout]   18:     0x5be21002ee94 - std[70759c8f55707aa4]::sys::backtrace::__rust_begin_short_backtrace::<test[9d35eded1c95d3be]::run_test::{closure#1}, ()>
[INFO] [stdout]   19:     0x5be210038732 - <std[70759c8f55707aa4]::thread::lifecycle::spawn_unchecked<test[9d35eded1c95d3be]::run_test::{closure#1}, ()>::{closure#1} as core[df12db4294e9bfd3]::ops::function::FnOnce<()>>::call_once::{shim:vtable#0}
[INFO] [stdout]   20:     0x5be2102aa7f9 - <std[70759c8f55707aa4]::sys::thread::unix::Thread>::new::thread_start
[INFO] [stdout]   21:     0x7d453fbd3dfa - <unknown>
[INFO] [stdout]   22:     0x7d453fc673d4 - clone
[INFO] [stdout]   23:                0x0 - <unknown>
[INFO] [stdout] 
[INFO] [stdout] ---- tests::test_write_and_read_file_with_quotes stdout ----
[INFO] [stdout] 
[INFO] [stdout] thread 'tests::test_write_and_read_file_with_quotes' (3957) panicked at src/tests.rs:336:10:
[INFO] [stdout] called `Result::unwrap()` on an `Err` value: Init(Init(SocketNotFoundError("/var/run/docker.sock")))
[INFO] [stdout] stack backtrace:
[INFO] [stderr] error: test failed, to rerun pass `--lib`
[INFO] [stdout]    0:     0x5be2102abb51 - <<std[70759c8f55707aa4]::sys::backtrace::BacktraceLock>::print::DisplayBacktrace as core[df12db4294e9bfd3]::fmt::Display>::fmt
[INFO] [stdout]    1:     0x5be2102c56ea - core[df12db4294e9bfd3]::fmt::write
[INFO] [stdout]    2:     0x5be2102b118c - <alloc[2182bb758b4b3781]::vec::Vec<u8> as core[df12db4294e9bfd3]::io::write::Write>::write_fmt
[INFO] [stdout]    3:     0x5be210282e96 - std[70759c8f55707aa4]::panicking::default_hook::{closure#0}
[INFO] [stdout]    4:     0x5be2102a2439 - std[70759c8f55707aa4]::panicking::default_hook
[INFO] [stdout]    5:     0x5be210034c80 - test[9d35eded1c95d3be]::test_main_inner::<test[9d35eded1c95d3be]::test_main_static::{closure#0}>::{closure#0}
[INFO] [stdout]    6:     0x5be2102a2762 - std[70759c8f55707aa4]::panicking::panic_with_hook
[INFO] [stdout]    7:     0x5be210282f42 - std[70759c8f55707aa4]::panicking::panic_handler::{closure#0}
[INFO] [stdout]    8:     0x5be21027b179 - std[70759c8f55707aa4]::sys::backtrace::__rust_end_short_backtrace::<std[70759c8f55707aa4]::panicking::panic_handler::{closure#0}, !>
[INFO] [stdout]    9:     0x5be210283edd - __rustc[8fa7c3cbc660c2b3]::rust_begin_unwind
[INFO] [stdout]   10:     0x5be2102c5ecc - core[df12db4294e9bfd3]::panicking::panic_fmt
[INFO] [stdout]   11:     0x5be2102c5ca2 - core[df12db4294e9bfd3]::result::unwrap_failed
[INFO] [stdout]   12:     0x5be20fdfdc93 - swiftide_docker_executor[741cb097a3488315]::tests::test_write_and_read_file_with_quotes::{closure#0}
[INFO] [stdout]   13:     0x5be20fe9c913 - <tokio[86a94a6d272c836b]::runtime::runtime::Runtime>::block_on::<core[df12db4294e9bfd3]::pin::Pin<&mut dyn core[df12db4294e9bfd3]::future::future::Future<Output = ()>>>
[INFO] [stdout]   14:     0x5be20fe0b55a - swiftide_docker_executor[741cb097a3488315]::tests::test_write_and_read_file_with_quotes
[INFO] [stdout]   15:     0x5be20ff6fc59 - <swiftide_docker_executor[741cb097a3488315]::tests::test_write_and_read_file_with_quotes::{closure#0} as core[df12db4294e9bfd3]::ops::function::FnOnce<()>>::call_once
[INFO] [stdout]   16:     0x5be210027f6b - test[9d35eded1c95d3be]::__rust_begin_short_backtrace::<core[df12db4294e9bfd3]::result::Result<(), alloc[2182bb758b4b3781]::string::String>, fn() -> core[df12db4294e9bfd3]::result::Result<(), alloc[2182bb758b4b3781]::string::String>>
[INFO] [stdout]   17:     0x5be2100355d5 - test[9d35eded1c95d3be]::run_test::{closure#0}
[INFO] [stdout]   18:     0x5be21002ee94 - std[70759c8f55707aa4]::sys::backtrace::__rust_begin_short_backtrace::<test[9d35eded1c95d3be]::run_test::{closure#1}, ()>
[INFO] [stdout]   19:     0x5be210038732 - <std[70759c8f55707aa4]::thread::lifecycle::spawn_unchecked<test[9d35eded1c95d3be]::run_test::{closure#1}, ()>::{closure#1} as core[df12db4294e9bfd3]::ops::function::FnOnce<()>>::call_once::{shim:vtable#0}
[INFO] [stdout]   20:     0x5be2102aa7f9 - <std[70759c8f55707aa4]::sys::thread::unix::Thread>::new::thread_start
[INFO] [stdout]   21:     0x7d453fbd3dfa - <unknown>
[INFO] [stdout]   22:     0x7d453fc673d4 - clone
[INFO] [stdout]   23:                0x0 - <unknown>
[INFO] [stdout] 
[INFO] [stdout] ---- tests::test_default_timeout_triggers stdout ----
[INFO] [stdout] 
[INFO] [stdout] thread 'tests::test_default_timeout_triggers' (3637) panicked at src/tests.rs:995:10:
[INFO] [stdout] called `Result::unwrap()` on an `Err` value: Init(Init(SocketNotFoundError("/var/run/docker.sock")))
[INFO] [stdout] stack backtrace:
[INFO] [stdout]    0:     0x5be2102abb51 - <<std[70759c8f55707aa4]::sys::backtrace::BacktraceLock>::print::DisplayBacktrace as core[df12db4294e9bfd3]::fmt::Display>::fmt
[INFO] [stdout]    1:     0x5be2102c56ea - core[df12db4294e9bfd3]::fmt::write
[INFO] [stdout]    2:     0x5be2102b118c - <alloc[2182bb758b4b3781]::vec::Vec<u8> as core[df12db4294e9bfd3]::io::write::Write>::write_fmt
[INFO] [stdout]    3:     0x5be210282e96 - std[70759c8f55707aa4]::panicking::default_hook::{closure#0}
[INFO] [stdout]    4:     0x5be2102a2439 - std[70759c8f55707aa4]::panicking::default_hook
[INFO] [stdout]    5:     0x5be210034c80 - test[9d35eded1c95d3be]::test_main_inner::<test[9d35eded1c95d3be]::test_main_static::{closure#0}>::{closure#0}
[INFO] [stdout]    6:     0x5be2102a2762 - std[70759c8f55707aa4]::panicking::panic_with_hook
[INFO] [stdout]    7:     0x5be210282f42 - std[70759c8f55707aa4]::panicking::panic_handler::{closure#0}
[INFO] [stdout]    8:     0x5be21027b179 - std[70759c8f55707aa4]::sys::backtrace::__rust_end_short_backtrace::<std[70759c8f55707aa4]::panicking::panic_handler::{closure#0}, !>
[INFO] [stdout]    9:     0x5be210283edd - __rustc[8fa7c3cbc660c2b3]::rust_begin_unwind
[INFO] [stdout]   10:     0x5be2102c5ecc - core[df12db4294e9bfd3]::panicking::panic_fmt
[INFO] [stdout]   11:     0x5be2102c5ca2 - core[df12db4294e9bfd3]::result::unwrap_failed
[INFO] [stdout]   12:     0x5be20fdf6b69 - swiftide_docker_executor[741cb097a3488315]::tests::test_default_timeout_triggers::{closure#0}
[INFO] [stdout]   13:     0x5be20fe9c913 - <tokio[86a94a6d272c836b]::runtime::runtime::Runtime>::block_on::<core[df12db4294e9bfd3]::pin::Pin<&mut dyn core[df12db4294e9bfd3]::future::future::Future<Output = ()>>>
[INFO] [stdout]   14:     0x5be20fe0ad0a - swiftide_docker_executor[741cb097a3488315]::tests::test_default_timeout_triggers
[INFO] [stdout]   15:     0x5be20ff6fb99 - <swiftide_docker_executor[741cb097a3488315]::tests::test_default_timeout_triggers::{closure#0} as core[df12db4294e9bfd3]::ops::function::FnOnce<()>>::call_once
[INFO] [stdout]   16:     0x5be210027f6b - test[9d35eded1c95d3be]::__rust_begin_short_backtrace::<core[df12db4294e9bfd3]::result::Result<(), alloc[2182bb758b4b3781]::string::String>, fn() -> core[df12db4294e9bfd3]::result::Result<(), alloc[2182bb758b4b3781]::string::String>>
[INFO] [stdout]   17:     0x5be2100355d5 - test[9d35eded1c95d3be]::run_test::{closure#0}
[INFO] [stdout]   18:     0x5be21002ee94 - std[70759c8f55707aa4]::sys::backtrace::__rust_begin_short_backtrace::<test[9d35eded1c95d3be]::run_test::{closure#1}, ()>
[INFO] [stdout]   19:     0x5be210038732 - <std[70759c8f55707aa4]::thread::lifecycle::spawn_unchecked<test[9d35eded1c95d3be]::run_test::{closure#1}, ()>::{closure#1} as core[df12db4294e9bfd3]::ops::function::FnOnce<()>>::call_once::{shim:vtable#0}
[INFO] [stdout]   20:     0x5be2102aa7f9 - <std[70759c8f55707aa4]::sys::thread::unix::Thread>::new::thread_start
[INFO] [stdout]   21:     0x7d453fbd3dfa - <unknown>
[INFO] [stdout]   22:     0x7d453fc673d4 - clone
[INFO] [stdout]   23:                0x0 - <unknown>
[INFO] [stdout] 
[INFO] [stdout] ---- tests::test_assert_container_stopped_on_drop stdout ----
[INFO] [stdout] 
[INFO] [stdout] thread 'tests::test_assert_container_stopped_on_drop' (3461) panicked at src/tests.rs:398:10:
[INFO] [stdout] called `Result::unwrap()` on an `Err` value: Init(Init(SocketNotFoundError("/var/run/docker.sock")))
[INFO] [stdout] stack backtrace:
[INFO] [stdout]    0:     0x5be2102abb51 - <<std[70759c8f55707aa4]::sys::backtrace::BacktraceLock>::print::DisplayBacktrace as core[df12db4294e9bfd3]::fmt::Display>::fmt
[INFO] [stdout]    1:     0x5be2102c56ea - core[df12db4294e9bfd3]::fmt::write
[INFO] [stdout]    2:     0x5be2102b118c - <alloc[2182bb758b4b3781]::vec::Vec<u8> as core[df12db4294e9bfd3]::io::write::Write>::write_fmt
[INFO] [stdout]    3:     0x5be210282e96 - std[70759c8f55707aa4]::panicking::default_hook::{closure#0}
[INFO] [stdout]    4:     0x5be2102a2439 - std[70759c8f55707aa4]::panicking::default_hook
[INFO] [stdout]    5:     0x5be210034c80 - test[9d35eded1c95d3be]::test_main_inner::<test[9d35eded1c95d3be]::test_main_static::{closure#0}>::{closure#0}
[INFO] [stdout]    6:     0x5be2102a2762 - std[70759c8f55707aa4]::panicking::panic_with_hook
[INFO] [stdout]    7:     0x5be210282f42 - std[70759c8f55707aa4]::panicking::panic_handler::{closure#0}
[INFO] [stdout]    8:     0x5be21027b179 - std[70759c8f55707aa4]::sys::backtrace::__rust_end_short_backtrace::<std[70759c8f55707aa4]::panicking::panic_handler::{closure#0}, !>
[INFO] [stdout]    9:     0x5be210283edd - __rustc[8fa7c3cbc660c2b3]::rust_begin_unwind
[INFO] [stdout]   10:     0x5be2102c5ecc - core[df12db4294e9bfd3]::panicking::panic_fmt
[INFO] [stdout]   11:     0x5be2102c5ca2 - core[df12db4294e9bfd3]::result::unwrap_failed
[INFO] [stdout]   12:     0x5be20fdff24b - swiftide_docker_executor[741cb097a3488315]::tests::test_assert_container_stopped_on_drop::{closure#0}
[INFO] [stdout]   13:     0x5be20fe9c913 - <tokio[86a94a6d272c836b]::runtime::runtime::Runtime>::block_on::<core[df12db4294e9bfd3]::pin::Pin<&mut dyn core[df12db4294e9bfd3]::future::future::Future<Output = ()>>>
[INFO] [stdout]   14:     0x5be20fe0b6c9 - swiftide_docker_executor[741cb097a3488315]::tests::test_assert_container_stopped_on_drop
[INFO] [stdout]   15:     0x5be20ff6fc79 - <swiftide_docker_executor[741cb097a3488315]::tests::test_assert_container_stopped_on_drop::{closure#0} as core[df12db4294e9bfd3]::ops::function::FnOnce<()>>::call_once
[INFO] [stdout]   16:     0x5be210027f6b - test[9d35eded1c95d3be]::__rust_begin_short_backtrace::<core[df12db4294e9bfd3]::result::Result<(), alloc[2182bb758b4b3781]::string::String>, fn() -> core[df12db4294e9bfd3]::result::Result<(), alloc[2182bb758b4b3781]::string::String>>
[INFO] [stdout]   17:     0x5be2100355d5 - test[9d35eded1c95d3be]::run_test::{closure#0}
[INFO] [stdout]   18:     0x5be21002ee94 - std[70759c8f55707aa4]::sys::backtrace::__rust_begin_short_backtrace::<test[9d35eded1c95d3be]::run_test::{closure#1}, ()>
[INFO] [stdout]   19:     0x5be210038732 - <std[70759c8f55707aa4]::thread::lifecycle::spawn_unchecked<test[9d35eded1c95d3be]::run_test::{closure#1}, ()>::{closure#1} as core[df12db4294e9bfd3]::ops::function::FnOnce<()>>::call_once::{shim:vtable#0}
[INFO] [stdout]   20:     0x5be2102aa7f9 - <std[70759c8f55707aa4]::sys::thread::unix::Thread>::new::thread_start
[INFO] [stdout]   21:     0x7d453fbd3dfa - <unknown>
[INFO] [stdout]   22:     0x7d453fc673d4 - clone
[INFO] [stdout]   23:                0x0 - <unknown>
[INFO] [stdout] 
[INFO] [stdout] ---- tests::test_background_shell_command_returns_immediately stdout ----
[INFO] [stdout] 
[INFO] [stdout] thread 'tests::test_background_shell_command_returns_immediately' (3463) panicked at src/tests.rs:1117:10:
[INFO] [stdout] called `Result::unwrap()` on an `Err` value: Init(Init(SocketNotFoundError("/var/run/docker.sock")))
[INFO] [stdout] stack backtrace:
[INFO] [stdout]    0:     0x5be2102abb51 - <<std[70759c8f55707aa4]::sys::backtrace::BacktraceLock>::print::DisplayBacktrace as core[df12db4294e9bfd3]::fmt::Display>::fmt
[INFO] [stdout]    1:     0x5be2102c56ea - core[df12db4294e9bfd3]::fmt::write
[INFO] [stdout]    2:     0x5be2102b118c - <alloc[2182bb758b4b3781]::vec::Vec<u8> as core[df12db4294e9bfd3]::io::write::Write>::write_fmt
[INFO] [stdout]    3:     0x5be210282e96 - std[70759c8f55707aa4]::panicking::default_hook::{closure#0}
[INFO] [stdout]    4:     0x5be2102a2439 - std[70759c8f55707aa4]::panicking::default_hook
[INFO] [stdout]    5:     0x5be210034c80 - test[9d35eded1c95d3be]::test_main_inner::<test[9d35eded1c95d3be]::test_main_static::{closure#0}>::{closure#0}
[INFO] [stdout]    6:     0x5be2102a2762 - std[70759c8f55707aa4]::panicking::panic_with_hook
[INFO] [stdout]    7:     0x5be210282f42 - std[70759c8f55707aa4]::panicking::panic_handler::{closure#0}
[INFO] [stdout]    8:     0x5be21027b179 - std[70759c8f55707aa4]::sys::backtrace::__rust_end_short_backtrace::<std[70759c8f55707aa4]::panicking::panic_handler::{closure#0}, !>
[INFO] [stdout]    9:     0x5be210283edd - __rustc[8fa7c3cbc660c2b3]::rust_begin_unwind
[INFO] [stdout]   10:     0x5be2102c5ecc - core[df12db4294e9bfd3]::panicking::panic_fmt
[INFO] [stdout]   11:     0x5be2102c5ca2 - core[df12db4294e9bfd3]::result::unwrap_failed
[INFO] [stdout]   12:     0x5be20fe07bd7 - swiftide_docker_executor[741cb097a3488315]::tests::test_background_shell_command_returns_immediately::{closure#0}
[INFO] [stdout]   13:     0x5be20fe9c913 - <tokio[86a94a6d272c836b]::runtime::runtime::Runtime>::block_on::<core[df12db4294e9bfd3]::pin::Pin<&mut dyn core[df12db4294e9bfd3]::future::future::Future<Output = ()>>>
[INFO] [stdout]   14:     0x5be20fe0bf1a - swiftide_docker_executor[741cb097a3488315]::tests::test_background_shell_command_returns_immediately
[INFO] [stdout]   15:     0x5be20ff6fd39 - <swiftide_docker_executor[741cb097a3488315]::tests::test_background_shell_command_returns_immediately::{closure#0} as core[df12db4294e9bfd3]::ops::function::FnOnce<()>>::call_once
[INFO] [stdout]   16:     0x5be210027f6b - test[9d35eded1c95d3be]::__rust_begin_short_backtrace::<core[df12db4294e9bfd3]::result::Result<(), alloc[2182bb758b4b3781]::string::String>, fn() -> core[df12db4294e9bfd3]::result::Result<(), alloc[2182bb758b4b3781]::string::String>>
[INFO] [stdout]   17:     0x5be2100355d5 - test[9d35eded1c95d3be]::run_test::{closure#0}
[INFO] [stdout]   18:     0x5be21002ee94 - std[70759c8f55707aa4]::sys::backtrace::__rust_begin_short_backtrace::<test[9d35eded1c95d3be]::run_test::{closure#1}, ()>
[INFO] [stdout]   19:     0x5be210038732 - <std[70759c8f55707aa4]::thread::lifecycle::spawn_unchecked<test[9d35eded1c95d3be]::run_test::{closure#1}, ()>::{closure#1} as core[df12db4294e9bfd3]::ops::function::FnOnce<()>>::call_once::{shim:vtable#0}
[INFO] [stdout]   20:     0x5be2102aa7f9 - <std[70759c8f55707aa4]::sys::thread::unix::Thread>::new::thread_start
[INFO] [stdout]   21:     0x7d453fbd3dfa - <unknown>
[INFO] [stdout]   22:     0x7d453fc673d4 - clone
[INFO] [stdout]   23:                0x0 - <unknown>
[INFO] [stdout] 
[INFO] [stdout] ---- tests::test_nullifies_cmd stdout ----
[INFO] [stdout] 
[INFO] [stdout] thread 'tests::test_nullifies_cmd' (3704) panicked at src/tests.rs:615:78:
[INFO] [stdout] called `Result::unwrap()` on an `Err` value: Os { code: 2, kind: NotFound, message: "No such file or directory" }
[INFO] [stdout] stack backtrace:
[INFO] [stdout]    0:     0x5be2102abb51 - <<std[70759c8f55707aa4]::sys::backtrace::BacktraceLock>::print::DisplayBacktrace as core[df12db4294e9bfd3]::fmt::Display>::fmt
[INFO] [stdout]    1:     0x5be2102c56ea - core[df12db4294e9bfd3]::fmt::write
[INFO] [stdout]    2:     0x5be2102b118c - <alloc[2182bb758b4b3781]::vec::Vec<u8> as core[df12db4294e9bfd3]::io::write::Write>::write_fmt
[INFO] [stdout]    3:     0x5be210282e96 - std[70759c8f55707aa4]::panicking::default_hook::{closure#0}
[INFO] [stdout]    4:     0x5be2102a2439 - std[70759c8f55707aa4]::panicking::default_hook
[INFO] [stdout]    5:     0x5be210034c80 - test[9d35eded1c95d3be]::test_main_inner::<test[9d35eded1c95d3be]::test_main_static::{closure#0}>::{closure#0}
[INFO] [stdout]    6:     0x5be2102a2762 - std[70759c8f55707aa4]::panicking::panic_with_hook
[INFO] [stdout]    7:     0x5be210282f42 - std[70759c8f55707aa4]::panicking::panic_handler::{closure#0}
[INFO] [stdout]    8:     0x5be21027b179 - std[70759c8f55707aa4]::sys::backtrace::__rust_end_short_backtrace::<std[70759c8f55707aa4]::panicking::panic_handler::{closure#0}, !>
[INFO] [stdout]    9:     0x5be210283edd - __rustc[8fa7c3cbc660c2b3]::rust_begin_unwind
[INFO] [stdout]   10:     0x5be2102c5ecc - core[df12db4294e9bfd3]::panicking::panic_fmt
[INFO] [stdout]   11:     0x5be2102c5ca2 - core[df12db4294e9bfd3]::result::unwrap_failed
[INFO] [stdout]   12:     0x5be20fde6a0f - swiftide_docker_executor[741cb097a3488315]::tests::test_nullifies_cmd::{closure#0}
[INFO] [stdout]   13:     0x5be20fe9c913 - <tokio[86a94a6d272c836b]::runtime::runtime::Runtime>::block_on::<core[df12db4294e9bfd3]::pin::Pin<&mut dyn core[df12db4294e9bfd3]::future::future::Future<Output = ()>>>
[INFO] [stdout]   14:     0x5be20fe09c8a - swiftide_docker_executor[741cb097a3488315]::tests::test_nullifies_cmd
[INFO] [stdout]   15:     0x5be20ff6fa19 - <swiftide_docker_executor[741cb097a3488315]::tests::test_nullifies_cmd::{closure#0} as core[df12db4294e9bfd3]::ops::function::FnOnce<()>>::call_once
[INFO] [stdout]   16:     0x5be210027f6b - test[9d35eded1c95d3be]::__rust_begin_short_backtrace::<core[df12db4294e9bfd3]::result::Result<(), alloc[2182bb758b4b3781]::string::String>, fn() -> core[df12db4294e9bfd3]::result::Result<(), alloc[2182bb758b4b3781]::string::String>>
[INFO] [stdout]   17:     0x5be2100355d5 - test[9d35eded1c95d3be]::run_test::{closure#0}
[INFO] [stdout]   18:     0x5be21002ee94 - std[70759c8f55707aa4]::sys::backtrace::__rust_begin_short_backtrace::<test[9d35eded1c95d3be]::run_test::{closure#1}, ()>
[INFO] [stdout]   19:     0x5be210038732 - <std[70759c8f55707aa4]::thread::lifecycle::spawn_unchecked<test[9d35eded1c95d3be]::run_test::{closure#1}, ()>::{closure#1} as core[df12db4294e9bfd3]::ops::function::FnOnce<()>>::call_once::{shim:vtable#0}
[INFO] [stdout]   20:     0x5be2102aa7f9 - <std[70759c8f55707aa4]::sys::thread::unix::Thread>::new::thread_start
[INFO] [stdout]   21:     0x7d453fbd3dfa - <unknown>
[INFO] [stdout]   22:     0x7d453fc673d4 - clone
[INFO] [stdout]   23:                0x0 - <unknown>
[INFO] [stdout] 
[INFO] [stdout] ---- tests::test_logs_stream_returns_live_log_lines stdout ----
[INFO] [stdout] 
[INFO] [stdout] thread 'tests::test_logs_stream_returns_live_log_lines' (3702) panicked at src/tests.rs:1043:14:
[INFO] [stdout] called `Result::unwrap()` on an `Err` value: Init(Init(SocketNotFoundError("/var/run/docker.sock")))
[INFO] [stdout] stack backtrace:
[INFO] [stdout]    0:     0x5be2102abb51 - <<std[70759c8f55707aa4]::sys::backtrace::BacktraceLock>::print::DisplayBacktrace as core[df12db4294e9bfd3]::fmt::Display>::fmt
[INFO] [stdout]    1:     0x5be2102c56ea - core[df12db4294e9bfd3]::fmt::write
[INFO] [stdout]    2:     0x5be2102b118c - <alloc[2182bb758b4b3781]::vec::Vec<u8> as core[df12db4294e9bfd3]::io::write::Write>::write_fmt
[INFO] [stdout]    3:     0x5be210282e96 - std[70759c8f55707aa4]::panicking::default_hook::{closure#0}
[INFO] [stdout]    4:     0x5be2102a2439 - std[70759c8f55707aa4]::panicking::default_hook
[INFO] [stdout]    5:     0x5be210034c80 - test[9d35eded1c95d3be]::test_main_inner::<test[9d35eded1c95d3be]::test_main_static::{closure#0}>::{closure#0}
[INFO] [stdout]    6:     0x5be2102a2762 - std[70759c8f55707aa4]::panicking::panic_with_hook
[INFO] [stdout]    7:     0x5be210282f42 - std[70759c8f55707aa4]::panicking::panic_handler::{closure#0}
[INFO] [stdout]    8:     0x5be21027b179 - std[70759c8f55707aa4]::sys::backtrace::__rust_end_short_backtrace::<std[70759c8f55707aa4]::panicking::panic_handler::{closure#0}, !>
[INFO] [stdout]    9:     0x5be210283edd - __rustc[8fa7c3cbc660c2b3]::rust_begin_unwind
[INFO] [stdout]   10:     0x5be2102c5ecc - core[df12db4294e9bfd3]::panicking::panic_fmt
[INFO] [stdout]   11:     0x5be2102c5ca2 - core[df12db4294e9bfd3]::result::unwrap_failed
[INFO] [stdout]   12:     0x5be20fe015b1 - swiftide_docker_executor[741cb097a3488315]::tests::test_logs_stream_returns_live_log_lines::{closure#0}
[INFO] [stdout]   13:     0x5be20fe9c913 - <tokio[86a94a6d272c836b]::runtime::runtime::Runtime>::block_on::<core[df12db4294e9bfd3]::pin::Pin<&mut dyn core[df12db4294e9bfd3]::future::future::Future<Output = ()>>>
[INFO] [stdout]   14:     0x5be20fe0b98a - swiftide_docker_executor[741cb097a3488315]::tests::test_logs_stream_returns_live_log_lines
[INFO] [stdout]   15:     0x5be20ff6fcb9 - <swiftide_docker_executor[741cb097a3488315]::tests::test_logs_stream_returns_live_log_lines::{closure#0} as core[df12db4294e9bfd3]::ops::function::FnOnce<()>>::call_once
[INFO] [stdout]   16:     0x5be210027f6b - test[9d35eded1c95d3be]::__rust_begin_short_backtrace::<core[df12db4294e9bfd3]::result::Result<(), alloc[2182bb758b4b3781]::string::String>, fn() -> core[df12db4294e9bfd3]::result::Result<(), alloc[2182bb758b4b3781]::string::String>>
[INFO] [stdout]   17:     0x5be2100355d5 - test[9d35eded1c95d3be]::run_test::{closure#0}
[INFO] [stdout]   18:     0x5be21002ee94 - std[70759c8f55707aa4]::sys::backtrace::__rust_begin_short_backtrace::<test[9d35eded1c95d3be]::run_test::{closure#1}, ()>
[INFO] [stdout]   19:     0x5be210038732 - <std[70759c8f55707aa4]::thread::lifecycle::spawn_unchecked<test[9d35eded1c95d3be]::run_test::{closure#1}, ()>::{closure#1} as core[df12db4294e9bfd3]::ops::function::FnOnce<()>>::call_once::{shim:vtable#0}
[INFO] [stdout]   20:     0x5be2102aa7f9 - <std[70759c8f55707aa4]::sys::thread::unix::Thread>::new::thread_start
[INFO] [stdout]   21:     0x7d453fbd3dfa - <unknown>
[INFO] [stdout]   22:     0x7d453fc673d4 - clone
[INFO] [stdout]   23:                0x0 - <unknown>
[INFO] [stdout] 
[INFO] [stdout] ---- tests::test_remove_env stdout ----
[INFO] [stdout] 
[INFO] [stdout] thread 'tests::test_remove_env' (3770) panicked at src/tests.rs:943:10:
[INFO] [stdout] called `Result::unwrap()` on an `Err` value: Init(Init(SocketNotFoundError("/var/run/docker.sock")))
[INFO] [stdout] stack backtrace:
[INFO] [stdout]    0:     0x5be2102abb51 - <<std[70759c8f55707aa4]::sys::backtrace::BacktraceLock>::print::DisplayBacktrace as core[df12db4294e9bfd3]::fmt::Display>::fmt
[INFO] [stdout]    1:     0x5be2102c56ea - core[df12db4294e9bfd3]::fmt::write
[INFO] [stdout]    2:     0x5be2102b118c - <alloc[2182bb758b4b3781]::vec::Vec<u8> as core[df12db4294e9bfd3]::io::write::Write>::write_fmt
[INFO] [stdout]    3:     0x5be210282e96 - std[70759c8f55707aa4]::panicking::default_hook::{closure#0}
[INFO] [stdout]    4:     0x5be2102a2439 - std[70759c8f55707aa4]::panicking::default_hook
[INFO] [stdout]    5:     0x5be210034c80 - test[9d35eded1c95d3be]::test_main_inner::<test[9d35eded1c95d3be]::test_main_static::{closure#0}>::{closure#0}
[INFO] [stdout]    6:     0x5be2102a2762 - std[70759c8f55707aa4]::panicking::panic_with_hook
[INFO] [stdout]    7:     0x5be210282f42 - std[70759c8f55707aa4]::panicking::panic_handler::{closure#0}
[INFO] [stdout]    8:     0x5be21027b179 - std[70759c8f55707aa4]::sys::backtrace::__rust_end_short_backtrace::<std[70759c8f55707aa4]::panicking::panic_handler::{closure#0}, !>
[INFO] [stdout]    9:     0x5be210283edd - __rustc[8fa7c3cbc660c2b3]::rust_begin_unwind
[INFO] [stdout]   10:     0x5be2102c5ecc - core[df12db4294e9bfd3]::panicking::panic_fmt
[INFO] [stdout]   11:     0x5be2102c5ca2 - core[df12db4294e9bfd3]::result::unwrap_failed
[INFO] [stdout]   12:     0x5be20fde3321 - swiftide_docker_executor[741cb097a3488315]::tests::test_remove_env::{closure#0}
[INFO] [stdout]   13:     0x5be20fe9c913 - <tokio[86a94a6d272c836b]::runtime::runtime::Runtime>::block_on::<core[df12db4294e9bfd3]::pin::Pin<&mut dyn core[df12db4294e9bfd3]::future::future::Future<Output = ()>>>
[INFO] [stdout]   14:     0x5be20fe0986a - swiftide_docker_executor[741cb097a3488315]::tests::test_remove_env
[INFO] [stdout]   15:     0x5be20ff6f9b9 - <swiftide_docker_executor[741cb097a3488315]::tests::test_remove_env::{closure#0} as core[df12db4294e9bfd3]::ops::function::FnOnce<()>>::call_once
[INFO] [stdout]   16:     0x5be210027f6b - test[9d35eded1c95d3be]::__rust_begin_short_backtrace::<core[df12db4294e9bfd3]::result::Result<(), alloc[2182bb758b4b3781]::string::String>, fn() -> core[df12db4294e9bfd3]::result::Result<(), alloc[2182bb758b4b3781]::string::String>>
[INFO] [stdout]   17:     0x5be2100355d5 - test[9d35eded1c95d3be]::run_test::{closure#0}
[INFO] [stdout]   18:     0x5be21002ee94 - std[70759c8f55707aa4]::sys::backtrace::__rust_begin_short_backtrace::<test[9d35eded1c95d3be]::run_test::{closure#1}, ()>
[INFO] [stdout]   19:     0x5be210038732 - <std[70759c8f55707aa4]::thread::lifecycle::spawn_unchecked<test[9d35eded1c95d3be]::run_test::{closure#1}, ()>::{closure#1} as core[df12db4294e9bfd3]::ops::function::FnOnce<()>>::call_once::{shim:vtable#0}
[INFO] [stdout]   20:     0x5be2102aa7f9 - <std[70759c8f55707aa4]::sys::thread::unix::Thread>::new::thread_start
[INFO] [stdout]   21:     0x7d453fbd3dfa - <unknown>
[INFO] [stdout]   22:     0x7d453fc673d4 - clone
[INFO] [stdout]   23:                0x0 - <unknown>
[INFO] [stdout] 
[INFO] [stdout] ---- tests::test_write_and_read_file_markdown stdout ----
[INFO] [stdout] 
[INFO] [stdout] thread 'tests::test_write_and_read_file_markdown' (3955) panicked at src/tests.rs:374:10:
[INFO] [stdout] called `Result::unwrap()` on an `Err` value: Init(Init(SocketNotFoundError("/var/run/docker.sock")))
[INFO] [stdout] stack backtrace:
[INFO] [stdout]    0:     0x5be2102abb51 - <<std[70759c8f55707aa4]::sys::backtrace::BacktraceLock>::print::DisplayBacktrace as core[df12db4294e9bfd3]::fmt::Display>::fmt
[INFO] [stdout]    1:     0x5be2102c56ea - core[df12db4294e9bfd3]::fmt::write
[INFO] [stdout]    2:     0x5be2102b118c - <alloc[2182bb758b4b3781]::vec::Vec<u8> as core[df12db4294e9bfd3]::io::write::Write>::write_fmt
[INFO] [stdout]    3:     0x5be210282e96 - std[70759c8f55707aa4]::panicking::default_hook::{closure#0}
[INFO] [stdout]    4:     0x5be2102a2439 - std[70759c8f55707aa4]::panicking::default_hook
[INFO] [stdout]    5:     0x5be210034c80 - test[9d35eded1c95d3be]::test_main_inner::<test[9d35eded1c95d3be]::test_main_static::{closure#0}>::{closure#0}
[INFO] [stdout]    6:     0x5be2102a2762 - std[70759c8f55707aa4]::panicking::panic_with_hook
[INFO] [stdout]    7:     0x5be210282f42 - std[70759c8f55707aa4]::panicking::panic_handler::{closure#0}
[INFO] [stdout]    8:     0x5be21027b179 - std[70759c8f55707aa4]::sys::backtrace::__rust_end_short_backtrace::<std[70759c8f55707aa4]::panicking::panic_handler::{closure#0}, !>
[INFO] [stdout]    9:     0x5be210283edd - __rustc[8fa7c3cbc660c2b3]::rust_begin_unwind
[INFO] [stdout]   10:     0x5be2102c5ecc - core[df12db4294e9bfd3]::panicking::panic_fmt
[INFO] [stdout]   11:     0x5be2102c5ca2 - core[df12db4294e9bfd3]::result::unwrap_failed
[INFO] [stdout]   12:     0x5be20fdfb463 - swiftide_docker_executor[741cb097a3488315]::tests::test_write_and_read_file_markdown::{closure#0}
[INFO] [stdout]   13:     0x5be20fe9c913 - <tokio[86a94a6d272c836b]::runtime::runtime::Runtime>::block_on::<core[df12db4294e9bfd3]::pin::Pin<&mut dyn core[df12db4294e9bfd3]::future::future::Future<Output = ()>>>
[INFO] [stdout]   14:     0x5be20fe0b28a - swiftide_docker_executor[741cb097a3488315]::tests::test_write_and_read_file_markdown
[INFO] [stdout]   15:     0x5be20ff6fc19 - <swiftide_docker_executor[741cb097a3488315]::tests::test_write_and_read_file_markdown::{closure#0} as core[df12db4294e9bfd3]::ops::function::FnOnce<()>>::call_once
[INFO] [stdout]   16:     0x5be210027f6b - test[9d35eded1c95d3be]::__rust_begin_short_backtrace::<core[df12db4294e9bfd3]::result::Result<(), alloc[2182bb758b4b3781]::string::String>, fn() -> core[df12db4294e9bfd3]::result::Result<(), alloc[2182bb758b4b3781]::string::String>>
[INFO] [stdout]   17:     0x5be2100355d5 - test[9d35eded1c95d3be]::run_test::{closure#0}
[INFO] [stdout]   18:     0x5be21002ee94 - std[70759c8f55707aa4]::sys::backtrace::__rust_begin_short_backtrace::<test[9d35eded1c95d3be]::run_test::{closure#1}, ()>
[INFO] [stdout]   19:     0x5be210038732 - <std[70759c8f55707aa4]::thread::lifecycle::spawn_unchecked<test[9d35eded1c95d3be]::run_test::{closure#1}, ()>::{closure#1} as core[df12db4294e9bfd3]::ops::function::FnOnce<()>>::call_once::{shim:vtable#0}
[INFO] [stdout]   20:     0x5be2102aa7f9 - <std[70759c8f55707aa4]::sys::thread::unix::Thread>::new::thread_start
[INFO] [stdout]   21:     0x7d453fbd3dfa - <unknown>
[INFO] [stdout]   22:     0x7d453fc673d4 - clone
[INFO] [stdout]   23:                0x0 - <unknown>
[INFO] [stdout] 
[INFO] [stdout] ---- tests::test_runs_on_alpine stdout ----
[INFO] [stdout] 
[INFO] [stdout] thread 'tests::test_runs_on_alpine' (3905) panicked at src/tests.rs:99:10:
[INFO] [stdout] called `Result::unwrap()` on an `Err` value: Init(Init(SocketNotFoundError("/var/run/docker.sock")))
[INFO] [stdout] stack backtrace:
[INFO] [stdout]    0:     0x5be2102abb51 - <<std[70759c8f55707aa4]::sys::backtrace::BacktraceLock>::print::DisplayBacktrace as core[df12db4294e9bfd3]::fmt::Display>::fmt
[INFO] [stdout]    1:     0x5be2102c56ea - core[df12db4294e9bfd3]::fmt::write
[INFO] [stdout]    2:     0x5be2102b118c - <alloc[2182bb758b4b3781]::vec::Vec<u8> as core[df12db4294e9bfd3]::io::write::Write>::write_fmt
[INFO] [stdout]    3:     0x5be210282e96 - std[70759c8f55707aa4]::panicking::default_hook::{closure#0}
[INFO] [stdout]    4:     0x5be2102a2439 - std[70759c8f55707aa4]::panicking::default_hook
[INFO] [stdout]    5:     0x5be210034c80 - test[9d35eded1c95d3be]::test_main_inner::<test[9d35eded1c95d3be]::test_main_static::{closure#0}>::{closure#0}
[INFO] [stdout]    6:     0x5be2102a2762 - std[70759c8f55707aa4]::panicking::panic_with_hook
[INFO] [stdout]    7:     0x5be210282f42 - std[70759c8f55707aa4]::panicking::panic_handler::{closure#0}
[INFO] [stdout]    8:     0x5be21027b179 - std[70759c8f55707aa4]::sys::backtrace::__rust_end_short_backtrace::<std[70759c8f55707aa4]::panicking::panic_handler::{closure#0}, !>
[INFO] [stdout]    9:     0x5be210283edd - __rustc[8fa7c3cbc660c2b3]::rust_begin_unwind
[INFO] [stdout]   10:     0x5be2102c5ecc - core[df12db4294e9bfd3]::panicking::panic_fmt
[INFO] [stdout]   11:     0x5be2102c5ca2 - core[df12db4294e9bfd3]::result::unwrap_failed
[INFO] [stdout]   12:     0x5be20fde85c0 - swiftide_docker_executor[741cb097a3488315]::tests::test_runs_on_alpine::{closure#0}
[INFO] [stdout]   13:     0x5be20fe9c913 - <tokio[86a94a6d272c836b]::runtime::runtime::Runtime>::block_on::<core[df12db4294e9bfd3]::pin::Pin<&mut dyn core[df12db4294e9bfd3]::future::future::Future<Output = ()>>>
[INFO] [stdout]   14:     0x5be20fe09dea - swiftide_docker_executor[741cb097a3488315]::tests::test_runs_on_alpine
[INFO] [stdout]   15:     0x5be20ff6fa39 - <swiftide_docker_executor[741cb097a3488315]::tests::test_runs_on_alpine::{closure#0} as core[df12db4294e9bfd3]::ops::function::FnOnce<()>>::call_once
[INFO] [stdout]   16:     0x5be210027f6b - test[9d35eded1c95d3be]::__rust_begin_short_backtrace::<core[df12db4294e9bfd3]::result::Result<(), alloc[2182bb758b4b3781]::string::String>, fn() -> core[df12db4294e9bfd3]::result::Result<(), alloc[2182bb758b4b3781]::string::String>>
[INFO] [stdout]   17:     0x5be2100355d5 - test[9d35eded1c95d3be]::run_test::{closure#0}
[INFO] [stdout]   18:     0x5be21002ee94 - std[70759c8f55707aa4]::sys::backtrace::__rust_begin_short_backtrace::<test[9d35eded1c95d3be]::run_test::{closure#1}, ()>
[INFO] [stdout]   19:     0x5be210038732 - <std[70759c8f55707aa4]::thread::lifecycle::spawn_unchecked<test[9d35eded1c95d3be]::run_test::{closure#1}, ()>::{closure#1} as core[df12db4294e9bfd3]::ops::function::FnOnce<()>>::call_once::{shim:vtable#0}
[INFO] [stdout]   20:     0x5be2102aa7f9 - <std[70759c8f55707aa4]::sys::thread::unix::Thread>::new::thread_start
[INFO] [stdout]   21:     0x7d453fbd3dfa - <unknown>
[INFO] [stdout]   22:     0x7d453fc673d4 - clone
[INFO] [stdout]   23:                0x0 - <unknown>
[INFO] [stdout] 
[INFO] [stdout] ---- tests::test_runs_docker_and_echos stdout ----
[INFO] [stdout] 
[INFO] [stdout] thread 'tests::test_runs_docker_and_echos' (3871) panicked at src/tests.rs:24:10:
[INFO] [stdout] called `Result::unwrap()` on an `Err` value: Init(Init(SocketNotFoundError("/var/run/docker.sock")))
[INFO] [stdout] stack backtrace:
[INFO] [stdout]    0:     0x5be2102abb51 - <<std[70759c8f55707aa4]::sys::backtrace::BacktraceLock>::print::DisplayBacktrace as core[df12db4294e9bfd3]::fmt::Display>::fmt
[INFO] [stdout]    1:     0x5be2102c56ea - core[df12db4294e9bfd3]::fmt::write
[INFO] [stdout]    2:     0x5be2102b118c - <alloc[2182bb758b4b3781]::vec::Vec<u8> as core[df12db4294e9bfd3]::io::write::Write>::write_fmt
[INFO] [stdout]    3:     0x5be210282e96 - std[70759c8f55707aa4]::panicking::default_hook::{closure#0}
[INFO] [stdout]    4:     0x5be2102a2439 - std[70759c8f55707aa4]::panicking::default_hook
[INFO] [stdout]    5:     0x5be210034c80 - test[9d35eded1c95d3be]::test_main_inner::<test[9d35eded1c95d3be]::test_main_static::{closure#0}>::{closure#0}
[INFO] [stdout]    6:     0x5be2102a2762 - std[70759c8f55707aa4]::panicking::panic_with_hook
[INFO] [stdout]    7:     0x5be210282f42 - std[70759c8f55707aa4]::panicking::panic_handler::{closure#0}
[INFO] [stdout]    8:     0x5be21027b179 - std[70759c8f55707aa4]::sys::backtrace::__rust_end_short_backtrace::<std[70759c8f55707aa4]::panicking::panic_handler::{closure#0}, !>
[INFO] [stdout]    9:     0x5be210283edd - __rustc[8fa7c3cbc660c2b3]::rust_begin_unwind
[INFO] [stdout]   10:     0x5be2102c5ecc - core[df12db4294e9bfd3]::panicking::panic_fmt
[INFO] [stdout]   11:     0x5be2102c5ca2 - core[df12db4294e9bfd3]::result::unwrap_failed
[INFO] [stdout]   12:     0x5be20fdf2440 - swiftide_docker_executor[741cb097a3488315]::tests::test_runs_docker_and_echos::{closure#0}
[INFO] [stdout]   13:     0x5be20fe9c913 - <tokio[86a94a6d272c836b]::runtime::runtime::Runtime>::block_on::<core[df12db4294e9bfd3]::pin::Pin<&mut dyn core[df12db4294e9bfd3]::future::future::Future<Output = ()>>>
[INFO] [stdout]   14:     0x5be20fe0a8ea - swiftide_docker_executor[741cb097a3488315]::tests::test_runs_docker_and_echos
[INFO] [stdout]   15:     0x5be20ff6fb39 - <swiftide_docker_executor[741cb097a3488315]::tests::test_runs_docker_and_echos::{closure#0} as core[df12db4294e9bfd3]::ops::function::FnOnce<()>>::call_once
[INFO] [stdout]   16:     0x5be210027f6b - test[9d35eded1c95d3be]::__rust_begin_short_backtrace::<core[df12db4294e9bfd3]::result::Result<(), alloc[2182bb758b4b3781]::string::String>, fn() -> core[df12db4294e9bfd3]::result::Result<(), alloc[2182bb758b4b3781]::string::String>>
[INFO] [stdout]   17:     0x5be2100355d5 - test[9d35eded1c95d3be]::run_test::{closure#0}
[INFO] [stdout]   18:     0x5be21002ee94 - std[70759c8f55707aa4]::sys::backtrace::__rust_begin_short_backtrace::<test[9d35eded1c95d3be]::run_test::{closure#1}, ()>
[INFO] [stdout]   19:     0x5be210038732 - <std[70759c8f55707aa4]::thread::lifecycle::spawn_unchecked<test[9d35eded1c95d3be]::run_test::{closure#1}, ()>::{closure#1} as core[df12db4294e9bfd3]::ops::function::FnOnce<()>>::call_once::{shim:vtable#0}
[INFO] [stdout]   20:     0x5be2102aa7f9 - <std[70759c8f55707aa4]::sys::thread::unix::Thread>::new::thread_start
[INFO] [stdout]   21:     0x7d453fbd3dfa - <unknown>
[INFO] [stdout]   22:     0x7d453fc673d4 - clone
[INFO] [stdout]   23:                0x0 - <unknown>
[INFO] [stdout] 
[INFO] [stdout] ---- tests::test_overrides_include_git_respects_ignore stdout ----
[INFO] [stdout] Local LS:
[INFO] [stdout]  .:
[INFO] [stdout] total 20
[INFO] [stdout] drwxr-xr-x 3 root root 4096 Oct 18 18:27 .
[INFO] [stdout] drwxrwxrwt 1 root root 4096 Oct 18 18:27 ..
[INFO] [stdout] -rw-r--r-- 1 root root   17 Oct 18 18:27 .dockerignore
[INFO] [stdout] drwxr-xr-x 7 root root 4096 Oct 18 18:27 .git
[INFO] [stdout] -rw-r--r-- 1 root root    5 Oct 18 18:27 ignored_file
[INFO] [stdout] 
[INFO] [stdout] ./.git:
[INFO] [stdout] total 48
[INFO] [stdout] drwxr-xr-x 7 root root 4096 Oct 18 18:27 .
[INFO] [stdout] drwxr-xr-x 3 root root 4096 Oct 18 18:27 ..
[INFO] [stdout] -rw-r--r-- 1 root root   15 Oct 18 18:27 COMMIT_EDITMSG
[INFO] [stdout] -rw-r--r-- 1 root root   23 Oct 18 18:27 HEAD
[INFO] [stdout] -rw-r--r-- 1 root root  145 Oct 18 18:27 config
[INFO] [stdout] -rw-r--r-- 1 root root   73 Oct 18 18:27 description
[INFO] [stdout] drwxr-xr-x 2 root root 4096 Oct 18 18:27 hooks
[INFO] [stdout] -rw-r--r-- 1 root root  225 Oct 18 18:27 index
[INFO] [stdout] drwxr-xr-x 2 root root 4096 Oct 18 18:27 info
[INFO] [stdout] drwxr-xr-x 3 root root 4096 Oct 18 18:27 logs
[INFO] [stdout] drwxr-xr-x 8 root root 4096 Oct 18 18:27 objects
[INFO] [stdout] drwxr-xr-x 4 root root 4096 Oct 18 18:27 refs
[INFO] [stdout] 
[INFO] [stdout] ./.git/hooks:
[INFO] [stdout] total 72
[INFO] [stdout] drwxr-xr-x 2 root root 4096 Oct 18 18:27 .
[INFO] [stdout] drwxr-xr-x 7 root root 4096 Oct 18 18:27 ..
[INFO] [stdout] -rwxr-xr-x 1 root root  478 Oct 18 18:27 applypatch-msg.sample
[INFO] [stdout] -rwxr-xr-x 1 root root  896 Oct 18 18:27 commit-msg.sample
[INFO] [stdout] -rwxr-xr-x 1 root root 4726 Oct 18 18:27 fsmonitor-watchman.sample
[INFO] [stdout] -rwxr-xr-x 1 root root  189 Oct 18 18:27 post-update.sample
[INFO] [stdout] -rwxr-xr-x 1 root root  424 Oct 18 18:27 pre-applypatch.sample
[INFO] [stdout] -rwxr-xr-x 1 root root 1649 Oct 18 18:27 pre-commit.sample
[INFO] [stdout] -rwxr-xr-x 1 root root  416 Oct 18 18:27 pre-merge-commit.sample
[INFO] [stdout] -rwxr-xr-x 1 root root 1374 Oct 18 18:27 pre-push.sample
[INFO] [stdout] -rwxr-xr-x 1 root root 4898 Oct 18 18:27 pre-rebase.sample
[INFO] [stdout] -rwxr-xr-x 1 root root  544 Oct 18 18:27 pre-receive.sample
[INFO] [stdout] -rwxr-xr-x 1 root root 1492 Oct 18 18:27 prepare-commit-msg.sample
[INFO] [stdout] -rwxr-xr-x 1 root root 2783 Oct 18 18:27 push-to-checkout.sample
[INFO] [stdout] -rwxr-xr-x 1 root root 2308 Oct 18 18:27 sendemail-validate.sample
[INFO] [stdout] -rwxr-xr-x 1 root root 3650 Oct 18 18:27 update.sample
[INFO] [stdout] 
[INFO] [stdout] ./.git/info:
[INFO] [stdout] total 12
[INFO] [stdout] drwxr-xr-x 2 root root 4096 Oct 18 18:27 .
[INFO] [stdout] drwxr-xr-x 7 root root 4096 Oct 18 18:27 ..
[INFO] [stdout] -rw-r--r-- 1 root root  240 Oct 18 18:27 exclude
[INFO] [stdout] 
[INFO] [stdout] ./.git/logs:
[INFO] [stdout] total 16
[INFO] [stdout] drwxr-xr-x 3 root root 4096 Oct 18 18:27 .
[INFO] [stdout] drwxr-xr-x 7 root root 4096 Oct 18 18:27 ..
[INFO] [stdout] -rw-r--r-- 1 root root  155 Oct 18 18:27 HEAD
[INFO] [stdout] drwxr-xr-x 3 root root 4096 Oct 18 18:27 refs
[INFO] [stdout] 
[INFO] [stdout] ./.git/logs/refs:
[INFO] [stdout] total 12
[INFO] [stdout] drwxr-xr-x 3 root root 4096 Oct 18 18:27 .
[INFO] [stdout] drwxr-xr-x 3 root root 4096 Oct 18 18:27 ..
[INFO] [stdout] drwxr-xr-x 2 root root 4096 Oct 18 18:27 heads
[INFO] [stdout] 
[INFO] [stdout] ./.git/logs/refs/heads:
[INFO] [stdout] total 12
[INFO] [stdout] drwxr-xr-x 2 root root 4096 Oct 18 18:27 .
[INFO] [stdout] drwxr-xr-x 3 root root 4096 Oct 18 18:27 ..
[INFO] [stdout] -rw-r--r-- 1 root root  155 Oct 18 18:27 master
[INFO] [stdout] 
[INFO] [stdout] ./.git/objects:
[INFO] [stdout] total 32
[INFO] [stdout] drwxr-xr-x 8 root root 4096 Oct 18 18:27 .
[INFO] [stdout] drwxr-xr-x 7 root root 4096 Oct 18 18:27 ..
[INFO] [stdout] drwxr-xr-x 2 root root 4096 Oct 18 18:27 4b
[INFO] [stdout] drwxr-xr-x 2 root root 4096 Oct 18 18:27 81
[INFO] [stdout] drwxr-xr-x 2 root root 4096 Oct 18 18:27 99
[INFO] [stdout] drwxr-xr-x 2 root root 4096 Oct 18 18:27 b6
[INFO] [stdout] drwxr-xr-x 2 root root 4096 Oct 18 18:27 info
[INFO] [stdout] drwxr-xr-x 2 root root 4096 Oct 18 18:27 pack
[INFO] [stdout] 
[INFO] [stdout] ./.git/objects/4b:
[INFO] [stdout] total 12
[INFO] [stdout] drwxr-xr-x 2 root root 4096 Oct 18 18:27 .
[INFO] [stdout] drwxr-xr-x 8 root root 4096 Oct 18 18:27 ..
[INFO] [stdout] -r--r--r-- 1 root root  121 Oct 18 18:27 1ed45b5ff880f30a526dc5796cc487b13d48d6
[INFO] [stdout] 
[INFO] [stdout] ./.git/objects/81:
[INFO] [stdout] total 12
[INFO] [stdout] drwxr-xr-x 2 root root 4096 Oct 18 18:27 .
[INFO] [stdout] drwxr-xr-x 8 root root 4096 Oct 18 18:27 ..
[INFO] [stdout] -r--r--r-- 1 root root   90 Oct 18 18:27 0205253fc7408359ff4e41d3c3d10878541c1d
[INFO] [stdout] 
[INFO] [stdout] ./.git/objects/99:
[INFO] [stdout] total 12
[INFO] [stdout] drwxr-xr-x 2 root root 4096 Oct 18 18:27 .
[INFO] [stdout] drwxr-xr-x 8 root root 4096 Oct 18 18:27 ..
[INFO] [stdout] -r--r--r-- 1 root root   33 Oct 18 18:27 88be7912b87087bad3b3f7002dc3d3f5d34f2e
[INFO] [stdout] 
[INFO] [stdout] ./.git/objects/b6:
[INFO] [stdout] total 12
[INFO] [stdout] drwxr-xr-x 2 root root 4096 Oct 18 18:27 .
[INFO] [stdout] drwxr-xr-x 8 root root 4096 Oct 18 18:27 ..
[INFO] [stdout] -r--r--r-- 1 root root   20 Oct 18 18:27 fc4c620b67d95f953a5c1c1230aaab5db5a1b0
[INFO] [stdout] 
[INFO] [stdout] ./.git/objects/info:
[INFO] [stdout] total 8
[INFO] [stdout] drwxr-xr-x 2 root root 4096 Oct 18 18:27 .
[INFO] [stdout] drwxr-xr-x 8 root root 4096 Oct 18 18:27 ..
[INFO] [stdout] 
[INFO] [stdout] ./.git/objects/pack:
[INFO] [stdout] total 8
[INFO] [stdout] drwxr-xr-x 2 root root 4096 Oct 18 18:27 .
[INFO] [stdout] drwxr-xr-x 8 root root 4096 Oct 18 18:27 ..
[INFO] [stdout] 
[INFO] [stdout] ./.git/refs:
[INFO] [stdout] total 16
[INFO] [stdout] drwxr-xr-x 4 root root 4096 Oct 18 18:27 .
[INFO] [stdout] drwxr-xr-x 7 root root 4096 Oct 18 18:27 ..
[INFO] [stdout] drwxr-xr-x 2 root root 4096 Oct 18 18:27 heads
[INFO] [stdout] drwxr-xr-x 2 root root 4096 Oct 18 18:27 tags
[INFO] [stdout] 
[INFO] [stdout] ./.git/refs/heads:
[INFO] [stdout] total 12
[INFO] [stdout] drwxr-xr-x 2 root root 4096 Oct 18 18:27 .
[INFO] [stdout] drwxr-xr-x 4 root root 4096 Oct 18 18:27 ..
[INFO] [stdout] -rw-r--r-- 1 root root   41 Oct 18 18:27 master
[INFO] [stdout] 
[INFO] [stdout] ./.git/refs/tags:
[INFO] [stdout] total 8
[INFO] [stdout] drwxr-xr-x 2 root root 4096 Oct 18 18:27 .
[INFO] [stdout] drwxr-xr-x 4 root root 4096 Oct 18 18:27 ..
[INFO] [stdout] 
[INFO] [stdout] 
[INFO] [stdout] thread 'tests::test_overrides_include_git_respects_ignore' (3706) panicked at src/tests.rs:294:10:
[INFO] [stdout] called `Result::unwrap()` on an `Err` value: Init(Init(SocketNotFoundError("/var/run/docker.sock")))
[INFO] [stdout] stack backtrace:
[INFO] [stdout]    0:     0x5be2102abb51 - <<std[70759c8f55707aa4]::sys::backtrace::BacktraceLock>::print::DisplayBacktrace as core[df12db4294e9bfd3]::fmt::Display>::fmt
[INFO] [stdout]    1:     0x5be2102c56ea - core[df12db4294e9bfd3]::fmt::write
[INFO] [stdout]    2:     0x5be2102b118c - <alloc[2182bb758b4b3781]::vec::Vec<u8> as core[df12db4294e9bfd3]::io::write::Write>::write_fmt
[INFO] [stdout]    3:     0x5be210282e96 - std[70759c8f55707aa4]::panicking::default_hook::{closure#0}
[INFO] [stdout]    4:     0x5be2102a2439 - std[70759c8f55707aa4]::panicking::default_hook
[INFO] [stdout]    5:     0x5be210034c80 - test[9d35eded1c95d3be]::test_main_inner::<test[9d35eded1c95d3be]::test_main_static::{closure#0}>::{closure#0}
[INFO] [stdout]    6:     0x5be2102a2762 - std[70759c8f55707aa4]::panicking::panic_with_hook
[INFO] [stdout]    7:     0x5be210282f42 - std[70759c8f55707aa4]::panicking::panic_handler::{closure#0}
[INFO] [stdout]    8:     0x5be21027b179 - std[70759c8f55707aa4]::sys::backtrace::__rust_end_short_backtrace::<std[70759c8f55707aa4]::panicking::panic_handler::{closure#0}, !>
[INFO] [stdout]    9:     0x5be210283edd - __rustc[8fa7c3cbc660c2b3]::rust_begin_unwind
[INFO] [stdout]   10:     0x5be2102c5ecc - core[df12db4294e9bfd3]::panicking::panic_fmt
[INFO] [stdout]   11:     0x5be2102c5ca2 - core[df12db4294e9bfd3]::result::unwrap_failed
[INFO] [stdout]   12:     0x5be20fe0384c - swiftide_docker_executor[741cb097a3488315]::tests::test_overrides_include_git_respects_ignore::{closure#0}
[INFO] [stdout]   13:     0x5be20fe9c913 - <tokio[86a94a6d272c836b]::runtime::runtime::Runtime>::block_on::<core[df12db4294e9bfd3]::pin::Pin<&mut dyn core[df12db4294e9bfd3]::future::future::Future<Output = ()>>>
[INFO] [stdout]   14:     0x5be20fe0baea - swiftide_docker_executor[741cb097a3488315]::tests::test_overrides_include_git_respects_ignore
[INFO] [stdout]   15:     0x5be20ff6fcd9 - <swiftide_docker_executor[741cb097a3488315]::tests::test_overrides_include_git_respects_ignore::{closure#0} as core[df12db4294e9bfd3]::ops::function::FnOnce<()>>::call_once
[INFO] [stdout]   16:     0x5be210027f6b - test[9d35eded1c95d3be]::__rust_begin_short_backtrace::<core[df12db4294e9bfd3]::result::Result<(), alloc[2182bb758b4b3781]::string::String>, fn() -> core[df12db4294e9bfd3]::result::Result<(), alloc[2182bb758b4b3781]::string::String>>
[INFO] [stdout]   17:     0x5be2100355d5 - test[9d35eded1c95d3be]::run_test::{closure#0}
[INFO] [stdout]   18:     0x5be21002ee94 - std[70759c8f55707aa4]::sys::backtrace::__rust_begin_short_backtrace::<test[9d35eded1c95d3be]::run_test::{closure#1}, ()>
[INFO] [stdout]   19:     0x5be210038732 - <std[70759c8f55707aa4]::thread::lifecycle::spawn_unchecked<test[9d35eded1c95d3be]::run_test::{closure#1}, ()>::{closure#1} as core[df12db4294e9bfd3]::ops::function::FnOnce<()>>::call_once::{shim:vtable#0}
[INFO] [stdout]   20:     0x5be2102aa7f9 - <std[70759c8f55707aa4]::sys::thread::unix::Thread>::new::thread_start
[INFO] [stdout]   21:     0x7d453fbd3dfa - <unknown>
[INFO] [stdout]   22:     0x7d453fc673d4 - clone
[INFO] [stdout]   23:                0x0 - <unknown>
[INFO] [stdout] 
[INFO] [stdout] 
[INFO] [stdout] failures:
[INFO] [stdout]     tests::test_add_env
[INFO] [stdout]     tests::test_assert_container_retain_on_drop
[INFO] [stdout]     tests::test_assert_container_stopped_on_drop
[INFO] [stdout]     tests::test_assert_container_stopped_on_drop_entrypoint
[INFO] [stdout]     tests::test_background_shell_command_returns_immediately
[INFO] [stdout]     tests::test_clear_env
[INFO] [stdout]     tests::test_container_state
[INFO] [stdout]     tests::test_context_present
[INFO] [stdout]     tests::test_create_file_subdirectory_that_does_not_exist
[INFO] [stdout]     tests::test_current_dir_resolution
[INFO] [stdout]     tests::test_custom_dockerfile
[INFO] [stdout]     tests::test_default_timeout_triggers
[INFO] [stdout]     tests::test_default_workdir_override
[INFO] [stdout]     tests::test_docker_logs_in_stdout
[INFO] [stdout]     tests::test_existing_image_no_context
[INFO] [stdout]     tests::test_invalid_dockerfile
[INFO] [stdout]     tests::test_loading_files
[INFO] [stdout]     tests::test_logs_stream_returns_live_log_lines
[INFO] [stdout]     tests::test_no_clear_env
[INFO] [stdout]     tests::test_nullifies_cmd
[INFO] [stdout]     tests::test_nullifies_entrypoint
[INFO] [stdout]     tests::test_overrides_include_git_respects_ignore
[INFO] [stdout]     tests::test_per_command_timeout_overrides_default
[INFO] [stdout]     tests::test_regression_complicated_dockerfile
[INFO] [stdout]     tests::test_remove_env
[INFO] [stdout]     tests::test_run_multiline_bash_script
[INFO] [stdout]     tests::test_run_python_script
[INFO] [stdout]     tests::test_runs_docker_and_echos
[INFO] [stdout]     tests::test_runs_on_alpine
[INFO] [stdout]     tests::test_shell_reads_etc_profile
[INFO] [stdout]     tests::test_write_and_read_file_markdown
[INFO] [stdout]     tests::test_write_and_read_file_with_quotes
[INFO] [stdout] 
[INFO] [stdout] test result: FAILED. 7 passed; 32 failed; 0 ignored; 0 measured; 0 filtered out; finished in 0.25s
[INFO] [stdout] 
[INFO] running `Command { std: "docker" "inspect" "30557a87472a6f289e1799a91abc6b58fadcd1fe519cc5e713f38a1b573f7b08", kill_on_drop: false }`
[INFO] running `Command { std: "docker" "rm" "-f" "30557a87472a6f289e1799a91abc6b58fadcd1fe519cc5e713f38a1b573f7b08", kill_on_drop: false }`
[INFO] [stdout] 30557a87472a6f289e1799a91abc6b58fadcd1fe519cc5e713f38a1b573f7b08
