[INFO] fetching crate sweet_utils 0.4.1...
[INFO] testing sweet_utils-0.4.1 against 1.99.0-beta.8+cargoflags=--release for beta-release-1.100-2
[INFO] extracting crate sweet_utils 0.4.1 into /workspace/builds/worker-7-tc1/source
[INFO] started tweaking crates.io crate sweet_utils 0.4.1
[INFO] finished tweaking crates.io crate sweet_utils 0.4.1
[INFO] tweaked toml for crates.io crate sweet_utils 0.4.1 written to /workspace/builds/worker-7-tc1/source/Cargo.toml
[INFO] validating manifest of crates.io crate sweet_utils 0.4.1 on toolchain 1.99.0-beta.8
[INFO] running `Command { std: CARGO_HOME="/workspace/cargo-home" RUSTUP_HOME="/workspace/rustup-home" "/workspace/cargo-home/bin/cargo" "+1.99.0-beta.8" "metadata" "--manifest-path" "Cargo.toml" "--no-deps", kill_on_drop: false }`
[INFO] crate crates.io crate sweet_utils 0.4.1 already has a lockfile, it will not be regenerated
[INFO] running `Command { std: CARGO_HOME="/workspace/cargo-home" RUSTUP_HOME="/workspace/rustup-home" "/workspace/cargo-home/bin/cargo" "+1.99.0-beta.8" "fetch" "--manifest-path" "Cargo.toml", kill_on_drop: false }`
[INFO] [stderr]  Downloading crates ...
[INFO] [stderr]   Downloaded rapidhash v1.4.0
[INFO] [stderr]   Downloaded clap v4.5.34
[INFO] [stderr]   Downloaded bevy_internal v0.16.0
[INFO] [stderr]   Downloaded bevy_utils v0.16.0
[INFO] [stderr]   Downloaded downcast-rs v2.0.1
[INFO] [stderr]   Downloaded bevy_macro_utils v0.16.0
[INFO] [stderr]   Downloaded bevy_ptr v0.16.0
[INFO] [stderr]   Downloaded bevy_platform v0.16.0
[INFO] [stderr]   Downloaded bevy_ecs_macros v0.16.0
[INFO] [stderr]   Downloaded bevy_diagnostic v0.16.0
[INFO] [stderr]   Downloaded bevy_derive v0.16.0
[INFO] [stderr]   Downloaded bevy_time v0.16.0
[INFO] [stderr]   Downloaded bevy_transform v0.16.0
[INFO] [stderr]   Downloaded bevy_app v0.16.0
[INFO] [stderr]   Downloaded bevy_tasks v0.16.0
[INFO] [stderr]   Downloaded bevy_input v0.16.0
[INFO] [stderr]   Downloaded clap_builder v4.5.34
[INFO] [stderr]   Downloaded bevy_reflect_derive v0.16.0
[INFO] [stderr]   Downloaded bevy_reflect v0.16.0
[INFO] [stderr]   Downloaded bevy_math v0.16.0
[INFO] [stderr]   Downloaded bevy v0.16.0
[INFO] [stderr]   Downloaded bevy_ecs v0.16.0
[INFO] running `Command { std: "docker" "create" "-v" "/var/lib/crater-agent-workspace/builds/worker-7-tc1/source:/opt/rustwide/workdir:ro,Z" "-v" "/var/lib/crater-agent-workspace/builds/worker-7-tc1/target:/opt/rustwide/target:rw,Z" "-v" "/var/lib/crater-agent-workspace/cargo-home:/opt/rustwide/cargo-home:ro,Z" "-v" "/var/lib/crater-agent-workspace/rustup-home:/opt/rustwide/rustup-home:ro,Z" "-m" "1610612736" "--network" "none" "ghcr.io/rust-lang/crates-build-env/linux@sha256:77db811e55d90add9212f6832c23229e3de5f1c1f9905e8cb07319ea15df73ac" "sleep" "infinity", kill_on_drop: false }`
[INFO] [stdout] f0309717b5a2c3d53611c12eabb434b82209cdaf0177f1e17d355e13566e63f3
[INFO] running `Command { std: "docker" "start" "f0309717b5a2c3d53611c12eabb434b82209cdaf0177f1e17d355e13566e63f3", kill_on_drop: false }`
[INFO] running `Command { std: "docker" "inspect" "f0309717b5a2c3d53611c12eabb434b82209cdaf0177f1e17d355e13566e63f3", kill_on_drop: false }`
[INFO] running `Command { std: "docker" "exec" "-e" "SOURCE_DIR=/opt/rustwide/workdir" "-e" "CARGO_HOME=/opt/rustwide/cargo-home" "-e" "RUSTUP_HOME=/opt/rustwide/rustup-home" "-e" "CARGO_TARGET_DIR=/opt/rustwide/target" "-w" "/opt/rustwide/workdir" "--user" "0:0" "f0309717b5a2c3d53611c12eabb434b82209cdaf0177f1e17d355e13566e63f3" "/opt/rustwide/cargo-home/bin/cargo" "+1.99.0-beta.8" "metadata" "--no-deps" "--format-version=1", kill_on_drop: false }`
[INFO] running `Command { std: "docker" "inspect" "f0309717b5a2c3d53611c12eabb434b82209cdaf0177f1e17d355e13566e63f3", kill_on_drop: false }`
[INFO] running `Command { std: "docker" "exec" "-e" "SOURCE_DIR=/opt/rustwide/workdir" "-e" "CARGO_HOME=/opt/rustwide/cargo-home" "-e" "RUSTUP_HOME=/opt/rustwide/rustup-home" "-e" "CARGO_TARGET_DIR=/opt/rustwide/target" "-e" "CARGO_INCREMENTAL=0" "-e" "RUST_BACKTRACE=full" "-e" "RUSTFLAGS=--cap-lints=warn" "-e" "RUSTDOCFLAGS=--cap-lints=warn" "-w" "/opt/rustwide/workdir" "--user" "0:0" "f0309717b5a2c3d53611c12eabb434b82209cdaf0177f1e17d355e13566e63f3" "/opt/rustwide/cargo-home/bin/cargo" "+1.99.0-beta.8" "build" "--frozen" "--message-format=json" "--release", kill_on_drop: false }`
[INFO] [stderr]    Compiling proc-macro2 v1.0.94
[INFO] [stderr]    Compiling anyhow v1.0.97
[INFO] [stderr]    Compiling serde v1.0.219
[INFO] [stderr]    Compiling thiserror v2.0.12
[INFO] [stderr]    Compiling path-clean v1.0.1
[INFO] [stderr]    Compiling glob v0.3.2
[INFO] [stderr]    Compiling rapidhash v1.4.0
[INFO] [stderr]    Compiling clap_builder v4.5.34
[INFO] [stderr]    Compiling quote v1.0.40
[INFO] [stderr]    Compiling syn v2.0.100
[INFO] [stderr]    Compiling thiserror-impl v2.0.12
[INFO] [stderr]    Compiling serde_derive v1.0.219
[INFO] [stderr]    Compiling clap_derive v4.5.32
[INFO] [stderr]    Compiling extend v1.2.0
[INFO] [stderr]    Compiling clap v4.5.34
[INFO] [stderr]    Compiling sweet_utils v0.4.1 (/opt/rustwide/workdir)
[INFO] [stderr]     Finished `release` profile [optimized] target(s) in 23.13s
[INFO] running `Command { std: "docker" "inspect" "f0309717b5a2c3d53611c12eabb434b82209cdaf0177f1e17d355e13566e63f3", kill_on_drop: false }`
[INFO] running `Command { std: "docker" "exec" "-e" "SOURCE_DIR=/opt/rustwide/workdir" "-e" "CARGO_HOME=/opt/rustwide/cargo-home" "-e" "RUSTUP_HOME=/opt/rustwide/rustup-home" "-e" "CARGO_TARGET_DIR=/opt/rustwide/target" "-e" "CARGO_INCREMENTAL=0" "-e" "RUST_BACKTRACE=full" "-e" "RUSTFLAGS=--cap-lints=warn" "-e" "RUSTDOCFLAGS=--cap-lints=warn" "-w" "/opt/rustwide/workdir" "--user" "0:0" "f0309717b5a2c3d53611c12eabb434b82209cdaf0177f1e17d355e13566e63f3" "/opt/rustwide/cargo-home/bin/cargo" "+1.99.0-beta.8" "test" "--frozen" "--no-run" "--message-format=json" "--release", kill_on_drop: false }`
[INFO] [stderr]    Compiling sweet_utils v0.4.1 (/opt/rustwide/workdir)
[INFO] [stderr]     Finished `release` profile [optimized] target(s) in 1.36s
[INFO] running `Command { std: "docker" "inspect" "f0309717b5a2c3d53611c12eabb434b82209cdaf0177f1e17d355e13566e63f3", kill_on_drop: false }`
[INFO] running `Command { std: "docker" "exec" "-e" "SOURCE_DIR=/opt/rustwide/workdir" "-e" "CARGO_HOME=/opt/rustwide/cargo-home" "-e" "RUSTUP_HOME=/opt/rustwide/rustup-home" "-e" "CARGO_TARGET_DIR=/opt/rustwide/target" "-e" "CARGO_INCREMENTAL=0" "-e" "RUST_BACKTRACE=full" "-e" "RUSTFLAGS=--cap-lints=warn" "-e" "RUSTDOCFLAGS=--cap-lints=warn" "-w" "/opt/rustwide/workdir" "--user" "0:0" "f0309717b5a2c3d53611c12eabb434b82209cdaf0177f1e17d355e13566e63f3" "/opt/rustwide/cargo-home/bin/cargo" "+1.99.0-beta.8" "test" "--frozen" "--release", kill_on_drop: false }`
[INFO] [stderr]     Finished `release` profile [optimized] target(s) in 0.10s
[INFO] [stderr]      Running unittests src/lib.rs (/opt/rustwide/target/release/deps/sweet_utils-f9b8d1325f880b3f)
[INFO] [stdout] 
[INFO] [stdout] running 19 tests
[INFO] [stdout] test path_utils::abs_path_buf::test::canonicalizes ... ok
[INFO] [stdout] test path_utils::abs_path_buf::test::abs_file ... ok
[INFO] [stdout] test path_utils::read_dir::test::relative_to ... ignored, just experiments
[INFO] [stdout] test path_utils::fs_ext::test::workspace_root ... FAILED
[INFO] [stdout] test path_utils::read_dir::test::read_dir_recursive ... FAILED
[INFO] [stdout] test path_utils::read_dir::test::dirs ... FAILED
[INFO] [stdout] test path_utils::abs_path_buf::test::workspace_rel ... ok
[INFO] [stdout] test path_utils::read_file::test::hash ... FAILED
[INFO] [stdout] test path_utils::path_ext::test::works ... ok
[INFO] [stdout] test path_utils::read_dir::test::files ... FAILED
[INFO] [stdout] test path_utils::read_dir::test::fails ... ok
[INFO] [stdout] test path_utils::read_dir::test::files_recursive ... FAILED
[INFO] [stdout] test path_utils::workspace_path_buf::test::works ... ok
[INFO] [stdout] test path_utils::glob_filter::test::passes ... ok
[INFO] [stdout] test utils::tree::test::works ... ok
[INFO] [stdout] test path_utils::glob_filter::test::pattern ... ok
[INFO] [stdout] test path_utils::read_file::test::to_string ... FAILED
[INFO] [stdout] test path_utils::abs_path_buf::test::manifest_rel ... ok
[INFO] [stdout] test path_utils::read_file::test::to_bytes ... FAILED
[INFO] [stdout] 
[INFO] [stdout] failures:
[INFO] [stdout] 
[INFO] [stdout] ---- path_utils::fs_ext::test::workspace_root stdout ----
[INFO] [stdout] 
[INFO] [stdout] thread 'path_utils::fs_ext::test::workspace_root' (584) panicked at src/path_utils/fs_ext.rs:126:9:
[INFO] [stdout] assertion `left == right` failed
[INFO] [stdout]   left: "workdir"
[INFO] [stdout]  right: "sweet"
[INFO] [stdout] stack backtrace:
[INFO] [stdout]    0:     0x62cdbe99b771 - <<std[70759c8f55707aa4]::sys::backtrace::BacktraceLock>::print::DisplayBacktrace as core[df12db4294e9bfd3]::fmt::Display>::fmt
[INFO] [stdout]    1:     0x62cdbe9afdaa - core[df12db4294e9bfd3]::fmt::write
[INFO] [stdout]    2:     0x62cdbe99fefc - <alloc[2182bb758b4b3781]::vec::Vec<u8> as core[df12db4294e9bfd3]::io::write::Write>::write_fmt
[INFO] [stdout]    3:     0x62cdbe976e16 - std[70759c8f55707aa4]::panicking::default_hook::{closure#0}
[INFO] [stdout]    4:     0x62cdbe993599 - std[70759c8f55707aa4]::panicking::default_hook
[INFO] [stdout]    5:     0x62cdbe92d390 - test[9d35eded1c95d3be]::test_main_inner::<test[9d35eded1c95d3be]::test_main_static::{closure#0}>::{closure#0}
[INFO] [stdout]    6:     0x62cdbe993752 - std[70759c8f55707aa4]::panicking::panic_with_hook
[INFO] [stdout]    7:     0x62cdbe976ec2 - std[70759c8f55707aa4]::panicking::panic_handler::{closure#0}
[INFO] [stdout]    8:     0x62cdbe96fa19 - std[70759c8f55707aa4]::sys::backtrace::__rust_end_short_backtrace::<std[70759c8f55707aa4]::panicking::panic_handler::{closure#0}, !>
[INFO] [stdout]    9:     0x62cdbe977abd - __rustc[8fa7c3cbc660c2b3]::rust_begin_unwind
[INFO] [stdout]   10:     0x62cdbe9b04dc - core[df12db4294e9bfd3]::panicking::panic_fmt
[INFO] [stdout]   11:     0x62cdbe9b03f3 - core[df12db4294e9bfd3]::panicking::assert_failed_inner
[INFO] [stdout]   12:     0x62cdbe9628e8 - core[df12db4294e9bfd3]::panicking::assert_failed::<&str, &str>
[INFO] [stdout]   13:     0x62cdbe91a269 - sweet_utils[b81bfa342853b28a]::path_utils::fs_ext::test::workspace_root
[INFO] [stdout]   14:     0x62cdbe91ef99 - <sweet_utils[b81bfa342853b28a]::path_utils::fs_ext::test::workspace_root::{closure#0} as core[df12db4294e9bfd3]::ops::function::FnOnce<()>>::call_once
[INFO] [stdout]   15:     0x62cdbe92067b - test[9d35eded1c95d3be]::__rust_begin_short_backtrace::<core[df12db4294e9bfd3]::result::Result<(), alloc[2182bb758b4b3781]::string::String>, fn() -> core[df12db4294e9bfd3]::result::Result<(), alloc[2182bb758b4b3781]::string::String>>
[INFO] [stdout]   16:     0x62cdbe92dce5 - test[9d35eded1c95d3be]::run_test::{closure#0}
[INFO] [stdout]   17:     0x62cdbe9275a4 - std[70759c8f55707aa4]::sys::backtrace::__rust_begin_short_backtrace::<test[9d35eded1c95d3be]::run_test::{closure#1}, ()>
[INFO] [stdout]   18:     0x62cdbe930e42 - <std[70759c8f55707aa4]::thread::lifecycle::spawn_unchecked<test[9d35eded1c95d3be]::run_test::{closure#1}, ()>::{closure#1} as core[df12db4294e9bfd3]::ops::function::FnOnce<()>>::call_once::{shim:vtable#0}
[INFO] [stdout]   19:     0x62cdbe99a9b9 - <std[70759c8f55707aa4]::sys::thread::unix::Thread>::new::thread_start
[INFO] [stdout]   20:     0x7ce396677dfa - <unknown>
[INFO] [stdout]   21:     0x7ce39670b3d4 - clone
[INFO] [stdout]   22:                0x0 - <unknown>
[INFO] [stdout] 
[INFO] [stdout] ---- path_utils::read_dir::test::read_dir_recursive stdout ----
[INFO] [stdout] 
[INFO] [stdout] thread 'path_utils::read_dir::test::read_dir_recursive' (592) panicked at src/path_utils/read_dir.rs:208:56:
[INFO] [stdout] called `Result::unwrap()` on an `Err` value: FileNotFound { path: "/opt/rustwide/workdir/crates/sweet_fs/test_dir" }
[INFO] [stdout] stack backtrace:
[INFO] [stdout]    0:     0x62cdbe99b771 - <<std[70759c8f55707aa4]::sys::backtrace::BacktraceLock>::print::DisplayBacktrace as core[df12db4294e9bfd3]::fmt::Display>::fmt
[INFO] [stdout]    1:     0x62cdbe9afdaa - core[df12db4294e9bfd3]::fmt::write
[INFO] [stdout]    2:     0x62cdbe99fefc - <alloc[2182bb758b4b3781]::vec::Vec<u8> as core[df12db4294e9bfd3]::io::write::Write>::write_fmt
[INFO] [stdout]    3:     0x62cdbe976e16 - std[70759c8f55707aa4]::panicking::default_hook::{closure#0}
[INFO] [stdout]    4:     0x62cdbe993599 - std[70759c8f55707aa4]::panicking::default_hook
[INFO] [stdout]    5:     0x62cdbe92d390 - test[9d35eded1c95d3be]::test_main_inner::<test[9d35eded1c95d3be]::test_main_static::{closure#0}>::{closure#0}
[INFO] [stdout]    6:     0x62cdbe993752 - std[70759c8f55707aa4]::panicking::panic_with_hook
[INFO] [stdout]    7:     0x62cdbe976ec2 - std[70759c8f55707aa4]::panicking::panic_handler::{closure#0}
[INFO] [stdout]    8:     0x62cdbe96fa19 - std[70759c8f55707aa4]::sys::backtrace::__rust_end_short_backtrace::<std[70759c8f55707aa4]::panicking::panic_handler::{closure#0}, !>
[INFO] [stdout]    9:     0x62cdbe977abd - __rustc[8fa7c3cbc660c2b3]::rust_begin_unwind
[INFO] [stdout]   10:     0x62cdbe9b04dc - core[df12db4294e9bfd3]::panicking::panic_fmt
[INFO] [stdout]   11:     0x62cdbe9b02b2 - core[df12db4294e9bfd3]::result::unwrap_failed
[INFO] [stdout]   12:     0x62cdbe91bc79 - sweet_utils[b81bfa342853b28a]::path_utils::read_dir::test::read_dir_recursive
[INFO] [stdout]   13:     0x62cdbe91f019 - <sweet_utils[b81bfa342853b28a]::path_utils::read_dir::test::read_dir_recursive::{closure#0} as core[df12db4294e9bfd3]::ops::function::FnOnce<()>>::call_once
[INFO] [stdout]   14:     0x62cdbe92067b - test[9d35eded1c95d3be]::__rust_begin_short_backtrace::<core[df12db4294e9bfd3]::result::Result<(), alloc[2182bb758b4b3781]::string::String>, fn() -> core[df12db4294e9bfd3]::result::Result<(), alloc[2182bb758b4b3781]::string::String>>
[INFO] [stdout]   15:     0x62cdbe92dce5 - test[9d35eded1c95d3be]::run_test::{closure#0}
[INFO] [stdout]   16:     0x62cdbe9275a4 - std[70759c8f55707aa4]::sys::backtrace::__rust_begin_short_backtrace::<test[9d35eded1c95d3be]::run_test::{closure#1}, ()>
[INFO] [stdout]   17:     0x62cdbe930e42 - <std[70759c8f55707aa4]::thread::lifecycle::spawn_unchecked<test[9d35eded1c95d3be]::run_test::{closure#1}, ()>::{closure#1} as core[df12db4294e9bfd3]::ops::function::FnOnce<()>>::call_once::{shim:vtable#0}
[INFO] [stdout]   18:     0x62cdbe99a9b9 - <std[70759c8f55707aa4]::sys::thread::unix::Thread>::new::thread_start
[INFO] [stdout]   19:     0x7ce396677dfa - <unknown>
[INFO] [stdout]   20:     0x7ce39670b3d4 - clone
[INFO] [stdout]   21:                0x0 - <unknown>
[INFO] [stdout] 
[INFO] [stdout] ---- path_utils::read_dir::test::dirs stdout ----
[INFO] [stdout] 
[INFO] [stdout] thread 'path_utils::read_dir::test::dirs' (588) panicked at src/path_utils/read_dir.rs:202:53:
[INFO] [stdout] called `Result::unwrap()` on an `Err` value: FileNotFound { path: "/opt/rustwide/workdir/crates/sweet_fs/test_dir" }
[INFO] [stdout] stack backtrace:
[INFO] [stdout]    0:     0x62cdbe99b771 - <<std[70759c8f55707aa4]::sys::backtrace::BacktraceLock>::print::DisplayBacktrace as core[df12db4294e9bfd3]::fmt::Display>::fmt
[INFO] [stdout]    1:     0x62cdbe9afdaa - core[df12db4294e9bfd3]::fmt::write
[INFO] [stdout]    2:     0x62cdbe99fefc - <alloc[2182bb758b4b3781]::vec::Vec<u8> as core[df12db4294e9bfd3]::io::write::Write>::write_fmt
[INFO] [stdout]    3:     0x62cdbe976e16 - std[70759c8f55707aa4]::panicking::default_hook::{closure#0}
[INFO] [stdout]    4:     0x62cdbe993599 - std[70759c8f55707aa4]::panicking::default_hook
[INFO] [stdout]    5:     0x62cdbe92d390 - test[9d35eded1c95d3be]::test_main_inner::<test[9d35eded1c95d3be]::test_main_static::{closure#0}>::{closure#0}
[INFO] [stdout]    6:     0x62cdbe993752 - std[70759c8f55707aa4]::panicking::panic_with_hook
[INFO] [stdout]    7:     0x62cdbe976ec2 - std[70759c8f55707aa4]::panicking::panic_handler::{closure#0}
[INFO] [stdout]    8:     0x62cdbe96fa19 - std[70759c8f55707aa4]::sys::backtrace::__rust_end_short_backtrace::<std[70759c8f55707aa4]::panicking::panic_handler::{closure#0}, !>
[INFO] [stdout]    9:     0x62cdbe977abd - __rustc[8fa7c3cbc660c2b3]::rust_begin_unwind
[INFO] [stdout]   10:     0x62cdbe9b04dc - core[df12db4294e9bfd3]::panicking::panic_fmt
[INFO] [stdout]   11:     0x62cdbe9b02b2 - core[df12db4294e9bfd3]::result::unwrap_failed
[INFO] [stdout]   12:     0x62cdbe91c23b - sweet_utils[b81bfa342853b28a]::path_utils::read_dir::test::dirs
[INFO] [stdout]   13:     0x62cdbe91f039 - <sweet_utils[b81bfa342853b28a]::path_utils::read_dir::test::dirs::{closure#0} as core[df12db4294e9bfd3]::ops::function::FnOnce<()>>::call_once
[INFO] [stdout]   14:     0x62cdbe92067b - test[9d35eded1c95d3be]::__rust_begin_short_backtrace::<core[df12db4294e9bfd3]::result::Result<(), alloc[2182bb758b4b3781]::string::String>, fn() -> core[df12db4294e9bfd3]::result::Result<(), alloc[2182bb758b4b3781]::string::String>>
[INFO] [stdout]   15:     0x62cdbe92dce5 - test[9d35eded1c95d3be]::run_test::{closure#0}
[INFO] [stdout]   16:     0x62cdbe9275a4 - std[70759c8f55707aa4]::sys::backtrace::__rust_begin_short_backtrace::<test[9d35eded1c95d3be]::run_test::{closure#1}, ()>
[INFO] [stdout]   17:     0x62cdbe930e42 - <std[70759c8f55707aa4]::thread::lifecycle::spawn_unchecked<test[9d35eded1c95d3be]::run_test::{closure#1}, ()>::{closure#1} as core[df12db4294e9bfd3]::ops::function::FnOnce<()>>::call_once::{shim:vtable#0}
[INFO] [stdout]   18:     0x62cdbe99a9b9 - <std[70759c8f55707aa4]::sys::thread::unix::Thread>::new::thread_start
[INFO] [stdout]   19:     0x7ce396677dfa - <unknown>
[INFO] [stdout]   20:     0x7ce39670b3d4 - clone
[INFO] [stdout]   21:                0x0 - <unknown>
[INFO] [stdout] 
[INFO] [stdout] ---- path_utils::read_file::test::hash stdout ----
[INFO] [stdout] 
[INFO] [stdout] thread 'path_utils::read_file::test::hash' (593) panicked at src/path_utils/read_file.rs:73:67:
[INFO] [stdout] called `Result::unwrap()` on an `Err` value: FileNotFound { path: "/opt/rustwide/workdir/crates/sweet_fs/test_dir/mod.rs" }
[INFO] [stdout] stack backtrace:
[INFO] [stdout]    0:     0x62cdbe99b771 - <<std[70759c8f55707aa4]::sys::backtrace::BacktraceLock>::print::DisplayBacktrace as core[df12db4294e9bfd3]::fmt::Display>::fmt
[INFO] [stdout]    1:     0x62cdbe9afdaa - core[df12db4294e9bfd3]::fmt::write
[INFO] [stdout]    2:     0x62cdbe99fefc - <alloc[2182bb758b4b3781]::vec::Vec<u8> as core[df12db4294e9bfd3]::io::write::Write>::write_fmt
[INFO] [stdout]    3:     0x62cdbe976e16 - std[70759c8f55707aa4]::panicking::default_hook::{closure#0}
[INFO] [stdout]    4:     0x62cdbe993599 - std[70759c8f55707aa4]::panicking::default_hook
[INFO] [stdout]    5:     0x62cdbe92d390 - test[9d35eded1c95d3be]::test_main_inner::<test[9d35eded1c95d3be]::test_main_static::{closure#0}>::{closure#0}
[INFO] [stdout]    6:     0x62cdbe993752 - std[70759c8f55707aa4]::panicking::panic_with_hook
[INFO] [stdout]    7:     0x62cdbe976ec2 - std[70759c8f55707aa4]::panicking::panic_handler::{closure#0}
[INFO] [stdout]    8:     0x62cdbe96fa19 - std[70759c8f55707aa4]::sys::backtrace::__rust_end_short_backtrace::<std[70759c8f55707aa4]::panicking::panic_handler::{closure#0}, !>
[INFO] [stdout]    9:     0x62cdbe977abd - __rustc[8fa7c3cbc660c2b3]::rust_begin_unwind
[INFO] [stdout]   10:     0x62cdbe9b04dc - core[df12db4294e9bfd3]::panicking::panic_fmt
[INFO] [stdout]   11:     0x62cdbe9b02b2 - core[df12db4294e9bfd3]::result::unwrap_failed
[INFO] [stdout]   12:     0x62cdbe916778 - sweet_utils[b81bfa342853b28a]::path_utils::read_file::test::hash
[INFO] [stdout]   13:     0x62cdbe91f099 - <sweet_utils[b81bfa342853b28a]::path_utils::read_file::test::hash::{closure#0} as core[df12db4294e9bfd3]::ops::function::FnOnce<()>>::call_once
[INFO] [stdout]   14:     0x62cdbe92067b - test[9d35eded1c95d3be]::__rust_begin_short_backtrace::<core[df12db4294e9bfd3]::result::Result<(), alloc[2182bb758b4b3781]::string::String>, fn() -> core[df12db4294e9bfd3]::result::Result<(), alloc[2182bb758b4b3781]::string::String>>
[INFO] [stdout]   15:     0x62cdbe92dce5 - test[9d35eded1c95d3be]::run_test::{closure#0}
[INFO] [stdout]   16:     0x62cdbe9275a4 - std[70759c8f55707aa4]::sys::backtrace::__rust_begin_short_backtrace::<test[9d35eded1c95d3be]::run_test::{closure#1}, ()>
[INFO] [stdout]   17:     0x62cdbe930e42 - <std[70759c8f55707aa4]::thread::lifecycle::spawn_unchecked<test[9d35eded1c95d3be]::run_test::{closure#1}, ()>::{closure#1} as core[df12db4294e9bfd3]::ops::function::FnOnce<()>>::call_once::{shim:vtable#0}
[INFO] [stdout]   18:     0x62cdbe99a9b9 - <std[70759c8f55707aa4]::sys::thread::unix::Thread>::new::thread_start
[INFO] [stdout]   19:     0x7ce396677dfa - <unknown>
[INFO] [stdout]   20:     0x7ce39670b3d4 - clone
[INFO] [stdout]   21:                0x0 - <unknown>
[INFO] [stdout] 
[INFO] [stdout] ---- path_utils::read_dir::test::files stdout ----
[INFO] [stdout] 
[INFO] [stdout] thread 'path_utils::read_dir::test::files' (590) panicked at src/path_utils/read_dir.rs:215:54:
[INFO] [stdout] called `Result::unwrap()` on an `Err` value: FileNotFound { path: "/opt/rustwide/workdir/crates/sweet_fs/test_dir" }
[INFO] [stdout] stack backtrace:
[INFO] [stdout]    0:     0x62cdbe99b771 - <<std[70759c8f55707aa4]::sys::backtrace::BacktraceLock>::print::DisplayBacktrace as core[df12db4294e9bfd3]::fmt::Display>::fmt
[INFO] [stdout]    1:     0x62cdbe9afdaa - core[df12db4294e9bfd3]::fmt::write
[INFO] [stdout]    2:     0x62cdbe99fefc - <alloc[2182bb758b4b3781]::vec::Vec<u8> as core[df12db4294e9bfd3]::io::write::Write>::write_fmt
[INFO] [stdout]    3:     0x62cdbe976e16 - std[70759c8f55707aa4]::panicking::default_hook::{closure#0}
[INFO] [stdout]    4:     0x62cdbe993599 - std[70759c8f55707aa4]::panicking::default_hook
[INFO] [stdout]    5:     0x62cdbe92d390 - test[9d35eded1c95d3be]::test_main_inner::<test[9d35eded1c95d3be]::test_main_static::{closure#0}>::{closure#0}
[INFO] [stdout]    6:     0x62cdbe993752 - std[70759c8f55707aa4]::panicking::panic_with_hook
[INFO] [stdout]    7:     0x62cdbe976ec2 - std[70759c8f55707aa4]::panicking::panic_handler::{closure#0}
[INFO] [stdout]    8:     0x62cdbe96fa19 - std[70759c8f55707aa4]::sys::backtrace::__rust_end_short_backtrace::<std[70759c8f55707aa4]::panicking::panic_handler::{closure#0}, !>
[INFO] [stdout]    9:     0x62cdbe977abd - __rustc[8fa7c3cbc660c2b3]::rust_begin_unwind
[INFO] [stdout]   10:     0x62cdbe9b04dc - core[df12db4294e9bfd3]::panicking::panic_fmt
[INFO] [stdout]   11:     0x62cdbe9b02b2 - core[df12db4294e9bfd3]::result::unwrap_failed
[INFO] [stdout]   12:     0x62cdbe91c975 - sweet_utils[b81bfa342853b28a]::path_utils::read_dir::test::files
[INFO] [stdout]   13:     0x62cdbe91f079 - <sweet_utils[b81bfa342853b28a]::path_utils::read_dir::test::files::{closure#0} as core[df12db4294e9bfd3]::ops::function::FnOnce<()>>::call_once
[INFO] [stdout]   14:     0x62cdbe92067b - test[9d35eded1c95d3be]::__rust_begin_short_backtrace::<core[df12db4294e9bfd3]::result::Result<(), alloc[2182bb758b4b3781]::string::String>, fn() -> core[df12db4294e9bfd3]::result::Result<(), alloc[2182bb758b4b3781]::string::String>>
[INFO] [stdout]   15:     0x62cdbe92dce5 - test[9d35eded1c95d3be]::run_test::{closure#0}
[INFO] [stdout]   16:     0x62cdbe9275a4 - std[70759c8f55707aa4]::sys::backtrace::__rust_begin_short_backtrace::<test[9d35eded1c95d3be]::run_test::{closure#1}, ()>
[INFO] [stdout]   17:     0x62cdbe930e42 - <std[70759c8f55707aa4]::thread::lifecycle::spawn_unchecked<test[9d35eded1c95d3be]::run_test::{closure#1}, ()>::{closure#1} as core[df12db4294e9bfd3]::ops::function::FnOnce<()>>::call_once::{shim:vtable#0}
[INFO] [stdout]   18:     0x62cdbe99a9b9 - <std[70759c8f55707aa4]::sys::thread::unix::Thread>::new::thread_start
[INFO] [stdout]   19:     0x7ce396677dfa - <unknown>
[INFO] [stdout]   20:     0x7ce39670b3d4 - clone
[INFO] [stdout]   21:                0x0 - <unknown>
[INFO] [stdout] 
[INFO] [stdout] ---- path_utils::read_dir::test::files_recursive stdout ----
[INFO] [stdout] 
[INFO] [stdout] thread 'path_utils::read_dir::test::files_recursive' (591) panicked at src/path_utils/read_dir.rs:221:57:
[INFO] [stdout] called `Result::unwrap()` on an `Err` value: FileNotFound { path: "/opt/rustwide/workdir/crates/sweet_fs/test_dir" }
[INFO] [stdout] stack backtrace:
[INFO] [stdout]    0:     0x62cdbe99b771 - <<std[70759c8f55707aa4]::sys::backtrace::BacktraceLock>::print::DisplayBacktrace as core[df12db4294e9bfd3]::fmt::Display>::fmt
[INFO] [stdout]    1:     0x62cdbe9afdaa - core[df12db4294e9bfd3]::fmt::write
[INFO] [stdout]    2:     0x62cdbe99fefc - <alloc[2182bb758b4b3781]::vec::Vec<u8> as core[df12db4294e9bfd3]::io::write::Write>::write_fmt
[INFO] [stdout]    3:     0x62cdbe976e16 - std[70759c8f55707aa4]::panicking::default_hook::{closure#0}
[INFO] [stdout]    4:     0x62cdbe993599 - std[70759c8f55707aa4]::panicking::default_hook
[INFO] [stdout]    5:     0x62cdbe92d390 - test[9d35eded1c95d3be]::test_main_inner::<test[9d35eded1c95d3be]::test_main_static::{closure#0}>::{closure#0}
[INFO] [stdout]    6:     0x62cdbe993752 - std[70759c8f55707aa4]::panicking::panic_with_hook
[INFO] [stdout]    7:     0x62cdbe976ec2 - std[70759c8f55707aa4]::panicking::panic_handler::{closure#0}
[INFO] [stdout]    8:     0x62cdbe96fa19 - std[70759c8f55707aa4]::sys::backtrace::__rust_end_short_backtrace::<std[70759c8f55707aa4]::panicking::panic_handler::{closure#0}, !>
[INFO] [stdout]    9:     0x62cdbe977abd - __rustc[8fa7c3cbc660c2b3]::rust_begin_unwind
[INFO] [stdout]   10:     0x62cdbe9b04dc - core[df12db4294e9bfd3]::panicking::panic_fmt
[INFO] [stdout]   11:     0x62cdbe9b02b2 - core[df12db4294e9bfd3]::result::unwrap_failed
[INFO] [stdout]   12:     0x62cdbe91bad5 - sweet_utils[b81bfa342853b28a]::path_utils::read_dir::test::files_recursive
[INFO] [stdout]   13:     0x62cdbe91eff9 - <sweet_utils[b81bfa342853b28a]::path_utils::read_dir::test::files_recursive::{closure#0} as core[df12db4294e9bfd3]::ops::function::FnOnce<()>>::call_once
[INFO] [stdout]   14:     0x62cdbe92067b - test[9d35eded1c95d3be]::__rust_begin_short_backtrace::<core[df12db4294e9bfd3]::result::Result<(), alloc[2182bb758b4b3781]::string::String>, fn() -> core[df12db4294e9bfd3]::result::Result<(), alloc[2182bb758b4b3781]::string::String>>
[INFO] [stdout]   15:     0x62cdbe92dce5 - test[9d35eded1c95d3be]::run_test::{closure#0}
[INFO] [stdout]   16:     0x62cdbe9275a4 - std[70759c8f55707aa4]::sys::backtrace::__rust_begin_short_backtrace::<test[9d35eded1c95d3be]::run_test::{closure#1}, ()>
[INFO] [stdout]   17:     0x62cdbe930e42 - <std[70759c8f55707aa4]::thread::lifecycle::spawn_unchecked<test[9d35eded1c95d3be]::run_test::{closure#1}, ()>::{closure#1} as core[df12db4294e9bfd3]::ops::function::FnOnce<()>>::call_once::{shim:vtable#0}
[INFO] [stdout]   18:     0x62cdbe99a9b9 - <std[70759c8f55707aa4]::sys::thread::unix::Thread>::new::thread_start
[INFO] [stdout]   19:     0x7ce396677dfa - <unknown>
[INFO] [stdout]   20:     0x7ce39670b3d4 - clone
[INFO] [stdout]   21:                0x0 - <unknown>
[INFO] [stdout] 
[INFO] [stdout] ---- path_utils::read_file::test::to_string stdout ----
[INFO] [stdout] 
[INFO] [stdout] thread 'path_utils::read_file::test::to_string' (595) panicked at src/path_utils/read_file.rs:55:67:
[INFO] [stdout] called `Result::unwrap()` on an `Err` value: FileNotFound { path: "/opt/rustwide/workdir/crates/sweet_fs/test_dir/mod.rs" }
[INFO] [stdout] stack backtrace:
[INFO] [stdout]    0:     0x62cdbe99b771 - <<std[70759c8f55707aa4]::sys::backtrace::BacktraceLock>::print::DisplayBacktrace as core[df12db4294e9bfd3]::fmt::Display>::fmt
[INFO] [stdout]    1:     0x62cdbe9afdaa - core[df12db4294e9bfd3]::fmt::write
[INFO] [stdout]    2:     0x62cdbe99fefc - <alloc[2182bb758b4b3781]::vec::Vec<u8> as core[df12db4294e9bfd3]::io::write::Write>::write_fmt
[INFO] [stdout]    3:     0x62cdbe976e16 - std[70759c8f55707aa4]::panicking::default_hook::{closure#0}
[INFO] [stdout]    4:     0x62cdbe993599 - std[70759c8f55707aa4]::panicking::default_hook
[INFO] [stdout]    5:     0x62cdbe92d390 - test[9d35eded1c95d3be]::test_main_inner::<test[9d35eded1c95d3be]::test_main_static::{closure#0}>::{closure#0}
[INFO] [stdout]    6:     0x62cdbe993752 - std[70759c8f55707aa4]::panicking::panic_with_hook
[INFO] [stdout]    7:     0x62cdbe976ec2 - std[70759c8f55707aa4]::panicking::panic_handler::{closure#0}
[INFO] [stdout]    8:     0x62cdbe96fa19 - std[70759c8f55707aa4]::sys::backtrace::__rust_end_short_backtrace::<std[70759c8f55707aa4]::panicking::panic_handler::{closure#0}, !>
[INFO] [stdout]    9:     0x62cdbe977abd - __rustc[8fa7c3cbc660c2b3]::rust_begin_unwind
[INFO] [stdout]   10:     0x62cdbe9b04dc - core[df12db4294e9bfd3]::panicking::panic_fmt
[INFO] [stdout]   11:     0x62cdbe9b02b2 - core[df12db4294e9bfd3]::result::unwrap_failed
[INFO] [stdout]   12:     0x62cdbe917390 - sweet_utils[b81bfa342853b28a]::path_utils::read_file::test::to_string
[INFO] [stdout]   13:     0x62cdbe91f0d9 - <sweet_utils[b81bfa342853b28a]::path_utils::read_file::test::to_string::{closure#0} as core[df12db4294e9bfd3]::ops::function::FnOnce<()>>::call_once
[INFO] [stdout]   14:     0x62cdbe92067b - test[9d35eded1c95d3be]::__rust_begin_short_backtrace::<core[df12db4294e9bfd3]::result::Result<(), alloc[2182bb758b4b3781]::string::String>, fn() -> core[df12db4294e9bfd3]::result::Result<(), alloc[2182bb758b4b3781]::string::String>>
[INFO] [stdout]   15:     0x62cdbe92dce5 - test[9d35eded1c95d3be]::run_test::{closure#0}
[INFO] [stdout]   16:     0x62cdbe9275a4 - std[70759c8f55707aa4]::sys::backtrace::__rust_begin_short_backtrace::<test[9d35eded1c95d3be]::run_test::{closure#1}, ()>
[INFO] [stdout]   17:     0x62cdbe930e42 - <std[70759c8f55707aa4]::thread::lifecycle::spawn_unchecked<test[9d35eded1c95d3be]::run_test::{closure#1}, ()>::{closure#1} as core[df12db4294e9bfd3]::ops::function::FnOnce<()>>::call_once::{shim:vtable#0}
[INFO] [stdout]   18:     0x62cdbe99a9b9 - <std[70759c8f55707aa4]::sys::thread::unix::Thread>::new::thread_start
[INFO] [stdout]   19:     0x7ce396677dfa - <unknown>
[INFO] [stdout]   20:     0x7ce39670b3d4 - clone
[INFO] [stdout]   21:                0x0 - <unknown>
[INFO] [stdout] 
[INFO] [stdout] ---- path_utils::read_file::test::to_bytes stdout ----
[INFO] [stdout] 
[INFO] [stdout] thread 'path_utils::read_file::test::to_bytes' (594) panicked at src/path_utils/read_file.rs:64:66:
[INFO] [stdout] called `Result::unwrap()` on an `Err` value: FileNotFound { path: "/opt/rustwide/workdir/crates/sweet_fs/test_dir/mod.rs" }
[INFO] [stdout] stack backtrace:
[INFO] [stdout]    0:     0x62cdbe99b771 - <<std[70759c8f55707aa4]::sys::backtrace::BacktraceLock>::print::DisplayBacktrace as core[df12db4294e9bfd3]::fmt::Display>::fmt
[INFO] [stdout]    1:     0x62cdbe9afdaa - core[df12db4294e9bfd3]::fmt::write
[INFO] [stdout]    2:     0x62cdbe99fefc - <alloc[2182bb758b4b3781]::vec::Vec<u8> as core[df12db4294e9bfd3]::io::write::Write>::write_fmt
[INFO] [stdout]    3:     0x62cdbe976e16 - std[70759c8f55707aa4]::panicking::default_hook::{closure#0}
[INFO] [stdout]    4:     0x62cdbe993599 - std[70759c8f55707aa4]::panicking::default_hook
[INFO] [stdout]    5:     0x62cdbe92d390 - test[9d35eded1c95d3be]::test_main_inner::<test[9d35eded1c95d3be]::test_main_static::{closure#0}>::{closure#0}
[INFO] [stdout]    6:     0x62cdbe993752 - std[70759c8f55707aa4]::panicking::panic_with_hook
[INFO] [stdout]    7:     0x62cdbe976ec2 - std[70759c8f55707aa4]::panicking::panic_handler::{closure#0}
[INFO] [stdout]    8:     0x62cdbe96fa19 - std[70759c8f55707aa4]::sys::backtrace::__rust_end_short_backtrace::<std[70759c8f55707aa4]::panicking::panic_handler::{closure#0}, !>
[INFO] [stdout]    9:     0x62cdbe977abd - __rustc[8fa7c3cbc660c2b3]::rust_begin_unwind
[INFO] [stdout]   10:     0x62cdbe9b04dc - core[df12db4294e9bfd3]::panicking::panic_fmt
[INFO] [stdout]   11:     0x62cdbe9b02b2 - core[df12db4294e9bfd3]::result::unwrap_failed
[INFO] [stdout]   12:     0x62cdbe916b59 - sweet_utils[b81bfa342853b28a]::path_utils::read_file::test::to_bytes
[INFO] [stdout]   13:     0x62cdbe91f0b9 - <sweet_utils[b81bfa342853b28a]::path_utils::read_file::test::to_bytes::{closure#0} as core[df12db4294e9bfd3]::ops::function::FnOnce<()>>::call_once
[INFO] [stdout]   14:     0x62cdbe92067b - test[9d35eded1c95d3be]::__rust_begin_short_backtrace::<core[df12db4294e9bfd3]::result::Result<(), alloc[2182bb758b4b3781]::string::String>, fn() -> core[df12db4294e9bfd3]::result::Result<(), alloc[2182bb758b4b3781]::string::String>>
[INFO] [stdout]   15:     0x62cdbe92dce5 - test[9d35eded1c95d3be]::run_test::{closure#0}
[INFO] [stdout]   16:     0x62cdbe9275a4 - std[70759c8f55707aa4]::sys::backtrace::__rust_begin_short_backtrace::<test[9d35eded1c95d3be]::run_test::{closure#1}, ()>
[INFO] [stdout]   17:     0x62cdbe930e42 - <std[70759c8f55707aa4]::thread::lifecycle::spawn_unchecked<test[9d35eded1c95d3be]::run_test::{closure#1}, ()>::{closure#1} as core[df12db4294e9bfd3]::ops::function::FnOnce<()>>::call_once::{shim:vtable#0}
[INFO] [stdout]   18:     0x62cdbe99a9b9 - <std[70759c8f55707aa4]::sys::thread::unix::Thread>::new::thread_start
[INFO] [stdout]   19:     0x7ce396677dfa - <unknown>
[INFO] [stdout]   20:     0x7ce39670b3d4 - clone
[INFO] [stdout]   21:                0x0 - <unknown>
[INFO] [stdout] 
[INFO] [stdout] 
[INFO] [stdout] failures:
[INFO] [stdout]     path_utils::fs_ext::test::workspace_root
[INFO] [stdout]     path_utils::read_dir::test::dirs
[INFO] [stdout]     path_utils::read_dir::test::files
[INFO] [stdout]     path_utils::read_dir::test::files_recursive
[INFO] [stdout]     path_utils::read_dir::test::read_dir_recursive
[INFO] [stdout]     path_utils::read_file::test::hash
[INFO] [stdout]     path_utils::read_file::test::to_bytes
[INFO] [stdout]     path_utils::read_file::test::to_string
[INFO] [stdout] 
[INFO] [stdout] test result: FAILED. 10 passed; 8 failed; 1 ignored; 0 measured; 0 filtered out; finished in 0.01s
[INFO] [stdout] 
[INFO] [stderr] error: test failed, to rerun pass `--lib`
[INFO] running `Command { std: "docker" "inspect" "f0309717b5a2c3d53611c12eabb434b82209cdaf0177f1e17d355e13566e63f3", kill_on_drop: false }`
[INFO] running `Command { std: "docker" "rm" "-f" "f0309717b5a2c3d53611c12eabb434b82209cdaf0177f1e17d355e13566e63f3", kill_on_drop: false }`
[INFO] [stdout] f0309717b5a2c3d53611c12eabb434b82209cdaf0177f1e17d355e13566e63f3
