[INFO] fetching crate sweepx-fixtures 0.0.1...
[INFO] testing sweepx-fixtures-0.0.1 against 1.99.0-beta.8+cargoflags=--release for beta-release-1.100-2
[INFO] extracting crate sweepx-fixtures 0.0.1 into /workspace/builds/worker-3-tc1/source
[INFO] started tweaking crates.io crate sweepx-fixtures 0.0.1
[INFO] removed 0 missing tests
[INFO] finished tweaking crates.io crate sweepx-fixtures 0.0.1
[INFO] tweaked toml for crates.io crate sweepx-fixtures 0.0.1 written to /workspace/builds/worker-3-tc1/source/Cargo.toml
[INFO] validating manifest of crates.io crate sweepx-fixtures 0.0.1 on toolchain 1.99.0-beta.8
[INFO] running `Command { std: CARGO_HOME="/workspace/cargo-home" RUSTUP_HOME="/workspace/rustup-home" "/workspace/cargo-home/bin/cargo" "+1.99.0-beta.8" "metadata" "--manifest-path" "Cargo.toml" "--no-deps", kill_on_drop: false }`
[INFO] crate crates.io crate sweepx-fixtures 0.0.1 already has a lockfile, it will not be regenerated
[INFO] running `Command { std: CARGO_HOME="/workspace/cargo-home" RUSTUP_HOME="/workspace/rustup-home" "/workspace/cargo-home/bin/cargo" "+1.99.0-beta.8" "fetch" "--manifest-path" "Cargo.toml", kill_on_drop: false }`
[INFO] [stderr]     Updating crates.io index
[INFO] [stderr]  Downloading crates ...
[INFO] [stderr]   Downloaded sweepx-model v0.0.1
[INFO] running `Command { std: "docker" "create" "-v" "/var/lib/crater-agent-workspace/builds/worker-3-tc1/source:/opt/rustwide/workdir:ro,Z" "-v" "/var/lib/crater-agent-workspace/builds/worker-3-tc1/target:/opt/rustwide/target:rw,Z" "-v" "/var/lib/crater-agent-workspace/cargo-home:/opt/rustwide/cargo-home:ro,Z" "-v" "/var/lib/crater-agent-workspace/rustup-home:/opt/rustwide/rustup-home:ro,Z" "-m" "1610612736" "--network" "none" "ghcr.io/rust-lang/crates-build-env/linux@sha256:77db811e55d90add9212f6832c23229e3de5f1c1f9905e8cb07319ea15df73ac" "sleep" "infinity", kill_on_drop: false }`
[INFO] [stdout] ba70606134c19b2c4b8864f6114122496bc5c8bd027115d66c447e8e94b3e657
[INFO] running `Command { std: "docker" "start" "ba70606134c19b2c4b8864f6114122496bc5c8bd027115d66c447e8e94b3e657", kill_on_drop: false }`
[INFO] running `Command { std: "docker" "inspect" "ba70606134c19b2c4b8864f6114122496bc5c8bd027115d66c447e8e94b3e657", kill_on_drop: false }`
[INFO] running `Command { std: "docker" "exec" "-e" "SOURCE_DIR=/opt/rustwide/workdir" "-e" "CARGO_HOME=/opt/rustwide/cargo-home" "-e" "RUSTUP_HOME=/opt/rustwide/rustup-home" "-e" "CARGO_TARGET_DIR=/opt/rustwide/target" "-w" "/opt/rustwide/workdir" "--user" "0:0" "ba70606134c19b2c4b8864f6114122496bc5c8bd027115d66c447e8e94b3e657" "/opt/rustwide/cargo-home/bin/cargo" "+1.99.0-beta.8" "metadata" "--no-deps" "--format-version=1", kill_on_drop: false }`
[INFO] running `Command { std: "docker" "inspect" "ba70606134c19b2c4b8864f6114122496bc5c8bd027115d66c447e8e94b3e657", kill_on_drop: false }`
[INFO] running `Command { std: "docker" "exec" "-e" "SOURCE_DIR=/opt/rustwide/workdir" "-e" "CARGO_HOME=/opt/rustwide/cargo-home" "-e" "RUSTUP_HOME=/opt/rustwide/rustup-home" "-e" "CARGO_TARGET_DIR=/opt/rustwide/target" "-e" "CARGO_INCREMENTAL=0" "-e" "RUST_BACKTRACE=full" "-e" "RUSTFLAGS=--cap-lints=warn" "-e" "RUSTDOCFLAGS=--cap-lints=warn" "-w" "/opt/rustwide/workdir" "--user" "0:0" "ba70606134c19b2c4b8864f6114122496bc5c8bd027115d66c447e8e94b3e657" "/opt/rustwide/cargo-home/bin/cargo" "+1.99.0-beta.8" "build" "--frozen" "--message-format=json" "--release", kill_on_drop: false }`
[INFO] [stderr]    Compiling typenum v1.20.1
[INFO] [stderr]    Compiling ref-cast v1.0.27
[INFO] [stderr]    Compiling serde_json v1.0.151
[INFO] [stderr]    Compiling thiserror v2.0.20
[INFO] [stderr]    Compiling syn v3.0.4
[INFO] [stderr]    Compiling time v0.3.55
[INFO] [stderr]    Compiling generic-array v0.14.7
[INFO] [stderr]    Compiling serde_derive_internals v0.30.0
[INFO] [stderr]    Compiling ref-cast-impl v1.0.27
[INFO] [stderr]    Compiling serde_derive v1.0.229
[INFO] [stderr]    Compiling thiserror-impl v2.0.20
[INFO] [stderr]    Compiling crypto-common v0.1.7
[INFO] [stderr]    Compiling block-buffer v0.10.4
[INFO] [stderr]    Compiling digest v0.10.7
[INFO] [stderr]    Compiling sha2 v0.10.9
[INFO] [stderr]    Compiling schemars_derive v1.2.2
[INFO] [stderr]    Compiling serde v1.0.229
[INFO] [stderr]    Compiling schemars v1.2.2
[INFO] [stderr]    Compiling sweepx-model v0.0.1
[INFO] [stderr]    Compiling sweepx-fixtures v0.0.1 (/opt/rustwide/workdir)
[INFO] [stderr]     Finished `release` profile [optimized] target(s) in 23.07s
[INFO] running `Command { std: "docker" "inspect" "ba70606134c19b2c4b8864f6114122496bc5c8bd027115d66c447e8e94b3e657", kill_on_drop: false }`
[INFO] running `Command { std: "docker" "exec" "-e" "SOURCE_DIR=/opt/rustwide/workdir" "-e" "CARGO_HOME=/opt/rustwide/cargo-home" "-e" "RUSTUP_HOME=/opt/rustwide/rustup-home" "-e" "CARGO_TARGET_DIR=/opt/rustwide/target" "-e" "CARGO_INCREMENTAL=0" "-e" "RUST_BACKTRACE=full" "-e" "RUSTFLAGS=--cap-lints=warn" "-e" "RUSTDOCFLAGS=--cap-lints=warn" "-w" "/opt/rustwide/workdir" "--user" "0:0" "ba70606134c19b2c4b8864f6114122496bc5c8bd027115d66c447e8e94b3e657" "/opt/rustwide/cargo-home/bin/cargo" "+1.99.0-beta.8" "test" "--frozen" "--no-run" "--message-format=json" "--release", kill_on_drop: false }`
[INFO] [stderr]    Compiling libc v0.2.189
[INFO] [stderr]    Compiling bitflags v2.13.1
[INFO] [stderr]    Compiling fastrand v2.5.0
[INFO] [stderr]    Compiling rustix v1.1.4
[INFO] [stderr]    Compiling getrandom v0.4.3
[INFO] [stderr]    Compiling tempfile v3.27.0
[INFO] [stderr]    Compiling sweepx-fixtures v0.0.1 (/opt/rustwide/workdir)
[INFO] [stderr]     Finished `release` profile [optimized] target(s) in 10.69s
[INFO] running `Command { std: "docker" "inspect" "ba70606134c19b2c4b8864f6114122496bc5c8bd027115d66c447e8e94b3e657", kill_on_drop: false }`
[INFO] running `Command { std: "docker" "exec" "-e" "SOURCE_DIR=/opt/rustwide/workdir" "-e" "CARGO_HOME=/opt/rustwide/cargo-home" "-e" "RUSTUP_HOME=/opt/rustwide/rustup-home" "-e" "CARGO_TARGET_DIR=/opt/rustwide/target" "-e" "CARGO_INCREMENTAL=0" "-e" "RUST_BACKTRACE=full" "-e" "RUSTFLAGS=--cap-lints=warn" "-e" "RUSTDOCFLAGS=--cap-lints=warn" "-w" "/opt/rustwide/workdir" "--user" "0:0" "ba70606134c19b2c4b8864f6114122496bc5c8bd027115d66c447e8e94b3e657" "/opt/rustwide/cargo-home/bin/cargo" "+1.99.0-beta.8" "test" "--frozen" "--release", kill_on_drop: false }`
[INFO] [stderr]     Finished `release` profile [optimized] target(s) in 0.06s
[INFO] [stderr]      Running unittests src/lib.rs (/opt/rustwide/target/release/deps/sweepx_fixtures-e882b93e9d8428c6)
[INFO] [stdout] 
[INFO] [stdout] running 2 tests
[INFO] [stdout] test tests::fixture_root_membership_rejects_root ... ok
[INFO] [stdout] test tests::default_manifest_has_p1_entries ... ok
[INFO] [stdout] 
[INFO] [stdout] test result: ok. 2 passed; 0 failed; 0 ignored; 0 measured; 0 filtered out; finished in 0.00s
[INFO] [stdout] 
[INFO] [stderr]      Running tests/fixtures.rs (/opt/rustwide/target/release/deps/fixtures-a1e77a0c97591fd1)
[INFO] [stdout] 
[INFO] [stdout] running 20 tests
[INFO] [stdout] test generation_refuses_symlink_escape_outside_fixture_root ... ok
[INFO] [stdout] test minimal_contract_generation_matches_full_expected_receipt ... FAILED
[INFO] [stdout] test multi_node_hardlink_cycle_is_rejected_before_mutation ... ok
[INFO] [stdout] test oracle_from_contract_files_reads_contract_and_generated_tree ... FAILED
[INFO] [stdout] test linux_p4_selection_rejects_absent_duplicate_and_non_file_entry_ids ... ok
[INFO] [stdout] test linux_p4_manifest_selects_one_private_path_by_entry_id ... ok
[INFO] [stdout] test generation_refuses_symlink_fixture_root_and_canonicalizes_root ... ok
[INFO] [stdout] test generation_refuses_nonempty_root_and_filesystem_root ... ok
[INFO] [stdout] test invalid_hardlink_manifest_is_rejected_before_mutation ... ok
[INFO] [stdout] test linux_p4_selection_rejects_profile_mismatches ... ok
[INFO] [stdout] test oracle_reports_independent_identity_boundaries_and_hardlink_group ... ok
[INFO] [stdout] test receipt_json_roundtrip_keeps_contract_shape ... FAILED
[INFO] [stdout] test linux_p4_selection_uses_private_generation_snapshot ... ok
[INFO] [stdout] test self_referential_hardlink_is_rejected_before_mutation ... ok
[INFO] [stdout] test linux_p4_named_evidence_trace_and_bundle_are_deterministic ... FAILED
[INFO] [stdout] test linux_p4_final_recheck_detects_target_sibling_and_unexpected_tree_changes ... ok
[INFO] [stdout] test generation_receipt_is_byte_for_byte_reproducible_from_seed ... ok
[INFO] [stdout] test receipt_comparison_is_independent_of_generation_root ... ok
[INFO] [stdout] test linux_p4_post_action_recheck_allows_only_target_removal ... ok
[INFO] [stdout] test linux_p4_selection_rejects_symlink_directory_and_hardlink_targets ... ok
[INFO] [stderr] error: test failed, to rerun pass `--test fixtures`
[INFO] [stdout] 
[INFO] [stdout] failures:
[INFO] [stdout] 
[INFO] [stdout] ---- minimal_contract_generation_matches_full_expected_receipt stdout ----
[INFO] [stdout] 
[INFO] [stdout] thread 'minimal_contract_generation_matches_full_expected_receipt' (772) panicked at tests/fixtures.rs:49:10:
[INFO] [stdout] generate minimal fixture: Io { path: "/opt/fixtures/contracts/minimal.fixture-manifest.json", source: Os { code: 2, kind: NotFound, message: "No such file or directory" } }
[INFO] [stdout] stack backtrace:
[INFO] [stdout]    0:     0x5c5337651d11 - <<std[70759c8f55707aa4]::sys::backtrace::BacktraceLock>::print::DisplayBacktrace as core[df12db4294e9bfd3]::fmt::Display>::fmt
[INFO] [stdout]    1:     0x5c53376675aa - core[df12db4294e9bfd3]::fmt::write
[INFO] [stdout]    2:     0x5c533765649c - <alloc[2182bb758b4b3781]::vec::Vec<u8> as core[df12db4294e9bfd3]::io::write::Write>::write_fmt
[INFO] [stdout]    3:     0x5c533762ba86 - std[70759c8f55707aa4]::panicking::default_hook::{closure#0}
[INFO] [stdout]    4:     0x5c5337648fd9 - std[70759c8f55707aa4]::panicking::default_hook
[INFO] [stdout]    5:     0x5c53375a7a10 - test[9d35eded1c95d3be]::test_main_inner::<test[9d35eded1c95d3be]::test_main_static::{closure#0}>::{closure#0}
[INFO] [stdout]    6:     0x5c5337649192 - std[70759c8f55707aa4]::panicking::panic_with_hook
[INFO] [stdout]    7:     0x5c533762bb32 - std[70759c8f55707aa4]::panicking::panic_handler::{closure#0}
[INFO] [stdout]    8:     0x5c5337624499 - std[70759c8f55707aa4]::sys::backtrace::__rust_end_short_backtrace::<std[70759c8f55707aa4]::panicking::panic_handler::{closure#0}, !>
[INFO] [stdout]    9:     0x5c533762c90d - __rustc[8fa7c3cbc660c2b3]::rust_begin_unwind
[INFO] [stdout]   10:     0x5c5337667cdc - core[df12db4294e9bfd3]::panicking::panic_fmt
[INFO] [stdout]   11:     0x5c5337667ab2 - core[df12db4294e9bfd3]::result::unwrap_failed
[INFO] [stdout]   12:     0x5c533757943a - <fixtures[5e5eba94f9d5b9ec]::minimal_contract_generation_matches_full_expected_receipt::{closure#0} as core[df12db4294e9bfd3]::ops::function::FnOnce<()>>::call_once
[INFO] [stdout]   13:     0x5c533759acfb - test[9d35eded1c95d3be]::__rust_begin_short_backtrace::<core[df12db4294e9bfd3]::result::Result<(), alloc[2182bb758b4b3781]::string::String>, fn() -> core[df12db4294e9bfd3]::result::Result<(), alloc[2182bb758b4b3781]::string::String>>
[INFO] [stdout]   14:     0x5c53375a8365 - test[9d35eded1c95d3be]::run_test::{closure#0}
[INFO] [stdout]   15:     0x5c53375a1c24 - std[70759c8f55707aa4]::sys::backtrace::__rust_begin_short_backtrace::<test[9d35eded1c95d3be]::run_test::{closure#1}, ()>
[INFO] [stdout]   16:     0x5c53375ab4c2 - <std[70759c8f55707aa4]::thread::lifecycle::spawn_unchecked<test[9d35eded1c95d3be]::run_test::{closure#1}, ()>::{closure#1} as core[df12db4294e9bfd3]::ops::function::FnOnce<()>>::call_once::{shim:vtable#0}
[INFO] [stdout]   17:     0x5c53376510d9 - <std[70759c8f55707aa4]::sys::thread::unix::Thread>::new::thread_start
[INFO] [stdout]   18:     0x750a9b723dfa - <unknown>
[INFO] [stdout]   19:     0x750a9b7b73d4 - clone
[INFO] [stdout]   20:                0x0 - <unknown>
[INFO] [stdout] 
[INFO] [stdout] ---- oracle_from_contract_files_reads_contract_and_generated_tree stdout ----
[INFO] [stdout] 
[INFO] [stdout] thread 'oracle_from_contract_files_reads_contract_and_generated_tree' (774) panicked at tests/fixtures.rs:403:82:
[INFO] [stdout] generate: Io { path: "/opt/fixtures/contracts/minimal.fixture-manifest.json", source: Os { code: 2, kind: NotFound, message: "No such file or directory" } }
[INFO] [stdout] stack backtrace:
[INFO] [stdout]    0:     0x5c5337651d11 - <<std[70759c8f55707aa4]::sys::backtrace::BacktraceLock>::print::DisplayBacktrace as core[df12db4294e9bfd3]::fmt::Display>::fmt
[INFO] [stdout]    1:     0x5c53376675aa - core[df12db4294e9bfd3]::fmt::write
[INFO] [stdout]    2:     0x5c533765649c - <alloc[2182bb758b4b3781]::vec::Vec<u8> as core[df12db4294e9bfd3]::io::write::Write>::write_fmt
[INFO] [stdout]    3:     0x5c533762ba86 - std[70759c8f55707aa4]::panicking::default_hook::{closure#0}
[INFO] [stdout]    4:     0x5c5337648fd9 - std[70759c8f55707aa4]::panicking::default_hook
[INFO] [stdout]    5:     0x5c53375a7a10 - test[9d35eded1c95d3be]::test_main_inner::<test[9d35eded1c95d3be]::test_main_static::{closure#0}>::{closure#0}
[INFO] [stdout]    6:     0x5c5337649192 - std[70759c8f55707aa4]::panicking::panic_with_hook
[INFO] [stdout]    7:     0x5c533762bb32 - std[70759c8f55707aa4]::panicking::panic_handler::{closure#0}
[INFO] [stdout]    8:     0x5c5337624499 - std[70759c8f55707aa4]::sys::backtrace::__rust_end_short_backtrace::<std[70759c8f55707aa4]::panicking::panic_handler::{closure#0}, !>
[INFO] [stdout]    9:     0x5c533762c90d - __rustc[8fa7c3cbc660c2b3]::rust_begin_unwind
[INFO] [stdout]   10:     0x5c5337667cdc - core[df12db4294e9bfd3]::panicking::panic_fmt
[INFO] [stdout]   11:     0x5c5337667ab2 - core[df12db4294e9bfd3]::result::unwrap_failed
[INFO] [stdout]   12:     0x5c533757b9af - <fixtures[5e5eba94f9d5b9ec]::oracle_from_contract_files_reads_contract_and_generated_tree::{closure#0} as core[df12db4294e9bfd3]::ops::function::FnOnce<()>>::call_once
[INFO] [stdout]   13:     0x5c533759acfb - test[9d35eded1c95d3be]::__rust_begin_short_backtrace::<core[df12db4294e9bfd3]::result::Result<(), alloc[2182bb758b4b3781]::string::String>, fn() -> core[df12db4294e9bfd3]::result::Result<(), alloc[2182bb758b4b3781]::string::String>>
[INFO] [stdout]   14:     0x5c53375a8365 - test[9d35eded1c95d3be]::run_test::{closure#0}
[INFO] [stdout]   15:     0x5c53375a1c24 - std[70759c8f55707aa4]::sys::backtrace::__rust_begin_short_backtrace::<test[9d35eded1c95d3be]::run_test::{closure#1}, ()>
[INFO] [stdout]   16:     0x5c53375ab4c2 - <std[70759c8f55707aa4]::thread::lifecycle::spawn_unchecked<test[9d35eded1c95d3be]::run_test::{closure#1}, ()>::{closure#1} as core[df12db4294e9bfd3]::ops::function::FnOnce<()>>::call_once::{shim:vtable#0}
[INFO] [stdout]   17:     0x5c53376510d9 - <std[70759c8f55707aa4]::sys::thread::unix::Thread>::new::thread_start
[INFO] [stdout]   18:     0x750a9b723dfa - <unknown>
[INFO] [stdout]   19:     0x750a9b7b73d4 - clone
[INFO] [stdout]   20:                0x0 - <unknown>
[INFO] [stdout] 
[INFO] [stdout] ---- receipt_json_roundtrip_keeps_contract_shape stdout ----
[INFO] [stdout] 
[INFO] [stdout] thread 'receipt_json_roundtrip_keeps_contract_shape' (777) panicked at tests/fixtures.rs:434:84:
[INFO] [stdout] load: Io { path: "/opt/fixtures/contracts/minimal.expected-receipt.json", source: Os { code: 2, kind: NotFound, message: "No such file or directory" } }
[INFO] [stdout] stack backtrace:
[INFO] [stdout]    0:     0x5c5337651d11 - <<std[70759c8f55707aa4]::sys::backtrace::BacktraceLock>::print::DisplayBacktrace as core[df12db4294e9bfd3]::fmt::Display>::fmt
[INFO] [stdout]    1:     0x5c53376675aa - core[df12db4294e9bfd3]::fmt::write
[INFO] [stdout]    2:     0x5c533765649c - <alloc[2182bb758b4b3781]::vec::Vec<u8> as core[df12db4294e9bfd3]::io::write::Write>::write_fmt
[INFO] [stdout]    3:     0x5c533762ba86 - std[70759c8f55707aa4]::panicking::default_hook::{closure#0}
[INFO] [stdout]    4:     0x5c5337648fd9 - std[70759c8f55707aa4]::panicking::default_hook
[INFO] [stdout]    5:     0x5c53375a7a10 - test[9d35eded1c95d3be]::test_main_inner::<test[9d35eded1c95d3be]::test_main_static::{closure#0}>::{closure#0}
[INFO] [stdout]    6:     0x5c5337649192 - std[70759c8f55707aa4]::panicking::panic_with_hook
[INFO] [stdout]    7:     0x5c533762bb32 - std[70759c8f55707aa4]::panicking::panic_handler::{closure#0}
[INFO] [stdout]    8:     0x5c5337624499 - std[70759c8f55707aa4]::sys::backtrace::__rust_end_short_backtrace::<std[70759c8f55707aa4]::panicking::panic_handler::{closure#0}, !>
[INFO] [stdout]    9:     0x5c533762c90d - __rustc[8fa7c3cbc660c2b3]::rust_begin_unwind
[INFO] [stdout]   10:     0x5c5337667cdc - core[df12db4294e9bfd3]::panicking::panic_fmt
[INFO] [stdout]   11:     0x5c5337667ab2 - core[df12db4294e9bfd3]::result::unwrap_failed
[INFO] [stdout]   12:     0x5c5337572e0e - <fixtures[5e5eba94f9d5b9ec]::receipt_json_roundtrip_keeps_contract_shape::{closure#0} as core[df12db4294e9bfd3]::ops::function::FnOnce<()>>::call_once
[INFO] [stdout]   13:     0x5c533759acfb - test[9d35eded1c95d3be]::__rust_begin_short_backtrace::<core[df12db4294e9bfd3]::result::Result<(), alloc[2182bb758b4b3781]::string::String>, fn() -> core[df12db4294e9bfd3]::result::Result<(), alloc[2182bb758b4b3781]::string::String>>
[INFO] [stdout]   14:     0x5c53375a8365 - test[9d35eded1c95d3be]::run_test::{closure#0}
[INFO] [stdout]   15:     0x5c53375a1c24 - std[70759c8f55707aa4]::sys::backtrace::__rust_begin_short_backtrace::<test[9d35eded1c95d3be]::run_test::{closure#1}, ()>
[INFO] [stdout]   16:     0x5c53375ab4c2 - <std[70759c8f55707aa4]::thread::lifecycle::spawn_unchecked<test[9d35eded1c95d3be]::run_test::{closure#1}, ()>::{closure#1} as core[df12db4294e9bfd3]::ops::function::FnOnce<()>>::call_once::{shim:vtable#0}
[INFO] [stdout]   17:     0x5c53376510d9 - <std[70759c8f55707aa4]::sys::thread::unix::Thread>::new::thread_start
[INFO] [stdout]   18:     0x750a9b723dfa - <unknown>
[INFO] [stdout]   19:     0x750a9b7b73d4 - clone
[INFO] [stdout]   20:                0x0 - <unknown>
[INFO] [stdout] 
[INFO] [stdout] ---- linux_p4_named_evidence_trace_and_bundle_are_deterministic stdout ----
[INFO] [stdout] 
[INFO] [stdout] thread 'linux_p4_named_evidence_trace_and_bundle_are_deterministic' (766) panicked at tests/fixtures.rs:942:37:
[INFO] [stdout] read p4 evidence bundle contract: Os { code: 2, kind: NotFound, message: "No such file or directory" }
[INFO] [stdout] stack backtrace:
[INFO] [stdout]    0:     0x5c5337651d11 - <<std[70759c8f55707aa4]::sys::backtrace::BacktraceLock>::print::DisplayBacktrace as core[df12db4294e9bfd3]::fmt::Display>::fmt
[INFO] [stdout]    1:     0x5c53376675aa - core[df12db4294e9bfd3]::fmt::write
[INFO] [stdout]    2:     0x5c533765649c - <alloc[2182bb758b4b3781]::vec::Vec<u8> as core[df12db4294e9bfd3]::io::write::Write>::write_fmt
[INFO] [stdout]    3:     0x5c533762ba86 - std[70759c8f55707aa4]::panicking::default_hook::{closure#0}
[INFO] [stdout]    4:     0x5c5337648fd9 - std[70759c8f55707aa4]::panicking::default_hook
[INFO] [stdout]    5:     0x5c53375a7a10 - test[9d35eded1c95d3be]::test_main_inner::<test[9d35eded1c95d3be]::test_main_static::{closure#0}>::{closure#0}
[INFO] [stdout]    6:     0x5c5337649192 - std[70759c8f55707aa4]::panicking::panic_with_hook
[INFO] [stdout]    7:     0x5c533762bb32 - std[70759c8f55707aa4]::panicking::panic_handler::{closure#0}
[INFO] [stdout]    8:     0x5c5337624499 - std[70759c8f55707aa4]::sys::backtrace::__rust_end_short_backtrace::<std[70759c8f55707aa4]::panicking::panic_handler::{closure#0}, !>
[INFO] [stdout]    9:     0x5c533762c90d - __rustc[8fa7c3cbc660c2b3]::rust_begin_unwind
[INFO] [stdout]   10:     0x5c5337667cdc - core[df12db4294e9bfd3]::panicking::panic_fmt
[INFO] [stdout]   11:     0x5c5337667ab2 - core[df12db4294e9bfd3]::result::unwrap_failed
[INFO] [stdout]   12:     0x5c533757afb2 - <fixtures[5e5eba94f9d5b9ec]::linux_p4_named_evidence_trace_and_bundle_are_deterministic::{closure#0} as core[df12db4294e9bfd3]::ops::function::FnOnce<()>>::call_once
[INFO] [stdout]   13:     0x5c533759acfb - test[9d35eded1c95d3be]::__rust_begin_short_backtrace::<core[df12db4294e9bfd3]::result::Result<(), alloc[2182bb758b4b3781]::string::String>, fn() -> core[df12db4294e9bfd3]::result::Result<(), alloc[2182bb758b4b3781]::string::String>>
[INFO] [stdout]   14:     0x5c53375a8365 - test[9d35eded1c95d3be]::run_test::{closure#0}
[INFO] [stdout]   15:     0x5c53375a1c24 - std[70759c8f55707aa4]::sys::backtrace::__rust_begin_short_backtrace::<test[9d35eded1c95d3be]::run_test::{closure#1}, ()>
[INFO] [stdout]   16:     0x5c53375ab4c2 - <std[70759c8f55707aa4]::thread::lifecycle::spawn_unchecked<test[9d35eded1c95d3be]::run_test::{closure#1}, ()>::{closure#1} as core[df12db4294e9bfd3]::ops::function::FnOnce<()>>::call_once::{shim:vtable#0}
[INFO] [stdout]   17:     0x5c53376510d9 - <std[70759c8f55707aa4]::sys::thread::unix::Thread>::new::thread_start
[INFO] [stdout]   18:     0x750a9b723dfa - <unknown>
[INFO] [stdout]   19:     0x750a9b7b73d4 - clone
[INFO] [stdout]   20:                0x0 - <unknown>
[INFO] [stdout] 
[INFO] [stdout] 
[INFO] [stdout] failures:
[INFO] [stdout]     linux_p4_named_evidence_trace_and_bundle_are_deterministic
[INFO] [stdout]     minimal_contract_generation_matches_full_expected_receipt
[INFO] [stdout]     oracle_from_contract_files_reads_contract_and_generated_tree
[INFO] [stdout]     receipt_json_roundtrip_keeps_contract_shape
[INFO] [stdout] 
[INFO] [stdout] test result: FAILED. 16 passed; 4 failed; 0 ignored; 0 measured; 0 filtered out; finished in 0.02s
[INFO] [stdout] 
[INFO] running `Command { std: "docker" "inspect" "ba70606134c19b2c4b8864f6114122496bc5c8bd027115d66c447e8e94b3e657", kill_on_drop: false }`
[INFO] running `Command { std: "docker" "rm" "-f" "ba70606134c19b2c4b8864f6114122496bc5c8bd027115d66c447e8e94b3e657", kill_on_drop: false }`
[INFO] [stdout] ba70606134c19b2c4b8864f6114122496bc5c8bd027115d66c447e8e94b3e657
