[INFO] fetching crate sweepx-event-journal 0.0.1...
[INFO] testing sweepx-event-journal-0.0.1 against 1.100.0-beta.1+cargoflags=--release for beta-release-1.100-2
[INFO] extracting crate sweepx-event-journal 0.0.1 into /workspace/builds/worker-5-tc2/source
[INFO] started tweaking crates.io crate sweepx-event-journal 0.0.1
[INFO] removed 0 missing examples
[INFO] finished tweaking crates.io crate sweepx-event-journal 0.0.1
[INFO] tweaked toml for crates.io crate sweepx-event-journal 0.0.1 written to /workspace/builds/worker-5-tc2/source/Cargo.toml
[INFO] validating manifest of crates.io crate sweepx-event-journal 0.0.1 on toolchain 1.100.0-beta.1
[INFO] running `Command { std: CARGO_HOME="/workspace/cargo-home" RUSTUP_HOME="/workspace/rustup-home" "/workspace/cargo-home/bin/cargo" "+1.100.0-beta.1" "metadata" "--manifest-path" "Cargo.toml" "--no-deps", kill_on_drop: false }`
[INFO] crate crates.io crate sweepx-event-journal 0.0.1 already has a lockfile, it will not be regenerated
[INFO] running `Command { std: CARGO_HOME="/workspace/cargo-home" RUSTUP_HOME="/workspace/rustup-home" "/workspace/cargo-home/bin/cargo" "+1.100.0-beta.1" "fetch" "--manifest-path" "Cargo.toml", kill_on_drop: false }`
[INFO] [stderr] warning: `package.homepage` is redundant with `package.repository`
[INFO] [stderr]   --> Cargo.toml:62:12
[INFO] [stderr]    |
[INFO] [stderr] 62 | homepage = "https://github.com/lejunyang/sweepx"
[INFO] [stderr]    |            ^^^^^^^^^^^^^^^^^^^^^^^^^^^^^^^^^^^^^
[INFO] [stderr] ...
[INFO] [stderr] 66 | repository = "https://github.com/lejunyang/sweepx"
[INFO] [stderr]    |              -------------------------------------
[INFO] [stderr]    |
[INFO] [stderr]    = note: `cargo::redundant_homepage` is set to `warn` by default
[INFO] [stderr] help: consider removing `package.homepage`
[INFO] [stderr] warning: `sweepx-event-journal` (manifest) generated 1 warning
[INFO] running `Command { std: "docker" "create" "-v" "/var/lib/crater-agent-workspace/builds/worker-5-tc2/source:/opt/rustwide/workdir:ro,Z" "-v" "/var/lib/crater-agent-workspace/builds/worker-5-tc2/target:/opt/rustwide/target:rw,Z" "-v" "/var/lib/crater-agent-workspace/cargo-home:/opt/rustwide/cargo-home:ro,Z" "-v" "/var/lib/crater-agent-workspace/rustup-home:/opt/rustwide/rustup-home:ro,Z" "-m" "1610612736" "--network" "none" "ghcr.io/rust-lang/crates-build-env/linux@sha256:77db811e55d90add9212f6832c23229e3de5f1c1f9905e8cb07319ea15df73ac" "sleep" "infinity", kill_on_drop: false }`
[INFO] [stdout] 45e1db3539c525981fdba8fe344ec320e0795da31d6a2000fa2d7f31b02035f9
[INFO] running `Command { std: "docker" "start" "45e1db3539c525981fdba8fe344ec320e0795da31d6a2000fa2d7f31b02035f9", kill_on_drop: false }`
[INFO] running `Command { std: "docker" "inspect" "45e1db3539c525981fdba8fe344ec320e0795da31d6a2000fa2d7f31b02035f9", kill_on_drop: false }`
[INFO] running `Command { std: "docker" "exec" "-e" "SOURCE_DIR=/opt/rustwide/workdir" "-e" "CARGO_HOME=/opt/rustwide/cargo-home" "-e" "RUSTUP_HOME=/opt/rustwide/rustup-home" "-e" "CARGO_TARGET_DIR=/opt/rustwide/target" "-w" "/opt/rustwide/workdir" "--user" "0:0" "45e1db3539c525981fdba8fe344ec320e0795da31d6a2000fa2d7f31b02035f9" "/opt/rustwide/cargo-home/bin/cargo" "+1.100.0-beta.1" "metadata" "--no-deps" "--format-version=1", kill_on_drop: false }`
[INFO] running `Command { std: "docker" "inspect" "45e1db3539c525981fdba8fe344ec320e0795da31d6a2000fa2d7f31b02035f9", kill_on_drop: false }`
[INFO] running `Command { std: "docker" "exec" "-e" "SOURCE_DIR=/opt/rustwide/workdir" "-e" "CARGO_HOME=/opt/rustwide/cargo-home" "-e" "RUSTUP_HOME=/opt/rustwide/rustup-home" "-e" "CARGO_TARGET_DIR=/opt/rustwide/target" "-e" "CARGO_INCREMENTAL=0" "-e" "RUST_BACKTRACE=full" "-e" "RUSTFLAGS=--cap-lints=warn" "-e" "RUSTDOCFLAGS=--cap-lints=warn" "-w" "/opt/rustwide/workdir" "--user" "0:0" "45e1db3539c525981fdba8fe344ec320e0795da31d6a2000fa2d7f31b02035f9" "/opt/rustwide/cargo-home/bin/cargo" "+1.100.0-beta.1" "build" "--frozen" "--message-format=json" "--release", kill_on_drop: false }`
[INFO] [stderr] warning: `package.homepage` is redundant with `package.repository`
[INFO] [stderr]   --> Cargo.toml:62:12
[INFO] [stderr]    |
[INFO] [stderr] 62 | homepage = "https://github.com/lejunyang/sweepx"
[INFO] [stderr]    |            ^^^^^^^^^^^^^^^^^^^^^^^^^^^^^^^^^^^^^
[INFO] [stderr] ...
[INFO] [stderr] 66 | repository = "https://github.com/lejunyang/sweepx"
[INFO] [stderr]    |              -------------------------------------
[INFO] [stderr]    |
[INFO] [stderr]    = note: `cargo::redundant_homepage` is set to `warn` by default
[INFO] [stderr] help: consider removing `package.homepage`
[INFO] [stderr] warning: `sweepx-event-journal` (manifest) generated 1 warning
[INFO] [stderr]    Compiling syn v3.0.4
[INFO] [stderr]    Compiling serde_json v1.0.151
[INFO] [stderr]    Compiling find-msvc-tools v0.1.11
[INFO] [stderr]    Compiling ref-cast v1.0.27
[INFO] [stderr]    Compiling hashbrown v0.17.1
[INFO] [stderr]    Compiling ryu-js v0.2.2
[INFO] [stderr]    Compiling smallvec v1.15.2
[INFO] [stderr]    Compiling time v0.3.55
[INFO] [stderr]    Compiling fs2 v0.4.3
[INFO] [stderr]    Compiling cc v1.4.4
[INFO] [stderr]    Compiling hashlink v0.12.1
[INFO] [stderr]    Compiling libsqlite3-sys v0.38.2
[INFO] [stderr]    Compiling serde_derive_internals v0.30.0
[INFO] [stderr]    Compiling serde_derive v1.0.229
[INFO] [stderr]    Compiling ref-cast-impl v1.0.27
[INFO] [stderr]    Compiling thiserror-impl v2.0.20
[INFO] [stderr]    Compiling schemars_derive v1.2.2
[INFO] [stderr]    Compiling thiserror v2.0.20
[INFO] [stderr]    Compiling serde v1.0.229
[INFO] [stderr]    Compiling schemars v1.2.2
[INFO] [stderr]    Compiling serde_jcs v0.1.0
[INFO] [stderr]    Compiling sweepx-model v0.0.1
[INFO] [stderr]    Compiling sweepx-protocol v0.0.1
[INFO] [stderr]    Compiling rusqlite v0.40.2
[INFO] [stderr]    Compiling sweepx-event-journal v0.0.1 (/opt/rustwide/workdir)
[INFO] [stderr]     Finished `release` profile [optimized] target(s) in 1m 53s
[INFO] running `Command { std: "docker" "inspect" "45e1db3539c525981fdba8fe344ec320e0795da31d6a2000fa2d7f31b02035f9", kill_on_drop: false }`
[INFO] running `Command { std: "docker" "exec" "-e" "SOURCE_DIR=/opt/rustwide/workdir" "-e" "CARGO_HOME=/opt/rustwide/cargo-home" "-e" "RUSTUP_HOME=/opt/rustwide/rustup-home" "-e" "CARGO_TARGET_DIR=/opt/rustwide/target" "-e" "CARGO_INCREMENTAL=0" "-e" "RUST_BACKTRACE=full" "-e" "RUSTFLAGS=--cap-lints=warn" "-e" "RUSTDOCFLAGS=--cap-lints=warn" "-w" "/opt/rustwide/workdir" "--user" "0:0" "45e1db3539c525981fdba8fe344ec320e0795da31d6a2000fa2d7f31b02035f9" "/opt/rustwide/cargo-home/bin/cargo" "+1.100.0-beta.1" "test" "--frozen" "--no-run" "--message-format=json" "--release", kill_on_drop: false }`
[INFO] [stderr] warning: `package.homepage` is redundant with `package.repository`
[INFO] [stderr]   --> Cargo.toml:62:12
[INFO] [stderr]    |
[INFO] [stderr] 62 | homepage = "https://github.com/lejunyang/sweepx"
[INFO] [stderr]    |            ^^^^^^^^^^^^^^^^^^^^^^^^^^^^^^^^^^^^^
[INFO] [stderr] ...
[INFO] [stderr] 66 | repository = "https://github.com/lejunyang/sweepx"
[INFO] [stderr]    |              -------------------------------------
[INFO] [stderr]    |
[INFO] [stderr]    = note: `cargo::redundant_homepage` is set to `warn` by default
[INFO] [stderr] help: consider removing `package.homepage`
[INFO] [stderr] warning: `sweepx-event-journal` (manifest) generated 1 warning
[INFO] [stderr]    Compiling rusqlite v0.40.2
[INFO] [stderr]    Compiling sweepx-event-journal v0.0.1 (/opt/rustwide/workdir)
[INFO] [stderr]     Finished `release` profile [optimized] target(s) in 12.13s
[INFO] running `Command { std: "docker" "inspect" "45e1db3539c525981fdba8fe344ec320e0795da31d6a2000fa2d7f31b02035f9", kill_on_drop: false }`
[INFO] running `Command { std: "docker" "exec" "-e" "SOURCE_DIR=/opt/rustwide/workdir" "-e" "CARGO_HOME=/opt/rustwide/cargo-home" "-e" "RUSTUP_HOME=/opt/rustwide/rustup-home" "-e" "CARGO_TARGET_DIR=/opt/rustwide/target" "-e" "CARGO_INCREMENTAL=0" "-e" "RUST_BACKTRACE=full" "-e" "RUSTFLAGS=--cap-lints=warn" "-e" "RUSTDOCFLAGS=--cap-lints=warn" "-w" "/opt/rustwide/workdir" "--user" "0:0" "45e1db3539c525981fdba8fe344ec320e0795da31d6a2000fa2d7f31b02035f9" "/opt/rustwide/cargo-home/bin/cargo" "+1.100.0-beta.1" "test" "--frozen" "--release", kill_on_drop: false }`
[INFO] [stderr] warning: `package.homepage` is redundant with `package.repository`
[INFO] [stderr]   --> Cargo.toml:62:12
[INFO] [stderr]    |
[INFO] [stderr] 62 | homepage = "https://github.com/lejunyang/sweepx"
[INFO] [stderr]    |            ^^^^^^^^^^^^^^^^^^^^^^^^^^^^^^^^^^^^^
[INFO] [stderr] ...
[INFO] [stderr] 66 | repository = "https://github.com/lejunyang/sweepx"
[INFO] [stderr]    |              -------------------------------------
[INFO] [stderr]    |
[INFO] [stderr]    = note: `cargo::redundant_homepage` is set to `warn` by default
[INFO] [stderr] help: consider removing `package.homepage`
[INFO] [stderr] warning: `sweepx-event-journal` (manifest) generated 1 warning
[INFO] [stderr]     Finished `release` profile [optimized] target(s) in 0.10s
[INFO] [stderr]      Running unittests src/lib.rs (/opt/rustwide/target/release/build/sweepx-event-journal/672f1091ca32aa8e/out/sweepx_event_journal-672f1091ca32aa8e)
[INFO] [stdout] 
[INFO] [stdout] running 31 tests
[INFO] [stdout] 
[INFO] [stdout] running 1 test
[INFO] [stdout] test tests::complete_stream_sqlite_failure_rolls_back_every_insert ... FAILED
[INFO] [stdout] test tests::complete_stream_count_and_aggregate_size_are_bounded ... ok
[INFO] [stdout] test tests::append_enforces_started_checkpoint_and_time_continuity ... FAILED
[INFO] [stdout] test tests::active_journal_rejects_root_and_database_replacement ... FAILED
[INFO] [stdout] test tests::complete_stream_validation_failure_keeps_journal_and_input_unchanged ... FAILED
[INFO] [stdout] test tests::complete_stream_api_rejects_aggregate_quota_without_side_effects ... FAILED
[INFO] [stdout] test tests::complete_stream_api_rejects_too_many_events_without_side_effects ... FAILED
[INFO] [stdout] test tests::complete_stream_requires_empty_journal ... FAILED
[INFO] [stdout] test tests::consuming_replay_yields_bounded_pages_without_empty_tail ... FAILED
[INFO] [stdout] test tests::complete_stream_rejects_terminal_snapshot_mismatch_atomically ... FAILED
[INFO] [stdout] test tests::one_journal_owner_excludes_a_second_writer ... FAILED
[INFO] [stdout] test tests::duplicate_terminal_and_post_terminal_are_rejected ... FAILED
[INFO] [stdout] test tests::journal_generation_changes_first_cursor_after_rebuild ... FAILED
[INFO] [stderr] 
[INFO] [stderr] thread 'tests::committed_event_survives_abrupt_process_exit' (847) panicked at src/lib.rs:3284:53:
[INFO] [stderr] called `Result::unwrap()` on an `Err` value: Unsupported
[INFO] [stderr] stack backtrace:
[INFO] [stderr]    0:     0x5acaf46833f1 - <<std[617be2ca0a6fd877]::sys::backtrace::BacktraceLock>::print::DisplayBacktrace as core[a373ad73a504971]::fmt::Display>::fmt
[INFO] [stderr]    1:     0x5acaf46990da - core[a373ad73a504971]::fmt::write
[INFO] [stderr]    2:     0x5acaf468873c - <std[617be2ca0a6fd877]::sys::stdio::unix::Stderr as core[a373ad73a504971]::io::write::Write>::write_fmt
[INFO] [stderr]    3:     0x5acaf465d366 - std[617be2ca0a6fd877]::panicking::default_hook::{closure#0}
[INFO] [stdout] test tests::replay_session_enforces_page_limit ... FAILED
[INFO] [stdout] test tests::sqlite_full_is_reported_as_journal_quota ... ok
[INFO] [stdout] test tests::open_rejects_unsafe_sidecars_and_oversized_state ... FAILED
[INFO] [stdout] test tests::payload_quota_and_corruption_are_detected ... FAILED
[INFO] [stdout] test tests::complete_stream_append_assigns_positions_and_commits_terminal_snapshot ... FAILED
[INFO] [stderr]    4:     0x5acaf467aa11 - std[617be2ca0a6fd877]::panicking::default_hook
[INFO] [stderr]    5:     0x5acaf467abcb - std[617be2ca0a6fd877]::panicking::panic_with_hook
[INFO] [stderr]    6:     0x5acaf465d412 - std[617be2ca0a6fd877]::panicking::panic_handler::{closure#0}
[INFO] [stderr]    7:     0x5acaf4655f49 - std[617be2ca0a6fd877]::sys::backtrace::__rust_end_short_backtrace::<std[617be2ca0a6fd877]::panicking::panic_handler::{closure#0}, !>
[INFO] [stderr]    8:     0x5acaf465e2bd - __rustc[ea4f61d10b84890b]::rust_begin_unwind
[INFO] [stderr]    9:     0x5acaf469983c - core[a373ad73a504971]::panicking::panic_fmt
[INFO] [stderr]   10:     0x5acaf4699612 - core[a373ad73a504971]::result::unwrap_failed
[INFO] [stderr]   11:     0x5acaf440bbef - <sweepx_event_journal[c072765ab95c4ce]::tests::committed_event_survives_abrupt_process_exit::{closure#0} as core[a373ad73a504971]::ops::function::FnOnce<()>>::call_once
[INFO] [stderr]   12:     0x5acaf444416b - test[aada8e7e76ba119b]::__rust_begin_short_backtrace::<core[a373ad73a504971]::result::Result<(), alloc[2e1b2a31b91974c5]::string::String>, fn() -> core[a373ad73a504971]::result::Result<(), alloc[2e1b2a31b91974c5]::string::String>>
[INFO] [stderr]   13:     0x5acaf4451345 - test[aada8e7e76ba119b]::run_test::{closure#0}
[INFO] [stderr]   14:     0x5acaf444ac34 - std[617be2ca0a6fd877]::sys::backtrace::__rust_begin_short_backtrace::<test[aada8e7e76ba119b]::run_test::{closure#1}, ()>
[INFO] [stderr]   15:     0x5acaf44543d2 - <std[617be2ca0a6fd877]::thread::lifecycle::spawn_unchecked<test[aada8e7e76ba119b]::run_test::{closure#1}, ()>::{closure#1} as core[a373ad73a504971]::ops::function::FnOnce<()>>::call_once::{shim:vtable#0}
[INFO] [stderr]   16:     0x5acaf4682a6f - <std[617be2ca0a6fd877]::sys::thread::unix::Thread>::new::thread_start
[INFO] [stdout] test tests::malformed_cursor_is_distinct_from_unknown_cursor ... ok
[INFO] [stderr]   17:     0x74d66dd14dfa - <unknown>
[INFO] [stdout] test tests::open_rejects_dropped_append_only_trigger ... FAILED
[INFO] [stdout] test tests::terminal_snapshot_semantics_must_match_the_event ... FAILED
[INFO] [stdout] test tests::verified_replay_open_never_creates_missing_state ... ok
[INFO] [stdout] test tests::replay_session_never_follows_later_appends ... FAILED
[INFO] [stdout] test tests::durable_cursor_accepts_the_protocol_maximum_length ... ok
[INFO] [stdout] test tests::tamper_and_reset_required_fail_closed ... FAILED
[INFO] [stdout] test tests::replay_session_open_fails_closed_on_cursor_index_corruption ... FAILED
[INFO] [stdout] test tests::symlink_rejection_and_atomic_terminal_rollback ... FAILED
[INFO] [stderr]   18:     0x74d66dda83d4 - clone
[INFO] [stdout] test tests::unknown_well_formed_cursor_requires_snapshot_reset ... FAILEDtest tests::committed_event_survives_abrupt_process_exit ... 
[INFO] [stderr]   19:                0x0 - <unknown>
[INFO] [stdout] test tests::happy_replay_and_validate_all ... FAILED
[INFO] [stdout] test tests::replay_session_pages_one_verified_snapshot ... FAILED
[INFO] [stdout] FAILED
[INFO] [stdout] 
[INFO] [stdout] failures:
[INFO] [stdout] 
[INFO] [stdout] failures:
[INFO] [stdout]     tests::committed_event_survives_abrupt_process_exit
[INFO] [stdout] 
[INFO] [stdout] test result: FAILED. 0 passed; 1 failed; 0 ignored; 0 measured; 30 filtered out; finished in 0.01s
[INFO] [stdout] 
[INFO] [stdout] test tests::committed_event_survives_abrupt_process_exit ... FAILED
[INFO] [stdout] 
[INFO] [stdout] failures:
[INFO] [stdout] 
[INFO] [stdout] ---- tests::complete_stream_sqlite_failure_rolls_back_every_insert stdout ----
[INFO] [stdout] 
[INFO] [stdout] thread 'tests::complete_stream_sqlite_failure_rolls_back_every_insert' (843) panicked at src/lib.rs:2998:49:
[INFO] [stdout] called `Result::unwrap()` on an `Err` value: Unsupported
[INFO] [stdout] stack backtrace:
[INFO] [stdout]    0:     0x5fac69f293f1 - <<std[617be2ca0a6fd877]::sys::backtrace::BacktraceLock>::print::DisplayBacktrace as core[a373ad73a504971]::fmt::Display>::fmt
[INFO] [stdout]    1:     0x5fac69f3f0da - core[a373ad73a504971]::fmt::write
[INFO] [stderr] error: test failed, to rerun pass `--lib`
[INFO] [stdout]    2:     0x5fac69f2d8fc - <alloc[2e1b2a31b91974c5]::vec::Vec<u8> as core[a373ad73a504971]::io::write::Write>::write_fmt
[INFO] [stdout]    3:     0x5fac69f03366 - std[617be2ca0a6fd877]::panicking::default_hook::{closure#0}
[INFO] [stdout]    4:     0x5fac69f20a49 - std[617be2ca0a6fd877]::panicking::default_hook
[INFO] [stdout]    5:     0x5fac69cf6d20 - test[aada8e7e76ba119b]::test_main_inner::{closure#0}
[INFO] [stdout]    6:     0x5fac69f20c02 - std[617be2ca0a6fd877]::panicking::panic_with_hook
[INFO] [stdout]    7:     0x5fac69f03412 - std[617be2ca0a6fd877]::panicking::panic_handler::{closure#0}
[INFO] [stdout]    8:     0x5fac69efbf49 - std[617be2ca0a6fd877]::sys::backtrace::__rust_end_short_backtrace::<std[617be2ca0a6fd877]::panicking::panic_handler::{closure#0}, !>
[INFO] [stdout]    9:     0x5fac69f042bd - __rustc[ea4f61d10b84890b]::rust_begin_unwind
[INFO] [stdout]   10:     0x5fac69f3f83c - core[a373ad73a504971]::panicking::panic_fmt
[INFO] [stdout]   11:     0x5fac69f3f612 - core[a373ad73a504971]::result::unwrap_failed
[INFO] [stdout]   12:     0x5fac69cb86f3 - <sweepx_event_journal[c072765ab95c4ce]::tests::complete_stream_sqlite_failure_rolls_back_every_insert::{closure#0} as core[a373ad73a504971]::ops::function::FnOnce<()>>::call_once
[INFO] [stdout]   13:     0x5fac69cea16b - test[aada8e7e76ba119b]::__rust_begin_short_backtrace::<core[a373ad73a504971]::result::Result<(), alloc[2e1b2a31b91974c5]::string::String>, fn() -> core[a373ad73a504971]::result::Result<(), alloc[2e1b2a31b91974c5]::string::String>>
[INFO] [stdout]   14:     0x5fac69cf7345 - test[aada8e7e76ba119b]::run_test::{closure#0}
[INFO] [stdout]   15:     0x5fac69cf0c34 - std[617be2ca0a6fd877]::sys::backtrace::__rust_begin_short_backtrace::<test[aada8e7e76ba119b]::run_test::{closure#1}, ()>
[INFO] [stdout]   16:     0x5fac69cfa3d2 - <std[617be2ca0a6fd877]::thread::lifecycle::spawn_unchecked<test[aada8e7e76ba119b]::run_test::{closure#1}, ()>::{closure#1} as core[a373ad73a504971]::ops::function::FnOnce<()>>::call_once::{shim:vtable#0}
[INFO] [stdout]   17:     0x5fac69f28a6f - <std[617be2ca0a6fd877]::sys::thread::unix::Thread>::new::thread_start
[INFO] [stdout]   18:     0x7f2f85e09dfa - <unknown>
[INFO] [stdout]   19:     0x7f2f85e9d3d4 - clone
[INFO] [stdout]   20:                0x0 - <unknown>
[INFO] [stdout] 
[INFO] [stdout] ---- tests::append_enforces_started_checkpoint_and_time_continuity stdout ----
[INFO] [stdout] 
[INFO] [stdout] thread 'tests::append_enforces_started_checkpoint_and_time_continuity' (835) panicked at src/lib.rs:3214:49:
[INFO] [stdout] called `Result::unwrap()` on an `Err` value: Unsupported
[INFO] [stdout] stack backtrace:
[INFO] [stdout]    0:     0x5fac69f293f1 - <<std[617be2ca0a6fd877]::sys::backtrace::BacktraceLock>::print::DisplayBacktrace as core[a373ad73a504971]::fmt::Display>::fmt
[INFO] [stdout]    1:     0x5fac69f3f0da - core[a373ad73a504971]::fmt::write
[INFO] [stdout]    2:     0x5fac69f2d8fc - <alloc[2e1b2a31b91974c5]::vec::Vec<u8> as core[a373ad73a504971]::io::write::Write>::write_fmt
[INFO] [stdout]    3:     0x5fac69f03366 - std[617be2ca0a6fd877]::panicking::default_hook::{closure#0}
[INFO] [stdout]    4:     0x5fac69f20a49 - std[617be2ca0a6fd877]::panicking::default_hook
[INFO] [stdout]    5:     0x5fac69cf6d20 - test[aada8e7e76ba119b]::test_main_inner::{closure#0}
[INFO] [stdout]    6:     0x5fac69f20c02 - std[617be2ca0a6fd877]::panicking::panic_with_hook
[INFO] [stdout]    7:     0x5fac69f03412 - std[617be2ca0a6fd877]::panicking::panic_handler::{closure#0}
[INFO] [stdout]    8:     0x5fac69efbf49 - std[617be2ca0a6fd877]::sys::backtrace::__rust_end_short_backtrace::<std[617be2ca0a6fd877]::panicking::panic_handler::{closure#0}, !>
[INFO] [stdout]    9:     0x5fac69f042bd - __rustc[ea4f61d10b84890b]::rust_begin_unwind
[INFO] [stdout]   10:     0x5fac69f3f83c - core[a373ad73a504971]::panicking::panic_fmt
[INFO] [stdout]   11:     0x5fac69f3f612 - core[a373ad73a504971]::result::unwrap_failed
[INFO] [stdout]   12:     0x5fac69cb7cc9 - <sweepx_event_journal[c072765ab95c4ce]::tests::append_enforces_started_checkpoint_and_time_continuity::{closure#0} as core[a373ad73a504971]::ops::function::FnOnce<()>>::call_once
[INFO] [stdout]   13:     0x5fac69cea16b - test[aada8e7e76ba119b]::__rust_begin_short_backtrace::<core[a373ad73a504971]::result::Result<(), alloc[2e1b2a31b91974c5]::string::String>, fn() -> core[a373ad73a504971]::result::Result<(), alloc[2e1b2a31b91974c5]::string::String>>
[INFO] [stdout]   14:     0x5fac69cf7345 - test[aada8e7e76ba119b]::run_test::{closure#0}
[INFO] [stdout]   15:     0x5fac69cf0c34 - std[617be2ca0a6fd877]::sys::backtrace::__rust_begin_short_backtrace::<test[aada8e7e76ba119b]::run_test::{closure#1}, ()>
[INFO] [stdout]   16:     0x5fac69cfa3d2 - <std[617be2ca0a6fd877]::thread::lifecycle::spawn_unchecked<test[aada8e7e76ba119b]::run_test::{closure#1}, ()>::{closure#1} as core[a373ad73a504971]::ops::function::FnOnce<()>>::call_once::{shim:vtable#0}
[INFO] [stdout]   17:     0x5fac69f28a6f - <std[617be2ca0a6fd877]::sys::thread::unix::Thread>::new::thread_start
[INFO] [stdout]   18:     0x7f2f85e09dfa - <unknown>
[INFO] [stdout]   19:     0x7f2f85e9d3d4 - clone
[INFO] [stdout]   20:                0x0 - <unknown>
[INFO] [stdout] 
[INFO] [stdout] ---- tests::active_journal_rejects_root_and_database_replacement stdout ----
[INFO] [stdout] 
[INFO] [stdout] thread 'tests::active_journal_rejects_root_and_database_replacement' (834) panicked at src/lib.rs:3347:49:
[INFO] [stdout] called `Result::unwrap()` on an `Err` value: Unsupported
[INFO] [stdout] stack backtrace:
[INFO] [stdout]    0:     0x5fac69f293f1 - <<std[617be2ca0a6fd877]::sys::backtrace::BacktraceLock>::print::DisplayBacktrace as core[a373ad73a504971]::fmt::Display>::fmt
[INFO] [stdout]    1:     0x5fac69f3f0da - core[a373ad73a504971]::fmt::write
[INFO] [stdout]    2:     0x5fac69f2d8fc - <alloc[2e1b2a31b91974c5]::vec::Vec<u8> as core[a373ad73a504971]::io::write::Write>::write_fmt
[INFO] [stdout]    3:     0x5fac69f03366 - std[617be2ca0a6fd877]::panicking::default_hook::{closure#0}
[INFO] [stdout]    4:     0x5fac69f20a49 - std[617be2ca0a6fd877]::panicking::default_hook
[INFO] [stdout]    5:     0x5fac69cf6d20 - test[aada8e7e76ba119b]::test_main_inner::{closure#0}
[INFO] [stdout]    6:     0x5fac69f20c02 - std[617be2ca0a6fd877]::panicking::panic_with_hook
[INFO] [stdout]    7:     0x5fac69f03412 - std[617be2ca0a6fd877]::panicking::panic_handler::{closure#0}
[INFO] [stdout]    8:     0x5fac69efbf49 - std[617be2ca0a6fd877]::sys::backtrace::__rust_end_short_backtrace::<std[617be2ca0a6fd877]::panicking::panic_handler::{closure#0}, !>
[INFO] [stdout]    9:     0x5fac69f042bd - __rustc[ea4f61d10b84890b]::rust_begin_unwind
[INFO] [stdout]   10:     0x5fac69f3f83c - core[a373ad73a504971]::panicking::panic_fmt
[INFO] [stdout]   11:     0x5fac69f3f612 - core[a373ad73a504971]::result::unwrap_failed
[INFO] [stdout]   12:     0x5fac69cb5d84 - <sweepx_event_journal[c072765ab95c4ce]::tests::active_journal_rejects_root_and_database_replacement::{closure#0} as core[a373ad73a504971]::ops::function::FnOnce<()>>::call_once
[INFO] [stdout]   13:     0x5fac69cea16b - test[aada8e7e76ba119b]::__rust_begin_short_backtrace::<core[a373ad73a504971]::result::Result<(), alloc[2e1b2a31b91974c5]::string::String>, fn() -> core[a373ad73a504971]::result::Result<(), alloc[2e1b2a31b91974c5]::string::String>>
[INFO] [stdout]   14:     0x5fac69cf7345 - test[aada8e7e76ba119b]::run_test::{closure#0}
[INFO] [stdout]   15:     0x5fac69cf0c34 - std[617be2ca0a6fd877]::sys::backtrace::__rust_begin_short_backtrace::<test[aada8e7e76ba119b]::run_test::{closure#1}, ()>
[INFO] [stdout]   16:     0x5fac69cfa3d2 - <std[617be2ca0a6fd877]::thread::lifecycle::spawn_unchecked<test[aada8e7e76ba119b]::run_test::{closure#1}, ()>::{closure#1} as core[a373ad73a504971]::ops::function::FnOnce<()>>::call_once::{shim:vtable#0}
[INFO] [stdout]   17:     0x5fac69f28a6f - <std[617be2ca0a6fd877]::sys::thread::unix::Thread>::new::thread_start
[INFO] [stdout]   18:     0x7f2f85e09dfa - <unknown>
[INFO] [stdout]   19:     0x7f2f85e9d3d4 - clone
[INFO] [stdout]   20:                0x0 - <unknown>
[INFO] [stdout] 
[INFO] [stdout] ---- tests::complete_stream_validation_failure_keeps_journal_and_input_unchanged stdout ----
[INFO] [stdout] 
[INFO] [stdout] thread 'tests::complete_stream_validation_failure_keeps_journal_and_input_unchanged' (844) panicked at src/lib.rs:2978:49:
[INFO] [stdout] called `Result::unwrap()` on an `Err` value: Unsupported
[INFO] [stdout] stack backtrace:
[INFO] [stdout]    0:     0x5fac69f293f1 - <<std[617be2ca0a6fd877]::sys::backtrace::BacktraceLock>::print::DisplayBacktrace as core[a373ad73a504971]::fmt::Display>::fmt
[INFO] [stdout]    1:     0x5fac69f3f0da - core[a373ad73a504971]::fmt::write
[INFO] [stdout]    2:     0x5fac69f2d8fc - <alloc[2e1b2a31b91974c5]::vec::Vec<u8> as core[a373ad73a504971]::io::write::Write>::write_fmt
[INFO] [stdout]    3:     0x5fac69f03366 - std[617be2ca0a6fd877]::panicking::default_hook::{closure#0}
[INFO] [stdout]    4:     0x5fac69f20a49 - std[617be2ca0a6fd877]::panicking::default_hook
[INFO] [stdout]    5:     0x5fac69cf6d20 - test[aada8e7e76ba119b]::test_main_inner::{closure#0}
[INFO] [stdout]    6:     0x5fac69f20c02 - std[617be2ca0a6fd877]::panicking::panic_with_hook
[INFO] [stdout]    7:     0x5fac69f03412 - std[617be2ca0a6fd877]::panicking::panic_handler::{closure#0}
[INFO] [stdout]    8:     0x5fac69efbf49 - std[617be2ca0a6fd877]::sys::backtrace::__rust_end_short_backtrace::<std[617be2ca0a6fd877]::panicking::panic_handler::{closure#0}, !>
[INFO] [stdout]    9:     0x5fac69f042bd - __rustc[ea4f61d10b84890b]::rust_begin_unwind
[INFO] [stdout]   10:     0x5fac69f3f83c - core[a373ad73a504971]::panicking::panic_fmt
[INFO] [stdout]   11:     0x5fac69f3f612 - core[a373ad73a504971]::result::unwrap_failed
[INFO] [stdout]   12:     0x5fac69cbd931 - <sweepx_event_journal[c072765ab95c4ce]::tests::complete_stream_validation_failure_keeps_journal_and_input_unchanged::{closure#0} as core[a373ad73a504971]::ops::function::FnOnce<()>>::call_once
[INFO] [stdout]   13:     0x5fac69cea16b - test[aada8e7e76ba119b]::__rust_begin_short_backtrace::<core[a373ad73a504971]::result::Result<(), alloc[2e1b2a31b91974c5]::string::String>, fn() -> core[a373ad73a504971]::result::Result<(), alloc[2e1b2a31b91974c5]::string::String>>
[INFO] [stdout]   14:     0x5fac69cf7345 - test[aada8e7e76ba119b]::run_test::{closure#0}
[INFO] [stdout]   15:     0x5fac69cf0c34 - std[617be2ca0a6fd877]::sys::backtrace::__rust_begin_short_backtrace::<test[aada8e7e76ba119b]::run_test::{closure#1}, ()>
[INFO] [stdout]   16:     0x5fac69cfa3d2 - <std[617be2ca0a6fd877]::thread::lifecycle::spawn_unchecked<test[aada8e7e76ba119b]::run_test::{closure#1}, ()>::{closure#1} as core[a373ad73a504971]::ops::function::FnOnce<()>>::call_once::{shim:vtable#0}
[INFO] [stdout]   17:     0x5fac69f28a6f - <std[617be2ca0a6fd877]::sys::thread::unix::Thread>::new::thread_start
[INFO] [stdout]   18:     0x7f2f85e09dfa - <unknown>
[INFO] [stdout]   19:     0x7f2f85e9d3d4 - clone
[INFO] [stdout]   20:                0x0 - <unknown>
[INFO] [stdout] 
[INFO] [stdout] ---- tests::complete_stream_api_rejects_aggregate_quota_without_side_effects stdout ----
[INFO] [stdout] 
[INFO] [stdout] thread 'tests::complete_stream_api_rejects_aggregate_quota_without_side_effects' (837) panicked at src/lib.rs:3136:49:
[INFO] [stdout] called `Result::unwrap()` on an `Err` value: Unsupported
[INFO] [stdout] stack backtrace:
[INFO] [stdout]    0:     0x5fac69f293f1 - <<std[617be2ca0a6fd877]::sys::backtrace::BacktraceLock>::print::DisplayBacktrace as core[a373ad73a504971]::fmt::Display>::fmt
[INFO] [stdout]    1:     0x5fac69f3f0da - core[a373ad73a504971]::fmt::write
[INFO] [stdout]    2:     0x5fac69f2d8fc - <alloc[2e1b2a31b91974c5]::vec::Vec<u8> as core[a373ad73a504971]::io::write::Write>::write_fmt
[INFO] [stdout]    3:     0x5fac69f03366 - std[617be2ca0a6fd877]::panicking::default_hook::{closure#0}
[INFO] [stdout]    4:     0x5fac69f20a49 - std[617be2ca0a6fd877]::panicking::default_hook
[INFO] [stdout]    5:     0x5fac69cf6d20 - test[aada8e7e76ba119b]::test_main_inner::{closure#0}
[INFO] [stdout]    6:     0x5fac69f20c02 - std[617be2ca0a6fd877]::panicking::panic_with_hook
[INFO] [stdout]    7:     0x5fac69f03412 - std[617be2ca0a6fd877]::panicking::panic_handler::{closure#0}
[INFO] [stdout]    8:     0x5fac69efbf49 - std[617be2ca0a6fd877]::sys::backtrace::__rust_end_short_backtrace::<std[617be2ca0a6fd877]::panicking::panic_handler::{closure#0}, !>
[INFO] [stdout]    9:     0x5fac69f042bd - __rustc[ea4f61d10b84890b]::rust_begin_unwind
[INFO] [stdout]   10:     0x5fac69f3f83c - core[a373ad73a504971]::panicking::panic_fmt
[INFO] [stdout]   11:     0x5fac69f3f612 - core[a373ad73a504971]::result::unwrap_failed
[INFO] [stdout]   12:     0x5fac69cbc061 - <sweepx_event_journal[c072765ab95c4ce]::tests::complete_stream_api_rejects_aggregate_quota_without_side_effects::{closure#0} as core[a373ad73a504971]::ops::function::FnOnce<()>>::call_once
[INFO] [stdout]   13:     0x5fac69cea16b - test[aada8e7e76ba119b]::__rust_begin_short_backtrace::<core[a373ad73a504971]::result::Result<(), alloc[2e1b2a31b91974c5]::string::String>, fn() -> core[a373ad73a504971]::result::Result<(), alloc[2e1b2a31b91974c5]::string::String>>
[INFO] [stdout]   14:     0x5fac69cf7345 - test[aada8e7e76ba119b]::run_test::{closure#0}
[INFO] [stdout]   15:     0x5fac69cf0c34 - std[617be2ca0a6fd877]::sys::backtrace::__rust_begin_short_backtrace::<test[aada8e7e76ba119b]::run_test::{closure#1}, ()>
[INFO] [stdout]   16:     0x5fac69cfa3d2 - <std[617be2ca0a6fd877]::thread::lifecycle::spawn_unchecked<test[aada8e7e76ba119b]::run_test::{closure#1}, ()>::{closure#1} as core[a373ad73a504971]::ops::function::FnOnce<()>>::call_once::{shim:vtable#0}
[INFO] [stdout]   17:     0x5fac69f28a6f - <std[617be2ca0a6fd877]::sys::thread::unix::Thread>::new::thread_start
[INFO] [stdout]   18:     0x7f2f85e09dfa - <unknown>
[INFO] [stdout]   19:     0x7f2f85e9d3d4 - clone
[INFO] [stdout]   20:                0x0 - <unknown>
[INFO] [stdout] 
[INFO] [stdout] ---- tests::complete_stream_api_rejects_too_many_events_without_side_effects stdout ----
[INFO] [stdout] 
[INFO] [stdout] thread 'tests::complete_stream_api_rejects_too_many_events_without_side_effects' (838) panicked at src/lib.rs:3115:49:
[INFO] [stdout] called `Result::unwrap()` on an `Err` value: Unsupported
[INFO] [stdout] stack backtrace:
[INFO] [stdout]    0:     0x5fac69f293f1 - <<std[617be2ca0a6fd877]::sys::backtrace::BacktraceLock>::print::DisplayBacktrace as core[a373ad73a504971]::fmt::Display>::fmt
[INFO] [stdout]    1:     0x5fac69f3f0da - core[a373ad73a504971]::fmt::write
[INFO] [stdout]    2:     0x5fac69f2d8fc - <alloc[2e1b2a31b91974c5]::vec::Vec<u8> as core[a373ad73a504971]::io::write::Write>::write_fmt
[INFO] [stdout]    3:     0x5fac69f03366 - std[617be2ca0a6fd877]::panicking::default_hook::{closure#0}
[INFO] [stdout]    4:     0x5fac69f20a49 - std[617be2ca0a6fd877]::panicking::default_hook
[INFO] [stdout]    5:     0x5fac69cf6d20 - test[aada8e7e76ba119b]::test_main_inner::{closure#0}
[INFO] [stdout]    6:     0x5fac69f20c02 - std[617be2ca0a6fd877]::panicking::panic_with_hook
[INFO] [stdout]    7:     0x5fac69f03412 - std[617be2ca0a6fd877]::panicking::panic_handler::{closure#0}
[INFO] [stdout]    8:     0x5fac69efbf49 - std[617be2ca0a6fd877]::sys::backtrace::__rust_end_short_backtrace::<std[617be2ca0a6fd877]::panicking::panic_handler::{closure#0}, !>
[INFO] [stdout]    9:     0x5fac69f042bd - __rustc[ea4f61d10b84890b]::rust_begin_unwind
[INFO] [stdout]   10:     0x5fac69f3f83c - core[a373ad73a504971]::panicking::panic_fmt
[INFO] [stdout]   11:     0x5fac69f3f612 - core[a373ad73a504971]::result::unwrap_failed
[INFO] [stdout]   12:     0x5fac69cbcccc - <sweepx_event_journal[c072765ab95c4ce]::tests::complete_stream_api_rejects_too_many_events_without_side_effects::{closure#0} as core[a373ad73a504971]::ops::function::FnOnce<()>>::call_once
[INFO] [stdout]   13:     0x5fac69cea16b - test[aada8e7e76ba119b]::__rust_begin_short_backtrace::<core[a373ad73a504971]::result::Result<(), alloc[2e1b2a31b91974c5]::string::String>, fn() -> core[a373ad73a504971]::result::Result<(), alloc[2e1b2a31b91974c5]::string::String>>
[INFO] [stdout]   14:     0x5fac69cf7345 - test[aada8e7e76ba119b]::run_test::{closure#0}
[INFO] [stdout]   15:     0x5fac69cf0c34 - std[617be2ca0a6fd877]::sys::backtrace::__rust_begin_short_backtrace::<test[aada8e7e76ba119b]::run_test::{closure#1}, ()>
[INFO] [stdout]   16:     0x5fac69cfa3d2 - <std[617be2ca0a6fd877]::thread::lifecycle::spawn_unchecked<test[aada8e7e76ba119b]::run_test::{closure#1}, ()>::{closure#1} as core[a373ad73a504971]::ops::function::FnOnce<()>>::call_once::{shim:vtable#0}
[INFO] [stdout]   17:     0x5fac69f28a6f - <std[617be2ca0a6fd877]::sys::thread::unix::Thread>::new::thread_start
[INFO] [stdout]   18:     0x7f2f85e09dfa - <unknown>
[INFO] [stdout]   19:     0x7f2f85e9d3d4 - clone
[INFO] [stdout]   20:                0x0 - <unknown>
[INFO] [stdout] 
[INFO] [stdout] ---- tests::complete_stream_requires_empty_journal stdout ----
[INFO] [stdout] 
[INFO] [stdout] thread 'tests::complete_stream_requires_empty_journal' (842) panicked at src/lib.rs:3032:49:
[INFO] [stdout] called `Result::unwrap()` on an `Err` value: Unsupported
[INFO] [stdout] stack backtrace:
[INFO] [stdout]    0:     0x5fac69f293f1 - <<std[617be2ca0a6fd877]::sys::backtrace::BacktraceLock>::print::DisplayBacktrace as core[a373ad73a504971]::fmt::Display>::fmt
[INFO] [stdout]    1:     0x5fac69f3f0da - core[a373ad73a504971]::fmt::write
[INFO] [stdout]    2:     0x5fac69f2d8fc - <alloc[2e1b2a31b91974c5]::vec::Vec<u8> as core[a373ad73a504971]::io::write::Write>::write_fmt
[INFO] [stdout]    3:     0x5fac69f03366 - std[617be2ca0a6fd877]::panicking::default_hook::{closure#0}
[INFO] [stdout]    4:     0x5fac69f20a49 - std[617be2ca0a6fd877]::panicking::default_hook
[INFO] [stdout]    5:     0x5fac69cf6d20 - test[aada8e7e76ba119b]::test_main_inner::{closure#0}
[INFO] [stdout]    6:     0x5fac69f20c02 - std[617be2ca0a6fd877]::panicking::panic_with_hook
[INFO] [stdout]    7:     0x5fac69f03412 - std[617be2ca0a6fd877]::panicking::panic_handler::{closure#0}
[INFO] [stdout]    8:     0x5fac69efbf49 - std[617be2ca0a6fd877]::sys::backtrace::__rust_end_short_backtrace::<std[617be2ca0a6fd877]::panicking::panic_handler::{closure#0}, !>
[INFO] [stdout]    9:     0x5fac69f042bd - __rustc[ea4f61d10b84890b]::rust_begin_unwind
[INFO] [stdout]   10:     0x5fac69f3f83c - core[a373ad73a504971]::panicking::panic_fmt
[INFO] [stdout]   11:     0x5fac69f3f612 - core[a373ad73a504971]::result::unwrap_failed
[INFO] [stdout]   12:     0x5fac69cad6ec - <sweepx_event_journal[c072765ab95c4ce]::tests::complete_stream_requires_empty_journal::{closure#0} as core[a373ad73a504971]::ops::function::FnOnce<()>>::call_once
[INFO] [stdout]   13:     0x5fac69cea16b - test[aada8e7e76ba119b]::__rust_begin_short_backtrace::<core[a373ad73a504971]::result::Result<(), alloc[2e1b2a31b91974c5]::string::String>, fn() -> core[a373ad73a504971]::result::Result<(), alloc[2e1b2a31b91974c5]::string::String>>
[INFO] [stdout]   14:     0x5fac69cf7345 - test[aada8e7e76ba119b]::run_test::{closure#0}
[INFO] [stdout]   15:     0x5fac69cf0c34 - std[617be2ca0a6fd877]::sys::backtrace::__rust_begin_short_backtrace::<test[aada8e7e76ba119b]::run_test::{closure#1}, ()>
[INFO] [stdout]   16:     0x5fac69cfa3d2 - <std[617be2ca0a6fd877]::thread::lifecycle::spawn_unchecked<test[aada8e7e76ba119b]::run_test::{closure#1}, ()>::{closure#1} as core[a373ad73a504971]::ops::function::FnOnce<()>>::call_once::{shim:vtable#0}
[INFO] [stdout]   17:     0x5fac69f28a6f - <std[617be2ca0a6fd877]::sys::thread::unix::Thread>::new::thread_start
[INFO] [stdout]   18:     0x7f2f85e09dfa - <unknown>
[INFO] [stdout]   19:     0x7f2f85e9d3d4 - clone
[INFO] [stdout]   20:                0x0 - <unknown>
[INFO] [stdout] 
[INFO] [stdout] ---- tests::consuming_replay_yields_bounded_pages_without_empty_tail stdout ----
[INFO] [stdout] 
[INFO] [stdout] thread 'tests::consuming_replay_yields_bounded_pages_without_empty_tail' (845) panicked at src/lib.rs:2810:49:
[INFO] [stdout] called `Result::unwrap()` on an `Err` value: Unsupported
[INFO] [stdout] stack backtrace:
[INFO] [stdout]    0:     0x5fac69f293f1 - <<std[617be2ca0a6fd877]::sys::backtrace::BacktraceLock>::print::DisplayBacktrace as core[a373ad73a504971]::fmt::Display>::fmt
[INFO] [stdout]    1:     0x5fac69f3f0da - core[a373ad73a504971]::fmt::write
[INFO] [stdout]    2:     0x5fac69f2d8fc - <alloc[2e1b2a31b91974c5]::vec::Vec<u8> as core[a373ad73a504971]::io::write::Write>::write_fmt
[INFO] [stdout]    3:     0x5fac69f03366 - std[617be2ca0a6fd877]::panicking::default_hook::{closure#0}
[INFO] [stdout]    4:     0x5fac69f20a49 - std[617be2ca0a6fd877]::panicking::default_hook
[INFO] [stdout]    5:     0x5fac69cf6d20 - test[aada8e7e76ba119b]::test_main_inner::{closure#0}
[INFO] [stdout]    6:     0x5fac69f20c02 - std[617be2ca0a6fd877]::panicking::panic_with_hook
[INFO] [stdout]    7:     0x5fac69f03412 - std[617be2ca0a6fd877]::panicking::panic_handler::{closure#0}
[INFO] [stdout]    8:     0x5fac69efbf49 - std[617be2ca0a6fd877]::sys::backtrace::__rust_end_short_backtrace::<std[617be2ca0a6fd877]::panicking::panic_handler::{closure#0}, !>
[INFO] [stdout]    9:     0x5fac69f042bd - __rustc[ea4f61d10b84890b]::rust_begin_unwind
[INFO] [stdout]   10:     0x5fac69f3f83c - core[a373ad73a504971]::panicking::panic_fmt
[INFO] [stdout]   11:     0x5fac69f3f612 - core[a373ad73a504971]::result::unwrap_failed
[INFO] [stdout]   12:     0x5fac69cb9930 - <sweepx_event_journal[c072765ab95c4ce]::tests::consuming_replay_yields_bounded_pages_without_empty_tail::{closure#0} as core[a373ad73a504971]::ops::function::FnOnce<()>>::call_once
[INFO] [stdout]   13:     0x5fac69cea16b - test[aada8e7e76ba119b]::__rust_begin_short_backtrace::<core[a373ad73a504971]::result::Result<(), alloc[2e1b2a31b91974c5]::string::String>, fn() -> core[a373ad73a504971]::result::Result<(), alloc[2e1b2a31b91974c5]::string::String>>
[INFO] [stdout]   14:     0x5fac69cf7345 - test[aada8e7e76ba119b]::run_test::{closure#0}
[INFO] [stdout]   15:     0x5fac69cf0c34 - std[617be2ca0a6fd877]::sys::backtrace::__rust_begin_short_backtrace::<test[aada8e7e76ba119b]::run_test::{closure#1}, ()>
[INFO] [stdout]   16:     0x5fac69cfa3d2 - <std[617be2ca0a6fd877]::thread::lifecycle::spawn_unchecked<test[aada8e7e76ba119b]::run_test::{closure#1}, ()>::{closure#1} as core[a373ad73a504971]::ops::function::FnOnce<()>>::call_once::{shim:vtable#0}
[INFO] [stdout]   17:     0x5fac69f28a6f - <std[617be2ca0a6fd877]::sys::thread::unix::Thread>::new::thread_start
[INFO] [stdout]   18:     0x7f2f85e09dfa - <unknown>
[INFO] [stdout]   19:     0x7f2f85e9d3d4 - clone
[INFO] [stdout]   20:                0x0 - <unknown>
[INFO] [stdout] 
[INFO] [stdout] ---- tests::complete_stream_rejects_terminal_snapshot_mismatch_atomically stdout ----
[INFO] [stdout] 
[INFO] [stdout] thread 'tests::complete_stream_rejects_terminal_snapshot_mismatch_atomically' (841) panicked at src/lib.rs:3054:49:
[INFO] [stdout] called `Result::unwrap()` on an `Err` value: Unsupported
[INFO] [stdout] stack backtrace:
[INFO] [stdout]    0:     0x5fac69f293f1 - <<std[617be2ca0a6fd877]::sys::backtrace::BacktraceLock>::print::DisplayBacktrace as core[a373ad73a504971]::fmt::Display>::fmt
[INFO] [stdout]    1:     0x5fac69f3f0da - core[a373ad73a504971]::fmt::write
[INFO] [stdout]    2:     0x5fac69f2d8fc - <alloc[2e1b2a31b91974c5]::vec::Vec<u8> as core[a373ad73a504971]::io::write::Write>::write_fmt
[INFO] [stdout]    3:     0x5fac69f03366 - std[617be2ca0a6fd877]::panicking::default_hook::{closure#0}
[INFO] [stdout]    4:     0x5fac69f20a49 - std[617be2ca0a6fd877]::panicking::default_hook
[INFO] [stdout]    5:     0x5fac69cf6d20 - test[aada8e7e76ba119b]::test_main_inner::{closure#0}
[INFO] [stdout]    6:     0x5fac69f20c02 - std[617be2ca0a6fd877]::panicking::panic_with_hook
[INFO] [stdout]    7:     0x5fac69f03412 - std[617be2ca0a6fd877]::panicking::panic_handler::{closure#0}
[INFO] [stdout]    8:     0x5fac69efbf49 - std[617be2ca0a6fd877]::sys::backtrace::__rust_end_short_backtrace::<std[617be2ca0a6fd877]::panicking::panic_handler::{closure#0}, !>
[INFO] [stdout]    9:     0x5fac69f042bd - __rustc[ea4f61d10b84890b]::rust_begin_unwind
[INFO] [stdout]   10:     0x5fac69f3f83c - core[a373ad73a504971]::panicking::panic_fmt
[INFO] [stdout]   11:     0x5fac69f3f612 - core[a373ad73a504971]::result::unwrap_failed
[INFO] [stdout]   12:     0x5fac69cbb04f - <sweepx_event_journal[c072765ab95c4ce]::tests::complete_stream_rejects_terminal_snapshot_mismatch_atomically::{closure#0} as core[a373ad73a504971]::ops::function::FnOnce<()>>::call_once
[INFO] [stdout]   13:     0x5fac69cea16b - test[aada8e7e76ba119b]::__rust_begin_short_backtrace::<core[a373ad73a504971]::result::Result<(), alloc[2e1b2a31b91974c5]::string::String>, fn() -> core[a373ad73a504971]::result::Result<(), alloc[2e1b2a31b91974c5]::string::String>>
[INFO] [stdout]   14:     0x5fac69cf7345 - test[aada8e7e76ba119b]::run_test::{closure#0}
[INFO] [stdout]   15:     0x5fac69cf0c34 - std[617be2ca0a6fd877]::sys::backtrace::__rust_begin_short_backtrace::<test[aada8e7e76ba119b]::run_test::{closure#1}, ()>
[INFO] [stdout]   16:     0x5fac69cfa3d2 - <std[617be2ca0a6fd877]::thread::lifecycle::spawn_unchecked<test[aada8e7e76ba119b]::run_test::{closure#1}, ()>::{closure#1} as core[a373ad73a504971]::ops::function::FnOnce<()>>::call_once::{shim:vtable#0}
[INFO] [stdout]   17:     0x5fac69f28a6f - <std[617be2ca0a6fd877]::sys::thread::unix::Thread>::new::thread_start
[INFO] [stdout]   18:     0x7f2f85e09dfa - <unknown>
[INFO] [stdout]   19:     0x7f2f85e9d3d4 - clone
[INFO] [stdout]   20:                0x0 - <unknown>
[INFO] [stdout] 
[INFO] [stdout] ---- tests::one_journal_owner_excludes_a_second_writer stdout ----
[INFO] [stdout] 
[INFO] [stdout] thread 'tests::one_journal_owner_excludes_a_second_writer' (853) panicked at src/lib.rs:3268:47:
[INFO] [stdout] called `Result::unwrap()` on an `Err` value: Unsupported
[INFO] [stdout] stack backtrace:
[INFO] [stdout]    0:     0x5fac69f293f1 - <<std[617be2ca0a6fd877]::sys::backtrace::BacktraceLock>::print::DisplayBacktrace as core[a373ad73a504971]::fmt::Display>::fmt
[INFO] [stdout]    1:     0x5fac69f3f0da - core[a373ad73a504971]::fmt::write
[INFO] [stdout]    2:     0x5fac69f2d8fc - <alloc[2e1b2a31b91974c5]::vec::Vec<u8> as core[a373ad73a504971]::io::write::Write>::write_fmt
[INFO] [stdout]    3:     0x5fac69f03366 - std[617be2ca0a6fd877]::panicking::default_hook::{closure#0}
[INFO] [stdout]    4:     0x5fac69f20a49 - std[617be2ca0a6fd877]::panicking::default_hook
[INFO] [stdout]    5:     0x5fac69cf6d20 - test[aada8e7e76ba119b]::test_main_inner::{closure#0}
[INFO] [stdout]    6:     0x5fac69f20c02 - std[617be2ca0a6fd877]::panicking::panic_with_hook
[INFO] [stdout]    7:     0x5fac69f03412 - std[617be2ca0a6fd877]::panicking::panic_handler::{closure#0}
[INFO] [stdout]    8:     0x5fac69efbf49 - std[617be2ca0a6fd877]::sys::backtrace::__rust_end_short_backtrace::<std[617be2ca0a6fd877]::panicking::panic_handler::{closure#0}, !>
[INFO] [stdout]    9:     0x5fac69f042bd - __rustc[ea4f61d10b84890b]::rust_begin_unwind
[INFO] [stdout]   10:     0x5fac69f3f83c - core[a373ad73a504971]::panicking::panic_fmt
[INFO] [stdout]   11:     0x5fac69f3f612 - core[a373ad73a504971]::result::unwrap_failed
[INFO] [stdout]   12:     0x5fac69caead2 - <sweepx_event_journal[c072765ab95c4ce]::tests::one_journal_owner_excludes_a_second_writer::{closure#0} as core[a373ad73a504971]::ops::function::FnOnce<()>>::call_once
[INFO] [stdout]   13:     0x5fac69cea16b - test[aada8e7e76ba119b]::__rust_begin_short_backtrace::<core[a373ad73a504971]::result::Result<(), alloc[2e1b2a31b91974c5]::string::String>, fn() -> core[a373ad73a504971]::result::Result<(), alloc[2e1b2a31b91974c5]::string::String>>
[INFO] [stdout]   14:     0x5fac69cf7345 - test[aada8e7e76ba119b]::run_test::{closure#0}
[INFO] [stdout]   15:     0x5fac69cf0c34 - std[617be2ca0a6fd877]::sys::backtrace::__rust_begin_short_backtrace::<test[aada8e7e76ba119b]::run_test::{closure#1}, ()>
[INFO] [stdout]   16:     0x5fac69cfa3d2 - <std[617be2ca0a6fd877]::thread::lifecycle::spawn_unchecked<test[aada8e7e76ba119b]::run_test::{closure#1}, ()>::{closure#1} as core[a373ad73a504971]::ops::function::FnOnce<()>>::call_once::{shim:vtable#0}
[INFO] [stdout]   17:     0x5fac69f28a6f - <std[617be2ca0a6fd877]::sys::thread::unix::Thread>::new::thread_start
[INFO] [stdout]   18:     0x7f2f85e09dfa - <unknown>
[INFO] [stdout]   19:     0x7f2f85e9d3d4 - clone
[INFO] [stdout]   20:                0x0 - <unknown>
[INFO] [stdout] 
[INFO] [stdout] ---- tests::duplicate_terminal_and_post_terminal_are_rejected stdout ----
[INFO] [stdout] 
[INFO] [stdout] thread 'tests::duplicate_terminal_and_post_terminal_are_rejected' (848) panicked at src/lib.rs:3455:49:
[INFO] [stdout] called `Result::unwrap()` on an `Err` value: Unsupported
[INFO] [stdout] stack backtrace:
[INFO] [stdout]    0:     0x5fac69f293f1 - <<std[617be2ca0a6fd877]::sys::backtrace::BacktraceLock>::print::DisplayBacktrace as core[a373ad73a504971]::fmt::Display>::fmt
[INFO] [stdout]    1:     0x5fac69f3f0da - core[a373ad73a504971]::fmt::write
[INFO] [stdout]    2:     0x5fac69f2d8fc - <alloc[2e1b2a31b91974c5]::vec::Vec<u8> as core[a373ad73a504971]::io::write::Write>::write_fmt
[INFO] [stdout]    3:     0x5fac69f03366 - std[617be2ca0a6fd877]::panicking::default_hook::{closure#0}
[INFO] [stdout]    4:     0x5fac69f20a49 - std[617be2ca0a6fd877]::panicking::default_hook
[INFO] [stdout]    5:     0x5fac69cf6d20 - test[aada8e7e76ba119b]::test_main_inner::{closure#0}
[INFO] [stdout]    6:     0x5fac69f20c02 - std[617be2ca0a6fd877]::panicking::panic_with_hook
[INFO] [stdout]    7:     0x5fac69f03412 - std[617be2ca0a6fd877]::panicking::panic_handler::{closure#0}
[INFO] [stdout]    8:     0x5fac69efbf49 - std[617be2ca0a6fd877]::sys::backtrace::__rust_end_short_backtrace::<std[617be2ca0a6fd877]::panicking::panic_handler::{closure#0}, !>
[INFO] [stdout]    9:     0x5fac69f042bd - __rustc[ea4f61d10b84890b]::rust_begin_unwind
[INFO] [stdout]   10:     0x5fac69f3f83c - core[a373ad73a504971]::panicking::panic_fmt
[INFO] [stdout]   11:     0x5fac69f3f612 - core[a373ad73a504971]::result::unwrap_failed
[INFO] [stdout]   12:     0x5fac69cb4c70 - <sweepx_event_journal[c072765ab95c4ce]::tests::duplicate_terminal_and_post_terminal_are_rejected::{closure#0} as core[a373ad73a504971]::ops::function::FnOnce<()>>::call_once
[INFO] [stdout]   13:     0x5fac69cea16b - test[aada8e7e76ba119b]::__rust_begin_short_backtrace::<core[a373ad73a504971]::result::Result<(), alloc[2e1b2a31b91974c5]::string::String>, fn() -> core[a373ad73a504971]::result::Result<(), alloc[2e1b2a31b91974c5]::string::String>>
[INFO] [stdout]   14:     0x5fac69cf7345 - test[aada8e7e76ba119b]::run_test::{closure#0}
[INFO] [stdout]   15:     0x5fac69cf0c34 - std[617be2ca0a6fd877]::sys::backtrace::__rust_begin_short_backtrace::<test[aada8e7e76ba119b]::run_test::{closure#1}, ()>
[INFO] [stdout]   16:     0x5fac69cfa3d2 - <std[617be2ca0a6fd877]::thread::lifecycle::spawn_unchecked<test[aada8e7e76ba119b]::run_test::{closure#1}, ()>::{closure#1} as core[a373ad73a504971]::ops::function::FnOnce<()>>::call_once::{shim:vtable#0}
[INFO] [stdout]   17:     0x5fac69f28a6f - <std[617be2ca0a6fd877]::sys::thread::unix::Thread>::new::thread_start
[INFO] [stdout]   18:     0x7f2f85e09dfa - <unknown>
[INFO] [stdout]   19:     0x7f2f85e9d3d4 - clone
[INFO] [stdout]   20:                0x0 - <unknown>
[INFO] [stdout] 
[INFO] [stdout] ---- tests::journal_generation_changes_first_cursor_after_rebuild stdout ----
[INFO] [stdout] 
[INFO] [stdout] thread 'tests::journal_generation_changes_first_cursor_after_rebuild' (851) panicked at src/lib.rs:3376:53:
[INFO] [stdout] called `Result::unwrap()` on an `Err` value: Unsupported
[INFO] [stdout] stack backtrace:
[INFO] [stdout]    0:     0x5fac69f293f1 - <<std[617be2ca0a6fd877]::sys::backtrace::BacktraceLock>::print::DisplayBacktrace as core[a373ad73a504971]::fmt::Display>::fmt
[INFO] [stdout]    1:     0x5fac69f3f0da - core[a373ad73a504971]::fmt::write
[INFO] [stdout]    2:     0x5fac69f2d8fc - <alloc[2e1b2a31b91974c5]::vec::Vec<u8> as core[a373ad73a504971]::io::write::Write>::write_fmt
[INFO] [stdout]    3:     0x5fac69f03366 - std[617be2ca0a6fd877]::panicking::default_hook::{closure#0}
[INFO] [stdout]    4:     0x5fac69f20a49 - std[617be2ca0a6fd877]::panicking::default_hook
[INFO] [stdout]    5:     0x5fac69cf6d20 - test[aada8e7e76ba119b]::test_main_inner::{closure#0}
[INFO] [stdout]    6:     0x5fac69f20c02 - std[617be2ca0a6fd877]::panicking::panic_with_hook
[INFO] [stdout]    7:     0x5fac69f03412 - std[617be2ca0a6fd877]::panicking::panic_handler::{closure#0}
[INFO] [stdout]    8:     0x5fac69efbf49 - std[617be2ca0a6fd877]::sys::backtrace::__rust_end_short_backtrace::<std[617be2ca0a6fd877]::panicking::panic_handler::{closure#0}, !>
[INFO] [stdout]    9:     0x5fac69f042bd - __rustc[ea4f61d10b84890b]::rust_begin_unwind
[INFO] [stdout]   10:     0x5fac69f3f83c - core[a373ad73a504971]::panicking::panic_fmt
[INFO] [stdout]   11:     0x5fac69f3f612 - core[a373ad73a504971]::result::unwrap_failed
[INFO] [stdout]   12:     0x5fac69cb6ee0 - <sweepx_event_journal[c072765ab95c4ce]::tests::journal_generation_changes_first_cursor_after_rebuild::{closure#0} as core[a373ad73a504971]::ops::function::FnOnce<()>>::call_once
[INFO] [stdout]   13:     0x5fac69cea16b - test[aada8e7e76ba119b]::__rust_begin_short_backtrace::<core[a373ad73a504971]::result::Result<(), alloc[2e1b2a31b91974c5]::string::String>, fn() -> core[a373ad73a504971]::result::Result<(), alloc[2e1b2a31b91974c5]::string::String>>
[INFO] [stdout]   14:     0x5fac69cf7345 - test[aada8e7e76ba119b]::run_test::{closure#0}
[INFO] [stdout]   15:     0x5fac69cf0c34 - std[617be2ca0a6fd877]::sys::backtrace::__rust_begin_short_backtrace::<test[aada8e7e76ba119b]::run_test::{closure#1}, ()>
[INFO] [stdout]   16:     0x5fac69cfa3d2 - <std[617be2ca0a6fd877]::thread::lifecycle::spawn_unchecked<test[aada8e7e76ba119b]::run_test::{closure#1}, ()>::{closure#1} as core[a373ad73a504971]::ops::function::FnOnce<()>>::call_once::{shim:vtable#0}
[INFO] [stdout]   17:     0x5fac69f28a6f - <std[617be2ca0a6fd877]::sys::thread::unix::Thread>::new::thread_start
[INFO] [stdout]   18:     0x7f2f85e09dfa - <unknown>
[INFO] [stdout]   19:     0x7f2f85e9d3d4 - clone
[INFO] [stdout]   20:                0x0 - <unknown>
[INFO] [stdout] 
[INFO] [stdout] ---- tests::replay_session_enforces_page_limit stdout ----
[INFO] [stdout] 
[INFO] [stdout] thread 'tests::replay_session_enforces_page_limit' (857) panicked at src/lib.rs:2858:49:
[INFO] [stdout] called `Result::unwrap()` on an `Err` value: Unsupported
[INFO] [stdout] stack backtrace:
[INFO] [stdout]    0:     0x5fac69f293f1 - <<std[617be2ca0a6fd877]::sys::backtrace::BacktraceLock>::print::DisplayBacktrace as core[a373ad73a504971]::fmt::Display>::fmt
[INFO] [stdout]    1:     0x5fac69f3f0da - core[a373ad73a504971]::fmt::write
[INFO] [stdout]    2:     0x5fac69f2d8fc - <alloc[2e1b2a31b91974c5]::vec::Vec<u8> as core[a373ad73a504971]::io::write::Write>::write_fmt
[INFO] [stdout]    3:     0x5fac69f03366 - std[617be2ca0a6fd877]::panicking::default_hook::{closure#0}
[INFO] [stdout]    4:     0x5fac69f20a49 - std[617be2ca0a6fd877]::panicking::default_hook
[INFO] [stdout]    5:     0x5fac69cf6d20 - test[aada8e7e76ba119b]::test_main_inner::{closure#0}
[INFO] [stdout]    6:     0x5fac69f20c02 - std[617be2ca0a6fd877]::panicking::panic_with_hook
[INFO] [stdout]    7:     0x5fac69f03412 - std[617be2ca0a6fd877]::panicking::panic_handler::{closure#0}
[INFO] [stdout]    8:     0x5fac69efbf49 - std[617be2ca0a6fd877]::sys::backtrace::__rust_end_short_backtrace::<std[617be2ca0a6fd877]::panicking::panic_handler::{closure#0}, !>
[INFO] [stdout]    9:     0x5fac69f042bd - __rustc[ea4f61d10b84890b]::rust_begin_unwind
[INFO] [stdout]   10:     0x5fac69f3f83c - core[a373ad73a504971]::panicking::panic_fmt
[INFO] [stdout]   11:     0x5fac69f3f612 - core[a373ad73a504971]::result::unwrap_failed
[INFO] [stdout]   12:     0x5fac69cac227 - <sweepx_event_journal[c072765ab95c4ce]::tests::replay_session_enforces_page_limit::{closure#0} as core[a373ad73a504971]::ops::function::FnOnce<()>>::call_once
[INFO] [stdout]   13:     0x5fac69cea16b - test[aada8e7e76ba119b]::__rust_begin_short_backtrace::<core[a373ad73a504971]::result::Result<(), alloc[2e1b2a31b91974c5]::string::String>, fn() -> core[a373ad73a504971]::result::Result<(), alloc[2e1b2a31b91974c5]::string::String>>
[INFO] [stdout]   14:     0x5fac69cf7345 - test[aada8e7e76ba119b]::run_test::{closure#0}
[INFO] [stdout]   15:     0x5fac69cf0c34 - std[617be2ca0a6fd877]::sys::backtrace::__rust_begin_short_backtrace::<test[aada8e7e76ba119b]::run_test::{closure#1}, ()>
[INFO] [stdout]   16:     0x5fac69cfa3d2 - <std[617be2ca0a6fd877]::thread::lifecycle::spawn_unchecked<test[aada8e7e76ba119b]::run_test::{closure#1}, ()>::{closure#1} as core[a373ad73a504971]::ops::function::FnOnce<()>>::call_once::{shim:vtable#0}
[INFO] [stdout]   17:     0x5fac69f28a6f - <std[617be2ca0a6fd877]::sys::thread::unix::Thread>::new::thread_start
[INFO] [stdout]   18:     0x7f2f85e09dfa - <unknown>
[INFO] [stdout]   19:     0x7f2f85e9d3d4 - clone
[INFO] [stdout]   20:                0x0 - <unknown>
[INFO] [stdout] 
[INFO] [stdout] ---- tests::open_rejects_unsafe_sidecars_and_oversized_state stdout ----
[INFO] [stdout] 
[INFO] [stdout] thread 'tests::open_rejects_unsafe_sidecars_and_oversized_state' (855) panicked at src/lib.rs:3320:40:
[INFO] [stdout] called `Result::unwrap()` on an `Err` value: Unsupported
[INFO] [stdout] stack backtrace:
[INFO] [stdout]    0:     0x5fac69f293f1 - <<std[617be2ca0a6fd877]::sys::backtrace::BacktraceLock>::print::DisplayBacktrace as core[a373ad73a504971]::fmt::Display>::fmt
[INFO] [stdout]    1:     0x5fac69f3f0da - core[a373ad73a504971]::fmt::write
[INFO] [stdout]    2:     0x5fac69f2d8fc - <alloc[2e1b2a31b91974c5]::vec::Vec<u8> as core[a373ad73a504971]::io::write::Write>::write_fmt
[INFO] [stdout]    3:     0x5fac69f03366 - std[617be2ca0a6fd877]::panicking::default_hook::{closure#0}
[INFO] [stdout]    4:     0x5fac69f20a49 - std[617be2ca0a6fd877]::panicking::default_hook
[INFO] [stdout]    5:     0x5fac69cf6d20 - test[aada8e7e76ba119b]::test_main_inner::{closure#0}
[INFO] [stdout]    6:     0x5fac69f20c02 - std[617be2ca0a6fd877]::panicking::panic_with_hook
[INFO] [stdout]    7:     0x5fac69f03412 - std[617be2ca0a6fd877]::panicking::panic_handler::{closure#0}
[INFO] [stdout]    8:     0x5fac69efbf49 - std[617be2ca0a6fd877]::sys::backtrace::__rust_end_short_backtrace::<std[617be2ca0a6fd877]::panicking::panic_handler::{closure#0}, !>
[INFO] [stdout]    9:     0x5fac69f042bd - __rustc[ea4f61d10b84890b]::rust_begin_unwind
[INFO] [stdout]   10:     0x5fac69f3f83c - core[a373ad73a504971]::panicking::panic_fmt
[INFO] [stdout]   11:     0x5fac69f3f612 - core[a373ad73a504971]::result::unwrap_failed
[INFO] [stdout]   12:     0x5fac69cb3645 - <sweepx_event_journal[c072765ab95c4ce]::tests::open_rejects_unsafe_sidecars_and_oversized_state::{closure#0} as core[a373ad73a504971]::ops::function::FnOnce<()>>::call_once
[INFO] [stdout]   13:     0x5fac69cea16b - test[aada8e7e76ba119b]::__rust_begin_short_backtrace::<core[a373ad73a504971]::result::Result<(), alloc[2e1b2a31b91974c5]::string::String>, fn() -> core[a373ad73a504971]::result::Result<(), alloc[2e1b2a31b91974c5]::string::String>>
[INFO] [stdout]   14:     0x5fac69cf7345 - test[aada8e7e76ba119b]::run_test::{closure#0}
[INFO] [stdout]   15:     0x5fac69cf0c34 - std[617be2ca0a6fd877]::sys::backtrace::__rust_begin_short_backtrace::<test[aada8e7e76ba119b]::run_test::{closure#1}, ()>
[INFO] [stdout]   16:     0x5fac69cfa3d2 - <std[617be2ca0a6fd877]::thread::lifecycle::spawn_unchecked<test[aada8e7e76ba119b]::run_test::{closure#1}, ()>::{closure#1} as core[a373ad73a504971]::ops::function::FnOnce<()>>::call_once::{shim:vtable#0}
[INFO] [stdout]   17:     0x5fac69f28a6f - <std[617be2ca0a6fd877]::sys::thread::unix::Thread>::new::thread_start
[INFO] [stdout]   18:     0x7f2f85e09dfa - <unknown>
[INFO] [stdout]   19:     0x7f2f85e9d3d4 - clone
[INFO] [stdout]   20:                0x0 - <unknown>
[INFO] [stdout] 
[INFO] [stdout] ---- tests::payload_quota_and_corruption_are_detected stdout ----
[INFO] [stdout] 
[INFO] [stdout] thread 'tests::payload_quota_and_corruption_are_detected' (856) panicked at src/lib.rs:3475:49:
[INFO] [stdout] called `Result::unwrap()` on an `Err` value: Unsupported
[INFO] [stdout] stack backtrace:
[INFO] [stdout]    0:     0x5fac69f293f1 - <<std[617be2ca0a6fd877]::sys::backtrace::BacktraceLock>::print::DisplayBacktrace as core[a373ad73a504971]::fmt::Display>::fmt
[INFO] [stdout]    1:     0x5fac69f3f0da - core[a373ad73a504971]::fmt::write
[INFO] [stdout]    2:     0x5fac69f2d8fc - <alloc[2e1b2a31b91974c5]::vec::Vec<u8> as core[a373ad73a504971]::io::write::Write>::write_fmt
[INFO] [stdout]    3:     0x5fac69f03366 - std[617be2ca0a6fd877]::panicking::default_hook::{closure#0}
[INFO] [stdout]    4:     0x5fac69f20a49 - std[617be2ca0a6fd877]::panicking::default_hook
[INFO] [stdout]    5:     0x5fac69cf6d20 - test[aada8e7e76ba119b]::test_main_inner::{closure#0}
[INFO] [stdout]    6:     0x5fac69f20c02 - std[617be2ca0a6fd877]::panicking::panic_with_hook
[INFO] [stdout]    7:     0x5fac69f03412 - std[617be2ca0a6fd877]::panicking::panic_handler::{closure#0}
[INFO] [stdout]    8:     0x5fac69efbf49 - std[617be2ca0a6fd877]::sys::backtrace::__rust_end_short_backtrace::<std[617be2ca0a6fd877]::panicking::panic_handler::{closure#0}, !>
[INFO] [stdout]    9:     0x5fac69f042bd - __rustc[ea4f61d10b84890b]::rust_begin_unwind
[INFO] [stdout]   10:     0x5fac69f3f83c - core[a373ad73a504971]::panicking::panic_fmt
[INFO] [stdout]   11:     0x5fac69f3f612 - core[a373ad73a504971]::result::unwrap_failed
[INFO] [stdout]   12:     0x5fac69cae61c - <sweepx_event_journal[c072765ab95c4ce]::tests::payload_quota_and_corruption_are_detected::{closure#0} as core[a373ad73a504971]::ops::function::FnOnce<()>>::call_once
[INFO] [stdout]   13:     0x5fac69cea16b - test[aada8e7e76ba119b]::__rust_begin_short_backtrace::<core[a373ad73a504971]::result::Result<(), alloc[2e1b2a31b91974c5]::string::String>, fn() -> core[a373ad73a504971]::result::Result<(), alloc[2e1b2a31b91974c5]::string::String>>
[INFO] [stdout]   14:     0x5fac69cf7345 - test[aada8e7e76ba119b]::run_test::{closure#0}
[INFO] [stdout]   15:     0x5fac69cf0c34 - std[617be2ca0a6fd877]::sys::backtrace::__rust_begin_short_backtrace::<test[aada8e7e76ba119b]::run_test::{closure#1}, ()>
[INFO] [stdout]   16:     0x5fac69cfa3d2 - <std[617be2ca0a6fd877]::thread::lifecycle::spawn_unchecked<test[aada8e7e76ba119b]::run_test::{closure#1}, ()>::{closure#1} as core[a373ad73a504971]::ops::function::FnOnce<()>>::call_once::{shim:vtable#0}
[INFO] [stdout]   17:     0x5fac69f28a6f - <std[617be2ca0a6fd877]::sys::thread::unix::Thread>::new::thread_start
[INFO] [stdout]   18:     0x7f2f85e09dfa - <unknown>
[INFO] [stdout]   19:     0x7f2f85e9d3d4 - clone
[INFO] [stdout]   20:                0x0 - <unknown>
[INFO] [stdout] 
[INFO] [stdout] ---- tests::complete_stream_append_assigns_positions_and_commits_terminal_snapshot stdout ----
[INFO] [stdout] 
[INFO] [stdout] thread 'tests::complete_stream_append_assigns_positions_and_commits_terminal_snapshot' (839) panicked at src/lib.rs:2700:49:
[INFO] [stdout] called `Result::unwrap()` on an `Err` value: Unsupported
[INFO] [stdout] stack backtrace:
[INFO] [stdout]    0:     0x5fac69f293f1 - <<std[617be2ca0a6fd877]::sys::backtrace::BacktraceLock>::print::DisplayBacktrace as core[a373ad73a504971]::fmt::Display>::fmt
[INFO] [stdout]    1:     0x5fac69f3f0da - core[a373ad73a504971]::fmt::write
[INFO] [stdout]    2:     0x5fac69f2d8fc - <alloc[2e1b2a31b91974c5]::vec::Vec<u8> as core[a373ad73a504971]::io::write::Write>::write_fmt
[INFO] [stdout]    3:     0x5fac69f03366 - std[617be2ca0a6fd877]::panicking::default_hook::{closure#0}
[INFO] [stdout]    4:     0x5fac69f20a49 - std[617be2ca0a6fd877]::panicking::default_hook
[INFO] [stdout]    5:     0x5fac69cf6d20 - test[aada8e7e76ba119b]::test_main_inner::{closure#0}
[INFO] [stdout]    6:     0x5fac69f20c02 - std[617be2ca0a6fd877]::panicking::panic_with_hook
[INFO] [stdout]    7:     0x5fac69f03412 - std[617be2ca0a6fd877]::panicking::panic_handler::{closure#0}
[INFO] [stdout]    8:     0x5fac69efbf49 - std[617be2ca0a6fd877]::sys::backtrace::__rust_end_short_backtrace::<std[617be2ca0a6fd877]::panicking::panic_handler::{closure#0}, !>
[INFO] [stdout]    9:     0x5fac69f042bd - __rustc[ea4f61d10b84890b]::rust_begin_unwind
[INFO] [stdout]   10:     0x5fac69f3f83c - core[a373ad73a504971]::panicking::panic_fmt
[INFO] [stdout]   11:     0x5fac69f3f612 - core[a373ad73a504971]::result::unwrap_failed
[INFO] [stdout]   12:     0x5fac69cbe7c8 - <sweepx_event_journal[c072765ab95c4ce]::tests::complete_stream_append_assigns_positions_and_commits_terminal_snapshot::{closure#0} as core[a373ad73a504971]::ops::function::FnOnce<()>>::call_once
[INFO] [stdout]   13:     0x5fac69cea16b - test[aada8e7e76ba119b]::__rust_begin_short_backtrace::<core[a373ad73a504971]::result::Result<(), alloc[2e1b2a31b91974c5]::string::String>, fn() -> core[a373ad73a504971]::result::Result<(), alloc[2e1b2a31b91974c5]::string::String>>
[INFO] [stdout]   14:     0x5fac69cf7345 - test[aada8e7e76ba119b]::run_test::{closure#0}
[INFO] [stdout]   15:     0x5fac69cf0c34 - std[617be2ca0a6fd877]::sys::backtrace::__rust_begin_short_backtrace::<test[aada8e7e76ba119b]::run_test::{closure#1}, ()>
[INFO] [stdout]   16:     0x5fac69cfa3d2 - <std[617be2ca0a6fd877]::thread::lifecycle::spawn_unchecked<test[aada8e7e76ba119b]::run_test::{closure#1}, ()>::{closure#1} as core[a373ad73a504971]::ops::function::FnOnce<()>>::call_once::{shim:vtable#0}
[INFO] [stdout]   17:     0x5fac69f28a6f - <std[617be2ca0a6fd877]::sys::thread::unix::Thread>::new::thread_start
[INFO] [stdout]   18:     0x7f2f85e09dfa - <unknown>
[INFO] [stdout]   19:     0x7f2f85e9d3d4 - clone
[INFO] [stdout]   20:                0x0 - <unknown>
[INFO] [stdout] 
[INFO] [stdout] ---- tests::open_rejects_dropped_append_only_trigger stdout ----
[INFO] [stdout] 
[INFO] [stdout] thread 'tests::open_rejects_dropped_append_only_trigger' (854) panicked at src/lib.rs:3249:49:
[INFO] [stdout] called `Result::unwrap()` on an `Err` value: Unsupported
[INFO] [stdout] stack backtrace:
[INFO] [stdout]    0:     0x5fac69f293f1 - <<std[617be2ca0a6fd877]::sys::backtrace::BacktraceLock>::print::DisplayBacktrace as core[a373ad73a504971]::fmt::Display>::fmt
[INFO] [stdout]    1:     0x5fac69f3f0da - core[a373ad73a504971]::fmt::write
[INFO] [stdout]    2:     0x5fac69f2d8fc - <alloc[2e1b2a31b91974c5]::vec::Vec<u8> as core[a373ad73a504971]::io::write::Write>::write_fmt
[INFO] [stdout]    3:     0x5fac69f03366 - std[617be2ca0a6fd877]::panicking::default_hook::{closure#0}
[INFO] [stdout]    4:     0x5fac69f20a49 - std[617be2ca0a6fd877]::panicking::default_hook
[INFO] [stdout]    5:     0x5fac69cf6d20 - test[aada8e7e76ba119b]::test_main_inner::{closure#0}
[INFO] [stdout]    6:     0x5fac69f20c02 - std[617be2ca0a6fd877]::panicking::panic_with_hook
[INFO] [stdout]    7:     0x5fac69f03412 - std[617be2ca0a6fd877]::panicking::panic_handler::{closure#0}
[INFO] [stdout]    8:     0x5fac69efbf49 - std[617be2ca0a6fd877]::sys::backtrace::__rust_end_short_backtrace::<std[617be2ca0a6fd877]::panicking::panic_handler::{closure#0}, !>
[INFO] [stdout]    9:     0x5fac69f042bd - __rustc[ea4f61d10b84890b]::rust_begin_unwind
[INFO] [stdout]   10:     0x5fac69f3f83c - core[a373ad73a504971]::panicking::panic_fmt
[INFO] [stdout]   11:     0x5fac69f3f612 - core[a373ad73a504971]::result::unwrap_failed
[INFO] [stdout]   12:     0x5fac69cadd21 - <sweepx_event_journal[c072765ab95c4ce]::tests::open_rejects_dropped_append_only_trigger::{closure#0} as core[a373ad73a504971]::ops::function::FnOnce<()>>::call_once
[INFO] [stdout]   13:     0x5fac69cea16b - test[aada8e7e76ba119b]::__rust_begin_short_backtrace::<core[a373ad73a504971]::result::Result<(), alloc[2e1b2a31b91974c5]::string::String>, fn() -> core[a373ad73a504971]::result::Result<(), alloc[2e1b2a31b91974c5]::string::String>>
[INFO] [stdout]   14:     0x5fac69cf7345 - test[aada8e7e76ba119b]::run_test::{closure#0}
[INFO] [stdout]   15:     0x5fac69cf0c34 - std[617be2ca0a6fd877]::sys::backtrace::__rust_begin_short_backtrace::<test[aada8e7e76ba119b]::run_test::{closure#1}, ()>
[INFO] [stdout]   16:     0x5fac69cfa3d2 - <std[617be2ca0a6fd877]::thread::lifecycle::spawn_unchecked<test[aada8e7e76ba119b]::run_test::{closure#1}, ()>::{closure#1} as core[a373ad73a504971]::ops::function::FnOnce<()>>::call_once::{shim:vtable#0}
[INFO] [stdout]   17:     0x5fac69f28a6f - <std[617be2ca0a6fd877]::sys::thread::unix::Thread>::new::thread_start
[INFO] [stdout]   18:     0x7f2f85e09dfa - <unknown>
[INFO] [stdout]   19:     0x7f2f85e9d3d4 - clone
[INFO] [stdout]   20:                0x0 - <unknown>
[INFO] [stdout] 
[INFO] [stdout] ---- tests::terminal_snapshot_semantics_must_match_the_event stdout ----
[INFO] [stdout] 
[INFO] [stdout] thread 'tests::terminal_snapshot_semantics_must_match_the_event' (864) panicked at src/lib.rs:3429:49:
[INFO] [stdout] called `Result::unwrap()` on an `Err` value: Unsupported
[INFO] [stdout] stack backtrace:
[INFO] [stdout]    0:     0x5fac69f293f1 - <<std[617be2ca0a6fd877]::sys::backtrace::BacktraceLock>::print::DisplayBacktrace as core[a373ad73a504971]::fmt::Display>::fmt
[INFO] [stdout]    1:     0x5fac69f3f0da - core[a373ad73a504971]::fmt::write
[INFO] [stdout]    2:     0x5fac69f2d8fc - <alloc[2e1b2a31b91974c5]::vec::Vec<u8> as core[a373ad73a504971]::io::write::Write>::write_fmt
[INFO] [stdout]    3:     0x5fac69f03366 - std[617be2ca0a6fd877]::panicking::default_hook::{closure#0}
[INFO] [stdout]    4:     0x5fac69f20a49 - std[617be2ca0a6fd877]::panicking::default_hook
[INFO] [stdout]    5:     0x5fac69cf6d20 - test[aada8e7e76ba119b]::test_main_inner::{closure#0}
[INFO] [stdout]    6:     0x5fac69f20c02 - std[617be2ca0a6fd877]::panicking::panic_with_hook
[INFO] [stdout]    7:     0x5fac69f03412 - std[617be2ca0a6fd877]::panicking::panic_handler::{closure#0}
[INFO] [stdout]    8:     0x5fac69efbf49 - std[617be2ca0a6fd877]::sys::backtrace::__rust_end_short_backtrace::<std[617be2ca0a6fd877]::panicking::panic_handler::{closure#0}, !>
[INFO] [stdout]    9:     0x5fac69f042bd - __rustc[ea4f61d10b84890b]::rust_begin_unwind
[INFO] [stdout]   10:     0x5fac69f3f83c - core[a373ad73a504971]::panicking::panic_fmt
[INFO] [stdout]   11:     0x5fac69f3f612 - core[a373ad73a504971]::result::unwrap_failed
[INFO] [stdout]   12:     0x5fac69cb4371 - <sweepx_event_journal[c072765ab95c4ce]::tests::terminal_snapshot_semantics_must_match_the_event::{closure#0} as core[a373ad73a504971]::ops::function::FnOnce<()>>::call_once
[INFO] [stdout]   13:     0x5fac69cea16b - test[aada8e7e76ba119b]::__rust_begin_short_backtrace::<core[a373ad73a504971]::result::Result<(), alloc[2e1b2a31b91974c5]::string::String>, fn() -> core[a373ad73a504971]::result::Result<(), alloc[2e1b2a31b91974c5]::string::String>>
[INFO] [stdout]   14:     0x5fac69cf7345 - test[aada8e7e76ba119b]::run_test::{closure#0}
[INFO] [stdout]   15:     0x5fac69cf0c34 - std[617be2ca0a6fd877]::sys::backtrace::__rust_begin_short_backtrace::<test[aada8e7e76ba119b]::run_test::{closure#1}, ()>
[INFO] [stdout]   16:     0x5fac69cfa3d2 - <std[617be2ca0a6fd877]::thread::lifecycle::spawn_unchecked<test[aada8e7e76ba119b]::run_test::{closure#1}, ()>::{closure#1} as core[a373ad73a504971]::ops::function::FnOnce<()>>::call_once::{shim:vtable#0}
[INFO] [stdout]   17:     0x5fac69f28a6f - <std[617be2ca0a6fd877]::sys::thread::unix::Thread>::new::thread_start
[INFO] [stdout]   18:     0x7f2f85e09dfa - <unknown>
[INFO] [stdout]   19:     0x7f2f85e9d3d4 - clone
[INFO] [stdout]   20:                0x0 - <unknown>
[INFO] [stdout] 
[INFO] [stdout] ---- tests::replay_session_never_follows_later_appends stdout ----
[INFO] [stdout] 
[INFO] [stdout] thread 'tests::replay_session_never_follows_later_appends' (858) panicked at src/lib.rs:2914:49:
[INFO] [stdout] called `Result::unwrap()` on an `Err` value: Unsupported
[INFO] [stdout] stack backtrace:
[INFO] [stdout]    0:     0x5fac69f293f1 - <<std[617be2ca0a6fd877]::sys::backtrace::BacktraceLock>::print::DisplayBacktrace as core[a373ad73a504971]::fmt::Display>::fmt
[INFO] [stdout]    1:     0x5fac69f3f0da - core[a373ad73a504971]::fmt::write
[INFO] [stdout]    2:     0x5fac69f2d8fc - <alloc[2e1b2a31b91974c5]::vec::Vec<u8> as core[a373ad73a504971]::io::write::Write>::write_fmt
[INFO] [stdout]    3:     0x5fac69f03366 - std[617be2ca0a6fd877]::panicking::default_hook::{closure#0}
[INFO] [stdout]    4:     0x5fac69f20a49 - std[617be2ca0a6fd877]::panicking::default_hook
[INFO] [stdout]    5:     0x5fac69cf6d20 - test[aada8e7e76ba119b]::test_main_inner::{closure#0}
[INFO] [stdout]    6:     0x5fac69f20c02 - std[617be2ca0a6fd877]::panicking::panic_with_hook
[INFO] [stdout]    7:     0x5fac69f03412 - std[617be2ca0a6fd877]::panicking::panic_handler::{closure#0}
[INFO] [stdout]    8:     0x5fac69efbf49 - std[617be2ca0a6fd877]::sys::backtrace::__rust_end_short_backtrace::<std[617be2ca0a6fd877]::panicking::panic_handler::{closure#0}, !>
[INFO] [stdout]    9:     0x5fac69f042bd - __rustc[ea4f61d10b84890b]::rust_begin_unwind
[INFO] [stdout]   10:     0x5fac69f3f83c - core[a373ad73a504971]::panicking::panic_fmt
[INFO] [stdout]   11:     0x5fac69f3f612 - core[a373ad73a504971]::result::unwrap_failed
[INFO] [stdout]   12:     0x5fac69caf3b9 - <sweepx_event_journal[c072765ab95c4ce]::tests::replay_session_never_follows_later_appends::{closure#0} as core[a373ad73a504971]::ops::function::FnOnce<()>>::call_once
[INFO] [stdout]   13:     0x5fac69cea16b - test[aada8e7e76ba119b]::__rust_begin_short_backtrace::<core[a373ad73a504971]::result::Result<(), alloc[2e1b2a31b91974c5]::string::String>, fn() -> core[a373ad73a504971]::result::Result<(), alloc[2e1b2a31b91974c5]::string::String>>
[INFO] [stdout]   14:     0x5fac69cf7345 - test[aada8e7e76ba119b]::run_test::{closure#0}
[INFO] [stdout]   15:     0x5fac69cf0c34 - std[617be2ca0a6fd877]::sys::backtrace::__rust_begin_short_backtrace::<test[aada8e7e76ba119b]::run_test::{closure#1}, ()>
[INFO] [stdout]   16:     0x5fac69cfa3d2 - <std[617be2ca0a6fd877]::thread::lifecycle::spawn_unchecked<test[aada8e7e76ba119b]::run_test::{closure#1}, ()>::{closure#1} as core[a373ad73a504971]::ops::function::FnOnce<()>>::call_once::{shim:vtable#0}
[INFO] [stdout]   17:     0x5fac69f28a6f - <std[617be2ca0a6fd877]::sys::thread::unix::Thread>::new::thread_start
[INFO] [stdout]   18:     0x7f2f85e09dfa - <unknown>
[INFO] [stdout]   19:     0x7f2f85e9d3d4 - clone
[INFO] [stdout]   20:                0x0 - <unknown>
[INFO] [stdout] 
[INFO] [stdout] ---- tests::tamper_and_reset_required_fail_closed stdout ----
[INFO] [stdout] 
[INFO] [stdout] thread 'tests::tamper_and_reset_required_fail_closed' (863) panicked at src/lib.rs:3551:49:
[INFO] [stdout] called `Result::unwrap()` on an `Err` value: Unsupported
[INFO] [stdout] stack backtrace:
[INFO] [stdout]    0:     0x5fac69f293f1 - <<std[617be2ca0a6fd877]::sys::backtrace::BacktraceLock>::print::DisplayBacktrace as core[a373ad73a504971]::fmt::Display>::fmt
[INFO] [stdout]    1:     0x5fac69f3f0da - core[a373ad73a504971]::fmt::write
[INFO] [stdout]    2:     0x5fac69f2d8fc - <alloc[2e1b2a31b91974c5]::vec::Vec<u8> as core[a373ad73a504971]::io::write::Write>::write_fmt
[INFO] [stdout]    3:     0x5fac69f03366 - std[617be2ca0a6fd877]::panicking::default_hook::{closure#0}
[INFO] [stdout]    4:     0x5fac69f20a49 - std[617be2ca0a6fd877]::panicking::default_hook
[INFO] [stdout]    5:     0x5fac69cf6d20 - test[aada8e7e76ba119b]::test_main_inner::{closure#0}
[INFO] [stdout]    6:     0x5fac69f20c02 - std[617be2ca0a6fd877]::panicking::panic_with_hook
[INFO] [stdout]    7:     0x5fac69f03412 - std[617be2ca0a6fd877]::panicking::panic_handler::{closure#0}
[INFO] [stdout]    8:     0x5fac69efbf49 - std[617be2ca0a6fd877]::sys::backtrace::__rust_end_short_backtrace::<std[617be2ca0a6fd877]::panicking::panic_handler::{closure#0}, !>
[INFO] [stdout]    9:     0x5fac69f042bd - __rustc[ea4f61d10b84890b]::rust_begin_unwind
[INFO] [stdout]   10:     0x5fac69f3f83c - core[a373ad73a504971]::panicking::panic_fmt
[INFO] [stdout]   11:     0x5fac69f3f612 - core[a373ad73a504971]::result::unwrap_failed
[INFO] [stdout]   12:     0x5fac69cacc72 - <sweepx_event_journal[c072765ab95c4ce]::tests::tamper_and_reset_required_fail_closed::{closure#0} as core[a373ad73a504971]::ops::function::FnOnce<()>>::call_once
[INFO] [stdout]   13:     0x5fac69cea16b - test[aada8e7e76ba119b]::__rust_begin_short_backtrace::<core[a373ad73a504971]::result::Result<(), alloc[2e1b2a31b91974c5]::string::String>, fn() -> core[a373ad73a504971]::result::Result<(), alloc[2e1b2a31b91974c5]::string::String>>
[INFO] [stdout]   14:     0x5fac69cf7345 - test[aada8e7e76ba119b]::run_test::{closure#0}
[INFO] [stdout]   15:     0x5fac69cf0c34 - std[617be2ca0a6fd877]::sys::backtrace::__rust_begin_short_backtrace::<test[aada8e7e76ba119b]::run_test::{closure#1}, ()>
[INFO] [stdout]   16:     0x5fac69cfa3d2 - <std[617be2ca0a6fd877]::thread::lifecycle::spawn_unchecked<test[aada8e7e76ba119b]::run_test::{closure#1}, ()>::{closure#1} as core[a373ad73a504971]::ops::function::FnOnce<()>>::call_once::{shim:vtable#0}
[INFO] [stdout]   17:     0x5fac69f28a6f - <std[617be2ca0a6fd877]::sys::thread::unix::Thread>::new::thread_start
[INFO] [stdout]   18:     0x7f2f85e09dfa - <unknown>
[INFO] [stdout]   19:     0x7f2f85e9d3d4 - clone
[INFO] [stdout]   20:                0x0 - <unknown>
[INFO] [stdout] 
[INFO] [stdout] ---- tests::replay_session_open_fails_closed_on_cursor_index_corruption stdout ----
[INFO] [stdout] 
[INFO] [stdout] thread 'tests::replay_session_open_fails_closed_on_cursor_index_corruption' (859) panicked at src/lib.rs:2950:49:
[INFO] [stdout] called `Result::unwrap()` on an `Err` value: Unsupported
[INFO] [stdout] stack backtrace:
[INFO] [stdout]    0:     0x5fac69f293f1 - <<std[617be2ca0a6fd877]::sys::backtrace::BacktraceLock>::print::DisplayBacktrace as core[a373ad73a504971]::fmt::Display>::fmt
[INFO] [stdout]    1:     0x5fac69f3f0da - core[a373ad73a504971]::fmt::write
[INFO] [stdout]    2:     0x5fac69f2d8fc - <alloc[2e1b2a31b91974c5]::vec::Vec<u8> as core[a373ad73a504971]::io::write::Write>::write_fmt
[INFO] [stdout]    3:     0x5fac69f03366 - std[617be2ca0a6fd877]::panicking::default_hook::{closure#0}
[INFO] [stdout]    4:     0x5fac69f20a49 - std[617be2ca0a6fd877]::panicking::default_hook
[INFO] [stdout]    5:     0x5fac69cf6d20 - test[aada8e7e76ba119b]::test_main_inner::{closure#0}
[INFO] [stdout]    6:     0x5fac69f20c02 - std[617be2ca0a6fd877]::panicking::panic_with_hook
[INFO] [stdout]    7:     0x5fac69f03412 - std[617be2ca0a6fd877]::panicking::panic_handler::{closure#0}
[INFO] [stdout]    8:     0x5fac69efbf49 - std[617be2ca0a6fd877]::sys::backtrace::__rust_end_short_backtrace::<std[617be2ca0a6fd877]::panicking::panic_handler::{closure#0}, !>
[INFO] [stdout]    9:     0x5fac69f042bd - __rustc[ea4f61d10b84890b]::rust_begin_unwind
[INFO] [stdout]   10:     0x5fac69f3f83c - core[a373ad73a504971]::panicking::panic_fmt
[INFO] [stdout]   11:     0x5fac69f3f612 - core[a373ad73a504971]::result::unwrap_failed
[INFO] [stdout]   12:     0x5fac69cba743 - <sweepx_event_journal[c072765ab95c4ce]::tests::replay_session_open_fails_closed_on_cursor_index_corruption::{closure#0} as core[a373ad73a504971]::ops::function::FnOnce<()>>::call_once
[INFO] [stdout]   13:     0x5fac69cea16b - test[aada8e7e76ba119b]::__rust_begin_short_backtrace::<core[a373ad73a504971]::result::Result<(), alloc[2e1b2a31b91974c5]::string::String>, fn() -> core[a373ad73a504971]::result::Result<(), alloc[2e1b2a31b91974c5]::string::String>>
[INFO] [stdout]   14:     0x5fac69cf7345 - test[aada8e7e76ba119b]::run_test::{closure#0}
[INFO] [stdout]   15:     0x5fac69cf0c34 - std[617be2ca0a6fd877]::sys::backtrace::__rust_begin_short_backtrace::<test[aada8e7e76ba119b]::run_test::{closure#1}, ()>
[INFO] [stdout]   16:     0x5fac69cfa3d2 - <std[617be2ca0a6fd877]::thread::lifecycle::spawn_unchecked<test[aada8e7e76ba119b]::run_test::{closure#1}, ()>::{closure#1} as core[a373ad73a504971]::ops::function::FnOnce<()>>::call_once::{shim:vtable#0}
[INFO] [stdout]   17:     0x5fac69f28a6f - <std[617be2ca0a6fd877]::sys::thread::unix::Thread>::new::thread_start
[INFO] [stdout]   18:     0x7f2f85e09dfa - <unknown>
[INFO] [stdout]   19:     0x7f2f85e9d3d4 - clone
[INFO] [stdout]   20:                0x0 - <unknown>
[INFO] [stdout] 
[INFO] [stdout] ---- tests::symlink_rejection_and_atomic_terminal_rollback stdout ----
[INFO] [stdout] 
[INFO] [stdout] thread 'tests::symlink_rejection_and_atomic_terminal_rollback' (862) panicked at src/lib.rs:3509:9:
[INFO] [stdout] assertion failed: matches!(EventJournal::open(&root), Err(JournalError::SymlinkRejected(_)))
[INFO] [stdout] stack backtrace:
[INFO] [stdout]    0:     0x5fac69f293f1 - <<std[617be2ca0a6fd877]::sys::backtrace::BacktraceLock>::print::DisplayBacktrace as core[a373ad73a504971]::fmt::Display>::fmt
[INFO] [stdout]    1:     0x5fac69f3f0da - core[a373ad73a504971]::fmt::write
[INFO] [stdout]    2:     0x5fac69f2d8fc - <alloc[2e1b2a31b91974c5]::vec::Vec<u8> as core[a373ad73a504971]::io::write::Write>::write_fmt
[INFO] [stdout]    3:     0x5fac69f03366 - std[617be2ca0a6fd877]::panicking::default_hook::{closure#0}
[INFO] [stdout]    4:     0x5fac69f20a49 - std[617be2ca0a6fd877]::panicking::default_hook
[INFO] [stdout]    5:     0x5fac69cf6d20 - test[aada8e7e76ba119b]::test_main_inner::{closure#0}
[INFO] [stdout]    6:     0x5fac69f20c02 - std[617be2ca0a6fd877]::panicking::panic_with_hook
[INFO] [stdout]    7:     0x5fac69f03444 - std[617be2ca0a6fd877]::panicking::panic_handler::{closure#0}
[INFO] [stdout]    8:     0x5fac69efbf49 - std[617be2ca0a6fd877]::sys::backtrace::__rust_end_short_backtrace::<std[617be2ca0a6fd877]::panicking::panic_handler::{closure#0}, !>
[INFO] [stdout]    9:     0x5fac69f042bd - __rustc[ea4f61d10b84890b]::rust_begin_unwind
[INFO] [stdout]   10:     0x5fac69f3f83c - core[a373ad73a504971]::panicking::panic_fmt
[INFO] [stdout]   11:     0x5fac69f3f802 - core[a373ad73a504971]::panicking::panic
[INFO] [stdout]   12:     0x5fac69cb2d33 - <sweepx_event_journal[c072765ab95c4ce]::tests::symlink_rejection_and_atomic_terminal_rollback::{closure#0} as core[a373ad73a504971]::ops::function::FnOnce<()>>::call_once
[INFO] [stdout]   13:     0x5fac69cea16b - test[aada8e7e76ba119b]::__rust_begin_short_backtrace::<core[a373ad73a504971]::result::Result<(), alloc[2e1b2a31b91974c5]::string::String>, fn() -> core[a373ad73a504971]::result::Result<(), alloc[2e1b2a31b91974c5]::string::String>>
[INFO] [stdout]   14:     0x5fac69cf7345 - test[aada8e7e76ba119b]::run_test::{closure#0}
[INFO] [stdout]   15:     0x5fac69cf0c34 - std[617be2ca0a6fd877]::sys::backtrace::__rust_begin_short_backtrace::<test[aada8e7e76ba119b]::run_test::{closure#1}, ()>
[INFO] [stdout]   16:     0x5fac69cfa3d2 - <std[617be2ca0a6fd877]::thread::lifecycle::spawn_unchecked<test[aada8e7e76ba119b]::run_test::{closure#1}, ()>::{closure#1} as core[a373ad73a504971]::ops::function::FnOnce<()>>::call_once::{shim:vtable#0}
[INFO] [stdout]   17:     0x5fac69f28a6f - <std[617be2ca0a6fd877]::sys::thread::unix::Thread>::new::thread_start
[INFO] [stdout]   18:     0x7f2f85e09dfa - <unknown>
[INFO] [stdout]   19:     0x7f2f85e9d3d4 - clone
[INFO] [stdout]   20:                0x0 - <unknown>
[INFO] [stdout] 
[INFO] [stdout] ---- tests::unknown_well_formed_cursor_requires_snapshot_reset stdout ----
[INFO] [stdout] 
[INFO] [stdout] thread 'tests::unknown_well_formed_cursor_requires_snapshot_reset' (865) panicked at src/lib.rs:3177:49:
[INFO] [stdout] called `Result::unwrap()` on an `Err` value: Unsupported
[INFO] [stdout] stack backtrace:
[INFO] [stdout]    0:     0x5fac69f293f1 - <<std[617be2ca0a6fd877]::sys::backtrace::BacktraceLock>::print::DisplayBacktrace as core[a373ad73a504971]::fmt::Display>::fmt
[INFO] [stdout]    1:     0x5fac69f3f0da - core[a373ad73a504971]::fmt::write
[INFO] [stdout]    2:     0x5fac69f2d8fc - <alloc[2e1b2a31b91974c5]::vec::Vec<u8> as core[a373ad73a504971]::io::write::Write>::write_fmt
[INFO] [stdout]    3:     0x5fac69f03366 - std[617be2ca0a6fd877]::panicking::default_hook::{closure#0}
[INFO] [stdout]    4:     0x5fac69f20a49 - std[617be2ca0a6fd877]::panicking::default_hook
[INFO] [stdout]    5:     0x5fac69cf6d20 - test[aada8e7e76ba119b]::test_main_inner::{closure#0}
[INFO] [stdout]    6:     0x5fac69f20c02 - std[617be2ca0a6fd877]::panicking::panic_with_hook
[INFO] [stdout]    7:     0x5fac69f03412 - std[617be2ca0a6fd877]::panicking::panic_handler::{closure#0}
[INFO] [stdout]    8:     0x5fac69efbf49 - std[617be2ca0a6fd877]::sys::backtrace::__rust_end_short_backtrace::<std[617be2ca0a6fd877]::panicking::panic_handler::{closure#0}, !>
[INFO] [stdout]    9:     0x5fac69f042bd - __rustc[ea4f61d10b84890b]::rust_begin_unwind
[INFO] [stdout]   10:     0x5fac69f3f83c - core[a373ad73a504971]::panicking::panic_fmt
[INFO] [stdout]   11:     0x5fac69f3f612 - core[a373ad73a504971]::result::unwrap_failed
[INFO] [stdout]   12:     0x5fac69cb5652 - <sweepx_event_journal[c072765ab95c4ce]::tests::unknown_well_formed_cursor_requires_snapshot_reset::{closure#0} as core[a373ad73a504971]::ops::function::FnOnce<()>>::call_once
[INFO] [stdout]   13:     0x5fac69cea16b - test[aada8e7e76ba119b]::__rust_begin_short_backtrace::<core[a373ad73a504971]::result::Result<(), alloc[2e1b2a31b91974c5]::string::String>, fn() -> core[a373ad73a504971]::result::Result<(), alloc[2e1b2a31b91974c5]::string::String>>
[INFO] [stdout]   14:     0x5fac69cf7345 - test[aada8e7e76ba119b]::run_test::{closure#0}
[INFO] [stdout]   15:     0x5fac69cf0c34 - std[617be2ca0a6fd877]::sys::backtrace::__rust_begin_short_backtrace::<test[aada8e7e76ba119b]::run_test::{closure#1}, ()>
[INFO] [stdout]   16:     0x5fac69cfa3d2 - <std[617be2ca0a6fd877]::thread::lifecycle::spawn_unchecked<test[aada8e7e76ba119b]::run_test::{closure#1}, ()>::{closure#1} as core[a373ad73a504971]::ops::function::FnOnce<()>>::call_once::{shim:vtable#0}
[INFO] [stdout]   17:     0x5fac69f28a6f - <std[617be2ca0a6fd877]::sys::thread::unix::Thread>::new::thread_start
[INFO] [stdout]   18:     0x7f2f85e09dfa - <unknown>
[INFO] [stdout]   19:     0x7f2f85e9d3d4 - clone
[INFO] [stdout]   20:                0x0 - <unknown>
[INFO] [stdout] 
[INFO] [stdout] ---- tests::happy_replay_and_validate_all stdout ----
[INFO] [stdout] 
[INFO] [stdout] thread 'tests::happy_replay_and_validate_all' (850) panicked at src/lib.rs:2640:49:
[INFO] [stdout] called `Result::unwrap()` on an `Err` value: Unsupported
[INFO] [stdout] stack backtrace:
[INFO] [stdout]    0:     0x5fac69f293f1 - <<std[617be2ca0a6fd877]::sys::backtrace::BacktraceLock>::print::DisplayBacktrace as core[a373ad73a504971]::fmt::Display>::fmt
[INFO] [stdout]    1:     0x5fac69f3f0da - core[a373ad73a504971]::fmt::write
[INFO] [stdout]    2:     0x5fac69f2d8fc - <alloc[2e1b2a31b91974c5]::vec::Vec<u8> as core[a373ad73a504971]::io::write::Write>::write_fmt
[INFO] [stdout]    3:     0x5fac69f03366 - std[617be2ca0a6fd877]::panicking::default_hook::{closure#0}
[INFO] [stdout]    4:     0x5fac69f20a49 - std[617be2ca0a6fd877]::panicking::default_hook
[INFO] [stdout]    5:     0x5fac69cf6d20 - test[aada8e7e76ba119b]::test_main_inner::{closure#0}
[INFO] [stdout]    6:     0x5fac69f20c02 - std[617be2ca0a6fd877]::panicking::panic_with_hook
[INFO] [stdout]    7:     0x5fac69f03412 - std[617be2ca0a6fd877]::panicking::panic_handler::{closure#0}
[INFO] [stdout]    8:     0x5fac69efbf49 - std[617be2ca0a6fd877]::sys::backtrace::__rust_end_short_backtrace::<std[617be2ca0a6fd877]::panicking::panic_handler::{closure#0}, !>
[INFO] [stdout]    9:     0x5fac69f042bd - __rustc[ea4f61d10b84890b]::rust_begin_unwind
[INFO] [stdout]   10:     0x5fac69f3f83c - core[a373ad73a504971]::panicking::panic_fmt
[INFO] [stdout]   11:     0x5fac69f3f612 - core[a373ad73a504971]::result::unwrap_failed
[INFO] [stdout]   12:     0x5fac69cab514 - <sweepx_event_journal[c072765ab95c4ce]::tests::happy_replay_and_validate_all::{closure#0} as core[a373ad73a504971]::ops::function::FnOnce<()>>::call_once
[INFO] [stdout]   13:     0x5fac69cea16b - test[aada8e7e76ba119b]::__rust_begin_short_backtrace::<core[a373ad73a504971]::result::Result<(), alloc[2e1b2a31b91974c5]::string::String>, fn() -> core[a373ad73a504971]::result::Result<(), alloc[2e1b2a31b91974c5]::string::String>>
[INFO] [stdout]   14:     0x5fac69cf7345 - test[aada8e7e76ba119b]::run_test::{closure#0}
[INFO] [stdout]   15:     0x5fac69cf0c34 - std[617be2ca0a6fd877]::sys::backtrace::__rust_begin_short_backtrace::<test[aada8e7e76ba119b]::run_test::{closure#1}, ()>
[INFO] [stdout]   16:     0x5fac69cfa3d2 - <std[617be2ca0a6fd877]::thread::lifecycle::spawn_unchecked<test[aada8e7e76ba119b]::run_test::{closure#1}, ()>::{closure#1} as core[a373ad73a504971]::ops::function::FnOnce<()>>::call_once::{shim:vtable#0}
[INFO] [stdout]   17:     0x5fac69f28a6f - <std[617be2ca0a6fd877]::sys::thread::unix::Thread>::new::thread_start
[INFO] [stdout]   18:     0x7f2f85e09dfa - <unknown>
[INFO] [stdout]   19:     0x7f2f85e9d3d4 - clone
[INFO] [stdout]   20:                0x0 - <unknown>
[INFO] [stdout] 
[INFO] [stdout] ---- tests::replay_session_pages_one_verified_snapshot stdout ----
[INFO] [stdout] 
[INFO] [stdout] thread 'tests::replay_session_pages_one_verified_snapshot' (860) panicked at src/lib.rs:2744:49:
[INFO] [stdout] called `Result::unwrap()` on an `Err` value: Unsupported
[INFO] [stdout] stack backtrace:
[INFO] [stdout]    0:     0x5fac69f293f1 - <<std[617be2ca0a6fd877]::sys::backtrace::BacktraceLock>::print::DisplayBacktrace as core[a373ad73a504971]::fmt::Display>::fmt
[INFO] [stdout]    1:     0x5fac69f3f0da - core[a373ad73a504971]::fmt::write
[INFO] [stdout]    2:     0x5fac69f2d8fc - <alloc[2e1b2a31b91974c5]::vec::Vec<u8> as core[a373ad73a504971]::io::write::Write>::write_fmt
[INFO] [stdout]    3:     0x5fac69f03366 - std[617be2ca0a6fd877]::panicking::default_hook::{closure#0}
[INFO] [stdout]    4:     0x5fac69f20a49 - std[617be2ca0a6fd877]::panicking::default_hook
[INFO] [stdout]    5:     0x5fac69cf6d20 - test[aada8e7e76ba119b]::test_main_inner::{closure#0}
[INFO] [stdout]    6:     0x5fac69f20c02 - std[617be2ca0a6fd877]::panicking::panic_with_hook
[INFO] [stdout]    7:     0x5fac69f03412 - std[617be2ca0a6fd877]::panicking::panic_handler::{closure#0}
[INFO] [stdout]    8:     0x5fac69efbf49 - std[617be2ca0a6fd877]::sys::backtrace::__rust_end_short_backtrace::<std[617be2ca0a6fd877]::panicking::panic_handler::{closure#0}, !>
[INFO] [stdout]    9:     0x5fac69f042bd - __rustc[ea4f61d10b84890b]::rust_begin_unwind
[INFO] [stdout]   10:     0x5fac69f3f83c - core[a373ad73a504971]::panicking::panic_fmt
[INFO] [stdout]   11:     0x5fac69f3f612 - core[a373ad73a504971]::result::unwrap_failed
[INFO] [stdout]   12:     0x5fac69cb09f1 - <sweepx_event_journal[c072765ab95c4ce]::tests::replay_session_pages_one_verified_snapshot::{closure#0} as core[a373ad73a504971]::ops::function::FnOnce<()>>::call_once
[INFO] [stdout]   13:     0x5fac69cea16b - test[aada8e7e76ba119b]::__rust_begin_short_backtrace::<core[a373ad73a504971]::result::Result<(), alloc[2e1b2a31b91974c5]::string::String>, fn() -> core[a373ad73a504971]::result::Result<(), alloc[2e1b2a31b91974c5]::string::String>>
[INFO] [stdout]   14:     0x5fac69cf7345 - test[aada8e7e76ba119b]::run_test::{closure#0}
[INFO] [stdout]   15:     0x5fac69cf0c34 - std[617be2ca0a6fd877]::sys::backtrace::__rust_begin_short_backtrace::<test[aada8e7e76ba119b]::run_test::{closure#1}, ()>
[INFO] [stdout]   16:     0x5fac69cfa3d2 - <std[617be2ca0a6fd877]::thread::lifecycle::spawn_unchecked<test[aada8e7e76ba119b]::run_test::{closure#1}, ()>::{closure#1} as core[a373ad73a504971]::ops::function::FnOnce<()>>::call_once::{shim:vtable#0}
[INFO] [stdout]   17:     0x5fac69f28a6f - <std[617be2ca0a6fd877]::sys::thread::unix::Thread>::new::thread_start
[INFO] [stdout]   18:     0x7f2f85e09dfa - <unknown>
[INFO] [stdout]   19:     0x7f2f85e9d3d4 - clone
[INFO] [stdout]   20:                0x0 - <unknown>
[INFO] [stdout] 
[INFO] [stdout] ---- tests::committed_event_survives_abrupt_process_exit stdout ----
[INFO] [stdout] 
[INFO] [stdout] thread 'tests::committed_event_survives_abrupt_process_exit' (836) panicked at src/lib.rs:3306:49:
[INFO] [stdout] called `Result::unwrap()` on an `Err` value: Unsupported
[INFO] [stdout] stack backtrace:
[INFO] [stdout]    0:     0x5fac69f293f1 - <<std[617be2ca0a6fd877]::sys::backtrace::BacktraceLock>::print::DisplayBacktrace as core[a373ad73a504971]::fmt::Display>::fmt
[INFO] [stdout]    1:     0x5fac69f3f0da - core[a373ad73a504971]::fmt::write
[INFO] [stdout]    2:     0x5fac69f2d8fc - <alloc[2e1b2a31b91974c5]::vec::Vec<u8> as core[a373ad73a504971]::io::write::Write>::write_fmt
[INFO] [stdout]    3:     0x5fac69f03366 - std[617be2ca0a6fd877]::panicking::default_hook::{closure#0}
[INFO] [stdout]    4:     0x5fac69f20a49 - std[617be2ca0a6fd877]::panicking::default_hook
[INFO] [stdout]    5:     0x5fac69cf6d20 - test[aada8e7e76ba119b]::test_main_inner::{closure#0}
[INFO] [stdout]    6:     0x5fac69f20c02 - std[617be2ca0a6fd877]::panicking::panic_with_hook
[INFO] [stdout]    7:     0x5fac69f03412 - std[617be2ca0a6fd877]::panicking::panic_handler::{closure#0}
[INFO] [stdout]    8:     0x5fac69efbf49 - std[617be2ca0a6fd877]::sys::backtrace::__rust_end_short_backtrace::<std[617be2ca0a6fd877]::panicking::panic_handler::{closure#0}, !>
[INFO] [stdout]    9:     0x5fac69f042bd - __rustc[ea4f61d10b84890b]::rust_begin_unwind
[INFO] [stdout]   10:     0x5fac69f3f83c - core[a373ad73a504971]::panicking::panic_fmt
[INFO] [stdout]   11:     0x5fac69f3f612 - core[a373ad73a504971]::result::unwrap_failed
[INFO] [stdout]   12:     0x5fac69cb192d - <sweepx_event_journal[c072765ab95c4ce]::tests::committed_event_survives_abrupt_process_exit::{closure#0} as core[a373ad73a504971]::ops::function::FnOnce<()>>::call_once
[INFO] [stdout]   13:     0x5fac69cea16b - test[aada8e7e76ba119b]::__rust_begin_short_backtrace::<core[a373ad73a504971]::result::Result<(), alloc[2e1b2a31b91974c5]::string::String>, fn() -> core[a373ad73a504971]::result::Result<(), alloc[2e1b2a31b91974c5]::string::String>>
[INFO] [stdout]   14:     0x5fac69cf7345 - test[aada8e7e76ba119b]::run_test::{closure#0}
[INFO] [stdout]   15:     0x5fac69cf0c34 - std[617be2ca0a6fd877]::sys::backtrace::__rust_begin_short_backtrace::<test[aada8e7e76ba119b]::run_test::{closure#1}, ()>
[INFO] [stdout]   16:     0x5fac69cfa3d2 - <std[617be2ca0a6fd877]::thread::lifecycle::spawn_unchecked<test[aada8e7e76ba119b]::run_test::{closure#1}, ()>::{closure#1} as core[a373ad73a504971]::ops::function::FnOnce<()>>::call_once::{shim:vtable#0}
[INFO] [stdout]   17:     0x5fac69f28a6f - <std[617be2ca0a6fd877]::sys::thread::unix::Thread>::new::thread_start
[INFO] [stdout]   18:     0x7f2f85e09dfa - <unknown>
[INFO] [stdout]   19:     0x7f2f85e9d3d4 - clone
[INFO] [stdout]   20:                0x0 - <unknown>
[INFO] [stdout] 
[INFO] [stdout] 
[INFO] [stdout] failures:
[INFO] [stdout]     tests::active_journal_rejects_root_and_database_replacement
[INFO] [stdout]     tests::append_enforces_started_checkpoint_and_time_continuity
[INFO] [stdout]     tests::committed_event_survives_abrupt_process_exit
[INFO] [stdout]     tests::complete_stream_api_rejects_aggregate_quota_without_side_effects
[INFO] [stdout]     tests::complete_stream_api_rejects_too_many_events_without_side_effects
[INFO] [stdout]     tests::complete_stream_append_assigns_positions_and_commits_terminal_snapshot
[INFO] [stdout]     tests::complete_stream_rejects_terminal_snapshot_mismatch_atomically
[INFO] [stdout]     tests::complete_stream_requires_empty_journal
[INFO] [stdout]     tests::complete_stream_sqlite_failure_rolls_back_every_insert
[INFO] [stdout]     tests::complete_stream_validation_failure_keeps_journal_and_input_unchanged
[INFO] [stdout]     tests::consuming_replay_yields_bounded_pages_without_empty_tail
[INFO] [stdout]     tests::duplicate_terminal_and_post_terminal_are_rejected
[INFO] [stdout]     tests::happy_replay_and_validate_all
[INFO] [stdout]     tests::journal_generation_changes_first_cursor_after_rebuild
[INFO] [stdout]     tests::one_journal_owner_excludes_a_second_writer
[INFO] [stdout]     tests::open_rejects_dropped_append_only_trigger
[INFO] [stdout]     tests::open_rejects_unsafe_sidecars_and_oversized_state
[INFO] [stdout]     tests::payload_quota_and_corruption_are_detected
[INFO] [stdout]     tests::replay_session_enforces_page_limit
[INFO] [stdout]     tests::replay_session_never_follows_later_appends
[INFO] [stdout]     tests::replay_session_open_fails_closed_on_cursor_index_corruption
[INFO] [stdout]     tests::replay_session_pages_one_verified_snapshot
[INFO] [stdout]     tests::symlink_rejection_and_atomic_terminal_rollback
[INFO] [stdout]     tests::tamper_and_reset_required_fail_closed
[INFO] [stdout]     tests::terminal_snapshot_semantics_must_match_the_event
[INFO] [stdout]     tests::unknown_well_formed_cursor_requires_snapshot_reset
[INFO] [stdout] 
[INFO] [stdout] test result: FAILED. 5 passed; 26 failed; 0 ignored; 0 measured; 0 filtered out; finished in 0.01s
[INFO] [stdout] 
[INFO] running `Command { std: "docker" "inspect" "45e1db3539c525981fdba8fe344ec320e0795da31d6a2000fa2d7f31b02035f9", kill_on_drop: false }`
[INFO] running `Command { std: "docker" "rm" "-f" "45e1db3539c525981fdba8fe344ec320e0795da31d6a2000fa2d7f31b02035f9", kill_on_drop: false }`
[INFO] [stdout] 45e1db3539c525981fdba8fe344ec320e0795da31d6a2000fa2d7f31b02035f9
