[INFO] fetching crate sweepx-cli 0.0.1...
[INFO] testing sweepx-cli-0.0.1 against 1.99.0-beta.8+cargoflags=--release for beta-release-1.100-2
[INFO] extracting crate sweepx-cli 0.0.1 into /workspace/builds/worker-0-tc1/source
[INFO] started tweaking crates.io crate sweepx-cli 0.0.1
[INFO] removed 0 missing tests
[INFO] finished tweaking crates.io crate sweepx-cli 0.0.1
[INFO] tweaked toml for crates.io crate sweepx-cli 0.0.1 written to /workspace/builds/worker-0-tc1/source/Cargo.toml
[INFO] validating manifest of crates.io crate sweepx-cli 0.0.1 on toolchain 1.99.0-beta.8
[INFO] running `Command { std: CARGO_HOME="/workspace/cargo-home" RUSTUP_HOME="/workspace/rustup-home" "/workspace/cargo-home/bin/cargo" "+1.99.0-beta.8" "metadata" "--manifest-path" "Cargo.toml" "--no-deps", kill_on_drop: false }`
[INFO] crate crates.io crate sweepx-cli 0.0.1 already has a lockfile, it will not be regenerated
[INFO] running `Command { std: CARGO_HOME="/workspace/cargo-home" RUSTUP_HOME="/workspace/rustup-home" "/workspace/cargo-home/bin/cargo" "+1.99.0-beta.8" "fetch" "--manifest-path" "Cargo.toml", kill_on_drop: false }`
[INFO] [stderr]     Updating crates.io index
[INFO] [stderr]  Downloading crates ...
[INFO] [stderr]   Downloaded windows-interface v0.56.0
[INFO] [stderr]   Downloaded windows-result v0.1.2
[INFO] [stderr]   Downloaded trash v5.2.6
[INFO] [stderr]   Downloaded windows-core v0.56.0
[INFO] [stderr]   Downloaded fs2 v0.4.3
[INFO] [stderr]   Downloaded serde_ignored v0.1.14
[INFO] [stderr]   Downloaded termtree v0.5.1
[INFO] [stderr]   Downloaded indoc v2.0.7
[INFO] [stderr]   Downloaded rsqlite-vfs v0.1.1
[INFO] [stderr]   Downloaded sweepx-cleaner-schema v0.0.1
[INFO] [stderr]   Downloaded sweepx-cache v0.0.1
[INFO] [stderr]   Downloaded normalize-line-endings v0.3.0
[INFO] [stderr]   Downloaded unicode-truncate v1.1.0
[INFO] [stderr]   Downloaded castaway v0.2.4
[INFO] [stderr]   Downloaded sys-locale v0.3.2
[INFO] [stderr]   Downloaded wait-timeout v0.2.1
[INFO] [stderr]   Downloaded serde_jcs v0.1.0
[INFO] [stderr]   Downloaded predicates-core v1.0.10
[INFO] [stderr]   Downloaded assert_cmd v2.2.2
[INFO] [stderr]   Downloaded windows-implement v0.56.0
[INFO] [stderr]   Downloaded urlencoding v2.1.3
[INFO] [stderr]   Downloaded sweepx-model v0.0.1
[INFO] [stderr]   Downloaded strum_macros v0.26.4
[INFO] [stderr]   Downloaded strum v0.26.3
[INFO] [stderr]   Downloaded predicates-tree v1.0.13
[INFO] [stderr]   Downloaded schemars_derive v1.2.2
[INFO] [stderr]   Downloaded signal-hook-mio v0.2.5
[INFO] [stderr]   Downloaded compact_str v0.8.2
[INFO] [stderr]   Downloaded float-cmp v0.10.0
[INFO] [stderr]   Downloaded crossterm_winapi v0.9.1
[INFO] [stderr]   Downloaded cassowary v0.3.0
[INFO] [stderr]   Downloaded hashlink v0.12.1
[INFO] [stderr]   Downloaded sweepx-cleaner-vm v0.0.1
[INFO] [stderr]   Downloaded sweepx-catalog v0.0.1
[INFO] [stderr]   Downloaded sweepx-audit v0.0.1
[INFO] [stderr]   Downloaded sweepx-analysis v0.0.1
[INFO] [stderr]   Downloaded difflib v0.4.0
[INFO] [stderr]   Downloaded serde_derive_internals v0.30.0
[INFO] [stderr]   Downloaded sweepx-i18n v0.0.1
[INFO] [stderr]   Downloaded lru v0.12.5
[INFO] [stderr]   Downloaded ryu-js v0.2.2
[INFO] [stderr]   Downloaded sweepx-canonical v0.0.1
[INFO] [stderr]   Downloaded predicates v3.1.4
[INFO] [stderr]   Downloaded instability v0.3.13
[INFO] [stderr]   Downloaded sweepx-protocol v0.0.1
[INFO] [stderr]   Downloaded sweepx-platform v0.0.1
[INFO] [stderr]   Downloaded sweepx-platform-macos v0.0.1
[INFO] [stderr]   Downloaded sweepx-event-journal v0.0.1
[INFO] [stderr]   Downloaded clap_derive v4.6.4
[INFO] [stderr]   Downloaded signal-hook v0.3.18
[INFO] [stderr]   Downloaded sweepx-platform-linux v0.0.1
[INFO] [stderr]   Downloaded sweepx-platform-windows v0.0.1
[INFO] [stderr]   Downloaded sweepx-scanner v0.0.1
[INFO] [stderr]   Downloaded sweepx-tui v0.0.1
[INFO] [stderr]   Downloaded sweepx-core v0.0.1
[INFO] [stderr]   Downloaded crossterm v0.28.1
[INFO] [stderr]   Downloaded rusqlite v0.40.2
[INFO] [stderr]   Downloaded objc2 v0.6.4
[INFO] [stderr]   Downloaded unicode-width v0.2.0
[INFO] [stderr]   Downloaded bstr v1.13.1
[INFO] [stderr]   Downloaded ratatui v0.29.0
[INFO] [stderr]   Downloaded libsqlite3-sys v0.38.2
[INFO] [stderr]   Downloaded sqlite-wasm-rs v0.5.5
[INFO] [stderr]   Downloaded windows v0.56.0
[INFO] running `Command { std: "docker" "create" "-v" "/var/lib/crater-agent-workspace/builds/worker-0-tc1/source:/opt/rustwide/workdir:ro,Z" "-v" "/var/lib/crater-agent-workspace/builds/worker-0-tc1/target:/opt/rustwide/target:rw,Z" "-v" "/var/lib/crater-agent-workspace/cargo-home:/opt/rustwide/cargo-home:ro,Z" "-v" "/var/lib/crater-agent-workspace/rustup-home:/opt/rustwide/rustup-home:ro,Z" "-m" "1610612736" "--network" "none" "ghcr.io/rust-lang/crates-build-env/linux@sha256:77db811e55d90add9212f6832c23229e3de5f1c1f9905e8cb07319ea15df73ac" "sleep" "infinity", kill_on_drop: false }`
[INFO] [stdout] a5bc724707999e43d2d447a332913e999c74b38edc69536342a3801bf608b1b0
[INFO] running `Command { std: "docker" "start" "a5bc724707999e43d2d447a332913e999c74b38edc69536342a3801bf608b1b0", kill_on_drop: false }`
[INFO] running `Command { std: "docker" "inspect" "a5bc724707999e43d2d447a332913e999c74b38edc69536342a3801bf608b1b0", kill_on_drop: false }`
[INFO] running `Command { std: "docker" "exec" "-e" "SOURCE_DIR=/opt/rustwide/workdir" "-e" "CARGO_HOME=/opt/rustwide/cargo-home" "-e" "RUSTUP_HOME=/opt/rustwide/rustup-home" "-e" "CARGO_TARGET_DIR=/opt/rustwide/target" "-w" "/opt/rustwide/workdir" "--user" "0:0" "a5bc724707999e43d2d447a332913e999c74b38edc69536342a3801bf608b1b0" "/opt/rustwide/cargo-home/bin/cargo" "+1.99.0-beta.8" "metadata" "--no-deps" "--format-version=1", kill_on_drop: false }`
[INFO] running `Command { std: "docker" "inspect" "a5bc724707999e43d2d447a332913e999c74b38edc69536342a3801bf608b1b0", kill_on_drop: false }`
[INFO] running `Command { std: "docker" "exec" "-e" "SOURCE_DIR=/opt/rustwide/workdir" "-e" "CARGO_HOME=/opt/rustwide/cargo-home" "-e" "RUSTUP_HOME=/opt/rustwide/rustup-home" "-e" "CARGO_TARGET_DIR=/opt/rustwide/target" "-e" "CARGO_INCREMENTAL=0" "-e" "RUST_BACKTRACE=full" "-e" "RUSTFLAGS=--cap-lints=warn" "-e" "RUSTDOCFLAGS=--cap-lints=warn" "-w" "/opt/rustwide/workdir" "--user" "0:0" "a5bc724707999e43d2d447a332913e999c74b38edc69536342a3801bf608b1b0" "/opt/rustwide/cargo-home/bin/cargo" "+1.99.0-beta.8" "build" "--frozen" "--message-format=json" "--release", kill_on_drop: false }`
[INFO] [stderr]    Compiling serde v1.0.229
[INFO] [stderr]    Compiling syn v3.0.4
[INFO] [stderr]    Compiling hashbrown v0.17.1
[INFO] [stderr]    Compiling serde_json v1.0.151
[INFO] [stderr]    Compiling ref-cast v1.0.27
[INFO] [stderr]    Compiling version_check v0.9.5
[INFO] [stderr]    Compiling dyn-clone v1.0.20
[INFO] [stderr]    Compiling typenum v1.20.1
[INFO] [stderr]    Compiling cpufeatures v0.2.17
[INFO] [stderr]    Compiling ryu-js v0.2.2
[INFO] [stderr]    Compiling shlex v2.0.1
[INFO] [stderr]    Compiling find-msvc-tools v0.1.11
[INFO] [stderr]    Compiling bitflags v2.13.1
[INFO] [stderr]    Compiling generic-array v0.14.7
[INFO] [stderr]    Compiling pkg-config v0.3.34
[INFO] [stderr]    Compiling cc v1.4.4
[INFO] [stderr]    Compiling strsim v0.11.1
[INFO] [stderr]    Compiling signal-hook v0.3.18
[INFO] [stderr]    Compiling heck v0.5.0
[INFO] [stderr]    Compiling scopeguard v1.2.0
[INFO] [stderr]    Compiling indexmap v2.14.0
[INFO] [stderr]    Compiling ident_case v1.0.1
[INFO] [stderr]    Compiling time-core v0.1.9
[INFO] [stderr]    Compiling powerfmt v0.2.0
[INFO] [stderr]    Compiling num-conv v0.2.2
[INFO] [stderr]    Compiling rustix v0.38.44
[INFO] [stderr]    Compiling deranged v0.5.8
[INFO] [stderr]    Compiling mio v1.2.2
[INFO] [stderr]    Compiling lock_api v0.4.14
[INFO] [stderr]    Compiling syn v2.0.119
[INFO] [stderr]    Compiling foldhash v0.1.5
[INFO] [stderr]    Compiling linux-raw-sys v0.4.15
[INFO] [stderr]    Compiling instability v0.3.13
[INFO] [stderr]    Compiling either v1.18.0
[INFO] [stderr]    Compiling paste v1.0.15
[INFO] [stderr]    Compiling itertools v0.13.0
[INFO] [stderr]    Compiling block-buffer v0.10.4
[INFO] [stderr]    Compiling crypto-common v0.1.7
[INFO] [stderr]    Compiling libsqlite3-sys v0.38.2
[INFO] [stderr]    Compiling digest v0.10.7
[INFO] [stderr]    Compiling time v0.3.55
[INFO] [stderr]    Compiling sha2 v0.10.9
[INFO] [stderr]    Compiling hashbrown v0.15.5
[INFO] [stderr]    Compiling serde_derive_internals v0.30.0
[INFO] [stderr]    Compiling darling_core v0.24.1
[INFO] [stderr]    Compiling parking_lot v0.12.5
[INFO] [stderr]    Compiling strum_macros v0.26.4
[INFO] [stderr]    Compiling signal-hook-mio v0.2.5
[INFO] [stderr]    Compiling hashlink v0.12.1
[INFO] [stderr]    Compiling castaway v0.2.4
[INFO] [stderr]    Compiling semver v1.0.28
[INFO] [stderr]    Compiling static_assertions v1.1.0
[INFO] [stderr]    Compiling indoc v2.0.7
[INFO] [stderr]    Compiling ryu v1.0.23
[INFO] [stderr]    Compiling unicode-width v0.1.14
[INFO] [stderr]    Compiling fallible-streaming-iterator v0.1.9
[INFO] [stderr]    Compiling serde_derive v1.0.229
[INFO] [stderr]    Compiling ref-cast-impl v1.0.27
[INFO] [stderr]    Compiling thiserror-impl v2.0.20
[INFO] [stderr]    Compiling schemars_derive v1.2.2
[INFO] [stderr]    Compiling fallible-iterator v0.3.0
[INFO] [stderr]    Compiling utf8parse v0.2.2
[INFO] [stderr]    Compiling getrandom v0.4.3
[INFO] [stderr]    Compiling unicode-segmentation v1.13.3
[INFO] [stderr]    Compiling anstyle-parse v1.0.0
[INFO] [stderr]    Compiling compact_str v0.8.2
[INFO] [stderr]    Compiling strum v0.26.3
[INFO] [stderr]    Compiling crossterm v0.28.1
[INFO] [stderr]    Compiling unicode-truncate v1.1.0
[INFO] [stderr]    Compiling thiserror v2.0.20
[INFO] [stderr]    Compiling lru v0.12.5
[INFO] [stderr]    Compiling fs2 v0.4.3
[INFO] [stderr]    Compiling colorchoice v1.0.5
[INFO] [stderr]    Compiling anstyle v1.0.14
[INFO] [stderr]    Compiling sys-locale v0.3.2
[INFO] [stderr]    Compiling is_terminal_polyfill v1.70.2
[INFO] [stderr]    Compiling anstyle-query v1.1.5
[INFO] [stderr]    Compiling cassowary v0.3.0
[INFO] [stderr]    Compiling darling_macro v0.24.1
[INFO] [stderr]    Compiling unicode-width v0.2.0
[INFO] [stderr]    Compiling winnow v0.7.15
[INFO] [stderr]    Compiling darling v0.24.1
[INFO] [stderr]    Compiling anstream v1.0.0
[INFO] [stderr]    Compiling sweepx-i18n v0.0.1
[INFO] [stderr]    Compiling serde_ignored v0.1.14
[INFO] [stderr]    Compiling ratatui v0.29.0
[INFO] [stderr]    Compiling clap_lex v1.1.0
[INFO] [stderr]    Compiling clap_builder v4.6.6
[INFO] [stderr]    Compiling clap_derive v4.6.4
[INFO] [stderr]    Compiling once_cell v1.21.4
[INFO] [stderr]    Compiling urlencoding v2.1.3
[INFO] [stderr]    Compiling trash v5.2.6
[INFO] [stderr]    Compiling schemars v1.2.2
[INFO] [stderr]    Compiling serde_jcs v0.1.0
[INFO] [stderr]    Compiling sweepx-canonical v0.0.1
[INFO] [stderr]    Compiling toml_datetime v0.6.11
[INFO] [stderr]    Compiling serde_spanned v0.6.9
[INFO] [stderr]    Compiling toml_edit v0.22.27
[INFO] [stderr]    Compiling sweepx-model v0.0.1
[INFO] [stderr]    Compiling sweepx-cleaner-schema v0.0.1
[INFO] [stderr]    Compiling clap v4.6.6
[INFO] [stderr]    Compiling sweepx-protocol v0.0.1
[INFO] [stderr]    Compiling sweepx-platform v0.0.1
[INFO] [stderr]    Compiling sweepx-platform-linux v0.0.1
[INFO] [stderr]    Compiling sweepx-scanner v0.0.1
[INFO] [stderr]    Compiling sweepx-tui v0.0.1
[INFO] [stderr]    Compiling sweepx-analysis v0.0.1
[INFO] [stderr]    Compiling sweepx-cleaner-vm v0.0.1
[INFO] [stderr]    Compiling sweepx-catalog v0.0.1
[INFO] [stderr]    Compiling sweepx-cache v0.0.1
[INFO] [stderr]    Compiling toml v0.8.23
[INFO] [stderr]    Compiling rusqlite v0.40.2
[INFO] [stderr]    Compiling sweepx-event-journal v0.0.1
[INFO] [stderr]    Compiling sweepx-audit v0.0.1
[INFO] [stderr]    Compiling sweepx-core v0.0.1
[INFO] [stderr]    Compiling sweepx-cli v0.0.1 (/opt/rustwide/workdir)
[INFO] [stderr]     Finished `release` profile [optimized] target(s) in 6m 02s
[INFO] running `Command { std: "docker" "inspect" "a5bc724707999e43d2d447a332913e999c74b38edc69536342a3801bf608b1b0", kill_on_drop: false }`
[INFO] running `Command { std: "docker" "exec" "-e" "SOURCE_DIR=/opt/rustwide/workdir" "-e" "CARGO_HOME=/opt/rustwide/cargo-home" "-e" "RUSTUP_HOME=/opt/rustwide/rustup-home" "-e" "CARGO_TARGET_DIR=/opt/rustwide/target" "-e" "CARGO_INCREMENTAL=0" "-e" "RUST_BACKTRACE=full" "-e" "RUSTFLAGS=--cap-lints=warn" "-e" "RUSTDOCFLAGS=--cap-lints=warn" "-w" "/opt/rustwide/workdir" "--user" "0:0" "a5bc724707999e43d2d447a332913e999c74b38edc69536342a3801bf608b1b0" "/opt/rustwide/cargo-home/bin/cargo" "+1.99.0-beta.8" "test" "--frozen" "--no-run" "--message-format=json" "--release", kill_on_drop: false }`
[INFO] [stderr]    Compiling autocfg v1.5.1
[INFO] [stderr]    Compiling aho-corasick v1.1.5
[INFO] [stderr]    Compiling regex-syntax v0.8.11
[INFO] [stderr]    Compiling predicates-core v1.0.10
[INFO] [stderr]    Compiling rustix v1.1.4
[INFO] [stderr]    Compiling termtree v0.5.1
[INFO] [stderr]    Compiling assert_cmd v2.2.2
[INFO] [stderr]    Compiling normalize-line-endings v0.3.0
[INFO] [stderr]    Compiling difflib v0.4.0
[INFO] [stderr]    Compiling linux-raw-sys v0.12.1
[INFO] [stderr]    Compiling wait-timeout v0.2.1
[INFO] [stderr]    Compiling predicates-tree v1.0.13
[INFO] [stderr]    Compiling fastrand v2.5.0
[INFO] [stderr]    Compiling num-traits v0.2.19
[INFO] [stderr]    Compiling float-cmp v0.10.0
[INFO] [stderr]    Compiling regex-automata v0.4.18
[INFO] [stderr]    Compiling tempfile v3.27.0
[INFO] [stderr]    Compiling regex v1.13.1
[INFO] [stderr]    Compiling bstr v1.13.1
[INFO] [stderr]    Compiling predicates v3.1.4
[INFO] [stderr]    Compiling sweepx-cli v0.0.1 (/opt/rustwide/workdir)
[INFO] [stderr]     Finished `release` profile [optimized] target(s) in 1m 08s
[INFO] running `Command { std: "docker" "inspect" "a5bc724707999e43d2d447a332913e999c74b38edc69536342a3801bf608b1b0", kill_on_drop: false }`
[INFO] running `Command { std: "docker" "exec" "-e" "SOURCE_DIR=/opt/rustwide/workdir" "-e" "CARGO_HOME=/opt/rustwide/cargo-home" "-e" "RUSTUP_HOME=/opt/rustwide/rustup-home" "-e" "CARGO_TARGET_DIR=/opt/rustwide/target" "-e" "CARGO_INCREMENTAL=0" "-e" "RUST_BACKTRACE=full" "-e" "RUSTFLAGS=--cap-lints=warn" "-e" "RUSTDOCFLAGS=--cap-lints=warn" "-w" "/opt/rustwide/workdir" "--user" "0:0" "a5bc724707999e43d2d447a332913e999c74b38edc69536342a3801bf608b1b0" "/opt/rustwide/cargo-home/bin/cargo" "+1.99.0-beta.8" "test" "--frozen" "--release", kill_on_drop: false }`
[INFO] [stderr]     Finished `release` profile [optimized] target(s) in 0.25s
[INFO] [stderr]      Running unittests src/main.rs (/opt/rustwide/target/release/deps/sweepx-a8176feb3fa2a459)
[INFO] [stdout] 
[INFO] [stdout] running 41 tests
[INFO] [stdout] test tests::a_cache_name_chosen_by_the_page_is_not_mistaken_for_the_origin ... ok
[INFO] [stdout] test tests::a_missing_allocation_falls_back_to_logical_size_and_says_so ... ok
[INFO] [stdout] test tests::a_non_http_scheme_is_still_an_origin ... ok
[INFO] [stdout] test tests::a_partitioned_key_keeps_both_sites_apart ... ok
[INFO] [stdout] test tests::a_tool_rule_with_an_unknown_root_kind_is_refused ... ok
[INFO] [stdout] test tests::activity_codes_are_distinct_and_machine_safe ... ok
[INFO] [stdout] test tests::a_link_inside_a_storage_directory_is_not_counted_as_its_bytes ... ok
[INFO] [stdout] test tests::a_directory_without_a_lock_file_is_not_held ... ok
[INFO] [stdout] test tests::an_inherited_relay_destination_is_never_forwarded ... ok
[INFO] [stdout] test tests::embedded_project_junk_rules_are_bounded_and_validated ... ok
[INFO] [stdout] test tests::an_empty_fingerprint_accepts_any_directory ... ok
[INFO] [stdout] test tests::embedded_platform_junk_rules_are_narrow_and_evidence_bearing ... ok
[INFO] [stdout] test tests::cli_parser_accepts_allowed_commands_only ... ok
[INFO] [stdout] test tests::default_invocation_selects_detect_only_policy ... ok
[INFO] [stdout] test tests::default_scan_format_remains_human ... ok
[INFO] [stdout] test tests::every_index_txt_origin_ends_at_its_trailing_slash ... ok
[INFO] [stdout] test tests::format_arg_maps_to_core_format ... ok
[INFO] [stdout] test tests::directory_identity_is_resolved_not_string_compared ... ok
[INFO] [stdout] test tests::human_size_unit_aliases_parse ... ok
[INFO] [stdout] test tests::elevation_is_off_unless_the_flag_is_given ... ok
[INFO] [stdout] test tests::indexed_db_pairs_leveldb_and_blob_under_one_origin ... ok
[INFO] [stdout] test tests::render_cache_rules_are_marker_guarded ... ok
[INFO] [stdout] test tests::indexed_db_rejects_a_name_that_is_not_an_origin_directory ... ok
[INFO] [stdout] test tests::junk_system_rejects_explicit_roots ... ok
[INFO] [stdout] test tests::required_markers_are_checked_against_the_filesystem ... ok
[INFO] [stdout] test tests::scan_without_roots_selects_platform_filesystem_roots ... ok
[INFO] [stdout] test tests::tilde_scan_root_expands_to_home ... ok
[INFO] [stdout] test tests::tool_cache_profiles_are_well_formed ... ok
[INFO] [stdout] test tests::relative_scan_root_resolves_against_current_directory ... ok
[INFO] [stdout] test tests::the_relaunch_request_drops_the_opt_in_flag ... ok
[INFO] [stdout] test tests::render_cache_discovery_yields_only_real_directories ... ok
[INFO] [stdout] test tests::tool_reported_rules_are_resolvable_and_marker_guarded ... ok
[INFO] [stdout] test tests::tui_exit_preserves_scan_status_except_for_process_signals ... ok
[INFO] [stdout] test tests::render_cache_discovery_does_not_repeat_a_directory ... ok
[INFO] [stdout] test tests::unsupported_durable_state_uses_unsupported_exit_code ... ok
[INFO] [stdout] test trash_command::tests::protected_trees_include_descendants ... ok
[INFO] [stdout] test tests::no_relay_means_no_relay_flag ... ok
[INFO] [stdout] test tests::tui_preflight_rejects_machine_formats_and_non_terminals ... ok
[INFO] [stdout] test trash_command::tests::ordinary_descendants_are_not_confused_with_protected_roots ... ok
[INFO] [stdout] test trash_command::tests::protected_roots_include_filesystem_home_state_and_trash ... ok
[INFO] [stdout] test tests::the_store_fingerprint_needs_the_measured_shard_layout ... ok
[INFO] [stdout] 
[INFO] [stdout] test result: ok. 41 passed; 0 failed; 0 ignored; 0 measured; 0 filtered out; finished in 0.07s
[INFO] [stdout] 
[INFO] [stderr]      Running tests/cli_contract.rs (/opt/rustwide/target/release/deps/cli_contract-104be89cded8de27)
[INFO] [stdout] 
[INFO] [stdout] running 57 tests
[INFO] [stdout] test cache_status_human_output_includes_degraded_reason ... ok
[INFO] [stdout] test cache_status_human_output_explains_empty_existing_cache ... ok
[INFO] [stdout] test cache_status_human_output_is_localized ... ok
[INFO] [stdout] test cache_status_json_reports_degraded_for_invalid_current_pointer ... ok
[INFO] [stdout] test cache_status_does_not_create_explicit_state_or_preview_dirs ... ok
[INFO] [stdout] test cache_status_json_reports_insecure_cache_as_an_integrity_envelope ... ok
[INFO] [stdout] test cache_status_json_reports_absent_without_creating_default_state_dir ... ok
[INFO] [stdout] test capabilities_does_not_create_explicit_state_dir ... ok
[INFO] [stdout] test cancel_json_is_honest_for_missing_operation ... ok
[INFO] [stdout] test cache_status_json_reports_state_path_usage_errors_as_an_envelope ... ok
[INFO] [stdout] test cache_status_ndjson_is_usage_error_before_state_creation ... ok
[INFO] [stdout] test capabilities_json_uses_fixed_machine_keys ... ok
[INFO] [stdout] test cache_status_quarantine_presence_is_degraded_and_read_only ... ok
[INFO] [stdout] test cache_status_json_reports_available_for_valid_preview_cache ... ok
[INFO] [stdout] test cleaner_show_succeeds_for_the_chromium_builtin ... ok
[INFO] [stdout] test cargo_detect_compatibility_gate_does_not_disclose_environment_values ... ok
[INFO] [stdout] test cargo_detect_rejects_cargo_passthrough_overrides_at_the_cli_boundary ... ok
[INFO] [stdout] test default_state_symlink_ancestor_fails_before_creating_redirected_state ... ok
[INFO] [stdout] test corrupt_journal_does_not_fall_back_to_same_id_legacy_snapshot ... FAILED
[INFO] [stdout] test explain_human_output_respects_selected_locale ... ok
[INFO] [stdout] test explain_does_not_create_default_state_dir ... ok
[INFO] [stdout] test explain_rejects_relative_scan_json_path ... ok
[INFO] [stdout] test explain_rejects_oversize_input ... ok
[INFO] [stdout] test cleaner_list_json_uses_cleaner_result_contract ... ok
[INFO] [stdout] test default_human_scan_sanitizes_terminal_controls_in_paths ... FAILED
[INFO] [stdout] test junk_system_rejects_an_explicit_root_before_scanning ... ok
[INFO] [stdout] test duplicate_and_overlapping_roots_are_scanned_once ... FAILED
[INFO] [stdout] test explain_rejects_zero_input_limit ... ok
[INFO] [stdout] test experimental_cargo_detect_scans_with_compatible_builtin ... ok
[INFO] [stdout] test explain_scan_json_returns_explanation_result ... ok
[INFO] [stdout] test junk_scan_reports_only_marker_bound_project_artifacts ... ok
[INFO] [stdout] test live_tui_rejects_non_terminal_streams_before_scanning ... ok
[INFO] [stdout] test locale_override_beats_environment_for_human_output ... ok
[INFO] [stdout] test live_tui_rejects_ndjson_as_an_invalid_tui_combination ... ok
[INFO] [stdout] test missing_default_state_environment_fails_closed_without_explicit_opt_out ... ok
[INFO] [stdout] test live_tui_rejects_json_before_validating_or_scanning_roots ... ok
[INFO] [stdout] test old_public_tui_subcommand_is_removed ... ok
[INFO] [stdout] test default_scan_table_is_bounded ... FAILED
[INFO] [stdout] test relative_state_dir_is_rejected ... ok
[INFO] [stdout] test scan_ndjson_is_rejected_before_state_creation_or_root_validation ... ok
[INFO] [stdout] test status_watch_after_requires_watch ... ok
[INFO] [stdout] test no_state_conflicts_with_explicit_state_directory ... ok
[INFO] [stdout] test junk_system_uses_only_the_explicit_xdg_cache_root_and_reports_verification ... ok
[INFO] [stdout] test scan_defaults_to_a_human_readable_file_table ... ok
[INFO] [stdout] test no_state_scan_skips_an_unsafe_default_state_path ... ok
[INFO] [stdout] test status_watch_missing_operation_does_not_create_legacy_directory ... ok
[INFO] [stdout] test status_watch_missing_operation_returns_not_found ... ok
[INFO] [stdout] test no_state_scan_skips_default_state_directory ... ok
[INFO] [stdout] test status_watch_requires_ndjson ... ok
[INFO] [stdout] test scan_json_persists_snapshot_for_status_lookup ... FAILED
[INFO] [stdout] test trash_requires_confirmation_for_machine_invocations ... ok
[INFO] [stdout] test status_watch_legacy_only_snapshot_is_unsupported ... FAILED
[INFO] [stdout] test status_watch_unknown_cursor_emits_one_reset_control ... FAILED
[INFO] [stdout] test trash_rejects_relative_paths_without_changing_them ... ok
[INFO] [stdout] test status_watch_with_malformed_cursor_exits_usage_error ... FAILED
[INFO] [stdout] test status_watch_replays_completed_journal_events ... FAILED
[INFO] [stdout] test symlink_boundary_does_not_force_partial_scan ... FAILED
[INFO] [stdout] 
[INFO] [stdout] failures:
[INFO] [stdout] 
[INFO] [stdout] ---- corrupt_journal_does_not_fall_back_to_same_id_legacy_snapshot stdout ----
[INFO] [stdout] 
[INFO] [stdout] thread 'corrupt_journal_does_not_fall_back_to_same_id_legacy_snapshot' (2746) panicked at tests/cli_contract.rs:2177:37:
[INFO] [stdout] Unexpected failure.
[INFO] [stdout] code=11
[INFO] [stdout] stderr=```"state persistence failed: event journal failed: event journal persistence is unsupported on this platform\n"```
[INFO] [stdout] command=`cd "/opt/rustwide/workdir" && "/opt/rustwide/target/release/sweepx" "--format" "json" "--state-dir" "/tmp/.tmpzkmFm2/state" "scan" "/tmp/.tmpzkmFm2/root"`
[INFO] [stdout] code=11
[INFO] [stdout] stdout=""
[INFO] [stdout] stderr="state persistence failed: event journal failed: event journal persistence is unsupported on this platform\n"
[INFO] [stdout] 
[INFO] [stdout] stack backtrace:
[INFO] [stdout]    0:     0x6465b82de711 - <<std[70759c8f55707aa4]::sys::backtrace::BacktraceLock>::print::DisplayBacktrace as core[df12db4294e9bfd3]::fmt::Display>::fmt
[INFO] [stderr] error: test failed, to rerun pass `--test cli_contract`
[INFO] [stdout]    1:     0x6465b82f5bea - core[df12db4294e9bfd3]::fmt::write
[INFO] [stdout]    2:     0x6465b82e42fc - <alloc[2182bb758b4b3781]::vec::Vec<u8> as core[df12db4294e9bfd3]::io::write::Write>::write_fmt
[INFO] [stdout]    3:     0x6465b82b7526 - std[70759c8f55707aa4]::panicking::default_hook::{closure#0}
[INFO] [stdout]    4:     0x6465b82d5989 - std[70759c8f55707aa4]::panicking::default_hook
[INFO] [stdout]    5:     0x6465b82418e0 - test[9d35eded1c95d3be]::test_main_inner::<test[9d35eded1c95d3be]::test_main_static::{closure#0}>::{closure#0}
[INFO] [stdout]    6:     0x6465b82d5b42 - std[70759c8f55707aa4]::panicking::panic_with_hook
[INFO] [stdout]    7:     0x6465b82b75d2 - std[70759c8f55707aa4]::panicking::panic_handler::{closure#0}
[INFO] [stdout]    8:     0x6465b82aff49 - std[70759c8f55707aa4]::sys::backtrace::__rust_end_short_backtrace::<std[70759c8f55707aa4]::panicking::panic_handler::{closure#0}, !>
[INFO] [stdout]    9:     0x6465b82b846d - __rustc[8fa7c3cbc660c2b3]::rust_begin_unwind
[INFO] [stdout]   10:     0x6465b82f639c - core[df12db4294e9bfd3]::panicking::panic_fmt
[INFO] [stdout]   11:     0x6465b82882df - <assert_cmd[634b6e9c93c57ee7]::assert::AssertError>::panic::<assert_cmd[634b6e9c93c57ee7]::assert::Assert>
[INFO] [stdout]   12:     0x6465b8288a29 - <assert_cmd[634b6e9c93c57ee7]::assert::Assert>::success
[INFO] [stdout]   13:     0x6465b81d0282 - cli_contract[36e1aa135e187036]::corrupt_journal_does_not_fall_back_to_same_id_legacy_snapshot
[INFO] [stdout]   14:     0x6465b81ee969 - <cli_contract[36e1aa135e187036]::corrupt_journal_does_not_fall_back_to_same_id_legacy_snapshot::{closure#0} as core[df12db4294e9bfd3]::ops::function::FnOnce<()>>::call_once
[INFO] [stdout]   15:     0x6465b8234bcb - test[9d35eded1c95d3be]::__rust_begin_short_backtrace::<core[df12db4294e9bfd3]::result::Result<(), alloc[2182bb758b4b3781]::string::String>, fn() -> core[df12db4294e9bfd3]::result::Result<(), alloc[2182bb758b4b3781]::string::String>>
[INFO] [stdout]   16:     0x6465b8242235 - test[9d35eded1c95d3be]::run_test::{closure#0}
[INFO] [stdout]   17:     0x6465b823baf4 - std[70759c8f55707aa4]::sys::backtrace::__rust_begin_short_backtrace::<test[9d35eded1c95d3be]::run_test::{closure#1}, ()>
[INFO] [stdout]   18:     0x6465b8245392 - <std[70759c8f55707aa4]::thread::lifecycle::spawn_unchecked<test[9d35eded1c95d3be]::run_test::{closure#1}, ()>::{closure#1} as core[df12db4294e9bfd3]::ops::function::FnOnce<()>>::call_once::{shim:vtable#0}
[INFO] [stdout]   19:     0x6465b82dda59 - <std[70759c8f55707aa4]::sys::thread::unix::Thread>::new::thread_start
[INFO] [stdout]   20:     0x7d75e97cfdfa - <unknown>
[INFO] [stdout]   21:     0x7d75e98633d4 - clone
[INFO] [stdout]   22:                0x0 - <unknown>
[INFO] [stdout] 
[INFO] [stdout] ---- default_human_scan_sanitizes_terminal_controls_in_paths stdout ----
[INFO] [stdout] 
[INFO] [stdout] thread 'default_human_scan_sanitizes_terminal_controls_in_paths' (2756) panicked at tests/cli_contract.rs:1626:31:
[INFO] [stdout] Unexpected failure.
[INFO] [stdout] code=11
[INFO] [stdout] stderr=```"state persistence failed: event journal failed: event journal persistence is unsupported on this platform\n"```
[INFO] [stdout] command=`cd "/opt/rustwide/workdir" && LANG="en_US.UTF-8" "/opt/rustwide/target/release/sweepx" "--state-dir" "/tmp/.tmpyVqpff/state" "scan" "/tmp/.tmpyVqpff/root"`
[INFO] [stdout] code=11
[INFO] [stdout] stdout=""
[INFO] [stdout] stderr="state persistence failed: event journal failed: event journal persistence is unsupported on this platform\n"
[INFO] [stdout] 
[INFO] [stdout] stack backtrace:
[INFO] [stdout]    0:     0x6465b82de711 - <<std[70759c8f55707aa4]::sys::backtrace::BacktraceLock>::print::DisplayBacktrace as core[df12db4294e9bfd3]::fmt::Display>::fmt
[INFO] [stdout]    1:     0x6465b82f5bea - core[df12db4294e9bfd3]::fmt::write
[INFO] [stdout]    2:     0x6465b82e42fc - <alloc[2182bb758b4b3781]::vec::Vec<u8> as core[df12db4294e9bfd3]::io::write::Write>::write_fmt
[INFO] [stdout]    3:     0x6465b82b7526 - std[70759c8f55707aa4]::panicking::default_hook::{closure#0}
[INFO] [stdout]    4:     0x6465b82d5989 - std[70759c8f55707aa4]::panicking::default_hook
[INFO] [stdout]    5:     0x6465b82418e0 - test[9d35eded1c95d3be]::test_main_inner::<test[9d35eded1c95d3be]::test_main_static::{closure#0}>::{closure#0}
[INFO] [stdout]    6:     0x6465b82d5b42 - std[70759c8f55707aa4]::panicking::panic_with_hook
[INFO] [stdout]    7:     0x6465b82b75d2 - std[70759c8f55707aa4]::panicking::panic_handler::{closure#0}
[INFO] [stdout]    8:     0x6465b82aff49 - std[70759c8f55707aa4]::sys::backtrace::__rust_end_short_backtrace::<std[70759c8f55707aa4]::panicking::panic_handler::{closure#0}, !>
[INFO] [stdout]    9:     0x6465b82b846d - __rustc[8fa7c3cbc660c2b3]::rust_begin_unwind
[INFO] [stdout]   10:     0x6465b82f639c - core[df12db4294e9bfd3]::panicking::panic_fmt
[INFO] [stdout]   11:     0x6465b82882df - <assert_cmd[634b6e9c93c57ee7]::assert::AssertError>::panic::<assert_cmd[634b6e9c93c57ee7]::assert::Assert>
[INFO] [stdout]   12:     0x6465b8288a29 - <assert_cmd[634b6e9c93c57ee7]::assert::Assert>::success
[INFO] [stdout]   13:     0x6465b81e97b4 - <cli_contract[36e1aa135e187036]::default_human_scan_sanitizes_terminal_controls_in_paths::{closure#0} as core[df12db4294e9bfd3]::ops::function::FnOnce<()>>::call_once
[INFO] [stdout]   14:     0x6465b8234bcb - test[9d35eded1c95d3be]::__rust_begin_short_backtrace::<core[df12db4294e9bfd3]::result::Result<(), alloc[2182bb758b4b3781]::string::String>, fn() -> core[df12db4294e9bfd3]::result::Result<(), alloc[2182bb758b4b3781]::string::String>>
[INFO] [stdout]   15:     0x6465b8242235 - test[9d35eded1c95d3be]::run_test::{closure#0}
[INFO] [stdout]   16:     0x6465b823baf4 - std[70759c8f55707aa4]::sys::backtrace::__rust_begin_short_backtrace::<test[9d35eded1c95d3be]::run_test::{closure#1}, ()>
[INFO] [stdout]   17:     0x6465b8245392 - <std[70759c8f55707aa4]::thread::lifecycle::spawn_unchecked<test[9d35eded1c95d3be]::run_test::{closure#1}, ()>::{closure#1} as core[df12db4294e9bfd3]::ops::function::FnOnce<()>>::call_once::{shim:vtable#0}
[INFO] [stdout]   18:     0x6465b82dda59 - <std[70759c8f55707aa4]::sys::thread::unix::Thread>::new::thread_start
[INFO] [stdout]   19:     0x7d75e97cfdfa - <unknown>
[INFO] [stdout]   20:     0x7d75e98633d4 - clone
[INFO] [stdout]   21:                0x0 - <unknown>
[INFO] [stdout] 
[INFO] [stdout] ---- duplicate_and_overlapping_roots_are_scanned_once stdout ----
[INFO] [stdout] 
[INFO] [stdout] thread 'duplicate_and_overlapping_roots_are_scanned_once' (2779) panicked at tests/cli_contract.rs:2272:32:
[INFO] [stdout] Unexpected failure.
[INFO] [stdout] code=11
[INFO] [stdout] stderr=```"state persistence failed: event journal failed: event journal persistence is unsupported on this platform\n"```
[INFO] [stdout] command=`cd "/opt/rustwide/workdir" && "/opt/rustwide/target/release/sweepx" "--format" "json" "--state-dir" "/tmp/.tmpxSatIm/state" "scan" "/tmp/.tmpxSatIm/root/child" "/tmp/.tmpxSatIm/root" "/tmp/.tmpxSatIm/root"`
[INFO] [stdout] code=11
[INFO] [stdout] stdout=""
[INFO] [stdout] stderr="state persistence failed: event journal failed: event journal persistence is unsupported on this platform\n"
[INFO] [stdout] 
[INFO] [stdout] stack backtrace:
[INFO] [stdout]    0:     0x6465b82de711 - <<std[70759c8f55707aa4]::sys::backtrace::BacktraceLock>::print::DisplayBacktrace as core[df12db4294e9bfd3]::fmt::Display>::fmt
[INFO] [stdout]    1:     0x6465b82f5bea - core[df12db4294e9bfd3]::fmt::write
[INFO] [stdout]    2:     0x6465b82e42fc - <alloc[2182bb758b4b3781]::vec::Vec<u8> as core[df12db4294e9bfd3]::io::write::Write>::write_fmt
[INFO] [stdout]    3:     0x6465b82b7526 - std[70759c8f55707aa4]::panicking::default_hook::{closure#0}
[INFO] [stdout]    4:     0x6465b82d5989 - std[70759c8f55707aa4]::panicking::default_hook
[INFO] [stdout]    5:     0x6465b82418e0 - test[9d35eded1c95d3be]::test_main_inner::<test[9d35eded1c95d3be]::test_main_static::{closure#0}>::{closure#0}
[INFO] [stdout]    6:     0x6465b82d5b42 - std[70759c8f55707aa4]::panicking::panic_with_hook
[INFO] [stdout]    7:     0x6465b82b75d2 - std[70759c8f55707aa4]::panicking::panic_handler::{closure#0}
[INFO] [stdout]    8:     0x6465b82aff49 - std[70759c8f55707aa4]::sys::backtrace::__rust_end_short_backtrace::<std[70759c8f55707aa4]::panicking::panic_handler::{closure#0}, !>
[INFO] [stdout]    9:     0x6465b82b846d - __rustc[8fa7c3cbc660c2b3]::rust_begin_unwind
[INFO] [stdout]   10:     0x6465b82f639c - core[df12db4294e9bfd3]::panicking::panic_fmt
[INFO] [stdout]   11:     0x6465b82882df - <assert_cmd[634b6e9c93c57ee7]::assert::AssertError>::panic::<assert_cmd[634b6e9c93c57ee7]::assert::Assert>
[INFO] [stdout]   12:     0x6465b8288a29 - <assert_cmd[634b6e9c93c57ee7]::assert::Assert>::success
[INFO] [stdout]   13:     0x6465b81dff15 - <cli_contract[36e1aa135e187036]::duplicate_and_overlapping_roots_are_scanned_once::{closure#0} as core[df12db4294e9bfd3]::ops::function::FnOnce<()>>::call_once
[INFO] [stdout]   14:     0x6465b8234bcb - test[9d35eded1c95d3be]::__rust_begin_short_backtrace::<core[df12db4294e9bfd3]::result::Result<(), alloc[2182bb758b4b3781]::string::String>, fn() -> core[df12db4294e9bfd3]::result::Result<(), alloc[2182bb758b4b3781]::string::String>>
[INFO] [stdout]   15:     0x6465b8242235 - test[9d35eded1c95d3be]::run_test::{closure#0}
[INFO] [stdout]   16:     0x6465b823baf4 - std[70759c8f55707aa4]::sys::backtrace::__rust_begin_short_backtrace::<test[9d35eded1c95d3be]::run_test::{closure#1}, ()>
[INFO] [stdout]   17:     0x6465b8245392 - <std[70759c8f55707aa4]::thread::lifecycle::spawn_unchecked<test[9d35eded1c95d3be]::run_test::{closure#1}, ()>::{closure#1} as core[df12db4294e9bfd3]::ops::function::FnOnce<()>>::call_once::{shim:vtable#0}
[INFO] [stdout]   18:     0x6465b82dda59 - <std[70759c8f55707aa4]::sys::thread::unix::Thread>::new::thread_start
[INFO] [stdout]   19:     0x7d75e97cfdfa - <unknown>
[INFO] [stdout]   20:     0x7d75e98633d4 - clone
[INFO] [stdout]   21:                0x0 - <unknown>
[INFO] [stdout] 
[INFO] [stdout] ---- default_scan_table_is_bounded stdout ----
[INFO] [stdout] 
[INFO] [stdout] thread 'default_scan_table_is_bounded' (2777) panicked at tests/cli_contract.rs:1650:31:
[INFO] [stdout] Unexpected failure.
[INFO] [stdout] code=11
[INFO] [stdout] stderr=```"state persistence failed: event journal failed: event journal persistence is unsupported on this platform\n"```
[INFO] [stdout] command=`cd "/opt/rustwide/workdir" && LANG="en_US.UTF-8" "/opt/rustwide/target/release/sweepx" "--state-dir" "/tmp/.tmpwr97M6/state" "scan" "/tmp/.tmpwr97M6/root"`
[INFO] [stdout] code=11
[INFO] [stdout] stdout=""
[INFO] [stdout] stderr="state persistence failed: event journal failed: event journal persistence is unsupported on this platform\n"
[INFO] [stdout] 
[INFO] [stdout] stack backtrace:
[INFO] [stdout]    0:     0x6465b82de711 - <<std[70759c8f55707aa4]::sys::backtrace::BacktraceLock>::print::DisplayBacktrace as core[df12db4294e9bfd3]::fmt::Display>::fmt
[INFO] [stdout]    1:     0x6465b82f5bea - core[df12db4294e9bfd3]::fmt::write
[INFO] [stdout]    2:     0x6465b82e42fc - <alloc[2182bb758b4b3781]::vec::Vec<u8> as core[df12db4294e9bfd3]::io::write::Write>::write_fmt
[INFO] [stdout]    3:     0x6465b82b7526 - std[70759c8f55707aa4]::panicking::default_hook::{closure#0}
[INFO] [stdout]    4:     0x6465b82d5989 - std[70759c8f55707aa4]::panicking::default_hook
[INFO] [stdout]    5:     0x6465b82418e0 - test[9d35eded1c95d3be]::test_main_inner::<test[9d35eded1c95d3be]::test_main_static::{closure#0}>::{closure#0}
[INFO] [stdout]    6:     0x6465b82d5b42 - std[70759c8f55707aa4]::panicking::panic_with_hook
[INFO] [stdout]    7:     0x6465b82b75d2 - std[70759c8f55707aa4]::panicking::panic_handler::{closure#0}
[INFO] [stdout]    8:     0x6465b82aff49 - std[70759c8f55707aa4]::sys::backtrace::__rust_end_short_backtrace::<std[70759c8f55707aa4]::panicking::panic_handler::{closure#0}, !>
[INFO] [stdout]    9:     0x6465b82b846d - __rustc[8fa7c3cbc660c2b3]::rust_begin_unwind
[INFO] [stdout]   10:     0x6465b82f639c - core[df12db4294e9bfd3]::panicking::panic_fmt
[INFO] [stdout]   11:     0x6465b82882df - <assert_cmd[634b6e9c93c57ee7]::assert::AssertError>::panic::<assert_cmd[634b6e9c93c57ee7]::assert::Assert>
[INFO] [stdout]   12:     0x6465b8288a29 - <assert_cmd[634b6e9c93c57ee7]::assert::Assert>::success
[INFO] [stdout]   13:     0x6465b81d5524 - <cli_contract[36e1aa135e187036]::default_scan_table_is_bounded::{closure#0} as core[df12db4294e9bfd3]::ops::function::FnOnce<()>>::call_once
[INFO] [stdout]   14:     0x6465b8234bcb - test[9d35eded1c95d3be]::__rust_begin_short_backtrace::<core[df12db4294e9bfd3]::result::Result<(), alloc[2182bb758b4b3781]::string::String>, fn() -> core[df12db4294e9bfd3]::result::Result<(), alloc[2182bb758b4b3781]::string::String>>
[INFO] [stdout]   15:     0x6465b8242235 - test[9d35eded1c95d3be]::run_test::{closure#0}
[INFO] [stdout]   16:     0x6465b823baf4 - std[70759c8f55707aa4]::sys::backtrace::__rust_begin_short_backtrace::<test[9d35eded1c95d3be]::run_test::{closure#1}, ()>
[INFO] [stdout]   17:     0x6465b8245392 - <std[70759c8f55707aa4]::thread::lifecycle::spawn_unchecked<test[9d35eded1c95d3be]::run_test::{closure#1}, ()>::{closure#1} as core[df12db4294e9bfd3]::ops::function::FnOnce<()>>::call_once::{shim:vtable#0}
[INFO] [stdout]   18:     0x6465b82dda59 - <std[70759c8f55707aa4]::sys::thread::unix::Thread>::new::thread_start
[INFO] [stdout]   19:     0x7d75e97cfdfa - <unknown>
[INFO] [stdout]   20:     0x7d75e98633d4 - clone
[INFO] [stdout]   21:                0x0 - <unknown>
[INFO] [stdout] 
[INFO] [stdout] ---- scan_json_persists_snapshot_for_status_lookup stdout ----
[INFO] [stdout] 
[INFO] [stdout] thread 'scan_json_persists_snapshot_for_status_lookup' (2898) panicked at tests/cli_contract.rs:2115:65:
[INFO] [stdout] called `Result::unwrap()` on an `Err` value: Error("EOF while parsing a value", line: 1, column: 0)
[INFO] [stdout] stack backtrace:
[INFO] [stdout]    0:     0x6465b82de711 - <<std[70759c8f55707aa4]::sys::backtrace::BacktraceLock>::print::DisplayBacktrace as core[df12db4294e9bfd3]::fmt::Display>::fmt
[INFO] [stdout]    1:     0x6465b82f5bea - core[df12db4294e9bfd3]::fmt::write
[INFO] [stdout]    2:     0x6465b82e42fc - <alloc[2182bb758b4b3781]::vec::Vec<u8> as core[df12db4294e9bfd3]::io::write::Write>::write_fmt
[INFO] [stdout]    3:     0x6465b82b7526 - std[70759c8f55707aa4]::panicking::default_hook::{closure#0}
[INFO] [stdout]    4:     0x6465b82d5989 - std[70759c8f55707aa4]::panicking::default_hook
[INFO] [stdout]    5:     0x6465b82418e0 - test[9d35eded1c95d3be]::test_main_inner::<test[9d35eded1c95d3be]::test_main_static::{closure#0}>::{closure#0}
[INFO] [stdout]    6:     0x6465b82d5b42 - std[70759c8f55707aa4]::panicking::panic_with_hook
[INFO] [stdout]    7:     0x6465b82b75d2 - std[70759c8f55707aa4]::panicking::panic_handler::{closure#0}
[INFO] [stdout]    8:     0x6465b82aff49 - std[70759c8f55707aa4]::sys::backtrace::__rust_end_short_backtrace::<std[70759c8f55707aa4]::panicking::panic_handler::{closure#0}, !>
[INFO] [stdout]    9:     0x6465b82b846d - __rustc[8fa7c3cbc660c2b3]::rust_begin_unwind
[INFO] [stdout]   10:     0x6465b82f639c - core[df12db4294e9bfd3]::panicking::panic_fmt
[INFO] [stdout]   11:     0x6465b82f6172 - core[df12db4294e9bfd3]::result::unwrap_failed
[INFO] [stdout]   12:     0x6465b81dc81c - <cli_contract[36e1aa135e187036]::scan_json_persists_snapshot_for_status_lookup::{closure#0} as core[df12db4294e9bfd3]::ops::function::FnOnce<()>>::call_once
[INFO] [stdout]   13:     0x6465b8234bcb - test[9d35eded1c95d3be]::__rust_begin_short_backtrace::<core[df12db4294e9bfd3]::result::Result<(), alloc[2182bb758b4b3781]::string::String>, fn() -> core[df12db4294e9bfd3]::result::Result<(), alloc[2182bb758b4b3781]::string::String>>
[INFO] [stdout]   14:     0x6465b8242235 - test[9d35eded1c95d3be]::run_test::{closure#0}
[INFO] [stdout]   15:     0x6465b823baf4 - std[70759c8f55707aa4]::sys::backtrace::__rust_begin_short_backtrace::<test[9d35eded1c95d3be]::run_test::{closure#1}, ()>
[INFO] [stdout]   16:     0x6465b8245392 - <std[70759c8f55707aa4]::thread::lifecycle::spawn_unchecked<test[9d35eded1c95d3be]::run_test::{closure#1}, ()>::{closure#1} as core[df12db4294e9bfd3]::ops::function::FnOnce<()>>::call_once::{shim:vtable#0}
[INFO] [stdout]   17:     0x6465b82dda59 - <std[70759c8f55707aa4]::sys::thread::unix::Thread>::new::thread_start
[INFO] [stdout]   18:     0x7d75e97cfdfa - <unknown>
[INFO] [stdout]   19:     0x7d75e98633d4 - clone
[INFO] [stdout]   20:                0x0 - <unknown>
[INFO] [stdout] 
[INFO] [stdout] ---- status_watch_legacy_only_snapshot_is_unsupported stdout ----
[INFO] [stdout] 
[INFO] [stdout] thread 'status_watch_legacy_only_snapshot_is_unsupported' (2922) panicked at tests/cli_contract.rs:2022:37:
[INFO] [stdout] Unexpected failure.
[INFO] [stdout] code=11
[INFO] [stdout] stderr=```"state persistence failed: event journal failed: event journal persistence is unsupported on this platform\n"```
[INFO] [stdout] command=`cd "/opt/rustwide/workdir" && "/opt/rustwide/target/release/sweepx" "--format" "json" "--state-dir" "/tmp/.tmpi3cnKH/state" "scan" "/tmp/.tmpi3cnKH/root"`
[INFO] [stdout] code=11
[INFO] [stdout] stdout=""
[INFO] [stdout] stderr="state persistence failed: event journal failed: event journal persistence is unsupported on this platform\n"
[INFO] [stdout] 
[INFO] [stdout] stack backtrace:
[INFO] [stdout]    0:     0x6465b82de711 - <<std[70759c8f55707aa4]::sys::backtrace::BacktraceLock>::print::DisplayBacktrace as core[df12db4294e9bfd3]::fmt::Display>::fmt
[INFO] [stdout]    1:     0x6465b82f5bea - core[df12db4294e9bfd3]::fmt::write
[INFO] [stdout]    2:     0x6465b82e42fc - <alloc[2182bb758b4b3781]::vec::Vec<u8> as core[df12db4294e9bfd3]::io::write::Write>::write_fmt
[INFO] [stdout]    3:     0x6465b82b7526 - std[70759c8f55707aa4]::panicking::default_hook::{closure#0}
[INFO] [stdout]    4:     0x6465b82d5989 - std[70759c8f55707aa4]::panicking::default_hook
[INFO] [stdout]    5:     0x6465b82418e0 - test[9d35eded1c95d3be]::test_main_inner::<test[9d35eded1c95d3be]::test_main_static::{closure#0}>::{closure#0}
[INFO] [stdout]    6:     0x6465b82d5b42 - std[70759c8f55707aa4]::panicking::panic_with_hook
[INFO] [stdout]    7:     0x6465b82b75d2 - std[70759c8f55707aa4]::panicking::panic_handler::{closure#0}
[INFO] [stdout]    8:     0x6465b82aff49 - std[70759c8f55707aa4]::sys::backtrace::__rust_end_short_backtrace::<std[70759c8f55707aa4]::panicking::panic_handler::{closure#0}, !>
[INFO] [stdout]    9:     0x6465b82b846d - __rustc[8fa7c3cbc660c2b3]::rust_begin_unwind
[INFO] [stdout]   10:     0x6465b82f639c - core[df12db4294e9bfd3]::panicking::panic_fmt
[INFO] [stdout]   11:     0x6465b82882df - <assert_cmd[634b6e9c93c57ee7]::assert::AssertError>::panic::<assert_cmd[634b6e9c93c57ee7]::assert::Assert>
[INFO] [stdout]   12:     0x6465b8288a29 - <assert_cmd[634b6e9c93c57ee7]::assert::Assert>::success
[INFO] [stdout]   13:     0x6465b81cd00f - cli_contract[36e1aa135e187036]::status_watch_legacy_only_snapshot_is_unsupported
[INFO] [stdout]   14:     0x6465b81e1cf9 - <cli_contract[36e1aa135e187036]::status_watch_legacy_only_snapshot_is_unsupported::{closure#0} as core[df12db4294e9bfd3]::ops::function::FnOnce<()>>::call_once
[INFO] [stdout]   15:     0x6465b8234bcb - test[9d35eded1c95d3be]::__rust_begin_short_backtrace::<core[df12db4294e9bfd3]::result::Result<(), alloc[2182bb758b4b3781]::string::String>, fn() -> core[df12db4294e9bfd3]::result::Result<(), alloc[2182bb758b4b3781]::string::String>>
[INFO] [stdout]   16:     0x6465b8242235 - test[9d35eded1c95d3be]::run_test::{closure#0}
[INFO] [stdout]   17:     0x6465b823baf4 - std[70759c8f55707aa4]::sys::backtrace::__rust_begin_short_backtrace::<test[9d35eded1c95d3be]::run_test::{closure#1}, ()>
[INFO] [stdout]   18:     0x6465b8245392 - <std[70759c8f55707aa4]::thread::lifecycle::spawn_unchecked<test[9d35eded1c95d3be]::run_test::{closure#1}, ()>::{closure#1} as core[df12db4294e9bfd3]::ops::function::FnOnce<()>>::call_once::{shim:vtable#0}
[INFO] [stdout]   19:     0x6465b82dda59 - <std[70759c8f55707aa4]::sys::thread::unix::Thread>::new::thread_start
[INFO] [stdout]   20:     0x7d75e97cfdfa - <unknown>
[INFO] [stdout]   21:     0x7d75e98633d4 - clone
[INFO] [stdout]   22:                0x0 - <unknown>
[INFO] [stdout] 
[INFO] [stdout] ---- status_watch_unknown_cursor_emits_one_reset_control stdout ----
[INFO] [stdout] 
[INFO] [stdout] thread 'status_watch_unknown_cursor_emits_one_reset_control' (2939) panicked at tests/cli_contract.rs:1856:37:
[INFO] [stdout] Unexpected failure.
[INFO] [stdout] code=11
[INFO] [stdout] stderr=```"state persistence failed: event journal failed: event journal persistence is unsupported on this platform\n"```
[INFO] [stdout] command=`cd "/opt/rustwide/workdir" && "/opt/rustwide/target/release/sweepx" "--format" "json" "--state-dir" "/tmp/.tmpy5zl2g/state" "scan" "/tmp/.tmpy5zl2g/root"`
[INFO] [stdout] code=11
[INFO] [stdout] stdout=""
[INFO] [stdout] stderr="state persistence failed: event journal failed: event journal persistence is unsupported on this platform\n"
[INFO] [stdout] 
[INFO] [stdout] stack backtrace:
[INFO] [stdout]    0:     0x6465b82de711 - <<std[70759c8f55707aa4]::sys::backtrace::BacktraceLock>::print::DisplayBacktrace as core[df12db4294e9bfd3]::fmt::Display>::fmt
[INFO] [stdout]    1:     0x6465b82f5bea - core[df12db4294e9bfd3]::fmt::write
[INFO] [stdout]    2:     0x6465b82e42fc - <alloc[2182bb758b4b3781]::vec::Vec<u8> as core[df12db4294e9bfd3]::io::write::Write>::write_fmt
[INFO] [stdout]    3:     0x6465b82b7526 - std[70759c8f55707aa4]::panicking::default_hook::{closure#0}
[INFO] [stdout]    4:     0x6465b82d5989 - std[70759c8f55707aa4]::panicking::default_hook
[INFO] [stdout]    5:     0x6465b82418e0 - test[9d35eded1c95d3be]::test_main_inner::<test[9d35eded1c95d3be]::test_main_static::{closure#0}>::{closure#0}
[INFO] [stdout]    6:     0x6465b82d5b42 - std[70759c8f55707aa4]::panicking::panic_with_hook
[INFO] [stdout]    7:     0x6465b82b75d2 - std[70759c8f55707aa4]::panicking::panic_handler::{closure#0}
[INFO] [stdout]    8:     0x6465b82aff49 - std[70759c8f55707aa4]::sys::backtrace::__rust_end_short_backtrace::<std[70759c8f55707aa4]::panicking::panic_handler::{closure#0}, !>
[INFO] [stdout]    9:     0x6465b82b846d - __rustc[8fa7c3cbc660c2b3]::rust_begin_unwind
[INFO] [stdout]   10:     0x6465b82f639c - core[df12db4294e9bfd3]::panicking::panic_fmt
[INFO] [stdout]   11:     0x6465b82882df - <assert_cmd[634b6e9c93c57ee7]::assert::AssertError>::panic::<assert_cmd[634b6e9c93c57ee7]::assert::Assert>
[INFO] [stdout]   12:     0x6465b8288a29 - <assert_cmd[634b6e9c93c57ee7]::assert::Assert>::success
[INFO] [stdout]   13:     0x6465b81e389f - <cli_contract[36e1aa135e187036]::status_watch_unknown_cursor_emits_one_reset_control::{closure#0} as core[df12db4294e9bfd3]::ops::function::FnOnce<()>>::call_once
[INFO] [stdout]   14:     0x6465b8234bcb - test[9d35eded1c95d3be]::__rust_begin_short_backtrace::<core[df12db4294e9bfd3]::result::Result<(), alloc[2182bb758b4b3781]::string::String>, fn() -> core[df12db4294e9bfd3]::result::Result<(), alloc[2182bb758b4b3781]::string::String>>
[INFO] [stdout]   15:     0x6465b8242235 - test[9d35eded1c95d3be]::run_test::{closure#0}
[INFO] [stdout]   16:     0x6465b823baf4 - std[70759c8f55707aa4]::sys::backtrace::__rust_begin_short_backtrace::<test[9d35eded1c95d3be]::run_test::{closure#1}, ()>
[INFO] [stdout]   17:     0x6465b8245392 - <std[70759c8f55707aa4]::thread::lifecycle::spawn_unchecked<test[9d35eded1c95d3be]::run_test::{closure#1}, ()>::{closure#1} as core[df12db4294e9bfd3]::ops::function::FnOnce<()>>::call_once::{shim:vtable#0}
[INFO] [stdout]   18:     0x6465b82dda59 - <std[70759c8f55707aa4]::sys::thread::unix::Thread>::new::thread_start
[INFO] [stdout]   19:     0x7d75e97cfdfa - <unknown>
[INFO] [stdout]   20:     0x7d75e98633d4 - clone
[INFO] [stdout]   21:                0x0 - <unknown>
[INFO] [stdout] 
[INFO] [stdout] ---- status_watch_with_malformed_cursor_exits_usage_error stdout ----
[INFO] [stdout] 
[INFO] [stdout] thread 'status_watch_with_malformed_cursor_exits_usage_error' (2950) panicked at tests/cli_contract.rs:1936:37:
[INFO] [stdout] Unexpected failure.
[INFO] [stdout] code=11
[INFO] [stdout] stderr=```"state persistence failed: event journal failed: event journal persistence is unsupported on this platform\n"```
[INFO] [stdout] command=`cd "/opt/rustwide/workdir" && "/opt/rustwide/target/release/sweepx" "--format" "json" "--state-dir" "/tmp/.tmptuiNbl/state" "scan" "/tmp/.tmptuiNbl/root"`
[INFO] [stdout] code=11
[INFO] [stdout] stdout=""
[INFO] [stdout] stderr="state persistence failed: event journal failed: event journal persistence is unsupported on this platform\n"
[INFO] [stdout] 
[INFO] [stdout] stack backtrace:
[INFO] [stdout]    0:     0x6465b82de711 - <<std[70759c8f55707aa4]::sys::backtrace::BacktraceLock>::print::DisplayBacktrace as core[df12db4294e9bfd3]::fmt::Display>::fmt
[INFO] [stdout]    1:     0x6465b82f5bea - core[df12db4294e9bfd3]::fmt::write
[INFO] [stdout]    2:     0x6465b82e42fc - <alloc[2182bb758b4b3781]::vec::Vec<u8> as core[df12db4294e9bfd3]::io::write::Write>::write_fmt
[INFO] [stdout]    3:     0x6465b82b7526 - std[70759c8f55707aa4]::panicking::default_hook::{closure#0}
[INFO] [stdout]    4:     0x6465b82d5989 - std[70759c8f55707aa4]::panicking::default_hook
[INFO] [stdout]    5:     0x6465b82418e0 - test[9d35eded1c95d3be]::test_main_inner::<test[9d35eded1c95d3be]::test_main_static::{closure#0}>::{closure#0}
[INFO] [stdout]    6:     0x6465b82d5b42 - std[70759c8f55707aa4]::panicking::panic_with_hook
[INFO] [stdout]    7:     0x6465b82b75d2 - std[70759c8f55707aa4]::panicking::panic_handler::{closure#0}
[INFO] [stdout]    8:     0x6465b82aff49 - std[70759c8f55707aa4]::sys::backtrace::__rust_end_short_backtrace::<std[70759c8f55707aa4]::panicking::panic_handler::{closure#0}, !>
[INFO] [stdout]    9:     0x6465b82b846d - __rustc[8fa7c3cbc660c2b3]::rust_begin_unwind
[INFO] [stdout]   10:     0x6465b82f639c - core[df12db4294e9bfd3]::panicking::panic_fmt
[INFO] [stdout]   11:     0x6465b82882df - <assert_cmd[634b6e9c93c57ee7]::assert::AssertError>::panic::<assert_cmd[634b6e9c93c57ee7]::assert::Assert>
[INFO] [stdout]   12:     0x6465b8288a29 - <assert_cmd[634b6e9c93c57ee7]::assert::Assert>::success
[INFO] [stdout]   13:     0x6465b81e5f64 - <cli_contract[36e1aa135e187036]::status_watch_with_malformed_cursor_exits_usage_error::{closure#0} as core[df12db4294e9bfd3]::ops::function::FnOnce<()>>::call_once
[INFO] [stdout]   14:     0x6465b8234bcb - test[9d35eded1c95d3be]::__rust_begin_short_backtrace::<core[df12db4294e9bfd3]::result::Result<(), alloc[2182bb758b4b3781]::string::String>, fn() -> core[df12db4294e9bfd3]::result::Result<(), alloc[2182bb758b4b3781]::string::String>>
[INFO] [stdout]   15:     0x6465b8242235 - test[9d35eded1c95d3be]::run_test::{closure#0}
[INFO] [stdout]   16:     0x6465b823baf4 - std[70759c8f55707aa4]::sys::backtrace::__rust_begin_short_backtrace::<test[9d35eded1c95d3be]::run_test::{closure#1}, ()>
[INFO] [stdout]   17:     0x6465b8245392 - <std[70759c8f55707aa4]::thread::lifecycle::spawn_unchecked<test[9d35eded1c95d3be]::run_test::{closure#1}, ()>::{closure#1} as core[df12db4294e9bfd3]::ops::function::FnOnce<()>>::call_once::{shim:vtable#0}
[INFO] [stdout]   18:     0x6465b82dda59 - <std[70759c8f55707aa4]::sys::thread::unix::Thread>::new::thread_start
[INFO] [stdout]   19:     0x7d75e97cfdfa - <unknown>
[INFO] [stdout]   20:     0x7d75e98633d4 - clone
[INFO] [stdout]   21:                0x0 - <unknown>
[INFO] [stdout] 
[INFO] [stdout] ---- status_watch_replays_completed_journal_events stdout ----
[INFO] [stdout] 
[INFO] [stdout] thread 'status_watch_replays_completed_journal_events' (2932) panicked at tests/cli_contract.rs:1764:37:
[INFO] [stdout] Unexpected failure.
[INFO] [stdout] code=11
[INFO] [stdout] stderr=```"state persistence failed: event journal failed: event journal persistence is unsupported on this platform\n"```
[INFO] [stdout] command=`cd "/opt/rustwide/workdir" && "/opt/rustwide/target/release/sweepx" "--format" "json" "--state-dir" "/tmp/.tmpAKIvD6/state" "scan" "/tmp/.tmpAKIvD6/root"`
[INFO] [stdout] code=11
[INFO] [stdout] stdout=""
[INFO] [stdout] stderr="state persistence failed: event journal failed: event journal persistence is unsupported on this platform\n"
[INFO] [stdout] 
[INFO] [stdout] stack backtrace:
[INFO] [stdout]    0:     0x6465b82de711 - <<std[70759c8f55707aa4]::sys::backtrace::BacktraceLock>::print::DisplayBacktrace as core[df12db4294e9bfd3]::fmt::Display>::fmt
[INFO] [stdout]    1:     0x6465b82f5bea - core[df12db4294e9bfd3]::fmt::write
[INFO] [stdout]    2:     0x6465b82e42fc - <alloc[2182bb758b4b3781]::vec::Vec<u8> as core[df12db4294e9bfd3]::io::write::Write>::write_fmt
[INFO] [stdout]    3:     0x6465b82b7526 - std[70759c8f55707aa4]::panicking::default_hook::{closure#0}
[INFO] [stdout]    4:     0x6465b82d5989 - std[70759c8f55707aa4]::panicking::default_hook
[INFO] [stdout]    5:     0x6465b82418e0 - test[9d35eded1c95d3be]::test_main_inner::<test[9d35eded1c95d3be]::test_main_static::{closure#0}>::{closure#0}
[INFO] [stdout]    6:     0x6465b82d5b42 - std[70759c8f55707aa4]::panicking::panic_with_hook
[INFO] [stdout]    7:     0x6465b82b75d2 - std[70759c8f55707aa4]::panicking::panic_handler::{closure#0}
[INFO] [stdout]    8:     0x6465b82aff49 - std[70759c8f55707aa4]::sys::backtrace::__rust_end_short_backtrace::<std[70759c8f55707aa4]::panicking::panic_handler::{closure#0}, !>
[INFO] [stdout]    9:     0x6465b82b846d - __rustc[8fa7c3cbc660c2b3]::rust_begin_unwind
[INFO] [stdout]   10:     0x6465b82f639c - core[df12db4294e9bfd3]::panicking::panic_fmt
[INFO] [stdout]   11:     0x6465b82882df - <assert_cmd[634b6e9c93c57ee7]::assert::AssertError>::panic::<assert_cmd[634b6e9c93c57ee7]::assert::Assert>
[INFO] [stdout]   12:     0x6465b8288a29 - <assert_cmd[634b6e9c93c57ee7]::assert::Assert>::success
[INFO] [stdout]   13:     0x6465b81dcfe2 - <cli_contract[36e1aa135e187036]::status_watch_replays_completed_journal_events::{closure#0} as core[df12db4294e9bfd3]::ops::function::FnOnce<()>>::call_once
[INFO] [stdout]   14:     0x6465b8234bcb - test[9d35eded1c95d3be]::__rust_begin_short_backtrace::<core[df12db4294e9bfd3]::result::Result<(), alloc[2182bb758b4b3781]::string::String>, fn() -> core[df12db4294e9bfd3]::result::Result<(), alloc[2182bb758b4b3781]::string::String>>
[INFO] [stdout]   15:     0x6465b8242235 - test[9d35eded1c95d3be]::run_test::{closure#0}
[INFO] [stdout]   16:     0x6465b823baf4 - std[70759c8f55707aa4]::sys::backtrace::__rust_begin_short_backtrace::<test[9d35eded1c95d3be]::run_test::{closure#1}, ()>
[INFO] [stdout]   17:     0x6465b8245392 - <std[70759c8f55707aa4]::thread::lifecycle::spawn_unchecked<test[9d35eded1c95d3be]::run_test::{closure#1}, ()>::{closure#1} as core[df12db4294e9bfd3]::ops::function::FnOnce<()>>::call_once::{shim:vtable#0}
[INFO] [stdout]   18:     0x6465b82dda59 - <std[70759c8f55707aa4]::sys::thread::unix::Thread>::new::thread_start
[INFO] [stdout]   19:     0x7d75e97cfdfa - <unknown>
[INFO] [stdout]   20:     0x7d75e98633d4 - clone
[INFO] [stdout]   21:                0x0 - <unknown>
[INFO] [stdout] 
[INFO] [stdout] ---- symlink_boundary_does_not_force_partial_scan stdout ----
[INFO] [stdout] 
[INFO] [stdout] thread 'symlink_boundary_does_not_force_partial_scan' (2954) panicked at tests/cli_contract.rs:2354:55:
[INFO] [stdout] called `Result::unwrap()` on an `Err` value: Error("EOF while parsing a value", line: 1, column: 0)
[INFO] [stdout] stack backtrace:
[INFO] [stdout]    0:     0x6465b82de711 - <<std[70759c8f55707aa4]::sys::backtrace::BacktraceLock>::print::DisplayBacktrace as core[df12db4294e9bfd3]::fmt::Display>::fmt
[INFO] [stdout]    1:     0x6465b82f5bea - core[df12db4294e9bfd3]::fmt::write
[INFO] [stdout]    2:     0x6465b82e42fc - <alloc[2182bb758b4b3781]::vec::Vec<u8> as core[df12db4294e9bfd3]::io::write::Write>::write_fmt
[INFO] [stdout]    3:     0x6465b82b7526 - std[70759c8f55707aa4]::panicking::default_hook::{closure#0}
[INFO] [stdout]    4:     0x6465b82d5989 - std[70759c8f55707aa4]::panicking::default_hook
[INFO] [stdout]    5:     0x6465b82418e0 - test[9d35eded1c95d3be]::test_main_inner::<test[9d35eded1c95d3be]::test_main_static::{closure#0}>::{closure#0}
[INFO] [stdout]    6:     0x6465b82d5b42 - std[70759c8f55707aa4]::panicking::panic_with_hook
[INFO] [stdout]    7:     0x6465b82b75d2 - std[70759c8f55707aa4]::panicking::panic_handler::{closure#0}
[INFO] [stdout]    8:     0x6465b82aff49 - std[70759c8f55707aa4]::sys::backtrace::__rust_end_short_backtrace::<std[70759c8f55707aa4]::panicking::panic_handler::{closure#0}, !>
[INFO] [stdout]    9:     0x6465b82b846d - __rustc[8fa7c3cbc660c2b3]::rust_begin_unwind
[INFO] [stdout]   10:     0x6465b82f639c - core[df12db4294e9bfd3]::panicking::panic_fmt
[INFO] [stdout]   11:     0x6465b82f6172 - core[df12db4294e9bfd3]::result::unwrap_failed
[INFO] [stdout]   12:     0x6465b81dae4b - <cli_contract[36e1aa135e187036]::symlink_boundary_does_not_force_partial_scan::{closure#0} as core[df12db4294e9bfd3]::ops::function::FnOnce<()>>::call_once
[INFO] [stdout]   13:     0x6465b8234bcb - test[9d35eded1c95d3be]::__rust_begin_short_backtrace::<core[df12db4294e9bfd3]::result::Result<(), alloc[2182bb758b4b3781]::string::String>, fn() -> core[df12db4294e9bfd3]::result::Result<(), alloc[2182bb758b4b3781]::string::String>>
[INFO] [stdout]   14:     0x6465b8242235 - test[9d35eded1c95d3be]::run_test::{closure#0}
[INFO] [stdout]   15:     0x6465b823baf4 - std[70759c8f55707aa4]::sys::backtrace::__rust_begin_short_backtrace::<test[9d35eded1c95d3be]::run_test::{closure#1}, ()>
[INFO] [stdout]   16:     0x6465b8245392 - <std[70759c8f55707aa4]::thread::lifecycle::spawn_unchecked<test[9d35eded1c95d3be]::run_test::{closure#1}, ()>::{closure#1} as core[df12db4294e9bfd3]::ops::function::FnOnce<()>>::call_once::{shim:vtable#0}
[INFO] [stdout]   17:     0x6465b82dda59 - <std[70759c8f55707aa4]::sys::thread::unix::Thread>::new::thread_start
[INFO] [stdout]   18:     0x7d75e97cfdfa - <unknown>
[INFO] [stdout]   19:     0x7d75e98633d4 - clone
[INFO] [stdout]   20:                0x0 - <unknown>
[INFO] [stdout] 
[INFO] [stdout] 
[INFO] [stdout] failures:
[INFO] [stdout]     corrupt_journal_does_not_fall_back_to_same_id_legacy_snapshot
[INFO] [stdout]     default_human_scan_sanitizes_terminal_controls_in_paths
[INFO] [stdout]     default_scan_table_is_bounded
[INFO] [stdout]     duplicate_and_overlapping_roots_are_scanned_once
[INFO] [stdout]     scan_json_persists_snapshot_for_status_lookup
[INFO] [stdout]     status_watch_legacy_only_snapshot_is_unsupported
[INFO] [stdout]     status_watch_replays_completed_journal_events
[INFO] [stdout]     status_watch_unknown_cursor_emits_one_reset_control
[INFO] [stdout]     status_watch_with_malformed_cursor_exits_usage_error
[INFO] [stdout]     symlink_boundary_does_not_force_partial_scan
[INFO] [stdout] 
[INFO] [stdout] test result: FAILED. 47 passed; 10 failed; 0 ignored; 0 measured; 0 filtered out; finished in 0.16s
[INFO] [stdout] 
[INFO] running `Command { std: "docker" "inspect" "a5bc724707999e43d2d447a332913e999c74b38edc69536342a3801bf608b1b0", kill_on_drop: false }`
[INFO] running `Command { std: "docker" "rm" "-f" "a5bc724707999e43d2d447a332913e999c74b38edc69536342a3801bf608b1b0", kill_on_drop: false }`
[INFO] [stdout] a5bc724707999e43d2d447a332913e999c74b38edc69536342a3801bf608b1b0
