[INFO] fetching crate swcache 0.0.2...
[INFO] testing swcache-0.0.2 against 1.99.0-beta.8+cargoflags=--release for beta-release-1.100-2
[INFO] extracting crate swcache 0.0.2 into /workspace/builds/worker-1-tc1/source
[INFO] started tweaking crates.io crate swcache 0.0.2
[INFO] finished tweaking crates.io crate swcache 0.0.2
[INFO] tweaked toml for crates.io crate swcache 0.0.2 written to /workspace/builds/worker-1-tc1/source/Cargo.toml
[INFO] validating manifest of crates.io crate swcache 0.0.2 on toolchain 1.99.0-beta.8
[INFO] running `Command { std: CARGO_HOME="/workspace/cargo-home" RUSTUP_HOME="/workspace/rustup-home" "/workspace/cargo-home/bin/cargo" "+1.99.0-beta.8" "metadata" "--manifest-path" "Cargo.toml" "--no-deps", kill_on_drop: false }`
[INFO] crate crates.io crate swcache 0.0.2 already has a lockfile, it will not be regenerated
[INFO] running `Command { std: CARGO_HOME="/workspace/cargo-home" RUSTUP_HOME="/workspace/rustup-home" "/workspace/cargo-home/bin/cargo" "+1.99.0-beta.8" "fetch" "--manifest-path" "Cargo.toml", kill_on_drop: false }`
[INFO] [stderr]  Downloading crates ...
[INFO] [stderr]   Downloaded prettyplease v0.2.25
[INFO] [stderr]   Downloaded tempfile v3.13.0
[INFO] [stderr]   Downloaded syn v2.0.87
[INFO] [stderr]   Downloaded owo-colors v4.1.0
[INFO] [stderr]   Downloaded bytesize v1.3.0
[INFO] [stderr]   Downloaded sysinfo v0.32.0
[INFO] [stderr]   Downloaded clearscreen v3.0.0
[INFO] [stderr]   Downloaded rustix v0.38.37
[INFO] running `Command { std: "docker" "create" "-v" "/var/lib/crater-agent-workspace/builds/worker-1-tc1/source:/opt/rustwide/workdir:ro,Z" "-v" "/var/lib/crater-agent-workspace/builds/worker-1-tc1/target:/opt/rustwide/target:rw,Z" "-v" "/var/lib/crater-agent-workspace/cargo-home:/opt/rustwide/cargo-home:ro,Z" "-v" "/var/lib/crater-agent-workspace/rustup-home:/opt/rustwide/rustup-home:ro,Z" "-m" "1610612736" "--network" "none" "ghcr.io/rust-lang/crates-build-env/linux@sha256:77db811e55d90add9212f6832c23229e3de5f1c1f9905e8cb07319ea15df73ac" "sleep" "infinity", kill_on_drop: false }`
[INFO] [stdout] c9d7282b30160ac6181c060f0ce9632b82eea636cf743e27b7c54fe36c4d18c3
[INFO] running `Command { std: "docker" "start" "c9d7282b30160ac6181c060f0ce9632b82eea636cf743e27b7c54fe36c4d18c3", kill_on_drop: false }`
[INFO] running `Command { std: "docker" "inspect" "c9d7282b30160ac6181c060f0ce9632b82eea636cf743e27b7c54fe36c4d18c3", kill_on_drop: false }`
[INFO] running `Command { std: "docker" "exec" "-e" "SOURCE_DIR=/opt/rustwide/workdir" "-e" "CARGO_HOME=/opt/rustwide/cargo-home" "-e" "RUSTUP_HOME=/opt/rustwide/rustup-home" "-e" "CARGO_TARGET_DIR=/opt/rustwide/target" "-w" "/opt/rustwide/workdir" "--user" "0:0" "c9d7282b30160ac6181c060f0ce9632b82eea636cf743e27b7c54fe36c4d18c3" "/opt/rustwide/cargo-home/bin/cargo" "+1.99.0-beta.8" "metadata" "--no-deps" "--format-version=1", kill_on_drop: false }`
[INFO] running `Command { std: "docker" "inspect" "c9d7282b30160ac6181c060f0ce9632b82eea636cf743e27b7c54fe36c4d18c3", kill_on_drop: false }`
[INFO] running `Command { std: "docker" "exec" "-e" "SOURCE_DIR=/opt/rustwide/workdir" "-e" "CARGO_HOME=/opt/rustwide/cargo-home" "-e" "RUSTUP_HOME=/opt/rustwide/rustup-home" "-e" "CARGO_TARGET_DIR=/opt/rustwide/target" "-e" "CARGO_INCREMENTAL=0" "-e" "RUST_BACKTRACE=full" "-e" "RUSTFLAGS=--cap-lints=warn" "-e" "RUSTDOCFLAGS=--cap-lints=warn" "-w" "/opt/rustwide/workdir" "--user" "0:0" "c9d7282b30160ac6181c060f0ce9632b82eea636cf743e27b7c54fe36c4d18c3" "/opt/rustwide/cargo-home/bin/cargo" "+1.99.0-beta.8" "build" "--frozen" "--message-format=json" "--release", kill_on_drop: false }`
[INFO] [stderr]    Compiling proc-macro2 v1.0.87
[INFO] [stderr]    Compiling hashbrown v0.15.5
[INFO] [stderr]    Compiling prettyplease v0.2.25
[INFO] [stderr]    Compiling either v1.13.0
[INFO] [stderr]    Compiling serde_core v1.0.228
[INFO] [stderr]    Compiling http v1.4.2
[INFO] [stderr]    Compiling anyhow v1.0.103
[INFO] [stderr]    Compiling bitflags v2.6.0
[INFO] [stderr]    Compiling pulldown-cmark v0.13.4
[INFO] [stderr]    Compiling rustix v0.38.37
[INFO] [stderr]    Compiling futures-task v0.3.32
[INFO] [stderr]    Compiling crossbeam-utils v0.8.20
[INFO] [stderr]    Compiling rand_core v0.6.4
[INFO] [stderr]    Compiling siphasher v0.3.11
[INFO] [stderr]    Compiling linux-raw-sys v0.4.14
[INFO] [stderr]    Compiling equivalent v1.0.1
[INFO] [stderr]    Compiling unicase v2.9.0
[INFO] [stderr]    Compiling bytes v1.12.0
[INFO] [stderr]    Compiling itertools v0.14.0
[INFO] [stderr]    Compiling rand v0.8.6
[INFO] [stderr]    Compiling futures-util v0.3.32
[INFO] [stderr]    Compiling regex-syntax v0.8.11
[INFO] [stderr]    Compiling sync_wrapper v1.0.2
[INFO] [stderr]    Compiling phf_shared v0.11.2
[INFO] [stderr]    Compiling unicode-ident v1.0.13
[INFO] [stderr]    Compiling fastrand v2.4.1
[INFO] [stderr]    Compiling smallvec v1.15.2
[INFO] [stderr]    Compiling indexmap v2.6.0
[INFO] [stderr]    Compiling once_cell v1.21.4
[INFO] [stderr]    Compiling quote v1.0.37
[INFO] [stderr]    Compiling syn v2.0.87
[INFO] [stderr]    Compiling phf_generator v0.11.2
[INFO] [stderr]    Compiling crossbeam-epoch v0.9.18
[INFO] [stderr]    Compiling phf_codegen v0.11.2
[INFO] [stderr]    Compiling log v0.4.33
[INFO] [stderr]    Compiling cfg_aliases v0.1.1
[INFO] [stderr]    Compiling nix v0.28.0
[INFO] [stderr]    Compiling pulldown-cmark-to-cmark v22.0.0
[INFO] [stderr]    Compiling crossbeam-deque v0.8.5
[INFO] [stderr]    Compiling regex-automata v0.4.14
[INFO] [stderr]    Compiling petgraph v0.8.3
[INFO] [stderr]    Compiling terminfo v0.8.0
[INFO] [stderr]    Compiling http-body v1.0.1
[INFO] [stderr]    Compiling http-body-util v0.1.3
[INFO] [stderr]    Compiling dirs-sys v0.3.7
[INFO] [stderr]    Compiling thiserror v1.0.64
[INFO] [stderr]    Compiling matchit v0.8.4
[INFO] [stderr]    Compiling axum-core v0.5.6
[INFO] [stderr]    Compiling nom v7.1.3
[INFO] [stderr]    Compiling dirs v4.0.0
[INFO] [stderr]    Compiling rayon-core v1.12.1
[INFO] [stderr]    Compiling phf v0.11.2
[INFO] [stderr]    Compiling owo-colors v4.1.0
[INFO] [stderr]    Compiling winnow v0.6.20
[INFO] [stderr]    Compiling home v0.5.9
[INFO] [stderr]    Compiling tempfile v3.13.0
[INFO] [stderr]    Compiling rayon v1.10.0
[INFO] [stderr]    Compiling bytesize v1.3.0
[INFO] [stderr]    Compiling regex v1.12.4
[INFO] [stderr]    Compiling which v6.0.3
[INFO] [stderr]    Compiling sysinfo v0.32.0
[INFO] [stderr]    Compiling tokio-macros v2.7.0
[INFO] [stderr]    Compiling tracing-attributes v0.1.31
[INFO] [stderr]    Compiling prost-derive v0.14.4
[INFO] [stderr]    Compiling serde_derive v1.0.228
[INFO] [stderr]    Compiling pin-project-internal v1.1.13
[INFO] [stderr]    Compiling async-trait v0.1.89
[INFO] [stderr]    Compiling thiserror-impl v1.0.64
[INFO] [stderr]    Compiling tokio v1.52.3
[INFO] [stderr]    Compiling tonic-build v0.14.6
[INFO] [stderr]    Compiling pin-project v1.1.13
[INFO] [stderr]    Compiling prost v0.14.4
[INFO] [stderr]    Compiling tracing v0.1.44
[INFO] [stderr]    Compiling prost-types v0.14.4
[INFO] [stderr]    Compiling serde v1.0.228
[INFO] [stderr]    Compiling prost-build v0.14.4
[INFO] [stderr]    Compiling clearscreen v3.0.0
[INFO] [stderr]    Compiling toml_datetime v0.6.8
[INFO] [stderr]    Compiling tonic-prost-build v0.14.6
[INFO] [stderr]    Compiling serde_spanned v0.6.8
[INFO] [stderr]    Compiling toml_edit v0.22.22
[INFO] [stderr]    Compiling swcache v0.0.2 (/opt/rustwide/workdir)
[INFO] [stderr]    Compiling tokio-util v0.7.18
[INFO] [stderr]    Compiling tokio-stream v0.1.18
[INFO] [stderr]    Compiling toml v0.8.19
[INFO] [stderr]    Compiling h2 v0.4.15
[INFO] [stderr]    Compiling tower v0.5.3
[INFO] [stderr]    Compiling axum v0.8.9
[INFO] [stderr]    Compiling hyper v1.10.1
[INFO] [stderr]    Compiling hyper-util v0.1.20
[INFO] [stderr]    Compiling hyper-timeout v0.5.2
[INFO] [stderr]    Compiling tonic v0.14.6
[INFO] [stderr]    Compiling tonic-prost v0.14.6
[INFO] [stdout] warning: unused variable: `content`
[INFO] [stdout]   --> src/utils/logger.rs:15:23
[INFO] [stdout]    |
[INFO] [stdout] 15 | pub fn info_as_string(content: String) {}
[INFO] [stdout]    |                       ^^^^^^^ help: if this is intentional, prefix it with an underscore: `_content`
[INFO] [stdout]    |
[INFO] [stdout]    = note: `#[warn(unused_variables)]` (part of `#[warn(unused)]`) on by default
[INFO] [stdout] 
[INFO] [stdout] 
[INFO] [stdout] warning: unused variable: `path`
[INFO] [stdout]   --> src/main.rs:75:18
[INFO] [stdout]    |
[INFO] [stdout] 75 | fn verify_config(path: String) -> bool {
[INFO] [stdout]    |                  ^^^^ help: if this is intentional, prefix it with an underscore: `_path`
[INFO] [stdout] 
[INFO] [stdout] 
[INFO] [stdout] warning: function `verify_config` is never used
[INFO] [stdout]   --> src/main.rs:75:4
[INFO] [stdout]    |
[INFO] [stdout] 75 | fn verify_config(path: String) -> bool {
[INFO] [stdout]    |    ^^^^^^^^^^^^^
[INFO] [stdout]    |
[INFO] [stdout]    = note: `#[warn(dead_code)]` (part of `#[warn(unused)]`) on by default
[INFO] [stdout] 
[INFO] [stdout] 
[INFO] [stdout] warning: function `info_as_string` is never used
[INFO] [stdout]   --> src/utils/logger.rs:15:8
[INFO] [stdout]    |
[INFO] [stdout] 15 | pub fn info_as_string(content: String) {}
[INFO] [stdout]    |        ^^^^^^^^^^^^^^
[INFO] [stdout] 
[INFO] [stdout] 
[INFO] [stderr]     Finished `release` profile [optimized] target(s) in 1m 43s
[INFO] running `Command { std: "docker" "inspect" "c9d7282b30160ac6181c060f0ce9632b82eea636cf743e27b7c54fe36c4d18c3", kill_on_drop: false }`
[INFO] running `Command { std: "docker" "exec" "-e" "SOURCE_DIR=/opt/rustwide/workdir" "-e" "CARGO_HOME=/opt/rustwide/cargo-home" "-e" "RUSTUP_HOME=/opt/rustwide/rustup-home" "-e" "CARGO_TARGET_DIR=/opt/rustwide/target" "-e" "CARGO_INCREMENTAL=0" "-e" "RUST_BACKTRACE=full" "-e" "RUSTFLAGS=--cap-lints=warn" "-e" "RUSTDOCFLAGS=--cap-lints=warn" "-w" "/opt/rustwide/workdir" "--user" "0:0" "c9d7282b30160ac6181c060f0ce9632b82eea636cf743e27b7c54fe36c4d18c3" "/opt/rustwide/cargo-home/bin/cargo" "+1.99.0-beta.8" "test" "--frozen" "--no-run" "--message-format=json" "--release", kill_on_drop: false }`
[INFO] [stderr]    Compiling swcache v0.0.2 (/opt/rustwide/workdir)
[INFO] [stdout] warning: unused variable: `content`
[INFO] [stdout]   --> src/utils/logger.rs:15:23
[INFO] [stdout]    |
[INFO] [stdout] 15 | pub fn info_as_string(content: String) {}
[INFO] [stdout]    |                       ^^^^^^^ help: if this is intentional, prefix it with an underscore: `_content`
[INFO] [stdout]    |
[INFO] [stdout]    = note: `#[warn(unused_variables)]` (part of `#[warn(unused)]`) on by default
[INFO] [stdout] 
[INFO] [stdout] 
[INFO] [stdout] warning: unused variable: `path`
[INFO] [stdout]   --> src/main.rs:75:18
[INFO] [stdout]    |
[INFO] [stdout] 75 | fn verify_config(path: String) -> bool {
[INFO] [stdout]    |                  ^^^^ help: if this is intentional, prefix it with an underscore: `_path`
[INFO] [stdout] 
[INFO] [stdout] 
[INFO] [stdout] warning: function `verify_config` is never used
[INFO] [stdout]   --> src/main.rs:75:4
[INFO] [stdout]    |
[INFO] [stdout] 75 | fn verify_config(path: String) -> bool {
[INFO] [stdout]    |    ^^^^^^^^^^^^^
[INFO] [stdout]    |
[INFO] [stdout]    = note: `#[warn(dead_code)]` (part of `#[warn(unused)]`) on by default
[INFO] [stdout] 
[INFO] [stdout] 
[INFO] [stdout] warning: function `info_as_string` is never used
[INFO] [stdout]   --> src/utils/logger.rs:15:8
[INFO] [stdout]    |
[INFO] [stdout] 15 | pub fn info_as_string(content: String) {}
[INFO] [stdout]    |        ^^^^^^^^^^^^^^
[INFO] [stdout] 
[INFO] [stdout] 
[INFO] [stderr]     Finished `release` profile [optimized] target(s) in 2.86s
[INFO] running `Command { std: "docker" "inspect" "c9d7282b30160ac6181c060f0ce9632b82eea636cf743e27b7c54fe36c4d18c3", kill_on_drop: false }`
[INFO] running `Command { std: "docker" "exec" "-e" "SOURCE_DIR=/opt/rustwide/workdir" "-e" "CARGO_HOME=/opt/rustwide/cargo-home" "-e" "RUSTUP_HOME=/opt/rustwide/rustup-home" "-e" "CARGO_TARGET_DIR=/opt/rustwide/target" "-e" "CARGO_INCREMENTAL=0" "-e" "RUST_BACKTRACE=full" "-e" "RUSTFLAGS=--cap-lints=warn" "-e" "RUSTDOCFLAGS=--cap-lints=warn" "-w" "/opt/rustwide/workdir" "--user" "0:0" "c9d7282b30160ac6181c060f0ce9632b82eea636cf743e27b7c54fe36c4d18c3" "/opt/rustwide/cargo-home/bin/cargo" "+1.99.0-beta.8" "test" "--frozen" "--release", kill_on_drop: false }`
[INFO] [stderr] warning: unused variable: `content`
[INFO] [stderr]   --> src/utils/logger.rs:15:23
[INFO] [stderr]    |
[INFO] [stderr] 15 | pub fn info_as_string(content: String) {}
[INFO] [stderr]    |                       ^^^^^^^ help: if this is intentional, prefix it with an underscore: `_content`
[INFO] [stderr]    |
[INFO] [stderr]    = note: `#[warn(unused_variables)]` (part of `#[warn(unused)]`) on by default
[INFO] [stderr] 
[INFO] [stderr] warning: unused variable: `path`
[INFO] [stderr]   --> src/main.rs:75:18
[INFO] [stderr]    |
[INFO] [stderr] 75 | fn verify_config(path: String) -> bool {
[INFO] [stderr]    |                  ^^^^ help: if this is intentional, prefix it with an underscore: `_path`
[INFO] [stderr] 
[INFO] [stderr] warning: function `verify_config` is never used
[INFO] [stderr]   --> src/main.rs:75:4
[INFO] [stderr]    |
[INFO] [stderr] 75 | fn verify_config(path: String) -> bool {
[INFO] [stderr]    |    ^^^^^^^^^^^^^
[INFO] [stderr]    |
[INFO] [stderr]    = note: `#[warn(dead_code)]` (part of `#[warn(unused)]`) on by default
[INFO] [stderr] 
[INFO] [stderr] warning: function `info_as_string` is never used
[INFO] [stderr]   --> src/utils/logger.rs:15:8
[INFO] [stderr]    |
[INFO] [stderr] 15 | pub fn info_as_string(content: String) {}
[INFO] [stderr]    |        ^^^^^^^^^^^^^^
[INFO] [stderr] 
[INFO] [stderr] warning: `swcache` (bin "swcache" test) generated 4 warnings (run `cargo fix --bin "swcache" -p swcache --tests` to apply 2 suggestions)
[INFO] [stderr]     Finished `release` profile [optimized] target(s) in 0.15s
[INFO] [stderr]      Running unittests src/main.rs (/opt/rustwide/target/release/deps/swcache-f2e2c9d714792c05)
[INFO] [stdout] 
[INFO] [stdout] running 11 tests
[INFO] [stdout] test config::config_file::tests::test_global_kv_lifecycle ... FAILED
[INFO] [stdout] test config::config_file::tests::test_load_config_and_get_values ... FAILED
[INFO] [stdout] test protobuf::server_test::tests::test_send_ping_returns_pong ... ok
[INFO] [stdout] test protobuf::server_test::tests::test_send_ping_multiple_calls ... ok
[INFO] [stdout] test protobuf::server_test::tests::test_send_ping_response_not_empty ... ok
[INFO] [stdout] test protobuf::tests_module::tests::test_send_ping_ignores_input ... ok
[INFO] [stdout] test protobuf::server_test::tests::test_send_ping_ignores_input ... ok
[INFO] [stdout] test config::config_file::tests::test_verify_config_file_exists_success ... FAILED
[INFO] [stdout] test protobuf::tests_module::tests::test_send_ping_multiple_calls ... ok
[INFO] [stdout] test protobuf::tests_module::tests::test_send_ping_returns_pong ... ok
[INFO] [stdout] test protobuf::tests_module::tests::test_send_ping_response_not_empty ... ok
[INFO] [stdout] 
[INFO] [stdout] failures:
[INFO] [stdout] 
[INFO] [stdout] ---- config::config_file::tests::test_global_kv_lifecycle stdout ----
[INFO] [stdout] 
[INFO] [stdout] thread 'config::config_file::tests::test_global_kv_lifecycle' (2063) panicked at src/config/config_file.rs:131:53:
[INFO] [stdout] Failed to create test config file: Os { code: 30, kind: ReadOnlyFilesystem, message: "Read-only file system" }
[INFO] [stdout] stack backtrace:
[INFO] [stdout]    0:     0x62a0cdb509a1 - <<std[70759c8f55707aa4]::sys::backtrace::BacktraceLock>::print::DisplayBacktrace as core[df12db4294e9bfd3]::fmt::Display>::fmt
[INFO] [stdout]    1:     0x62a0cdb65e8a - core[df12db4294e9bfd3]::fmt::write
[INFO] [stdout]    2:     0x62a0cdb54eac - <alloc[2182bb758b4b3781]::vec::Vec<u8> as core[df12db4294e9bfd3]::io::write::Write>::write_fmt
[INFO] [stdout]    3:     0x62a0cdb2c6d6 - std[70759c8f55707aa4]::panicking::default_hook::{closure#0}
[INFO] [stdout]    4:     0x62a0cdb48bc9 - std[70759c8f55707aa4]::panicking::default_hook
[INFO] [stdout]    5:     0x62a0cdacb1e0 - test[9d35eded1c95d3be]::test_main_inner::<test[9d35eded1c95d3be]::test_main_static::{closure#0}>::{closure#0}
[INFO] [stdout]    6:     0x62a0cdb48d82 - std[70759c8f55707aa4]::panicking::panic_with_hook
[INFO] [stdout]    7:     0x62a0cdb2c782 - std[70759c8f55707aa4]::panicking::panic_handler::{closure#0}
[INFO] [stdout]    8:     0x62a0cdb252c9 - std[70759c8f55707aa4]::sys::backtrace::__rust_end_short_backtrace::<std[70759c8f55707aa4]::panicking::panic_handler::{closure#0}, !>
[INFO] [stdout]    9:     0x62a0cdb2d37d - __rustc[8fa7c3cbc660c2b3]::rust_begin_unwind
[INFO] [stdout]   10:     0x62a0cdb665ec - core[df12db4294e9bfd3]::panicking::panic_fmt
[INFO] [stdout]   11:     0x62a0cdb663c2 - core[df12db4294e9bfd3]::result::unwrap_failed
[INFO] [stdout]   12:     0x62a0cda913bf - swcache[8dc9cbf35a228bd7]::config::config_file::tests::test_global_kv_lifecycle
[INFO] [stdout]   13:     0x62a0cda89139 - <swcache[8dc9cbf35a228bd7]::config::config_file::tests::test_global_kv_lifecycle::{closure#0} as core[df12db4294e9bfd3]::ops::function::FnOnce<()>>::call_once
[INFO] [stdout]   14:     0x62a0cdabe4cb - test[9d35eded1c95d3be]::__rust_begin_short_backtrace::<core[df12db4294e9bfd3]::result::Result<(), alloc[2182bb758b4b3781]::string::String>, fn() -> core[df12db4294e9bfd3]::result::Result<(), alloc[2182bb758b4b3781]::string::String>>
[INFO] [stdout]   15:     0x62a0cdacbb35 - test[9d35eded1c95d3be]::run_test::{closure#0}
[INFO] [stdout]   16:     0x62a0cdac53f4 - std[70759c8f55707aa4]::sys::backtrace::__rust_begin_short_backtrace::<test[9d35eded1c95d3be]::run_test::{closure#1}, ()>
[INFO] [stdout]   17:     0x62a0cdacec92 - <std[70759c8f55707aa4]::thread::lifecycle::spawn_unchecked<test[9d35eded1c95d3be]::run_test::{closure#1}, ()>::{closure#1} as core[df12db4294e9bfd3]::ops::function::FnOnce<()>>::call_once::{shim:vtable#0}
[INFO] [stdout]   18:     0x62a0cdb4ff09 - <std[70759c8f55707aa4]::sys::thread::unix::Thread>::new::thread_start
[INFO] [stdout]   19:     0x771b7c740dfa - <unknown>
[INFO] [stdout]   20:     0x771b7c7d43d4 - clone
[INFO] [stdout]   21:                0x0 - <unknown>
[INFO] [stdout] 
[INFO] [stdout] ---- config::config_file::tests::test_load_config_and_get_values stdout ----
[INFO] [stdout] 
[INFO] [stdout] thread 'config::config_file::tests::test_load_config_and_get_values' (2064) panicked at src/config/config_file.rs:105:53:
[INFO] [stdout] Failed to create test config file: Os { code: 30, kind: ReadOnlyFilesystem, message: "Read-only file system" }
[INFO] [stdout] stack backtrace:
[INFO] [stdout]    0:     0x62a0cdb509a1 - <<std[70759c8f55707aa4]::sys::backtrace::BacktraceLock>::print::DisplayBacktrace as core[df12db4294e9bfd3]::fmt::Display>::fmt
[INFO] [stdout]    1:     0x62a0cdb65e8a - core[df12db4294e9bfd3]::fmt::write
[INFO] [stdout]    2:     0x62a0cdb54eac - <alloc[2182bb758b4b3781]::vec::Vec<u8> as core[df12db4294e9bfd3]::io::write::Write>::write_fmt
[INFO] [stdout]    3:     0x62a0cdb2c6d6 - std[70759c8f55707aa4]::panicking::default_hook::{closure#0}
[INFO] [stdout]    4:     0x62a0cdb48bc9 - std[70759c8f55707aa4]::panicking::default_hook
[INFO] [stdout]    5:     0x62a0cdacb1e0 - test[9d35eded1c95d3be]::test_main_inner::<test[9d35eded1c95d3be]::test_main_static::{closure#0}>::{closure#0}
[INFO] [stdout]    6:     0x62a0cdb48d82 - std[70759c8f55707aa4]::panicking::panic_with_hook
[INFO] [stdout]    7:     0x62a0cdb2c782 - std[70759c8f55707aa4]::panicking::panic_handler::{closure#0}
[INFO] [stdout]    8:     0x62a0cdb252c9 - std[70759c8f55707aa4]::sys::backtrace::__rust_end_short_backtrace::<std[70759c8f55707aa4]::panicking::panic_handler::{closure#0}, !>
[INFO] [stdout]    9:     0x62a0cdb2d37d - __rustc[8fa7c3cbc660c2b3]::rust_begin_unwind
[INFO] [stdout]   10:     0x62a0cdb665ec - core[df12db4294e9bfd3]::panicking::panic_fmt
[INFO] [stdout]   11:     0x62a0cdb663c2 - core[df12db4294e9bfd3]::result::unwrap_failed
[INFO] [stdout]   12:     0x62a0cda91971 - swcache[8dc9cbf35a228bd7]::config::config_file::tests::test_load_config_and_get_values
[INFO] [stdout]   13:     0x62a0cda89159 - <swcache[8dc9cbf35a228bd7]::config::config_file::tests::test_load_config_and_get_values::{closure#0} as core[df12db4294e9bfd3]::ops::function::FnOnce<()>>::call_once
[INFO] [stdout]   14:     0x62a0cdabe4cb - test[9d35eded1c95d3be]::__rust_begin_short_backtrace::<core[df12db4294e9bfd3]::result::Result<(), alloc[2182bb758b4b3781]::string::String>, fn() -> core[df12db4294e9bfd3]::result::Result<(), alloc[2182bb758b4b3781]::string::String>>
[INFO] [stdout]   15:     0x62a0cdacbb35 - test[9d35eded1c95d3be]::run_test::{closure#0}
[INFO] [stdout]   16:     0x62a0cdac53f4 - std[70759c8f55707aa4]::sys::backtrace::__rust_begin_short_backtrace::<test[9d35eded1c95d3be]::run_test::{closure#1}, ()>
[INFO] [stdout]   17:     0x62a0cdacec92 - <std[70759c8f55707aa4]::thread::lifecycle::spawn_unchecked<test[9d35eded1c95d3be]::run_test::{closure#1}, ()>::{closure#1} as core[df12db4294e9bfd3]::ops::function::FnOnce<()>>::call_once::{shim:vtable#0}
[INFO] [stdout]   18:     0x62a0cdb4ff09 - <std[70759c8f55707aa4]::sys::thread::unix::Thread>::new::thread_start
[INFO] [stdout]   19:     0x771b7c740dfa - <unknown>
[INFO] [stdout]   20:     0x771b7c7d43d4 - clone
[INFO] [stdout]   21:                0x0 - <unknown>
[INFO] [stdout] 
[INFO] [stdout] ---- config::config_file::tests::test_verify_config_file_exists_success stdout ----
[INFO] [stdout] 
[INFO] [stdout] thread 'config::config_file::tests::test_verify_config_file_exists_success' (2065) panicked at src/config/config_file.rs:97:38:
[INFO] [stdout] Failed to create test file: Os { code: 30, kind: ReadOnlyFilesystem, message: "Read-only file system" }
[INFO] [stdout] stack backtrace:
[INFO] [stdout]    0:     0x62a0cdb509a1 - <<std[70759c8f55707aa4]::sys::backtrace::BacktraceLock>::print::DisplayBacktrace as core[df12db4294e9bfd3]::fmt::Display>::fmt
[INFO] [stdout]    1:     0x62a0cdb65e8a - core[df12db4294e9bfd3]::fmt::write
[INFO] [stdout]    2:     0x62a0cdb54eac - <alloc[2182bb758b4b3781]::vec::Vec<u8> as core[df12db4294e9bfd3]::io::write::Write>::write_fmt
[INFO] [stdout]    3:     0x62a0cdb2c6d6 - std[70759c8f55707aa4]::panicking::default_hook::{closure#0}
[INFO] [stdout]    4:     0x62a0cdb48bc9 - std[70759c8f55707aa4]::panicking::default_hook
[INFO] [stdout]    5:     0x62a0cdacb1e0 - test[9d35eded1c95d3be]::test_main_inner::<test[9d35eded1c95d3be]::test_main_static::{closure#0}>::{closure#0}
[INFO] [stdout]    6:     0x62a0cdb48d82 - std[70759c8f55707aa4]::panicking::panic_with_hook
[INFO] [stdout]    7:     0x62a0cdb2c782 - std[70759c8f55707aa4]::panicking::panic_handler::{closure#0}
[INFO] [stdout]    8:     0x62a0cdb252c9 - std[70759c8f55707aa4]::sys::backtrace::__rust_end_short_backtrace::<std[70759c8f55707aa4]::panicking::panic_handler::{closure#0}, !>
[INFO] [stdout]    9:     0x62a0cdb2d37d - __rustc[8fa7c3cbc660c2b3]::rust_begin_unwind
[INFO] [stdout]   10:     0x62a0cdb665ec - core[df12db4294e9bfd3]::panicking::panic_fmt
[INFO] [stdout]   11:     0x62a0cdb663c2 - core[df12db4294e9bfd3]::result::unwrap_failed
[INFO] [stdout]   12:     0x62a0cda91b8d - swcache[8dc9cbf35a228bd7]::config::config_file::tests::test_verify_config_file_exists_success
[INFO] [stdout]   13:     0x62a0cda89179 - <swcache[8dc9cbf35a228bd7]::config::config_file::tests::test_verify_config_file_exists_success::{closure#0} as core[df12db4294e9bfd3]::ops::function::FnOnce<()>>::call_once
[INFO] [stdout]   14:     0x62a0cdabe4cb - test[9d35eded1c95d3be]::__rust_begin_short_backtrace::<core[df12db4294e9bfd3]::result::Result<(), alloc[2182bb758b4b3781]::string::String>, fn() -> core[df12db4294e9bfd3]::result::Result<(), alloc[2182bb758b4b3781]::string::String>>
[INFO] [stdout]   15:     0x62a0cdacbb35 - test[9d35eded1c95d3be]::run_test::{closure#0}
[INFO] [stdout]   16:     0x62a0cdac53f4 - std[70759c8f55707aa4]::sys::backtrace::__rust_begin_short_backtrace::<test[9d35eded1c95d3be]::run_test::{closure#1}, ()>
[INFO] [stdout]   17:     0x62a0cdacec92 - <std[70759c8f55707aa4]::thread::lifecycle::spawn_unchecked<test[9d35eded1c95d3be]::run_test::{closure#1}, ()>::{closure#1} as core[df12db4294e9bfd3]::ops::function::FnOnce<()>>::call_once::{shim:vtable#0}
[INFO] [stdout]   18:     0x62a0cdb4ff09 - <std[70759c8f55707aa4]::sys::thread::unix::Thread>::new::thread_start
[INFO] [stdout]   19:     0x771b7c740dfa - <unknown>
[INFO] [stdout]   20:     0x771b7c7d43d4 - clone
[INFO] [stdout]   21:                0x0 - <unknown>
[INFO] [stdout] 
[INFO] [stdout] 
[INFO] [stdout] failures:
[INFO] [stdout]     config::config_file::tests::test_global_kv_lifecycle
[INFO] [stdout]     config::config_file::tests::test_load_config_and_get_values
[INFO] [stdout]     config::config_file::tests::test_verify_config_file_exists_success
[INFO] [stdout] 
[INFO] [stderr] error: test failed, to rerun pass `--bin swcache`
[INFO] [stdout] test result: FAILED. 8 passed; 3 failed; 0 ignored; 0 measured; 0 filtered out; finished in 0.01s
[INFO] [stdout] 
[INFO] running `Command { std: "docker" "inspect" "c9d7282b30160ac6181c060f0ce9632b82eea636cf743e27b7c54fe36c4d18c3", kill_on_drop: false }`
[INFO] running `Command { std: "docker" "rm" "-f" "c9d7282b30160ac6181c060f0ce9632b82eea636cf743e27b7c54fe36c4d18c3", kill_on_drop: false }`
[INFO] [stdout] c9d7282b30160ac6181c060f0ce9632b82eea636cf743e27b7c54fe36c4d18c3
