[INFO] fetching crate swc_error_reporters 28.0.0...
[INFO] testing swc_error_reporters-28.0.0 against 1.99.0-beta.8+cargoflags=--release for beta-release-1.100-2
[INFO] extracting crate swc_error_reporters 28.0.0 into /workspace/builds/worker-4-tc1/source
[INFO] started tweaking crates.io crate swc_error_reporters 28.0.0
[INFO] removed 0 missing examples
[INFO] removed 0 missing tests
[INFO] finished tweaking crates.io crate swc_error_reporters 28.0.0
[INFO] tweaked toml for crates.io crate swc_error_reporters 28.0.0 written to /workspace/builds/worker-4-tc1/source/Cargo.toml
[INFO] validating manifest of crates.io crate swc_error_reporters 28.0.0 on toolchain 1.99.0-beta.8
[INFO] running `Command { std: CARGO_HOME="/workspace/cargo-home" RUSTUP_HOME="/workspace/rustup-home" "/workspace/cargo-home/bin/cargo" "+1.99.0-beta.8" "metadata" "--manifest-path" "Cargo.toml" "--no-deps", kill_on_drop: false }`
[INFO] crate crates.io crate swc_error_reporters 28.0.0 already has a lockfile, it will not be regenerated
[INFO] running `Command { std: CARGO_HOME="/workspace/cargo-home" RUSTUP_HOME="/workspace/rustup-home" "/workspace/cargo-home/bin/cargo" "+1.99.0-beta.8" "fetch" "--manifest-path" "Cargo.toml", kill_on_drop: false }`
[INFO] running `Command { std: "docker" "create" "-v" "/var/lib/crater-agent-workspace/builds/worker-4-tc1/source:/opt/rustwide/workdir:ro,Z" "-v" "/var/lib/crater-agent-workspace/builds/worker-4-tc1/target:/opt/rustwide/target:rw,Z" "-v" "/var/lib/crater-agent-workspace/cargo-home:/opt/rustwide/cargo-home:ro,Z" "-v" "/var/lib/crater-agent-workspace/rustup-home:/opt/rustwide/rustup-home:ro,Z" "-m" "1610612736" "--network" "none" "ghcr.io/rust-lang/crates-build-env/linux@sha256:77db811e55d90add9212f6832c23229e3de5f1c1f9905e8cb07319ea15df73ac" "sleep" "infinity", kill_on_drop: false }`
[INFO] [stdout] 939f8e2129df540074b0d7d4174eb2d139ab8f4b9ce9c9677a1f88895339cff2
[INFO] running `Command { std: "docker" "start" "939f8e2129df540074b0d7d4174eb2d139ab8f4b9ce9c9677a1f88895339cff2", kill_on_drop: false }`
[INFO] running `Command { std: "docker" "inspect" "939f8e2129df540074b0d7d4174eb2d139ab8f4b9ce9c9677a1f88895339cff2", kill_on_drop: false }`
[INFO] running `Command { std: "docker" "exec" "-e" "SOURCE_DIR=/opt/rustwide/workdir" "-e" "CARGO_HOME=/opt/rustwide/cargo-home" "-e" "RUSTUP_HOME=/opt/rustwide/rustup-home" "-e" "CARGO_TARGET_DIR=/opt/rustwide/target" "-w" "/opt/rustwide/workdir" "--user" "0:0" "939f8e2129df540074b0d7d4174eb2d139ab8f4b9ce9c9677a1f88895339cff2" "/opt/rustwide/cargo-home/bin/cargo" "+1.99.0-beta.8" "metadata" "--no-deps" "--format-version=1", kill_on_drop: false }`
[INFO] running `Command { std: "docker" "inspect" "939f8e2129df540074b0d7d4174eb2d139ab8f4b9ce9c9677a1f88895339cff2", kill_on_drop: false }`
[INFO] running `Command { std: "docker" "exec" "-e" "SOURCE_DIR=/opt/rustwide/workdir" "-e" "CARGO_HOME=/opt/rustwide/cargo-home" "-e" "RUSTUP_HOME=/opt/rustwide/rustup-home" "-e" "CARGO_TARGET_DIR=/opt/rustwide/target" "-e" "CARGO_INCREMENTAL=0" "-e" "RUST_BACKTRACE=full" "-e" "RUSTFLAGS=--cap-lints=warn" "-e" "RUSTDOCFLAGS=--cap-lints=warn" "-w" "/opt/rustwide/workdir" "--user" "0:0" "939f8e2129df540074b0d7d4174eb2d139ab8f4b9ce9c9677a1f88895339cff2" "/opt/rustwide/cargo-home/bin/cargo" "+1.99.0-beta.8" "build" "--frozen" "--message-format=json" "--release", kill_on_drop: false }`
[INFO] [stderr]    Compiling swc_common v26.0.0
[INFO] [stderr]    Compiling swc_error_reporters v28.0.0 (/opt/rustwide/workdir)
[INFO] [stderr]     Finished `release` profile [optimized] target(s) in 7.96s
[INFO] running `Command { std: "docker" "inspect" "939f8e2129df540074b0d7d4174eb2d139ab8f4b9ce9c9677a1f88895339cff2", kill_on_drop: false }`
[INFO] running `Command { std: "docker" "exec" "-e" "SOURCE_DIR=/opt/rustwide/workdir" "-e" "CARGO_HOME=/opt/rustwide/cargo-home" "-e" "RUSTUP_HOME=/opt/rustwide/rustup-home" "-e" "CARGO_TARGET_DIR=/opt/rustwide/target" "-e" "CARGO_INCREMENTAL=0" "-e" "RUST_BACKTRACE=full" "-e" "RUSTFLAGS=--cap-lints=warn" "-e" "RUSTDOCFLAGS=--cap-lints=warn" "-w" "/opt/rustwide/workdir" "--user" "0:0" "939f8e2129df540074b0d7d4174eb2d139ab8f4b9ce9c9677a1f88895339cff2" "/opt/rustwide/cargo-home/bin/cargo" "+1.99.0-beta.8" "test" "--frozen" "--no-run" "--message-format=json" "--release", kill_on_drop: false }`
[INFO] [stderr]    Compiling swc_error_reporters v28.0.0 (/opt/rustwide/workdir)
[INFO] [stderr]     Finished `release` profile [optimized] target(s) in 1.36s
[INFO] running `Command { std: "docker" "inspect" "939f8e2129df540074b0d7d4174eb2d139ab8f4b9ce9c9677a1f88895339cff2", kill_on_drop: false }`
[INFO] running `Command { std: "docker" "exec" "-e" "SOURCE_DIR=/opt/rustwide/workdir" "-e" "CARGO_HOME=/opt/rustwide/cargo-home" "-e" "RUSTUP_HOME=/opt/rustwide/rustup-home" "-e" "CARGO_TARGET_DIR=/opt/rustwide/target" "-e" "CARGO_INCREMENTAL=0" "-e" "RUST_BACKTRACE=full" "-e" "RUSTFLAGS=--cap-lints=warn" "-e" "RUSTDOCFLAGS=--cap-lints=warn" "-w" "/opt/rustwide/workdir" "--user" "0:0" "939f8e2129df540074b0d7d4174eb2d139ab8f4b9ce9c9677a1f88895339cff2" "/opt/rustwide/cargo-home/bin/cargo" "+1.99.0-beta.8" "test" "--frozen" "--release", kill_on_drop: false }`
[INFO] [stderr]     Finished `release` profile [optimized] target(s) in 0.11s
[INFO] [stderr]      Running unittests src/lib.rs (/opt/rustwide/target/release/deps/swc_error_reporters-79ff52ac2ba74f36)
[INFO] [stdout] 
[INFO] [stderr]      Running tests/fixture.rs (/opt/rustwide/target/release/deps/fixture-d224e5af6bbf42ea)
[INFO] [stdout] running 0 tests
[INFO] [stdout] 
[INFO] [stdout] test result: ok. 0 passed; 0 failed; 0 ignored; 0 measured; 0 filtered out; finished in 0.00s
[INFO] [stdout] 
[INFO] [stdout] 
[INFO] [stdout] running 3 tests
[INFO] [stdout] test test_long_text_wrap ... FAILED
[INFO] [stdout] test test_2 ... FAILED
[INFO] [stdout] test test_1 ... FAILED
[INFO] [stdout] 
[INFO] [stdout] failures:
[INFO] [stdout] 
[INFO] [stdout] ---- test_long_text_wrap stdout ----
[INFO] [stdout]   x You are attempting to export "metadata" from a component marked with "use client", which is disallowed. Either remove the export, or the "use client" directive. Read more: https://nextjs.org/docs/app/api-reference/directives/use-client
[INFO] [stdout]    ,----
[INFO] [stdout]  1 | 123456789
[INFO] [stdout]    : ^^
[INFO] [stdout]    `----
[INFO] [stdout] 
[INFO] [stdout] 
[INFO] [stdout] thread 'test_long_text_wrap' (287) panicked at tests/fixture.rs:28:38:
[INFO] [stdout] failed to write: Os { code: 30, kind: ReadOnlyFilesystem, message: "Read-only file system" }
[INFO] [stdout] stack backtrace:
[INFO] [stdout]    0:     0x58a6d3845a21 - <<std[70759c8f55707aa4]::sys::backtrace::BacktraceLock>::print::DisplayBacktrace as core[df12db4294e9bfd3]::fmt::Display>::fmt
[INFO] [stdout]    1:     0x58a6d385a80a - core[df12db4294e9bfd3]::fmt::write
[INFO] [stdout]    2:     0x58a6d384a3dc - <alloc[2182bb758b4b3781]::vec::Vec<u8> as core[df12db4294e9bfd3]::io::write::Write>::write_fmt
[INFO] [stdout]    3:     0x58a6d38211e6 - std[70759c8f55707aa4]::panicking::default_hook::{closure#0}
[INFO] [stdout]    4:     0x58a6d383dad9 - std[70759c8f55707aa4]::panicking::default_hook
[INFO] [stdout]    5:     0x58a6d37ab2b0 - test[9d35eded1c95d3be]::test_main_inner::<test[9d35eded1c95d3be]::test_main_static::{closure#0}>::{closure#0}
[INFO] [stdout]    6:     0x58a6d383dc92 - std[70759c8f55707aa4]::panicking::panic_with_hook
[INFO] [stdout]    7:     0x58a6d3821292 - std[70759c8f55707aa4]::panicking::panic_handler::{closure#0}
[INFO] [stdout]    8:     0x58a6d38198f9 - std[70759c8f55707aa4]::sys::backtrace::__rust_end_short_backtrace::<std[70759c8f55707aa4]::panicking::panic_handler::{closure#0}, !>
[INFO] [stdout]    9:     0x58a6d3821f9d - __rustc[8fa7c3cbc660c2b3]::rust_begin_unwind
[INFO] [stdout]   10:     0x58a6d385af6c - core[df12db4294e9bfd3]::panicking::panic_fmt
[INFO] [stdout]   11:     0x58a6d385ad42 - core[df12db4294e9bfd3]::result::unwrap_failed
[INFO] [stdout]   12:     0x58a6d379d929 - <fixture[17667d82cce9d164]::test_long_text_wrap::{closure#0} as core[df12db4294e9bfd3]::ops::function::FnOnce<()>>::call_once
[INFO] [stdout]   13:     0x58a6d379e59b - test[9d35eded1c95d3be]::__rust_begin_short_backtrace::<core[df12db4294e9bfd3]::result::Result<(), alloc[2182bb758b4b3781]::string::String>, fn() -> core[df12db4294e9bfd3]::result::Result<(), alloc[2182bb758b4b3781]::string::String>>
[INFO] [stdout]   14:     0x58a6d37abc05 - test[9d35eded1c95d3be]::run_test::{closure#0}
[INFO] [stdout]   15:     0x58a6d37a54c4 - std[70759c8f55707aa4]::sys::backtrace::__rust_begin_short_backtrace::<test[9d35eded1c95d3be]::run_test::{closure#1}, ()>
[INFO] [stdout]   16:     0x58a6d37aed62 - <std[70759c8f55707aa4]::thread::lifecycle::spawn_unchecked<test[9d35eded1c95d3be]::run_test::{closure#1}, ()>::{closure#1} as core[df12db4294e9bfd3]::ops::function::FnOnce<()>>::call_once::{shim:vtable#0}
[INFO] [stdout]   17:     0x58a6d3844db9 - <std[70759c8f55707aa4]::sys::thread::unix::Thread>::new::thread_start
[INFO] [stdout]   18:     0x7e6267890dfa - <unknown>
[INFO] [stdout]   19:     0x7e62679243d4 - clone
[INFO] [stdout]   20:                0x0 - <unknown>
[INFO] [stdout] 
[INFO] [stdout] ---- test_2 stdout ----
[INFO] [stdout]   x test
[INFO] [stdout]    ,----
[INFO] [stdout]  1 | 123456789
[INFO] [stdout]    : ^|^^
[INFO] [stdout]    :  `-- label
[INFO] [stdout]    `----
[INFO] [stdout]   help: help
[INFO] [stdout] 
[INFO] [stdout] Warning: 
[INFO] [stdout]   ! sub1
[INFO] [stdout]    ,----
[INFO] [stdout]  1 | 123456789
[INFO] [stdout]    :       ^
[INFO] [stdout]    `----
[INFO] [stdout] 
[INFO] [stdout] Warning: 
[INFO] [stdout]   ! sub2
[INFO] [stdout]    ,----
[INFO] [stdout]  1 | 123456789
[INFO] [stdout]    :      ^^
[INFO] [stdout]    `----
[INFO] [stdout] 
[INFO] [stdout] 
[INFO] [stdout] thread 'test_2' (286) panicked at tests/fixture.rs:28:38:
[INFO] [stdout] failed to write: Os { code: 30, kind: ReadOnlyFilesystem, message: "Read-only file system" }
[INFO] [stdout] stack backtrace:
[INFO] [stdout]    0:     0x58a6d3845a21 - <<std[70759c8f55707aa4]::sys::backtrace::BacktraceLock>::print::DisplayBacktrace as core[df12db4294e9bfd3]::fmt::Display>::fmt
[INFO] [stdout]    1:     0x58a6d385a80a - core[df12db4294e9bfd3]::fmt::write
[INFO] [stdout]    2:     0x58a6d384a3dc - <alloc[2182bb758b4b3781]::vec::Vec<u8> as core[df12db4294e9bfd3]::io::write::Write>::write_fmt
[INFO] [stdout]    3:     0x58a6d38211e6 - std[70759c8f55707aa4]::panicking::default_hook::{closure#0}
[INFO] [stdout]    4:     0x58a6d383dad9 - std[70759c8f55707aa4]::panicking::default_hook
[INFO] [stdout]    5:     0x58a6d37ab2b0 - test[9d35eded1c95d3be]::test_main_inner::<test[9d35eded1c95d3be]::test_main_static::{closure#0}>::{closure#0}
[INFO] [stdout]    6:     0x58a6d383dc92 - std[70759c8f55707aa4]::panicking::panic_with_hook
[INFO] [stdout]    7:     0x58a6d3821292 - std[70759c8f55707aa4]::panicking::panic_handler::{closure#0}
[INFO] [stdout]    8:     0x58a6d38198f9 - std[70759c8f55707aa4]::sys::backtrace::__rust_end_short_backtrace::<std[70759c8f55707aa4]::panicking::panic_handler::{closure#0}, !>
[INFO] [stdout]    9:     0x58a6d3821f9d - __rustc[8fa7c3cbc660c2b3]::rust_begin_unwind
[INFO] [stdout]   10:     0x58a6d385af6c - core[df12db4294e9bfd3]::panicking::panic_fmt
[INFO] [stdout]   11:     0x58a6d385ad42 - core[df12db4294e9bfd3]::result::unwrap_failed
[INFO] [stdout]   12:     0x58a6d379e3e9 - <fixture[17667d82cce9d164]::test_2::{closure#0} as core[df12db4294e9bfd3]::ops::function::FnOnce<()>>::call_once
[INFO] [stdout]   13:     0x58a6d379e59b - test[9d35eded1c95d3be]::__rust_begin_short_backtrace::<core[df12db4294e9bfd3]::result::Result<(), alloc[2182bb758b4b3781]::string::String>, fn() -> core[df12db4294e9bfd3]::result::Result<(), alloc[2182bb758b4b3781]::string::String>>
[INFO] [stdout]   14:     0x58a6d37abc05 - test[9d35eded1c95d3be]::run_test::{closure#0}
[INFO] [stdout]   15:     0x58a6d37a54c4 - std[70759c8f55707aa4]::sys::backtrace::__rust_begin_short_backtrace::<test[9d35eded1c95d3be]::run_test::{closure#1}, ()>
[INFO] [stdout]   16:     0x58a6d37aed62 - <std[70759c8f55707aa4]::thread::lifecycle::spawn_unchecked<test[9d35eded1c95d3be]::run_test::{closure#1}, ()>::{closure#1} as core[df12db4294e9bfd3]::ops::function::FnOnce<()>>::call_once::{shim:vtable#0}
[INFO] [stderr] error: test failed, to rerun pass `--test fixture`
[INFO] [stdout]   17:     0x58a6d3844db9 - <std[70759c8f55707aa4]::sys::thread::unix::Thread>::new::thread_start
[INFO] [stdout]   18:     0x7e6267890dfa - <unknown>
[INFO] [stdout]   19:     0x7e62679243d4 - clone
[INFO] [stdout]   20:                0x0 - <unknown>
[INFO] [stdout] 
[INFO] [stdout] ---- test_1 stdout ----
[INFO] [stdout]   x test
[INFO] [stdout]    ,----
[INFO] [stdout]  1 | 123456789
[INFO] [stdout]    : ^|^^
[INFO] [stdout]    :  `-- label
[INFO] [stdout]    `----
[INFO] [stdout] 
[INFO] [stdout] 
[INFO] [stdout] thread 'test_1' (285) panicked at tests/fixture.rs:28:38:
[INFO] [stdout] failed to write: Os { code: 30, kind: ReadOnlyFilesystem, message: "Read-only file system" }
[INFO] [stdout] stack backtrace:
[INFO] [stdout]    0:     0x58a6d3845a21 - <<std[70759c8f55707aa4]::sys::backtrace::BacktraceLock>::print::DisplayBacktrace as core[df12db4294e9bfd3]::fmt::Display>::fmt
[INFO] [stdout]    1:     0x58a6d385a80a - core[df12db4294e9bfd3]::fmt::write
[INFO] [stdout]    2:     0x58a6d384a3dc - <alloc[2182bb758b4b3781]::vec::Vec<u8> as core[df12db4294e9bfd3]::io::write::Write>::write_fmt
[INFO] [stdout]    3:     0x58a6d38211e6 - std[70759c8f55707aa4]::panicking::default_hook::{closure#0}
[INFO] [stdout]    4:     0x58a6d383dad9 - std[70759c8f55707aa4]::panicking::default_hook
[INFO] [stdout]    5:     0x58a6d37ab2b0 - test[9d35eded1c95d3be]::test_main_inner::<test[9d35eded1c95d3be]::test_main_static::{closure#0}>::{closure#0}
[INFO] [stdout]    6:     0x58a6d383dc92 - std[70759c8f55707aa4]::panicking::panic_with_hook
[INFO] [stdout]    7:     0x58a6d3821292 - std[70759c8f55707aa4]::panicking::panic_handler::{closure#0}
[INFO] [stdout]    8:     0x58a6d38198f9 - std[70759c8f55707aa4]::sys::backtrace::__rust_end_short_backtrace::<std[70759c8f55707aa4]::panicking::panic_handler::{closure#0}, !>
[INFO] [stdout]    9:     0x58a6d3821f9d - __rustc[8fa7c3cbc660c2b3]::rust_begin_unwind
[INFO] [stdout]   10:     0x58a6d385af6c - core[df12db4294e9bfd3]::panicking::panic_fmt
[INFO] [stdout]   11:     0x58a6d385ad42 - core[df12db4294e9bfd3]::result::unwrap_failed
[INFO] [stdout]   12:     0x58a6d379de89 - <fixture[17667d82cce9d164]::test_1::{closure#0} as core[df12db4294e9bfd3]::ops::function::FnOnce<()>>::call_once
[INFO] [stdout]   13:     0x58a6d379e59b - test[9d35eded1c95d3be]::__rust_begin_short_backtrace::<core[df12db4294e9bfd3]::result::Result<(), alloc[2182bb758b4b3781]::string::String>, fn() -> core[df12db4294e9bfd3]::result::Result<(), alloc[2182bb758b4b3781]::string::String>>
[INFO] [stdout]   14:     0x58a6d37abc05 - test[9d35eded1c95d3be]::run_test::{closure#0}
[INFO] [stdout]   15:     0x58a6d37a54c4 - std[70759c8f55707aa4]::sys::backtrace::__rust_begin_short_backtrace::<test[9d35eded1c95d3be]::run_test::{closure#1}, ()>
[INFO] [stdout]   16:     0x58a6d37aed62 - <std[70759c8f55707aa4]::thread::lifecycle::spawn_unchecked<test[9d35eded1c95d3be]::run_test::{closure#1}, ()>::{closure#1} as core[df12db4294e9bfd3]::ops::function::FnOnce<()>>::call_once::{shim:vtable#0}
[INFO] [stdout]   17:     0x58a6d3844db9 - <std[70759c8f55707aa4]::sys::thread::unix::Thread>::new::thread_start
[INFO] [stdout]   18:     0x7e6267890dfa - <unknown>
[INFO] [stdout]   19:     0x7e62679243d4 - clone
[INFO] [stdout]   20:                0x0 - <unknown>
[INFO] [stdout] 
[INFO] [stdout] 
[INFO] [stdout] failures:
[INFO] [stdout]     test_1
[INFO] [stdout]     test_2
[INFO] [stdout]     test_long_text_wrap
[INFO] [stdout] 
[INFO] [stdout] test result: FAILED. 0 passed; 3 failed; 0 ignored; 0 measured; 0 filtered out; finished in 0.01s
[INFO] [stdout] 
[INFO] running `Command { std: "docker" "inspect" "939f8e2129df540074b0d7d4174eb2d139ab8f4b9ce9c9677a1f88895339cff2", kill_on_drop: false }`
[INFO] running `Command { std: "docker" "rm" "-f" "939f8e2129df540074b0d7d4174eb2d139ab8f4b9ce9c9677a1f88895339cff2", kill_on_drop: false }`
[INFO] [stdout] 939f8e2129df540074b0d7d4174eb2d139ab8f4b9ce9c9677a1f88895339cff2
