[INFO] fetching crate swc_ecma_quote 46.0.0...
[INFO] testing swc_ecma_quote-46.0.0 against 1.99.0-beta.8+cargoflags=--release for beta-release-1.100-2
[INFO] extracting crate swc_ecma_quote 46.0.0 into /workspace/builds/worker-5-tc1/source
[INFO] started tweaking crates.io crate swc_ecma_quote 46.0.0
[INFO] finished tweaking crates.io crate swc_ecma_quote 46.0.0
[INFO] tweaked toml for crates.io crate swc_ecma_quote 46.0.0 written to /workspace/builds/worker-5-tc1/source/Cargo.toml
[INFO] validating manifest of crates.io crate swc_ecma_quote 46.0.0 on toolchain 1.99.0-beta.8
[INFO] running `Command { std: CARGO_HOME="/workspace/cargo-home" RUSTUP_HOME="/workspace/rustup-home" "/workspace/cargo-home/bin/cargo" "+1.99.0-beta.8" "metadata" "--manifest-path" "Cargo.toml" "--no-deps", kill_on_drop: false }`
[INFO] crate crates.io crate swc_ecma_quote 46.0.0 already has a lockfile, it will not be regenerated
[INFO] running `Command { std: CARGO_HOME="/workspace/cargo-home" RUSTUP_HOME="/workspace/rustup-home" "/workspace/cargo-home/bin/cargo" "+1.99.0-beta.8" "fetch" "--manifest-path" "Cargo.toml", kill_on_drop: false }`
[INFO] [stderr]     Updating crates.io index
[INFO] [stderr]  Downloading crates ...
[INFO] [stderr]   Downloaded swc_ecma_quote_macros v46.0.0
[INFO] [stderr]   Downloaded swc_visit v2.0.2
[INFO] [stderr]   Downloaded swc_ecma_ast v29.0.2
[INFO] [stderr]   Downloaded is-macro v0.3.8
[INFO] [stderr]   Downloaded bytes-str v0.2.9
[INFO] [stderr]   Downloaded hstr v4.0.2
[INFO] [stderr]   Downloaded compact_str v0.7.1
[INFO] [stderr]   Downloaded swc_ecma_parser v46.0.0
[INFO] running `Command { std: "docker" "create" "-v" "/var/lib/crater-agent-workspace/builds/worker-5-tc1/source:/opt/rustwide/workdir:ro,Z" "-v" "/var/lib/crater-agent-workspace/builds/worker-5-tc1/target:/opt/rustwide/target:rw,Z" "-v" "/var/lib/crater-agent-workspace/cargo-home:/opt/rustwide/cargo-home:ro,Z" "-v" "/var/lib/crater-agent-workspace/rustup-home:/opt/rustwide/rustup-home:ro,Z" "-m" "1610612736" "--network" "none" "ghcr.io/rust-lang/crates-build-env/linux@sha256:77db811e55d90add9212f6832c23229e3de5f1c1f9905e8cb07319ea15df73ac" "sleep" "infinity", kill_on_drop: false }`
[INFO] [stdout] 799d4767981b016edb57b1fbbfb19e5f4bffbef86fd81034db3d3a491a4f4672
[INFO] running `Command { std: "docker" "start" "799d4767981b016edb57b1fbbfb19e5f4bffbef86fd81034db3d3a491a4f4672", kill_on_drop: false }`
[INFO] running `Command { std: "docker" "inspect" "799d4767981b016edb57b1fbbfb19e5f4bffbef86fd81034db3d3a491a4f4672", kill_on_drop: false }`
[INFO] running `Command { std: "docker" "exec" "-e" "SOURCE_DIR=/opt/rustwide/workdir" "-e" "CARGO_HOME=/opt/rustwide/cargo-home" "-e" "RUSTUP_HOME=/opt/rustwide/rustup-home" "-e" "CARGO_TARGET_DIR=/opt/rustwide/target" "-w" "/opt/rustwide/workdir" "--user" "0:0" "799d4767981b016edb57b1fbbfb19e5f4bffbef86fd81034db3d3a491a4f4672" "/opt/rustwide/cargo-home/bin/cargo" "+1.99.0-beta.8" "metadata" "--no-deps" "--format-version=1", kill_on_drop: false }`
[INFO] running `Command { std: "docker" "inspect" "799d4767981b016edb57b1fbbfb19e5f4bffbef86fd81034db3d3a491a4f4672", kill_on_drop: false }`
[INFO] running `Command { std: "docker" "exec" "-e" "SOURCE_DIR=/opt/rustwide/workdir" "-e" "CARGO_HOME=/opt/rustwide/cargo-home" "-e" "RUSTUP_HOME=/opt/rustwide/rustup-home" "-e" "CARGO_TARGET_DIR=/opt/rustwide/target" "-e" "CARGO_INCREMENTAL=0" "-e" "RUST_BACKTRACE=full" "-e" "RUSTFLAGS=--cap-lints=warn" "-e" "RUSTDOCFLAGS=--cap-lints=warn" "-w" "/opt/rustwide/workdir" "--user" "0:0" "799d4767981b016edb57b1fbbfb19e5f4bffbef86fd81034db3d3a491a4f4672" "/opt/rustwide/cargo-home/bin/cargo" "+1.99.0-beta.8" "build" "--frozen" "--message-format=json" "--release", kill_on_drop: false }`
[INFO] [stderr]    Compiling syn v2.0.110
[INFO] [stderr]    Compiling zerocopy v0.8.25
[INFO] [stderr]    Compiling litemap v0.8.1
[INFO] [stderr]    Compiling writeable v0.6.2
[INFO] [stderr]    Compiling anyhow v1.0.103
[INFO] [stderr]    Compiling num-traits v0.2.19
[INFO] [stderr]    Compiling icu_properties_data v2.1.2
[INFO] [stderr]    Compiling icu_normalizer_data v2.1.1
[INFO] [stderr]    Compiling ahash v0.8.12
[INFO] [stderr]    Compiling phf_generator v0.11.2
[INFO] [stderr]    Compiling rustc-hash v2.1.1
[INFO] [stderr]    Compiling percent-encoding v2.3.1
[INFO] [stderr]    Compiling tracing-core v0.1.36
[INFO] [stderr]    Compiling pin-project-lite v0.2.14
[INFO] [stderr]    Compiling scoped-tls v1.0.1
[INFO] [stderr]    Compiling either v1.17.0
[INFO] [stderr]    Compiling better_scoped_tls v1.0.1
[INFO] [stderr]    Compiling unicode-width v0.2.2
[INFO] [stderr]    Compiling castaway v0.2.3
[INFO] [stderr]    Compiling static_assertions v1.1.0
[INFO] [stderr]    Compiling form_urlencoded v1.2.1
[INFO] [stderr]    Compiling bitflags v2.10.0
[INFO] [stderr]    Compiling unicode-id-start v1.3.1
[INFO] [stderr]    Compiling compact_str v0.7.1
[INFO] [stderr]    Compiling swc_visit v2.0.2
[INFO] [stderr]    Compiling num-integer v0.1.46
[INFO] [stderr]    Compiling hashbrown v0.14.5
[INFO] [stderr]    Compiling synstructure v0.13.2
[INFO] [stderr]    Compiling swc_macros_common v1.0.1
[INFO] [stderr]    Compiling zerofrom-derive v0.1.6
[INFO] [stderr]    Compiling yoke-derive v0.8.1
[INFO] [stderr]    Compiling zerovec-derive v0.11.2
[INFO] [stderr]    Compiling displaydoc v0.2.5
[INFO] [stderr]    Compiling serde_derive v1.0.228
[INFO] [stderr]    Compiling tracing-attributes v0.1.31
[INFO] [stderr]    Compiling swc_eq_ignore_macros v1.0.1
[INFO] [stderr]    Compiling from_variant v3.0.0
[INFO] [stderr]    Compiling phf_macros v0.11.3
[INFO] [stderr]    Compiling ast_node v7.0.0
[INFO] [stderr]    Compiling is-macro v0.3.8
[INFO] [stderr]    Compiling string_enum v1.0.2
[INFO] [stderr]    Compiling phf v0.11.3
[INFO] [stderr]    Compiling zerofrom v0.1.6
[INFO] [stderr]    Compiling yoke v0.8.1
[INFO] [stderr]    Compiling zerotrie v0.2.3
[INFO] [stderr]    Compiling tracing v0.1.44
[INFO] [stderr]    Compiling zerovec v0.11.5
[INFO] [stderr]    Compiling tinystr v0.8.2
[INFO] [stderr]    Compiling potential_utf v0.1.4
[INFO] [stderr]    Compiling icu_collections v2.1.1
[INFO] [stderr]    Compiling icu_locale_core v2.1.1
[INFO] [stderr]    Compiling serde v1.0.228
[INFO] [stderr]    Compiling icu_provider v2.1.1
[INFO] [stderr]    Compiling triomphe v0.1.14
[INFO] [stderr]    Compiling num-bigint v0.4.6
[INFO] [stderr]    Compiling bytes-str v0.2.9
[INFO] [stderr]    Compiling icu_normalizer v2.1.1
[INFO] [stderr]    Compiling icu_properties v2.1.2
[INFO] [stderr]    Compiling hstr v4.0.2
[INFO] [stderr]    Compiling swc_atoms v10.0.0
[INFO] [stderr]    Compiling idna_adapter v1.2.1
[INFO] [stderr]    Compiling idna v1.0.3
[INFO] [stderr]    Compiling url v2.5.4
[INFO] [stderr]    Compiling swc_common v26.0.0
[INFO] [stderr]    Compiling swc_ecma_ast v29.0.2
[INFO] [stderr]    Compiling swc_ecma_parser v46.0.0
[INFO] [stderr]    Compiling swc_ecma_quote_macros v46.0.0
[INFO] [stderr]    Compiling swc_ecma_quote v46.0.0 (/opt/rustwide/workdir)
[INFO] [stderr]     Finished `release` profile [optimized] target(s) in 50.37s
[INFO] running `Command { std: "docker" "inspect" "799d4767981b016edb57b1fbbfb19e5f4bffbef86fd81034db3d3a491a4f4672", kill_on_drop: false }`
[INFO] running `Command { std: "docker" "exec" "-e" "SOURCE_DIR=/opt/rustwide/workdir" "-e" "CARGO_HOME=/opt/rustwide/cargo-home" "-e" "RUSTUP_HOME=/opt/rustwide/rustup-home" "-e" "CARGO_TARGET_DIR=/opt/rustwide/target" "-e" "CARGO_INCREMENTAL=0" "-e" "RUST_BACKTRACE=full" "-e" "RUSTFLAGS=--cap-lints=warn" "-e" "RUSTDOCFLAGS=--cap-lints=warn" "-w" "/opt/rustwide/workdir" "--user" "0:0" "799d4767981b016edb57b1fbbfb19e5f4bffbef86fd81034db3d3a491a4f4672" "/opt/rustwide/cargo-home/bin/cargo" "+1.99.0-beta.8" "test" "--frozen" "--no-run" "--message-format=json" "--release", kill_on_drop: false }`
[INFO] [stderr]    Compiling swc_ecma_quote v46.0.0 (/opt/rustwide/workdir)
[INFO] [stderr]     Finished `release` profile [optimized] target(s) in 0.50s
[INFO] running `Command { std: "docker" "inspect" "799d4767981b016edb57b1fbbfb19e5f4bffbef86fd81034db3d3a491a4f4672", kill_on_drop: false }`
[INFO] running `Command { std: "docker" "exec" "-e" "SOURCE_DIR=/opt/rustwide/workdir" "-e" "CARGO_HOME=/opt/rustwide/cargo-home" "-e" "RUSTUP_HOME=/opt/rustwide/rustup-home" "-e" "CARGO_TARGET_DIR=/opt/rustwide/target" "-e" "CARGO_INCREMENTAL=0" "-e" "RUST_BACKTRACE=full" "-e" "RUSTFLAGS=--cap-lints=warn" "-e" "RUSTDOCFLAGS=--cap-lints=warn" "-w" "/opt/rustwide/workdir" "--user" "0:0" "799d4767981b016edb57b1fbbfb19e5f4bffbef86fd81034db3d3a491a4f4672" "/opt/rustwide/cargo-home/bin/cargo" "+1.99.0-beta.8" "test" "--frozen" "--release", kill_on_drop: false }`
[INFO] [stderr]     Finished `release` profile [optimized] target(s) in 0.16s
[INFO] [stderr]      Running unittests src/lib.rs (/opt/rustwide/target/release/deps/swc_ecma_quote-790129eb0a9825ec)
[INFO] [stdout] 
[INFO] [stderr]    Doc-tests swc_ecma_quote
[INFO] [stdout] running 0 tests
[INFO] [stdout] 
[INFO] [stdout] test result: ok. 0 passed; 0 failed; 0 ignored; 0 measured; 0 filtered out; finished in 0.00s
[INFO] [stdout] 
[INFO] [stdout] 
[INFO] [stdout] running 4 tests
[INFO] [stdout] test src/lib.rs - quote (line 92) ... FAILED
[INFO] [stdout] test src/lib.rs - quote (line 76) ... FAILED
[INFO] [stdout] test src/lib.rs - quote (line 60) ... FAILED
[INFO] [stdout] test src/lib.rs - quote (line 36) ... FAILED
[INFO] [stdout] 
[INFO] [stdout] failures:
[INFO] [stdout] 
[INFO] [stdout] ---- src/lib.rs - quote (line 92) stdout ----
[INFO] [stdout] error[E0433]: cannot find module or crate `swc_core` in this scope
[INFO] [stdout]    --> src/lib.rs:99:13
[INFO] [stdout]     |
[INFO] [stdout]  99 |   let _stmt = quote!(
[INFO] [stdout]     |  _____________^
[INFO] [stdout] 100 | |                 "import thing from \"$thing\";" as ModuleItem,
[INFO] [stdout] 101 | |                 thing: Str = "foo".into(),
[INFO] [stdout] 102 | |             );
[INFO] [stdout]     | |_____________^ use of unresolved module or unlinked crate `swc_core`
[INFO] [stdout]     |
[INFO] [stdout]     = note: this error originates in the macro `$crate::swc_ecma_quote_macros::internal_quote` which comes from the expansion of the macro `quote` (in Nightly builds, run with -Z macro-backtrace for more info)
[INFO] [stdout] 
[INFO] [stdout] error[E0433]: cannot find module or crate `swc_core` in this scope
[INFO] [stdout]    --> src/lib.rs:99:13
[INFO] [stdout]     |
[INFO] [stdout]  99 |   let _stmt = quote!(
[INFO] [stdout]     |  _____________^
[INFO] [stdout] 100 | |                 "import thing from \"$thing\";" as ModuleItem,
[INFO] [stdout] 101 | |                 thing: Str = "foo".into(),
[INFO] [stdout] 102 | |             );
[INFO] [stdout]     | |_____________^ use of unresolved module or unlinked crate `swc_core`
[INFO] [stdout]     |
[INFO] [stdout]     = help: if you wanted to use a crate named `swc_core`, use `cargo add swc_core` to add it to your `Cargo.toml`
[INFO] [stdout]     = note: this error originates in the macro `$crate::swc_ecma_quote_macros::internal_quote` which comes from the expansion of the macro `quote` (in Nightly builds, run with -Z macro-backtrace for more info)
[INFO] [stdout] 
[INFO] [stdout] error: aborting due to 2 previous errors
[INFO] [stdout] 
[INFO] [stdout] For more information about this error, try `rustc --explain E0433`.
[INFO] [stdout] Couldn't compile the test.
[INFO] [stdout] ---- src/lib.rs - quote (line 76) stdout ----
[INFO] [stdout] error[E0433]: cannot find module or crate `swc_core` in this scope
[INFO] [stdout]   --> src/lib.rs:83:13
[INFO] [stdout]    |
[INFO] [stdout] 83 |   let _stmt = quote!("const $name = 4;" as Stmt, name =
[INFO] [stdout]    |  _____________^
[INFO] [stdout] 84 | | Ident::new("ref".into(), DUMMY_SP));
[INFO] [stdout]    | |___________________________________^ use of unresolved module or unlinked crate `swc_core`
[INFO] [stdout]    |
[INFO] [stdout]    = note: this error originates in the macro `$crate::swc_ecma_quote_macros::internal_quote` which comes from the expansion of the macro `quote` (in Nightly builds, run with -Z macro-backtrace for more info)
[INFO] [stdout] 
[INFO] [stdout] error[E0433]: cannot find module or crate `swc_core` in this scope
[INFO] [stdout]   --> src/lib.rs:83:13
[INFO] [stdout]    |
[INFO] [stdout] 83 |   let _stmt = quote!("const $name = 4;" as Stmt, name =
[INFO] [stdout]    |  _____________^
[INFO] [stdout] 84 | | Ident::new("ref".into(), DUMMY_SP));
[INFO] [stdout]    | |___________________________________^ use of unresolved module or unlinked crate `swc_core`
[INFO] [stdout]    |
[INFO] [stdout]    = help: if you wanted to use a crate named `swc_core`, use `cargo add swc_core` to add it to your `Cargo.toml`
[INFO] [stdout]    = note: this error originates in the macro `$crate::swc_ecma_quote_macros::internal_quote` which comes from the expansion of the macro `quote` (in Nightly builds, run with -Z macro-backtrace for more info)
[INFO] [stdout] 
[INFO] [stdout] error[E0061]: this function takes 3 arguments but 2 arguments were supplied
[INFO] [stdout]    --> src/lib.rs:84:1
[INFO] [stdout]     |
[INFO] [stdout]  84 | Ident::new("ref".into(), DUMMY_SP));
[INFO] [stdout]     | ^^^^^^^^^^------------------------ argument #3 of type `SyntaxContext` is missing
[INFO] [stdout]     |
[INFO] [stdout] note: associated function defined here
[INFO] [stdout]    --> /opt/rustwide/cargo-home/registry/src/index.crates.io-1949cf8c6b5b557f/swc_ecma_ast-29.0.2/src/ident.rs:571:18
[INFO] [stdout]     |
[INFO] [stdout] 571 |     pub const fn new(sym: Atom, span: Span, ctxt: SyntaxContext) -> Self {
[INFO] [stdout]     |                  ^^^
[INFO] [stdout] help: provide the argument
[INFO] [stdout]     |
[INFO] [stdout]  84 | Ident::new("ref".into(), DUMMY_SP, /* SyntaxContext */));
[INFO] [stdout]     |                                  +++++++++++++++++++++
[INFO] [stdout] 
[INFO] [stdout] error: aborting due to 3 previous errors
[INFO] [stdout] 
[INFO] [stdout] Some errors have detailed explanations: E0061, E0433.
[INFO] [stdout] For more information about an error, try `rustc --explain E0061`.
[INFO] [stdout] Couldn't compile the test.
[INFO] [stdout] ---- src/lib.rs - quote (line 60) stdout ----
[INFO] [stdout] error[E0433]: cannot find module or crate `swc_core` in this scope
[INFO] [stdout]   --> src/lib.rs:67:13
[INFO] [stdout]    |
[INFO] [stdout] 67 |   let _stmt = quote!(
[INFO] [stdout]    |  _____________^
[INFO] [stdout] 68 | |                 "const $name = $val;" as Stmt,
[INFO] [stdout] 69 | |                 name = Ident::new("ref".into(), DUMMY_SP),
[INFO] [stdout] 70 | |                 val: Expr = 4.into(),
[INFO] [stdout] 71 | |             );
[INFO] [stdout]    | |_____________^ use of unresolved module or unlinked crate `swc_core`
[INFO] [stdout]    |
[INFO] [stdout]    = help: if you wanted to use a crate named `swc_core`, use `cargo add swc_core` to add it to your `Cargo.toml`
[INFO] [stdout]    = note: this error originates in the macro `$crate::swc_ecma_quote_macros::internal_quote` which comes from the expansion of the macro `quote` (in Nightly builds, run with -Z macro-backtrace for more info)
[INFO] [stdout] 
[INFO] [stdout] error[E0061]: this function takes 3 arguments but 2 arguments were supplied
[INFO] [stdout]    --> src/lib.rs:69:24
[INFO] [stdout]     |
[INFO] [stdout]  69 |                 name = Ident::new("ref".into(), DUMMY_SP),
[INFO] [stdout]     |                        ^^^^^^^^^^------------------------ argument #3 of type `SyntaxContext` is missing
[INFO] [stdout]     |
[INFO] [stdout] note: associated function defined here
[INFO] [stdout]    --> /opt/rustwide/cargo-home/registry/src/index.crates.io-1949cf8c6b5b557f/swc_ecma_ast-29.0.2/src/ident.rs:571:18
[INFO] [stdout]     |
[INFO] [stdout] 571 |     pub const fn new(sym: Atom, span: Span, ctxt: SyntaxContext) -> Self {
[INFO] [stdout]     |                  ^^^
[INFO] [stdout] help: provide the argument
[INFO] [stdout]     |
[INFO] [stdout]  69 |                 name = Ident::new("ref".into(), DUMMY_SP, /* SyntaxContext */),
[INFO] [stdout]     |                                                         +++++++++++++++++++++
[INFO] [stdout] 
[INFO] [stdout] error: aborting due to 2 previous errors
[INFO] [stdout] 
[INFO] [stdout] Some errors have detailed explanations: E0061, E0433.
[INFO] [stdout] For more information about an error, try `rustc --explain E0061`.
[INFO] [stdout] Couldn't compile the test.
[INFO] [stdout] ---- src/lib.rs - quote (line 36) stdout ----
[INFO] [stdout] error[E0433]: cannot find module or crate `swc_core` in this scope
[INFO] [stdout]   --> src/lib.rs:43:13
[INFO] [stdout]    |
[INFO] [stdout] 43 | let _stmt = quote!("const $name = 4;" as Stmt, name = Ident::new("ref".into(), DUMMY_SP));
[INFO] [stdout]    |             ^^^^^^^^^^^^^^^^^^^^^^^^^^^^^^^^^^^^^^^^^^^^^^^^^^^^^^^^^^^^^^^^^^^^^^^^^^^^^ use of unresolved module or unlinked crate `swc_core`
[INFO] [stdout]    |
[INFO] [stdout]    = note: this error originates in the macro `$crate::swc_ecma_quote_macros::internal_quote` which comes from the expansion of the macro `quote` (in Nightly builds, run with -Z macro-backtrace for more info)
[INFO] [stdout] 
[INFO] [stdout] error[E0433]: cannot find module or crate `swc_core` in this scope
[INFO] [stdout]   --> src/lib.rs:43:13
[INFO] [stdout]    |
[INFO] [stdout] 43 | let _stmt = quote!("const $name = 4;" as Stmt, name = Ident::new("ref".into(), DUMMY_SP));
[INFO] [stdout]    |             ^^^^^^^^^^^^^^^^^^^^^^^^^^^^^^^^^^^^^^^^^^^^^^^^^^^^^^^^^^^^^^^^^^^^^^^^^^^^^ use of unresolved module or unlinked crate `swc_core`
[INFO] [stdout]    |
[INFO] [stdout]    = help: if you wanted to use a crate named `swc_core`, use `cargo add swc_core` to add it to your `Cargo.toml`
[INFO] [stdout]    = note: this error originates in the macro `$crate::swc_ecma_quote_macros::internal_quote` which comes from the expansion of the macro `quote` (in Nightly builds, run with -Z macro-backtrace for more info)
[INFO] [stdout] 
[INFO] [stdout] error[E0061]: this function takes 3 arguments but 2 arguments were supplied
[INFO] [stdout]    --> src/lib.rs:43:55
[INFO] [stdout]     |
[INFO] [stdout]  43 | let _stmt = quote!("const $name = 4;" as Stmt, name = Ident::new("ref".into(), DUMMY_SP));
[INFO] [stdout]     |                                                       ^^^^^^^^^^------------------------ argument #3 of type `SyntaxContext` is missing
[INFO] [stdout]     |
[INFO] [stdout] note: associated function defined here
[INFO] [stdout]    --> /opt/rustwide/cargo-home/registry/src/index.crates.io-1949cf8c6b5b557f/swc_ecma_ast-29.0.2/src/ident.rs:571:18
[INFO] [stdout]     |
[INFO] [stdout] 571 |     pub const fn new(sym: Atom, span: Span, ctxt: SyntaxContext) -> Self {
[INFO] [stdout]     |                  ^^^
[INFO] [stdout] help: provide the argument
[INFO] [stdout]     |
[INFO] [stdout]  43 | let _stmt = quote!("const $name = 4;" as Stmt, name = Ident::new("ref".into(), DUMMY_SP, /* SyntaxContext */));
[INFO] [stdout]     |                                                                                        +++++++++++++++++++++
[INFO] [stdout] 
[INFO] [stdout] error: aborting due to 3 previous errors
[INFO] [stdout] 
[INFO] [stdout] Some errors have detailed explanations: E0061, E0433.
[INFO] [stdout] For more information about an error, try `rustc --explain E0061`.
[INFO] [stdout] Couldn't compile the test.
[INFO] [stdout] 
[INFO] [stdout] failures:
[INFO] [stdout]     src/lib.rs - quote (line 36)
[INFO] [stdout]     src/lib.rs - quote (line 60)
[INFO] [stdout]     src/lib.rs - quote (line 76)
[INFO] [stdout]     src/lib.rs - quote (line 92)
[INFO] [stdout] 
[INFO] [stdout] test result: FAILED. 0 passed; 4 failed; 0 ignored; 0 measured; 0 filtered out; finished in 0.37s
[INFO] [stdout] 
[INFO] [stderr] error: doctest failed, to rerun pass `--doc`
[INFO] running `Command { std: "docker" "inspect" "799d4767981b016edb57b1fbbfb19e5f4bffbef86fd81034db3d3a491a4f4672", kill_on_drop: false }`
[INFO] running `Command { std: "docker" "rm" "-f" "799d4767981b016edb57b1fbbfb19e5f4bffbef86fd81034db3d3a491a4f4672", kill_on_drop: false }`
[INFO] [stdout] 799d4767981b016edb57b1fbbfb19e5f4bffbef86fd81034db3d3a491a4f4672
