[INFO] fetching crate swc_ecma_compat_es2016 51.0.0...
[INFO] testing swc_ecma_compat_es2016-51.0.0 against 1.99.0-beta.8+cargoflags=--release for beta-release-1.100-2
[INFO] extracting crate swc_ecma_compat_es2016 51.0.0 into /workspace/builds/worker-1-tc1/source
[INFO] started tweaking crates.io crate swc_ecma_compat_es2016 51.0.0
[INFO] finished tweaking crates.io crate swc_ecma_compat_es2016 51.0.0
[INFO] tweaked toml for crates.io crate swc_ecma_compat_es2016 51.0.0 written to /workspace/builds/worker-1-tc1/source/Cargo.toml
[INFO] validating manifest of crates.io crate swc_ecma_compat_es2016 51.0.0 on toolchain 1.99.0-beta.8
[INFO] running `Command { std: CARGO_HOME="/workspace/cargo-home" RUSTUP_HOME="/workspace/rustup-home" "/workspace/cargo-home/bin/cargo" "+1.99.0-beta.8" "metadata" "--manifest-path" "Cargo.toml" "--no-deps", kill_on_drop: false }`
[INFO] crate crates.io crate swc_ecma_compat_es2016 51.0.0 already has a lockfile, it will not be regenerated
[INFO] running `Command { std: CARGO_HOME="/workspace/cargo-home" RUSTUP_HOME="/workspace/rustup-home" "/workspace/cargo-home/bin/cargo" "+1.99.0-beta.8" "fetch" "--manifest-path" "Cargo.toml", kill_on_drop: false }`
[INFO] [stderr]     Updating crates.io index
[INFO] [stderr]  Downloading crates ...
[INFO] [stderr]   Downloaded bytes-str v0.2.9
[INFO] [stderr]   Downloaded is-macro v0.3.8
[INFO] [stderr]   Downloaded testing v27.0.0
[INFO] [stderr]   Downloaded dragonbox_ecma v0.1.12
[INFO] [stderr]   Downloaded cargo-platform v0.1.8
[INFO] [stderr]   Downloaded swc_ecma_testing v27.0.1
[INFO] [stderr]   Downloaded swc_ecma_transforms_testing v54.0.0
[INFO] [stderr]   Downloaded testing_macros v1.0.2
[INFO] [stderr]   Downloaded cpufeatures v0.2.13
[INFO] [stderr]   Downloaded swc_error_reporters v28.0.0
[INFO] [stderr]   Downloaded psm v0.1.21
[INFO] [stderr]   Downloaded relative-path v1.9.2
[INFO] [stderr]   Downloaded owo-colors v4.2.3
[INFO] [stderr]   Downloaded pretty_assertions v1.4.0
[INFO] [stderr]   Downloaded swc_ecma_codegen v32.0.3
[INFO] [stderr]   Downloaded camino v1.1.9
[INFO] [stderr]   Downloaded cc v1.2.46
[INFO] running `Command { std: "docker" "create" "-v" "/var/lib/crater-agent-workspace/builds/worker-1-tc1/source:/opt/rustwide/workdir:ro,Z" "-v" "/var/lib/crater-agent-workspace/builds/worker-1-tc1/target:/opt/rustwide/target:rw,Z" "-v" "/var/lib/crater-agent-workspace/cargo-home:/opt/rustwide/cargo-home:ro,Z" "-v" "/var/lib/crater-agent-workspace/rustup-home:/opt/rustwide/rustup-home:ro,Z" "-m" "1610612736" "--network" "none" "ghcr.io/rust-lang/crates-build-env/linux@sha256:77db811e55d90add9212f6832c23229e3de5f1c1f9905e8cb07319ea15df73ac" "sleep" "infinity", kill_on_drop: false }`
[INFO] [stdout] 073fa37d323e99e8f5c169927bf0907519f7902d28256f565af6ccfe1f61b961
[INFO] running `Command { std: "docker" "start" "073fa37d323e99e8f5c169927bf0907519f7902d28256f565af6ccfe1f61b961", kill_on_drop: false }`
[INFO] running `Command { std: "docker" "inspect" "073fa37d323e99e8f5c169927bf0907519f7902d28256f565af6ccfe1f61b961", kill_on_drop: false }`
[INFO] running `Command { std: "docker" "exec" "-e" "SOURCE_DIR=/opt/rustwide/workdir" "-e" "CARGO_HOME=/opt/rustwide/cargo-home" "-e" "RUSTUP_HOME=/opt/rustwide/rustup-home" "-e" "CARGO_TARGET_DIR=/opt/rustwide/target" "-w" "/opt/rustwide/workdir" "--user" "0:0" "073fa37d323e99e8f5c169927bf0907519f7902d28256f565af6ccfe1f61b961" "/opt/rustwide/cargo-home/bin/cargo" "+1.99.0-beta.8" "metadata" "--no-deps" "--format-version=1", kill_on_drop: false }`
[INFO] running `Command { std: "docker" "inspect" "073fa37d323e99e8f5c169927bf0907519f7902d28256f565af6ccfe1f61b961", kill_on_drop: false }`
[INFO] running `Command { std: "docker" "exec" "-e" "SOURCE_DIR=/opt/rustwide/workdir" "-e" "CARGO_HOME=/opt/rustwide/cargo-home" "-e" "RUSTUP_HOME=/opt/rustwide/rustup-home" "-e" "CARGO_TARGET_DIR=/opt/rustwide/target" "-e" "CARGO_INCREMENTAL=0" "-e" "RUST_BACKTRACE=full" "-e" "RUSTFLAGS=--cap-lints=warn" "-e" "RUSTDOCFLAGS=--cap-lints=warn" "-w" "/opt/rustwide/workdir" "--user" "0:0" "073fa37d323e99e8f5c169927bf0907519f7902d28256f565af6ccfe1f61b961" "/opt/rustwide/cargo-home/bin/cargo" "+1.99.0-beta.8" "build" "--frozen" "--message-format=json" "--release", kill_on_drop: false }`
[INFO] [stderr]    Compiling writeable v0.6.2
[INFO] [stderr]    Compiling litemap v0.8.1
[INFO] [stderr]    Compiling zerocopy v0.8.25
[INFO] [stderr]    Compiling autocfg v1.3.0
[INFO] [stderr]    Compiling rustc-hash v2.1.1
[INFO] [stderr]    Compiling percent-encoding v2.3.1
[INFO] [stderr]    Compiling syn v2.0.110
[INFO] [stderr]    Compiling scoped-tls v1.0.1
[INFO] [stderr]    Compiling swc_visit v2.0.2
[INFO] [stderr]    Compiling siphasher v1.0.1
[INFO] [stderr]    Compiling bitflags v2.10.0
[INFO] [stderr]    Compiling unicode-id-start v1.3.1
[INFO] [stderr]    Compiling rustversion v1.0.17
[INFO] [stderr]    Compiling dragonbox_ecma v0.1.12
[INFO] [stderr]    Compiling swc_ecma_regexp_common v0.0.1
[INFO] [stderr]    Compiling better_scoped_tls v1.0.1
[INFO] [stderr]    Compiling form_urlencoded v1.2.1
[INFO] [stderr]    Compiling indexmap v2.12.0
[INFO] [stderr]    Compiling num_cpus v1.16.0
[INFO] [stderr]    Compiling par-core v2.0.0
[INFO] [stderr]    Compiling phf_shared v0.11.3
[INFO] [stderr]    Compiling phf_generator v0.11.2
[INFO] [stderr]    Compiling num-traits v0.2.19
[INFO] [stderr]    Compiling castaway v0.2.3
[INFO] [stderr]    Compiling compact_str v0.7.1
[INFO] [stderr]    Compiling num-integer v0.1.46
[INFO] [stderr]    Compiling ahash v0.8.12
[INFO] [stderr]    Compiling hashbrown v0.14.5
[INFO] [stderr]    Compiling synstructure v0.13.2
[INFO] [stderr]    Compiling swc_macros_common v1.0.1
[INFO] [stderr]    Compiling zerofrom-derive v0.1.6
[INFO] [stderr]    Compiling yoke-derive v0.8.1
[INFO] [stderr]    Compiling zerovec-derive v0.11.2
[INFO] [stderr]    Compiling displaydoc v0.2.5
[INFO] [stderr]    Compiling serde_derive v1.0.228
[INFO] [stderr]    Compiling tracing-attributes v0.1.31
[INFO] [stderr]    Compiling ast_node v7.0.0
[INFO] [stderr]    Compiling swc_eq_ignore_macros v1.0.1
[INFO] [stderr]    Compiling from_variant v3.0.0
[INFO] [stderr]    Compiling is-macro v0.3.8
[INFO] [stderr]    Compiling phf_macros v0.11.3
[INFO] [stderr]    Compiling string_enum v1.0.2
[INFO] [stderr]    Compiling phf v0.11.3
[INFO] [stderr]    Compiling zerofrom v0.1.6
[INFO] [stderr]    Compiling yoke v0.8.1
[INFO] [stderr]    Compiling tracing v0.1.44
[INFO] [stderr]    Compiling zerovec v0.11.5
[INFO] [stderr]    Compiling zerotrie v0.2.3
[INFO] [stderr]    Compiling tinystr v0.8.2
[INFO] [stderr]    Compiling potential_utf v0.1.4
[INFO] [stderr]    Compiling icu_collections v2.1.1
[INFO] [stderr]    Compiling icu_locale_core v2.1.1
[INFO] [stderr]    Compiling serde v1.0.228
[INFO] [stderr]    Compiling triomphe v0.1.14
[INFO] [stderr]    Compiling num-bigint v0.4.6
[INFO] [stderr]    Compiling bytes-str v0.2.9
[INFO] [stderr]    Compiling hstr v4.0.2
[INFO] [stderr]    Compiling swc_atoms v10.0.0
[INFO] [stderr]    Compiling icu_provider v2.1.1
[INFO] [stderr]    Compiling icu_normalizer v2.1.1
[INFO] [stderr]    Compiling icu_properties v2.1.2
[INFO] [stderr]    Compiling idna_adapter v1.2.1
[INFO] [stderr]    Compiling idna v1.0.3
[INFO] [stderr]    Compiling url v2.5.4
[INFO] [stderr]    Compiling swc_common v26.0.0
[INFO] [stderr]    Compiling swc_ecma_ast v29.0.2
[INFO] [stderr]    Compiling swc_ecma_regexp_ast v3.0.0
[INFO] [stderr]    Compiling swc_ecma_regexp_visit v0.15.0
[INFO] [stderr]    Compiling swc_ecma_regexp v0.15.0
[INFO] [stderr]    Compiling swc_ecma_compat_regexp v9.0.0
[INFO] [stderr]    Compiling swc_ecma_visit v29.0.0
[INFO] [stderr]    Compiling swc_ecma_parser v46.0.0
[INFO] [stderr]    Compiling swc_ecma_utils v35.0.2
[INFO] [stderr]    Compiling swc_ecma_hooks v1.0.0
[INFO] [stderr]    Compiling swc_ecma_transforms_base v50.0.0
[INFO] [stderr]    Compiling swc_ecma_transformer v22.0.0
[INFO] [stderr]    Compiling swc_ecma_compat_es2016 v51.0.0 (/opt/rustwide/workdir)
[INFO] [stderr]     Finished `release` profile [optimized] target(s) in 1m 25s
[INFO] running `Command { std: "docker" "inspect" "073fa37d323e99e8f5c169927bf0907519f7902d28256f565af6ccfe1f61b961", kill_on_drop: false }`
[INFO] running `Command { std: "docker" "exec" "-e" "SOURCE_DIR=/opt/rustwide/workdir" "-e" "CARGO_HOME=/opt/rustwide/cargo-home" "-e" "RUSTUP_HOME=/opt/rustwide/rustup-home" "-e" "CARGO_TARGET_DIR=/opt/rustwide/target" "-e" "CARGO_INCREMENTAL=0" "-e" "RUST_BACKTRACE=full" "-e" "RUSTFLAGS=--cap-lints=warn" "-e" "RUSTDOCFLAGS=--cap-lints=warn" "-w" "/opt/rustwide/workdir" "--user" "0:0" "073fa37d323e99e8f5c169927bf0907519f7902d28256f565af6ccfe1f61b961" "/opt/rustwide/cargo-home/bin/cargo" "+1.99.0-beta.8" "test" "--frozen" "--no-run" "--message-format=json" "--release", kill_on_drop: false }`
[INFO] [stderr]    Compiling serde_core v1.0.228
[INFO] [stderr]    Compiling serde v1.0.228
[INFO] [stderr]    Compiling radium v0.7.0
[INFO] [stderr]    Compiling serde_json v1.0.140
[INFO] [stderr]    Compiling tracing-core v0.1.36
[INFO] [stderr]    Compiling lock_api v0.4.12
[INFO] [stderr]    Compiling wyz v0.5.1
[INFO] [stderr]    Compiling hashbrown v0.14.5
[INFO] [stderr]    Compiling funty v2.0.0
[INFO] [stderr]    Compiling vsimd v0.8.0
[INFO] [stderr]    Compiling outref v0.5.2
[INFO] [stderr]    Compiling uuid v1.16.0
[INFO] [stderr]    Compiling parking_lot_core v0.9.10
[INFO] [stderr]    Compiling if_chain v1.0.2
[INFO] [stderr]    Compiling data-encoding v2.9.0
[INFO] [stderr]    Compiling bitflags v2.10.0
[INFO] [stderr]    Compiling find-msvc-tools v0.1.5
[INFO] [stderr]    Compiling aho-corasick v1.1.3
[INFO] [stderr]    Compiling owo-colors v4.2.3
[INFO] [stderr]    Compiling cc v1.2.46
[INFO] [stderr]    Compiling generic-array v0.14.7
[INFO] [stderr]    Compiling camino v1.1.9
[INFO] [stderr]    Compiling textwrap v0.16.0
[INFO] [stderr]    Compiling thiserror-impl v1.0.69
[INFO] [stderr]    Compiling miette-derive v7.6.0
[INFO] [stderr]    Compiling parking_lot v0.12.3
[INFO] [stderr]    Compiling bitvec v1.0.1
[INFO] [stderr]    Compiling log v0.4.28
[INFO] [stderr]    Compiling base64-simd v0.8.0
[INFO] [stderr]    Compiling tracing v0.1.44
[INFO] [stderr]    Compiling tracing-log v0.2.0
[INFO] [stderr]    Compiling psm v0.1.21
[INFO] [stderr]    Compiling stacker v0.1.25
[INFO] [stderr]    Compiling block-buffer v0.10.4
[INFO] [stderr]    Compiling crypto-common v0.1.6
[INFO] [stderr]    Compiling thread_local v1.1.7
[INFO] [stderr]    Compiling once_cell v1.21.3
[INFO] [stderr]    Compiling yansi v0.5.1
[INFO] [stderr]    Compiling nu-ansi-term v0.50.1
[INFO] [stderr]    Compiling rustix v0.38.44
[INFO] [stderr]    Compiling regex-automata v0.4.18
[INFO] [stderr]    Compiling relative-path v1.9.2
[INFO] [stderr]    Compiling pretty_assertions v1.4.0
[INFO] [stderr]    Compiling thiserror v1.0.69
[INFO] [stderr]    Compiling digest v0.10.7
[INFO] [stderr]    Compiling miette v7.6.0
[INFO] [stderr]    Compiling bumpalo v3.19.0
[INFO] [stderr]    Compiling difference v2.0.0
[INFO] [stderr]    Compiling cpufeatures v0.2.13
[INFO] [stderr]    Compiling swc_ecma_codegen_macros v2.0.2
[INFO] [stderr]    Compiling ascii v1.1.0
[INFO] [stderr]    Compiling swc_allocator v5.0.0
[INFO] [stderr]    Compiling sha2 v0.10.9
[INFO] [stderr]    Compiling fastrand v2.1.1
[INFO] [stderr]    Compiling regex v1.10.6
[INFO] [stderr]    Compiling tempfile v3.12.0
[INFO] [stderr]    Compiling semver v1.0.27
[INFO] [stderr]    Compiling testing_macros v1.0.2
[INFO] [stderr]    Compiling triomphe v0.1.14
[INFO] [stderr]    Compiling bytes-str v0.2.9
[INFO] [stderr]    Compiling debugid v0.8.0
[INFO] [stderr]    Compiling num-bigint v0.4.6
[INFO] [stderr]    Compiling cargo-platform v0.1.8
[INFO] [stderr]    Compiling hstr v4.0.2
[INFO] [stderr]    Compiling swc_atoms v10.0.0
[INFO] [stderr]    Compiling swc_sourcemap v10.0.2
[INFO] [stderr]    Compiling cargo_metadata v0.18.1
[INFO] [stderr]    Compiling swc_common v26.0.0
[INFO] [stderr]    Compiling matchers v0.2.0
[INFO] [stderr]    Compiling tracing-subscriber v0.3.20
[INFO] [stderr]    Compiling swc_ecma_ast v29.0.2
[INFO] [stderr]    Compiling swc_ecma_regexp_ast v3.0.0
[INFO] [stderr]    Compiling swc_error_reporters v28.0.0
[INFO] [stderr]    Compiling swc_ecma_regexp_visit v0.15.0
[INFO] [stderr]    Compiling testing v27.0.0
[INFO] [stderr]    Compiling swc_ecma_testing v27.0.1
[INFO] [stderr]    Compiling swc_ecma_regexp v0.15.0
[INFO] [stderr]    Compiling swc_ecma_compat_regexp v9.0.0
[INFO] [stderr]    Compiling swc_ecma_visit v29.0.0
[INFO] [stderr]    Compiling swc_ecma_parser v46.0.0
[INFO] [stderr]    Compiling swc_ecma_utils v35.0.2
[INFO] [stderr]    Compiling swc_ecma_hooks v1.0.0
[INFO] [stderr]    Compiling swc_ecma_transforms_base v50.0.0
[INFO] [stderr]    Compiling swc_ecma_codegen v32.0.3
[INFO] [stderr]    Compiling swc_ecma_transformer v22.0.0
[INFO] [stderr]    Compiling swc_ecma_compat_es2016 v51.0.0 (/opt/rustwide/workdir)
[INFO] [stderr]    Compiling swc_ecma_transforms_testing v54.0.0
[INFO] [stderr]     Finished `release` profile [optimized] target(s) in 2m 43s
[INFO] running `Command { std: "docker" "inspect" "073fa37d323e99e8f5c169927bf0907519f7902d28256f565af6ccfe1f61b961", kill_on_drop: false }`
[INFO] running `Command { std: "docker" "exec" "-e" "SOURCE_DIR=/opt/rustwide/workdir" "-e" "CARGO_HOME=/opt/rustwide/cargo-home" "-e" "RUSTUP_HOME=/opt/rustwide/rustup-home" "-e" "CARGO_TARGET_DIR=/opt/rustwide/target" "-e" "CARGO_INCREMENTAL=0" "-e" "RUST_BACKTRACE=full" "-e" "RUSTFLAGS=--cap-lints=warn" "-e" "RUSTDOCFLAGS=--cap-lints=warn" "-w" "/opt/rustwide/workdir" "--user" "0:0" "073fa37d323e99e8f5c169927bf0907519f7902d28256f565af6ccfe1f61b961" "/opt/rustwide/cargo-home/bin/cargo" "+1.99.0-beta.8" "test" "--frozen" "--release", kill_on_drop: false }`
[INFO] [stderr]     Finished `release` profile [optimized] target(s) in 0.29s
[INFO] [stderr]      Running unittests src/lib.rs (/opt/rustwide/target/release/deps/swc_ecma_compat_es2016-81c02ba5b9052dfc)
[INFO] [stdout] 
[INFO] [stdout] running 7 tests
[INFO] [stdout] test exponentiation::tests::babel_comprehensive ... ignored
[INFO] [stdout] test exponentiation::tests::babel_memoize_object ... ignored
[INFO] [stdout] test exponentiation::tests::babel_binary ... FAILED
[INFO] [stdout] test exponentiation::tests::assign_to_object_property ... FAILED
[INFO] [stdout] test exponentiation::tests::assign ... FAILED
[INFO] [stdout] test exponentiation::tests::issue_740 ... FAILED
[INFO] [stdout] test exponentiation::tests::babel_binary_member_assignment_expression ... FAILED
[INFO] [stdout] 
[INFO] [stdout] failures:
[INFO] [stdout] 
[INFO] [stdout] ---- exponentiation::tests::babel_binary stdout ----
[INFO] [stdout] ----- [32mExpected[0m -----
[INFO] [stdout] 
[INFO] [stdout] ----- [32mInput[0m -----
[INFO] [stdout] 2 ** 2
[INFO] [stdout] ----- [32mActual[0m -----
[INFO] [stdout] ----- [32mComments[0m -----
[INFO] [stdout] SingleThreadedComments { leading: RefCell { value: {} }, trailing: RefCell { value: {} } }
[INFO] [stdout] Math.pow(2, 2);
[INFO] [stdout] 
[INFO] [stdout] 
[INFO] [stdout] thread 'exponentiation::tests::babel_binary' (3329) panicked at /opt/rustwide/cargo-home/registry/src/index.crates.io-1949cf8c6b5b557f/testing-27.0.0/src/output.rs:169:48:
[INFO] [stdout] failed to run `mkdir -p`: Os { code: 30, kind: ReadOnlyFilesystem, message: "Read-only file system" }
[INFO] [stdout] stack backtrace:
[INFO] [stdout]    0:     0x602047a079a1 - <<std[70759c8f55707aa4]::sys::backtrace::BacktraceLock>::print::DisplayBacktrace as core[df12db4294e9bfd3]::fmt::Display>::fmt
[INFO] [stdout]    1:     0x602047a1ea5a - core[df12db4294e9bfd3]::fmt::write
[INFO] [stdout]    2:     0x602047a0c32c - <alloc[2182bb758b4b3781]::vec::Vec<u8> as core[df12db4294e9bfd3]::io::write::Write>::write_fmt
[INFO] [stdout]    3:     0x6020479e1ab6 - std[70759c8f55707aa4]::panicking::default_hook::{closure#0}
[INFO] [stdout]    4:     0x6020479fed59 - std[70759c8f55707aa4]::panicking::default_hook
[INFO] [stdout]    5:     0x60204755a1a0 - test[9d35eded1c95d3be]::test_main_inner::<test[9d35eded1c95d3be]::test_main_static::{closure#0}>::{closure#0}
[INFO] [stdout]    6:     0x6020479ff082 - std[70759c8f55707aa4]::panicking::panic_with_hook
[INFO] [stdout]    7:     0x6020479e1b62 - std[70759c8f55707aa4]::panicking::panic_handler::{closure#0}
[INFO] [stdout]    8:     0x6020479da609 - std[70759c8f55707aa4]::sys::backtrace::__rust_end_short_backtrace::<std[70759c8f55707aa4]::panicking::panic_handler::{closure#0}, !>
[INFO] [stdout]    9:     0x6020479e275d - __rustc[8fa7c3cbc660c2b3]::rust_begin_unwind
[INFO] [stdout]   10:     0x602047a1f23c - core[df12db4294e9bfd3]::panicking::panic_fmt
[INFO] [stdout]   11:     0x602047a1f012 - core[df12db4294e9bfd3]::result::unwrap_failed
[INFO] [stdout]   12:     0x6020476bd63d - <testing[4351e8cff58c1e7b]::output::NormalizedOutput>::compare_to_file::<&std[70759c8f55707aa4]::path::Path>
[INFO] [stdout]   13:     0x60204759d872 - swc_ecma_transforms_testing[66135d70d980e76a]::test_fixture_inner
[INFO] [stdout]   14:     0x6020474c185d - swc_ecma_transforms_testing[66135d70d980e76a]::test_inlined_transform::<swc_ecma_compat_es2016[fb91a7c4837486dd]::exponentiation::tests::babel_binary::{closure#0}, swc_ecma_visit[4972452e3ad2ecf0]::VisitMutPass<swc_ecma_hooks[393b135469175a27]::generated::VisitMutWithHook<swc_ecma_transformer[b4c1b2d17c57e11]::hook_utils::OrderedChain<swc_ecma_transformer[b4c1b2d17c57e11]::es2016::exponentiation_operator::ExponentiationOperatorPass, swc_ecma_transformer[b4c1b2d17c57e11]::common::var_declarations::VarDeclarations>, swc_ecma_transformer[b4c1b2d17c57e11]::TraverseCtx>>>
[INFO] [stdout]   15:     0x60204750ff5b - <swc_ecma_compat_es2016[fb91a7c4837486dd]::exponentiation::tests::babel_binary::{closure#0} as core[df12db4294e9bfd3]::ops::function::FnOnce<()>>::call_once
[INFO] [stdout]   16:     0x60204754d48b - test[9d35eded1c95d3be]::__rust_begin_short_backtrace::<core[df12db4294e9bfd3]::result::Result<(), alloc[2182bb758b4b3781]::string::String>, fn() -> core[df12db4294e9bfd3]::result::Result<(), alloc[2182bb758b4b3781]::string::String>>
[INFO] [stdout]   17:     0x60204755aaf5 - test[9d35eded1c95d3be]::run_test::{closure#0}
[INFO] [stdout]   18:     0x6020475543b4 - std[70759c8f55707aa4]::sys::backtrace::__rust_begin_short_backtrace::<test[9d35eded1c95d3be]::run_test::{closure#1}, ()>
[INFO] [stdout]   19:     0x60204755dc52 - <std[70759c8f55707aa4]::thread::lifecycle::spawn_unchecked<test[9d35eded1c95d3be]::run_test::{closure#1}, ()>::{closure#1} as core[df12db4294e9bfd3]::ops::function::FnOnce<()>>::call_once::{shim:vtable#0}
[INFO] [stdout]   20:     0x602047a069b9 - <std[70759c8f55707aa4]::sys::thread::unix::Thread>::new::thread_start
[INFO] [stdout]   21:     0x7cbec9831dfa - <unknown>
[INFO] [stdout]   22:     0x7cbec98c53d4 - clone
[INFO] [stdout]   23:                0x0 - <unknown>
[INFO] [stdout] 
[INFO] [stdout] ---- exponentiation::tests::assign_to_object_property stdout ----
[INFO] [stdout] ----- [32mExpected[0m -----
[INFO] [stdout] 
[INFO] [stdout] ----- [32mInput[0m -----
[INFO] [stdout] var self = {}; self.x **= 3
[INFO] [stdout] ----- [32mActual[0m -----
[INFO] [stdout] ----- [32mComments[0m -----
[INFO] [stdout] SingleThreadedComments { leading: RefCell { value: {} }, trailing: RefCell { value: {} } }
[INFO] [stdout] var self = {};
[INFO] [stdout] self.x = Math.pow(self.x, 3);
[INFO] [stdout] 
[INFO] [stdout] 
[INFO] [stdout] thread 'exponentiation::tests::assign_to_object_property' (3328) panicked at /opt/rustwide/cargo-home/registry/src/index.crates.io-1949cf8c6b5b557f/testing-27.0.0/src/output.rs:169:48:
[INFO] [stdout] failed to run `mkdir -p`: Os { code: 30, kind: ReadOnlyFilesystem, message: "Read-only file system" }
[INFO] [stdout] stack backtrace:
[INFO] [stdout]    0:     0x602047a079a1 - <<std[70759c8f55707aa4]::sys::backtrace::BacktraceLock>::print::DisplayBacktrace as core[df12db4294e9bfd3]::fmt::Display>::fmt
[INFO] [stdout]    1:     0x602047a1ea5a - core[df12db4294e9bfd3]::fmt::write
[INFO] [stdout]    2:     0x602047a0c32c - <alloc[2182bb758b4b3781]::vec::Vec<u8> as core[df12db4294e9bfd3]::io::write::Write>::write_fmt
[INFO] [stdout]    3:     0x6020479e1ab6 - std[70759c8f55707aa4]::panicking::default_hook::{closure#0}
[INFO] [stdout]    4:     0x6020479fed59 - std[70759c8f55707aa4]::panicking::default_hook
[INFO] [stdout]    5:     0x60204755a1a0 - test[9d35eded1c95d3be]::test_main_inner::<test[9d35eded1c95d3be]::test_main_static::{closure#0}>::{closure#0}
[INFO] [stdout]    6:     0x6020479ff082 - std[70759c8f55707aa4]::panicking::panic_with_hook
[INFO] [stdout]    7:     0x6020479e1b62 - std[70759c8f55707aa4]::panicking::panic_handler::{closure#0}
[INFO] [stdout]    8:     0x6020479da609 - std[70759c8f55707aa4]::sys::backtrace::__rust_end_short_backtrace::<std[70759c8f55707aa4]::panicking::panic_handler::{closure#0}, !>
[INFO] [stdout]    9:     0x6020479e275d - __rustc[8fa7c3cbc660c2b3]::rust_begin_unwind
[INFO] [stdout]   10:     0x602047a1f23c - core[df12db4294e9bfd3]::panicking::panic_fmt
[INFO] [stdout]   11:     0x602047a1f012 - core[df12db4294e9bfd3]::result::unwrap_failed
[INFO] [stdout]   12:     0x6020476bd63d - <testing[4351e8cff58c1e7b]::output::NormalizedOutput>::compare_to_file::<&std[70759c8f55707aa4]::path::Path>
[INFO] [stdout]   13:     0x60204759d872 - swc_ecma_transforms_testing[66135d70d980e76a]::test_fixture_inner
[INFO] [stdout]   14:     0x6020474c1cfd - swc_ecma_transforms_testing[66135d70d980e76a]::test_inlined_transform::<swc_ecma_compat_es2016[fb91a7c4837486dd]::exponentiation::tests::assign_to_object_property::{closure#0}, swc_ecma_visit[4972452e3ad2ecf0]::VisitMutPass<swc_ecma_hooks[393b135469175a27]::generated::VisitMutWithHook<swc_ecma_transformer[b4c1b2d17c57e11]::hook_utils::OrderedChain<swc_ecma_transformer[b4c1b2d17c57e11]::es2016::exponentiation_operator::ExponentiationOperatorPass, swc_ecma_transformer[b4c1b2d17c57e11]::common::var_declarations::VarDeclarations>, swc_ecma_transformer[b4c1b2d17c57e11]::TraverseCtx>>>
[INFO] [stdout]   15:     0x60204751005b - <swc_ecma_compat_es2016[fb91a7c4837486dd]::exponentiation::tests::assign_to_object_property::{closure#0} as core[df12db4294e9bfd3]::ops::function::FnOnce<()>>::call_once
[INFO] [stdout]   16:     0x60204754d48b - test[9d35eded1c95d3be]::__rust_begin_short_backtrace::<core[df12db4294e9bfd3]::result::Result<(), alloc[2182bb758b4b3781]::string::String>, fn() -> core[df12db4294e9bfd3]::result::Result<(), alloc[2182bb758b4b3781]::string::String>>
[INFO] [stdout]   17:     0x60204755aaf5 - test[9d35eded1c95d3be]::run_test::{closure#0}
[INFO] [stdout]   18:     0x6020475543b4 - std[70759c8f55707aa4]::sys::backtrace::__rust_begin_short_backtrace::<test[9d35eded1c95d3be]::run_test::{closure#1}, ()>
[INFO] [stdout]   19:     0x60204755dc52 - <std[70759c8f55707aa4]::thread::lifecycle::spawn_unchecked<test[9d35eded1c95d3be]::run_test::{closure#1}, ()>::{closure#1} as core[df12db4294e9bfd3]::ops::function::FnOnce<()>>::call_once::{shim:vtable#0}
[INFO] [stdout]   20:     0x602047a069b9 - <std[70759c8f55707aa4]::sys::thread::unix::Thread>::new::thread_start
[INFO] [stdout]   21:     0x7cbec9831dfa - <unknown>
[INFO] [stdout]   22:     0x7cbec98c53d4 - clone
[INFO] [stdout]   23:                0x0 - <unknown>
[INFO] [stdout] 
[INFO] [stdout] ---- exponentiation::tests::assign stdout ----
[INFO] [stdout] ----- [32mExpected[0m -----
[INFO] [stdout] 
[INFO] [stdout] ----- [32mInput[0m -----
[INFO] [stdout] x **= 3
[INFO] [stdout] ----- [32mActual[0m -----
[INFO] [stdout] ----- [32mComments[0m -----
[INFO] [stdout] SingleThreadedComments { leading: RefCell { value: {} }, trailing: RefCell { value: {} } }
[INFO] [stdout] x = Math.pow(x, 3);
[INFO] [stdout] 
[INFO] [stdout] 
[INFO] [stdout] thread 'exponentiation::tests::assign' (3327) panicked at /opt/rustwide/cargo-home/registry/src/index.crates.io-1949cf8c6b5b557f/testing-27.0.0/src/output.rs:169:48:
[INFO] [stdout] failed to run `mkdir -p`: Os { code: 30, kind: ReadOnlyFilesystem, message: "Read-only file system" }
[INFO] [stdout] stack backtrace:
[INFO] [stdout]    0:     0x602047a079a1 - <<std[70759c8f55707aa4]::sys::backtrace::BacktraceLock>::print::DisplayBacktrace as core[df12db4294e9bfd3]::fmt::Display>::fmt
[INFO] [stdout]    1:     0x602047a1ea5a - core[df12db4294e9bfd3]::fmt::write
[INFO] [stdout]    2:     0x602047a0c32c - <alloc[2182bb758b4b3781]::vec::Vec<u8> as core[df12db4294e9bfd3]::io::write::Write>::write_fmt
[INFO] [stdout]    3:     0x6020479e1ab6 - std[70759c8f55707aa4]::panicking::default_hook::{closure#0}
[INFO] [stdout]    4:     0x6020479fed59 - std[70759c8f55707aa4]::panicking::default_hook
[INFO] [stdout]    5:     0x60204755a1a0 - test[9d35eded1c95d3be]::test_main_inner::<test[9d35eded1c95d3be]::test_main_static::{closure#0}>::{closure#0}
[INFO] [stdout]    6:     0x6020479ff082 - std[70759c8f55707aa4]::panicking::panic_with_hook
[INFO] [stdout]    7:     0x6020479e1b62 - std[70759c8f55707aa4]::panicking::panic_handler::{closure#0}
[INFO] [stdout]    8:     0x6020479da609 - std[70759c8f55707aa4]::sys::backtrace::__rust_end_short_backtrace::<std[70759c8f55707aa4]::panicking::panic_handler::{closure#0}, !>
[INFO] [stdout]    9:     0x6020479e275d - __rustc[8fa7c3cbc660c2b3]::rust_begin_unwind
[INFO] [stdout]   10:     0x602047a1f23c - core[df12db4294e9bfd3]::panicking::panic_fmt
[INFO] [stdout]   11:     0x602047a1f012 - core[df12db4294e9bfd3]::result::unwrap_failed
[INFO] [stdout]   12:     0x6020476bd63d - <testing[4351e8cff58c1e7b]::output::NormalizedOutput>::compare_to_file::<&std[70759c8f55707aa4]::path::Path>
[INFO] [stdout]   13:     0x60204759d872 - swc_ecma_transforms_testing[66135d70d980e76a]::test_fixture_inner
[INFO] [stdout]   14:     0x6020474c263d - swc_ecma_transforms_testing[66135d70d980e76a]::test_inlined_transform::<swc_ecma_compat_es2016[fb91a7c4837486dd]::exponentiation::tests::assign::{closure#0}, swc_ecma_visit[4972452e3ad2ecf0]::VisitMutPass<swc_ecma_hooks[393b135469175a27]::generated::VisitMutWithHook<swc_ecma_transformer[b4c1b2d17c57e11]::hook_utils::OrderedChain<swc_ecma_transformer[b4c1b2d17c57e11]::es2016::exponentiation_operator::ExponentiationOperatorPass, swc_ecma_transformer[b4c1b2d17c57e11]::common::var_declarations::VarDeclarations>, swc_ecma_transformer[b4c1b2d17c57e11]::TraverseCtx>>>
[INFO] [stdout]   15:     0x60204751011b - <swc_ecma_compat_es2016[fb91a7c4837486dd]::exponentiation::tests::assign::{closure#0} as core[df12db4294e9bfd3]::ops::function::FnOnce<()>>::call_once
[INFO] [stdout]   16:     0x60204754d48b - test[9d35eded1c95d3be]::__rust_begin_short_backtrace::<core[df12db4294e9bfd3]::result::Result<(), alloc[2182bb758b4b3781]::string::String>, fn() -> core[df12db4294e9bfd3]::result::Result<(), alloc[2182bb758b4b3781]::string::String>>
[INFO] [stdout]   17:     0x60204755aaf5 - test[9d35eded1c95d3be]::run_test::{closure#0}
[INFO] [stdout]   18:     0x6020475543b4 - std[70759c8f55707aa4]::sys::backtrace::__rust_begin_short_backtrace::<test[9d35eded1c95d3be]::run_test::{closure#1}, ()>
[INFO] [stdout]   19:     0x60204755dc52 - <std[70759c8f55707aa4]::thread::lifecycle::spawn_unchecked<test[9d35eded1c95d3be]::run_test::{closure#1}, ()>::{closure#1} as core[df12db4294e9bfd3]::ops::function::FnOnce<()>>::call_once::{shim:vtable#0}
[INFO] [stdout]   20:     0x602047a069b9 - <std[70759c8f55707aa4]::sys::thread::unix::Thread>::new::thread_start
[INFO] [stdout]   21:     0x7cbec9831dfa - <unknown>
[INFO] [stdout]   22:     0x7cbec98c53d4 - clone
[INFO] [stdout]   23:                0x0 - <unknown>
[INFO] [stdout] 
[INFO] [stdout] ---- exponentiation::tests::issue_740 stdout ----
[INFO] [stdout] ----- [32mExpected[0m -----
[INFO] [stdout] 
[INFO] [stdout] ----- [32mInput[0m -----
[INFO] [stdout] self.a = 10 ** 2
[INFO] [stdout] ----- [32mActual[0m -----
[INFO] [stdout] ----- [32mComments[0m -----
[INFO] [stdout] SingleThreadedComments { leading: RefCell { value: {} }, trailing: RefCell { value: {} } }
[INFO] [stdout] self.a = Math.pow(10, 2);
[INFO] [stdout] 
[INFO] [stdout] 
[INFO] [stdout] thread 'exponentiation::tests::issue_740' (3331) panicked at /opt/rustwide/cargo-home/registry/src/index.crates.io-1949cf8c6b5b557f/testing-27.0.0/src/output.rs:169:48:
[INFO] [stdout] failed to run `mkdir -p`: Os { code: 30, kind: ReadOnlyFilesystem, message: "Read-only file system" }
[INFO] [stdout] stack backtrace:
[INFO] [stdout]    0:     0x602047a079a1 - <<std[70759c8f55707aa4]::sys::backtrace::BacktraceLock>::print::DisplayBacktrace as core[df12db4294e9bfd3]::fmt::Display>::fmt
[INFO] [stdout]    1:     0x602047a1ea5a - core[df12db4294e9bfd3]::fmt::write
[INFO] [stdout]    2:     0x602047a0c32c - <alloc[2182bb758b4b3781]::vec::Vec<u8> as core[df12db4294e9bfd3]::io::write::Write>::write_fmt
[INFO] [stdout]    3:     0x6020479e1ab6 - std[70759c8f55707aa4]::panicking::default_hook::{closure#0}
[INFO] [stdout]    4:     0x6020479fed59 - std[70759c8f55707aa4]::panicking::default_hook
[INFO] [stdout]    5:     0x60204755a1a0 - test[9d35eded1c95d3be]::test_main_inner::<test[9d35eded1c95d3be]::test_main_static::{closure#0}>::{closure#0}
[INFO] [stdout]    6:     0x6020479ff082 - std[70759c8f55707aa4]::panicking::panic_with_hook
[INFO] [stdout]    7:     0x6020479e1b62 - std[70759c8f55707aa4]::panicking::panic_handler::{closure#0}
[INFO] [stdout]    8:     0x6020479da609 - std[70759c8f55707aa4]::sys::backtrace::__rust_end_short_backtrace::<std[70759c8f55707aa4]::panicking::panic_handler::{closure#0}, !>
[INFO] [stdout]    9:     0x6020479e275d - __rustc[8fa7c3cbc660c2b3]::rust_begin_unwind
[INFO] [stdout]   10:     0x602047a1f23c - core[df12db4294e9bfd3]::panicking::panic_fmt
[INFO] [stdout]   11:     0x602047a1f012 - core[df12db4294e9bfd3]::result::unwrap_failed
[INFO] [stdout]   12:     0x6020476bd63d - <testing[4351e8cff58c1e7b]::output::NormalizedOutput>::compare_to_file::<&std[70759c8f55707aa4]::path::Path>
[INFO] [stdout]   13:     0x60204759d872 - swc_ecma_transforms_testing[66135d70d980e76a]::test_fixture_inner
[INFO] [stdout]   14:     0x6020474c2add - swc_ecma_transforms_testing[66135d70d980e76a]::test_inlined_transform::<swc_ecma_compat_es2016[fb91a7c4837486dd]::exponentiation::tests::issue_740::{closure#0}, swc_ecma_visit[4972452e3ad2ecf0]::VisitMutPass<swc_ecma_hooks[393b135469175a27]::generated::VisitMutWithHook<swc_ecma_transformer[b4c1b2d17c57e11]::hook_utils::OrderedChain<swc_ecma_transformer[b4c1b2d17c57e11]::es2016::exponentiation_operator::ExponentiationOperatorPass, swc_ecma_transformer[b4c1b2d17c57e11]::common::var_declarations::VarDeclarations>, swc_ecma_transformer[b4c1b2d17c57e11]::TraverseCtx>>>
[INFO] [stdout]   15:     0x60204751017b - <swc_ecma_compat_es2016[fb91a7c4837486dd]::exponentiation::tests::issue_740::{closure#0} as core[df12db4294e9bfd3]::ops::function::FnOnce<()>>::call_once
[INFO] [stdout]   16:     0x60204754d48b - test[9d35eded1c95d3be]::__rust_begin_short_backtrace::<core[df12db4294e9bfd3]::result::Result<(), alloc[2182bb758b4b3781]::string::String>, fn() -> core[df12db4294e9bfd3]::result::Result<(), alloc[2182bb758b4b3781]::string::String>>
[INFO] [stdout]   17:     0x60204755aaf5 - test[9d35eded1c95d3be]::run_test::{closure#0}
[INFO] [stdout]   18:     0x6020475543b4 - std[70759c8f55707aa4]::sys::backtrace::__rust_begin_short_backtrace::<test[9d35eded1c95d3be]::run_test::{closure#1}, ()>
[INFO] [stdout]   19:     0x60204755dc52 - <std[70759c8f55707aa4]::thread::lifecycle::spawn_unchecked<test[9d35eded1c95d3be]::run_test::{closure#1}, ()>::{closure#1} as core[df12db4294e9bfd3]::ops::function::FnOnce<()>>::call_once::{shim:vtable#0}
[INFO] [stdout]   20:     0x602047a069b9 - <std[70759c8f55707aa4]::sys::thread::unix::Thread>::new::thread_start
[INFO] [stdout]   21:     0x7cbec9831dfa - <unknown>
[INFO] [stdout]   22:     0x7cbec98c53d4 - clone
[INFO] [stdout]   23:                0x0 - <unknown>
[INFO] [stdout] 
[INFO] [stdout] ---- exponentiation::tests::babel_binary_member_assignment_expression stdout ----
[INFO] [stdout] ----- [32mExpected[0m -----
[INFO] [stdout] 
[INFO] [stdout] ----- [32mInput[0m -----
[INFO] [stdout] var x = {}; x.a = 2 ** 2
[INFO] [stdout] ----- [32mActual[0m -----
[INFO] [stdout] ----- [32mComments[0m -----
[INFO] [stdout] SingleThreadedComments { leading: RefCell { value: {} }, trailing: RefCell { value: {} } }
[INFO] [stdout] var x = {};
[INFO] [stdout] x.a = Math.pow(2, 2);
[INFO] [stdout] 
[INFO] [stdout] 
[INFO] [stdout] thread 'exponentiation::tests::babel_binary_member_assignment_expression' (3330) panicked at /opt/rustwide/cargo-home/registry/src/index.crates.io-1949cf8c6b5b557f/testing-27.0.0/src/output.rs:169:48:
[INFO] [stdout] failed to run `mkdir -p`: Os { code: 30, kind: ReadOnlyFilesystem, message: "Read-only file system" }
[INFO] [stdout] stack backtrace:
[INFO] [stdout]    0:     0x602047a079a1 - <<std[70759c8f55707aa4]::sys::backtrace::BacktraceLock>::print::DisplayBacktrace as core[df12db4294e9bfd3]::fmt::Display>::fmt
[INFO] [stdout]    1:     0x602047a1ea5a - core[df12db4294e9bfd3]::fmt::write
[INFO] [stdout]    2:     0x602047a0c32c - <alloc[2182bb758b4b3781]::vec::Vec<u8> as core[df12db4294e9bfd3]::io::write::Write>::write_fmt
[INFO] [stdout]    3:     0x6020479e1ab6 - std[70759c8f55707aa4]::panicking::default_hook::{closure#0}
[INFO] [stdout]    4:     0x6020479fed59 - std[70759c8f55707aa4]::panicking::default_hook
[INFO] [stdout]    5:     0x60204755a1a0 - test[9d35eded1c95d3be]::test_main_inner::<test[9d35eded1c95d3be]::test_main_static::{closure#0}>::{closure#0}
[INFO] [stdout]    6:     0x6020479ff082 - std[70759c8f55707aa4]::panicking::panic_with_hook
[INFO] [stdout]    7:     0x6020479e1b62 - std[70759c8f55707aa4]::panicking::panic_handler::{closure#0}
[INFO] [stdout]    8:     0x6020479da609 - std[70759c8f55707aa4]::sys::backtrace::__rust_end_short_backtrace::<std[70759c8f55707aa4]::panicking::panic_handler::{closure#0}, !>
[INFO] [stdout]    9:     0x6020479e275d - __rustc[8fa7c3cbc660c2b3]::rust_begin_unwind
[INFO] [stdout]   10:     0x602047a1f23c - core[df12db4294e9bfd3]::panicking::panic_fmt
[INFO] [stdout]   11:     0x602047a1f012 - core[df12db4294e9bfd3]::result::unwrap_failed
[INFO] [stdout]   12:     0x6020476bd63d - <testing[4351e8cff58c1e7b]::output::NormalizedOutput>::compare_to_file::<&std[70759c8f55707aa4]::path::Path>
[INFO] [stdout]   13:     0x60204759d872 - swc_ecma_transforms_testing[66135d70d980e76a]::test_fixture_inner
[INFO] [stdout]   14:     0x6020474c219d - swc_ecma_transforms_testing[66135d70d980e76a]::test_inlined_transform::<swc_ecma_compat_es2016[fb91a7c4837486dd]::exponentiation::tests::babel_binary_member_assignment_expression::{closure#0}, swc_ecma_visit[4972452e3ad2ecf0]::VisitMutPass<swc_ecma_hooks[393b135469175a27]::generated::VisitMutWithHook<swc_ecma_transformer[b4c1b2d17c57e11]::hook_utils::OrderedChain<swc_ecma_transformer[b4c1b2d17c57e11]::es2016::exponentiation_operator::ExponentiationOperatorPass, swc_ecma_transformer[b4c1b2d17c57e11]::common::var_declarations::VarDeclarations>, swc_ecma_transformer[b4c1b2d17c57e11]::TraverseCtx>>>
[INFO] [stdout]   15:     0x6020475100bb - <swc_ecma_compat_es2016[fb91a7c4837486dd]::exponentiation::tests::babel_binary_member_assignment_expression::{closure#0} as core[df12db4294e9bfd3]::ops::function::FnOnce<()>>::call_once
[INFO] [stdout]   16:     0x60204754d48b - test[9d35eded1c95d3be]::__rust_begin_short_backtrace::<core[df12db4294e9bfd3]::result::Result<(), alloc[2182bb758b4b3781]::string::String>, fn() -> core[df12db4294e9bfd3]::result::Result<(), alloc[2182bb758b4b3781]::string::String>>
[INFO] [stdout]   17:     0x60204755aaf5 - test[9d35eded1c95d3be]::run_test::{closure#0}
[INFO] [stdout]   18:     0x6020475543b4 - std[70759c8f55707aa4]::sys::backtrace::__rust_begin_short_backtrace::<test[9d35eded1c95d3be]::run_test::{closure#1}, ()>
[INFO] [stdout]   19:     0x60204755dc52 - <std[70759c8f55707aa4]::thread::lifecycle::spawn_unchecked<test[9d35eded1c95d3be]::run_test::{closure#1}, ()>::{closure#1} as core[df12db4294e9bfd3]::ops::function::FnOnce<()>>::call_once::{shim:vtable#0}
[INFO] [stdout]   20:     0x602047a069b9 - <std[70759c8f55707aa4]::sys::thread::unix::Thread>::new::thread_start
[INFO] [stdout]   21:     0x7cbec9831dfa - <unknown>
[INFO] [stdout]   22:     0x7cbec98c53d4 - clone
[INFO] [stdout]   23:                0x0 - <unknown>
[INFO] [stdout] 
[INFO] [stdout] 
[INFO] [stdout] failures:
[INFO] [stdout]     exponentiation::tests::assign
[INFO] [stdout]     exponentiation::tests::assign_to_object_property
[INFO] [stdout]     exponentiation::tests::babel_binary
[INFO] [stdout]     exponentiation::tests::babel_binary_member_assignment_expression
[INFO] [stdout]     exponentiation::tests::issue_740
[INFO] [stdout] 
[INFO] [stdout] test result: FAILED. 0 passed; 5 failed; 2 ignored; 0 measured; 0 filtered out; finished in 0.04s
[INFO] [stdout] 
[INFO] [stderr] error: test failed, to rerun pass `--lib`
[INFO] running `Command { std: "docker" "inspect" "073fa37d323e99e8f5c169927bf0907519f7902d28256f565af6ccfe1f61b961", kill_on_drop: false }`
[INFO] running `Command { std: "docker" "rm" "-f" "073fa37d323e99e8f5c169927bf0907519f7902d28256f565af6ccfe1f61b961", kill_on_drop: false }`
[INFO] [stdout] 073fa37d323e99e8f5c169927bf0907519f7902d28256f565af6ccfe1f61b961
