[INFO] fetching crate swc_ecma_compat_es2015 56.0.0...
[INFO] testing swc_ecma_compat_es2015-56.0.0 against 1.100.0-beta.1+cargoflags=--release for beta-release-1.100-2
[INFO] extracting crate swc_ecma_compat_es2015 56.0.0 into /workspace/builds/worker-4-tc2/source
[INFO] started tweaking crates.io crate swc_ecma_compat_es2015 56.0.0
[INFO] finished tweaking crates.io crate swc_ecma_compat_es2015 56.0.0
[INFO] tweaked toml for crates.io crate swc_ecma_compat_es2015 56.0.0 written to /workspace/builds/worker-4-tc2/source/Cargo.toml
[INFO] validating manifest of crates.io crate swc_ecma_compat_es2015 56.0.0 on toolchain 1.100.0-beta.1
[INFO] running `Command { std: CARGO_HOME="/workspace/cargo-home" RUSTUP_HOME="/workspace/rustup-home" "/workspace/cargo-home/bin/cargo" "+1.100.0-beta.1" "metadata" "--manifest-path" "Cargo.toml" "--no-deps", kill_on_drop: false }`
[INFO] crate crates.io crate swc_ecma_compat_es2015 56.0.0 already has a lockfile, it will not be regenerated
[INFO] running `Command { std: CARGO_HOME="/workspace/cargo-home" RUSTUP_HOME="/workspace/rustup-home" "/workspace/cargo-home/bin/cargo" "+1.100.0-beta.1" "fetch" "--manifest-path" "Cargo.toml", kill_on_drop: false }`
[INFO] running `Command { std: "docker" "create" "-v" "/var/lib/crater-agent-workspace/builds/worker-4-tc2/source:/opt/rustwide/workdir:ro,Z" "-v" "/var/lib/crater-agent-workspace/builds/worker-4-tc2/target:/opt/rustwide/target:rw,Z" "-v" "/var/lib/crater-agent-workspace/cargo-home:/opt/rustwide/cargo-home:ro,Z" "-v" "/var/lib/crater-agent-workspace/rustup-home:/opt/rustwide/rustup-home:ro,Z" "-m" "1610612736" "--network" "none" "ghcr.io/rust-lang/crates-build-env/linux@sha256:77db811e55d90add9212f6832c23229e3de5f1c1f9905e8cb07319ea15df73ac" "sleep" "infinity", kill_on_drop: false }`
[INFO] [stdout] 0dbd15d6037ae630f1855897c24fd487c2222607e0201bd38b3806d96c74b764
[INFO] running `Command { std: "docker" "start" "0dbd15d6037ae630f1855897c24fd487c2222607e0201bd38b3806d96c74b764", kill_on_drop: false }`
[INFO] running `Command { std: "docker" "inspect" "0dbd15d6037ae630f1855897c24fd487c2222607e0201bd38b3806d96c74b764", kill_on_drop: false }`
[INFO] running `Command { std: "docker" "exec" "-e" "SOURCE_DIR=/opt/rustwide/workdir" "-e" "CARGO_HOME=/opt/rustwide/cargo-home" "-e" "RUSTUP_HOME=/opt/rustwide/rustup-home" "-e" "CARGO_TARGET_DIR=/opt/rustwide/target" "-w" "/opt/rustwide/workdir" "--user" "0:0" "0dbd15d6037ae630f1855897c24fd487c2222607e0201bd38b3806d96c74b764" "/opt/rustwide/cargo-home/bin/cargo" "+1.100.0-beta.1" "metadata" "--no-deps" "--format-version=1", kill_on_drop: false }`
[INFO] running `Command { std: "docker" "inspect" "0dbd15d6037ae630f1855897c24fd487c2222607e0201bd38b3806d96c74b764", kill_on_drop: false }`
[INFO] running `Command { std: "docker" "exec" "-e" "SOURCE_DIR=/opt/rustwide/workdir" "-e" "CARGO_HOME=/opt/rustwide/cargo-home" "-e" "RUSTUP_HOME=/opt/rustwide/rustup-home" "-e" "CARGO_TARGET_DIR=/opt/rustwide/target" "-e" "CARGO_INCREMENTAL=0" "-e" "RUST_BACKTRACE=full" "-e" "RUSTFLAGS=--cap-lints=warn" "-e" "RUSTDOCFLAGS=--cap-lints=warn" "-w" "/opt/rustwide/workdir" "--user" "0:0" "0dbd15d6037ae630f1855897c24fd487c2222607e0201bd38b3806d96c74b764" "/opt/rustwide/cargo-home/bin/cargo" "+1.100.0-beta.1" "build" "--frozen" "--message-format=json" "--release", kill_on_drop: false }`
[INFO] [stderr]    Compiling serde_core v1.0.228
[INFO] [stderr]    Compiling serde v1.0.228
[INFO] [stderr]    Compiling writeable v0.6.2
[INFO] [stderr]    Compiling litemap v0.8.1
[INFO] [stderr]    Compiling icu_normalizer_data v2.1.1
[INFO] [stderr]    Compiling icu_properties_data v2.1.2
[INFO] [stderr]    Compiling zerocopy v0.8.25
[INFO] [stderr]    Compiling autocfg v1.3.0
[INFO] [stderr]    Compiling smallvec v1.15.1
[INFO] [stderr]    Compiling ahash v0.8.12
[INFO] [stderr]    Compiling anyhow v1.0.103
[INFO] [stderr]    Compiling new_debug_unreachable v1.0.6
[INFO] [stderr]    Compiling percent-encoding v2.3.1
[INFO] [stderr]    Compiling bytes v1.11.1
[INFO] [stderr]    Compiling syn v2.0.110
[INFO] [stderr]    Compiling tracing-core v0.1.36
[INFO] [stderr]    Compiling scoped-tls v1.0.1
[INFO] [stderr]    Compiling either v1.17.0
[INFO] [stderr]    Compiling form_urlencoded v1.2.1
[INFO] [stderr]    Compiling pin-project-lite v0.2.14
[INFO] [stderr]    Compiling better_scoped_tls v1.0.1
[INFO] [stderr]    Compiling siphasher v0.3.11
[INFO] [stderr]    Compiling rand_core v0.6.4
[INFO] [stderr]    Compiling siphasher v1.0.1
[INFO] [stderr]    Compiling bitflags v2.10.0
[INFO] [stderr]    Compiling unicode-id-start v1.3.1
[INFO] [stderr]    Compiling swc_visit v2.0.2
[INFO] [stderr]    Compiling phf_shared v0.11.3
[INFO] [stderr]    Compiling num-traits v0.2.19
[INFO] [stderr]    Compiling rand v0.8.6
[INFO] [stderr]    Compiling rustversion v1.0.17
[INFO] [stderr]    Compiling dragonbox_ecma v0.1.12
[INFO] [stderr]    Compiling hashbrown v0.16.0
[INFO] [stderr]    Compiling swc_ecma_regexp_common v0.0.1
[INFO] [stderr]    Compiling num_cpus v1.16.0
[INFO] [stderr]    Compiling par-core v2.0.0
[INFO] [stderr]    Compiling seq-macro v0.3.6
[INFO] [stderr]    Compiling memchr v2.7.6
[INFO] [stderr]    Compiling arrayvec v0.7.8
[INFO] [stderr]    Compiling castaway v0.2.3
[INFO] [stderr]    Compiling phf_generator v0.11.2
[INFO] [stderr]    Compiling compact_str v0.7.1
[INFO] [stderr]    Compiling indexmap v2.12.0
[INFO] [stderr]    Compiling num-integer v0.1.46
[INFO] [stderr]    Compiling hashbrown v0.14.5
[INFO] [stderr]    Compiling synstructure v0.13.2
[INFO] [stderr]    Compiling swc_macros_common v1.0.1
[INFO] [stderr]    Compiling zerofrom-derive v0.1.6
[INFO] [stderr]    Compiling yoke-derive v0.8.1
[INFO] [stderr]    Compiling zerovec-derive v0.11.2
[INFO] [stderr]    Compiling displaydoc v0.2.5
[INFO] [stderr]    Compiling serde_derive v1.0.228
[INFO] [stderr]    Compiling tracing-attributes v0.1.31
[INFO] [stderr]    Compiling swc_eq_ignore_macros v1.0.1
[INFO] [stderr]    Compiling from_variant v3.0.0
[INFO] [stderr]    Compiling ast_node v7.0.0
[INFO] [stderr]    Compiling is-macro v0.3.8
[INFO] [stderr]    Compiling phf_macros v0.11.3
[INFO] [stderr]    Compiling string_enum v1.0.2
[INFO] [stderr]    Compiling swc_config_macro v1.0.1
[INFO] [stderr]    Compiling swc_ecma_transforms_macros v1.0.1
[INFO] [stderr]    Compiling phf v0.11.3
[INFO] [stderr]    Compiling tracing v0.1.44
[INFO] [stderr]    Compiling zerofrom v0.1.6
[INFO] [stderr]    Compiling yoke v0.8.1
[INFO] [stderr]    Compiling zerotrie v0.2.3
[INFO] [stderr]    Compiling zerovec v0.11.5
[INFO] [stderr]    Compiling tinystr v0.8.2
[INFO] [stderr]    Compiling potential_utf v0.1.4
[INFO] [stderr]    Compiling icu_collections v2.1.1
[INFO] [stderr]    Compiling icu_locale_core v2.1.1
[INFO] [stderr]    Compiling triomphe v0.1.14
[INFO] [stderr]    Compiling bytes-str v0.2.9
[INFO] [stderr]    Compiling num-bigint v0.4.6
[INFO] [stderr]    Compiling serde_json v1.0.140
[INFO] [stderr]    Compiling icu_provider v2.1.1
[INFO] [stderr]    Compiling hstr v4.0.2
[INFO] [stderr]    Compiling icu_normalizer v2.1.1
[INFO] [stderr]    Compiling icu_properties v2.1.2
[INFO] [stderr]    Compiling swc_atoms v10.0.0
[INFO] [stderr]    Compiling swc_config v6.0.1
[INFO] [stderr]    Compiling idna_adapter v1.2.1
[INFO] [stderr]    Compiling idna v1.0.3
[INFO] [stderr]    Compiling url v2.5.4
[INFO] [stderr]    Compiling swc_common v26.0.0
[INFO] [stderr]    Compiling swc_ecma_ast v29.0.2
[INFO] [stderr]    Compiling swc_ecma_regexp_ast v3.0.0
[INFO] [stderr]    Compiling swc_ecma_regexp_visit v0.15.0
[INFO] [stderr]    Compiling swc_ecma_regexp v0.15.0
[INFO] [stderr]    Compiling swc_ecma_compat_regexp v9.0.0
[INFO] [stderr]    Compiling swc_ecma_visit v29.0.0
[INFO] [stderr]    Compiling swc_ecma_parser v46.0.0
[INFO] [stderr]    Compiling swc_ecma_utils v35.0.2
[INFO] [stderr]    Compiling swc_ecma_hooks v1.0.0
[INFO] [stderr]    Compiling swc_ecma_transforms_base v50.0.0
[INFO] [stderr]    Compiling swc_ecma_transformer v22.0.0
[INFO] [stderr]    Compiling swc_ecma_transforms_classes v50.0.0
[INFO] [stderr]    Compiling swc_ecma_compat_common v46.0.0
[INFO] [stderr]    Compiling swc_ecma_compat_es2015 v56.0.0 (/opt/rustwide/workdir)
[INFO] [stdout] warning: use of deprecated constant `std::usize::MAX`: replaced by the `MAX` associated constant on this type
[INFO] [stdout]     --> src/destructuring.rs:1208:42
[INFO] [stdout]      |
[INFO] [stdout] 1208 |                         Some(std::usize::MAX) => Box::new(
[INFO] [stdout]      |                                          ^^^
[INFO] [stdout]      |
[INFO] [stdout]      = note: `#[warn(deprecated)]` on by default
[INFO] [stdout] 
[INFO] [stdout] 
[INFO] [stderr]     Finished `release` profile [optimized] target(s) in 2m 03s
[INFO] running `Command { std: "docker" "inspect" "0dbd15d6037ae630f1855897c24fd487c2222607e0201bd38b3806d96c74b764", kill_on_drop: false }`
[INFO] running `Command { std: "docker" "exec" "-e" "SOURCE_DIR=/opt/rustwide/workdir" "-e" "CARGO_HOME=/opt/rustwide/cargo-home" "-e" "RUSTUP_HOME=/opt/rustwide/rustup-home" "-e" "CARGO_TARGET_DIR=/opt/rustwide/target" "-e" "CARGO_INCREMENTAL=0" "-e" "RUST_BACKTRACE=full" "-e" "RUSTFLAGS=--cap-lints=warn" "-e" "RUSTDOCFLAGS=--cap-lints=warn" "-w" "/opt/rustwide/workdir" "--user" "0:0" "0dbd15d6037ae630f1855897c24fd487c2222607e0201bd38b3806d96c74b764" "/opt/rustwide/cargo-home/bin/cargo" "+1.100.0-beta.1" "test" "--frozen" "--no-run" "--message-format=json" "--release", kill_on_drop: false }`
[INFO] [stderr]    Compiling memchr v2.7.6
[INFO] [stderr]    Compiling allocator-api2 v0.2.21
[INFO] [stderr]    Compiling serde_json v1.0.140
[INFO] [stderr]    Compiling tracing-core v0.1.36
[INFO] [stderr]    Compiling lock_api v0.4.12
[INFO] [stderr]    Compiling parking_lot_core v0.9.10
[INFO] [stderr]    Compiling uuid v1.16.0
[INFO] [stderr]    Compiling outref v0.5.2
[INFO] [stderr]    Compiling vsimd v0.8.0
[INFO] [stderr]    Compiling bitvec v1.0.1
[INFO] [stderr]    Compiling if_chain v1.0.2
[INFO] [stderr]    Compiling data-encoding v2.9.0
[INFO] [stderr]    Compiling bitflags v2.10.0
[INFO] [stderr]    Compiling find-msvc-tools v0.1.5
[INFO] [stderr]    Compiling shlex v1.3.0
[INFO] [stderr]    Compiling typenum v1.17.0
[INFO] [stderr]    Compiling generic-array v0.14.7
[INFO] [stderr]    Compiling owo-colors v4.2.3
[INFO] [stderr]    Compiling unicode-linebreak v0.1.5
[INFO] [stderr]    Compiling camino v1.1.9
[INFO] [stderr]    Compiling cc v1.2.46
[INFO] [stderr]    Compiling aho-corasick v1.1.3
[INFO] [stderr]    Compiling unicode-width v0.1.14
[INFO] [stderr]    Compiling miette-derive v7.6.0
[INFO] [stderr]    Compiling debugid v0.8.0
[INFO] [stderr]    Compiling parking_lot v0.12.3
[INFO] [stderr]    Compiling base64-simd v0.8.0
[INFO] [stderr]    Compiling thiserror-impl v1.0.69
[INFO] [stderr]    Compiling hashbrown v0.14.5
[INFO] [stderr]    Compiling anyhow v1.0.103
[INFO] [stderr]    Compiling log v0.4.28
[INFO] [stderr]    Compiling textwrap v0.16.0
[INFO] [stderr]    Compiling tracing v0.1.44
[INFO] [stderr]    Compiling psm v0.1.21
[INFO] [stderr]    Compiling hstr v4.0.2
[INFO] [stderr]    Compiling swc_atoms v10.0.0
[INFO] [stderr]    Compiling stacker v0.1.25
[INFO] [stderr]    Compiling tracing-log v0.2.0
[INFO] [stderr]    Compiling thiserror v1.0.69
[INFO] [stderr]    Compiling cargo-platform v0.1.8
[INFO] [stderr]    Compiling semver v1.0.27
[INFO] [stderr]    Compiling thread_local v1.1.7
[INFO] [stderr]    Compiling diff v0.1.13
[INFO] [stderr]    Compiling once_cell v1.21.3
[INFO] [stderr]    Compiling rustix v0.38.44
[INFO] [stderr]    Compiling yansi v0.5.1
[INFO] [stderr]    Compiling relative-path v1.9.2
[INFO] [stderr]    Compiling nu-ansi-term v0.50.1
[INFO] [stderr]    Compiling miette v7.6.0
[INFO] [stderr]    Compiling glob v0.3.4
[INFO] [stderr]    Compiling pretty_assertions v1.4.0
[INFO] [stderr]    Compiling bumpalo v3.19.0
[INFO] [stderr]    Compiling difference v2.0.0
[INFO] [stderr]    Compiling cpufeatures v0.2.13
[INFO] [stderr]    Compiling linux-raw-sys v0.4.15
[INFO] [stderr]    Compiling cargo_metadata v0.18.1
[INFO] [stderr]    Compiling swc_ecma_codegen_macros v2.0.2
[INFO] [stderr]    Compiling fastrand v2.1.1
[INFO] [stderr]    Compiling regex-automata v0.4.18
[INFO] [stderr]    Compiling ascii v1.1.0
[INFO] [stderr]    Compiling crypto-common v0.1.6
[INFO] [stderr]    Compiling block-buffer v0.10.4
[INFO] [stderr]    Compiling swc_allocator v5.0.0
[INFO] [stderr]    Compiling digest v0.10.7
[INFO] [stderr]    Compiling swc_config v6.0.1
[INFO] [stderr]    Compiling ansi_term v0.12.1
[INFO] [stderr]    Compiling sha2 v0.10.9
[INFO] [stderr]    Compiling swc_sourcemap v10.0.2
[INFO] [stderr]    Compiling tempfile v3.12.0
[INFO] [stderr]    Compiling swc_common v26.0.0
[INFO] [stderr]    Compiling regex v1.10.6
[INFO] [stderr]    Compiling testing_macros v1.0.2
[INFO] [stderr]    Compiling swc_ecma_ast v29.0.2
[INFO] [stderr]    Compiling swc_ecma_regexp_ast v3.0.0
[INFO] [stderr]    Compiling swc_error_reporters v28.0.0
[INFO] [stderr]    Compiling swc_ecma_regexp_visit v0.15.0
[INFO] [stderr]    Compiling matchers v0.2.0
[INFO] [stderr]    Compiling tracing-subscriber v0.3.20
[INFO] [stderr]    Compiling swc_ecma_regexp v0.15.0
[INFO] [stderr]    Compiling swc_ecma_compat_regexp v9.0.0
[INFO] [stderr]    Compiling testing v27.0.0
[INFO] [stderr]    Compiling swc_ecma_testing v27.0.1
[INFO] [stderr]    Compiling swc_ecma_visit v29.0.0
[INFO] [stderr]    Compiling swc_ecma_parser v46.0.0
[INFO] [stderr]    Compiling swc_ecma_utils v35.0.2
[INFO] [stderr]    Compiling swc_ecma_hooks v1.0.0
[INFO] [stderr]    Compiling swc_ecma_transforms_base v50.0.0
[INFO] [stderr]    Compiling swc_ecma_codegen v32.0.3
[INFO] [stderr]    Compiling swc_ecma_transformer v22.0.0
[INFO] [stderr]    Compiling swc_ecma_transforms_classes v50.0.0
[INFO] [stderr]    Compiling swc_ecma_transforms_testing v54.0.0
[INFO] [stderr]    Compiling swc_ecma_compat_common v46.0.0
[INFO] [stderr]    Compiling swc_ecma_compat_es2015 v56.0.0 (/opt/rustwide/workdir)
[INFO] [stdout] warning: use of deprecated constant `std::usize::MAX`: replaced by the `MAX` associated constant on this type
[INFO] [stdout]     --> src/destructuring.rs:1208:42
[INFO] [stdout]      |
[INFO] [stdout] 1208 |                         Some(std::usize::MAX) => Box::new(
[INFO] [stdout]      |                                          ^^^
[INFO] [stdout]      |
[INFO] [stdout]      = note: `#[warn(deprecated)]` on by default
[INFO] [stdout] 
[INFO] [stdout] 
[INFO] [stdout] warning: use of deprecated constant `std::usize::MAX`: replaced by the `MAX` associated constant on this type
[INFO] [stdout]     --> src/destructuring.rs:1208:42
[INFO] [stdout]      |
[INFO] [stdout] 1208 |                         Some(std::usize::MAX) => Box::new(
[INFO] [stdout]      |                                          ^^^
[INFO] [stdout]      |
[INFO] [stdout]      = note: `#[warn(deprecated)]` on by default
[INFO] [stdout] 
[INFO] [stdout] 
[INFO] [stderr]     Finished `release` profile [optimized] target(s) in 3m 17s
[INFO] running `Command { std: "docker" "inspect" "0dbd15d6037ae630f1855897c24fd487c2222607e0201bd38b3806d96c74b764", kill_on_drop: false }`
[INFO] running `Command { std: "docker" "exec" "-e" "SOURCE_DIR=/opt/rustwide/workdir" "-e" "CARGO_HOME=/opt/rustwide/cargo-home" "-e" "RUSTUP_HOME=/opt/rustwide/rustup-home" "-e" "CARGO_TARGET_DIR=/opt/rustwide/target" "-e" "CARGO_INCREMENTAL=0" "-e" "RUST_BACKTRACE=full" "-e" "RUSTFLAGS=--cap-lints=warn" "-e" "RUSTDOCFLAGS=--cap-lints=warn" "-w" "/opt/rustwide/workdir" "--user" "0:0" "0dbd15d6037ae630f1855897c24fd487c2222607e0201bd38b3806d96c74b764" "/opt/rustwide/cargo-home/bin/cargo" "+1.100.0-beta.1" "test" "--frozen" "--release", kill_on_drop: false }`
[INFO] [stderr] warning: use of deprecated constant `std::usize::MAX`: replaced by the `MAX` associated constant on this type
[INFO] [stderr]     --> src/destructuring.rs:1208:42
[INFO] [stderr]      |
[INFO] [stderr] 1208 |                         Some(std::usize::MAX) => Box::new(
[INFO] [stderr]      |                                          ^^^
[INFO] [stderr]      |
[INFO] [stderr]      = note: `#[warn(deprecated)]` on by default
[INFO] [stderr] 
[INFO] [stderr] warning: `swc_ecma_compat_es2015` (lib) generated 1 warning
[INFO] [stderr] warning: `swc_ecma_compat_es2015` (lib test) generated 1 warning (1 duplicate)
[INFO] [stderr]     Finished `release` profile [optimized] target(s) in 0.36s
[INFO] [stderr]      Running unittests src/lib.rs (/opt/rustwide/target/release/build/swc_ecma_compat_es2015/24dde17cc2e59a83/out/swc_ecma_compat_es2015-24dde17cc2e59a83)
[INFO] [stdout] 
[INFO] [stdout] running 33 tests
[INFO] [stdout] test block_scoped_fn::tests::function_bodies_are_not_blocks ... ok
[INFO] [stdout] test instanceof::tests::skip_helper_fn_expr_by_swc_directive ... FAILED
[INFO] [stdout] test instanceof::tests::basic ... FAILED
[INFO] [stdout] test block_scoped_fn::tests::issue_288_2 ... FAILED
[INFO] [stdout] test destructuring::tests::nested_for_of ... FAILED
[INFO] [stdout] test tests::issue_169 ... FAILED
[INFO] [stdout] test object_super::tests::set ... FAILED
[INFO] [stdout] test tests::issue_189 ... FAILED
[INFO] [stdout] test tests::issue_227 ... FAILED
[INFO] [stdout] test object_super::tests::get ... FAILED
[INFO] [stdout] test tests::issue_1660_1 ... FAILED
[INFO] [stdout] test block_scoped_fn::tests::hoisting_directives ... FAILED
[INFO] [stdout] test block_scoped_fn::tests::hoisting ... FAILED
[INFO] [stdout] test block_scoped_fn::tests::issue_288_1 ... FAILED
[INFO] [stdout] test block_scoped_fn::tests::issue_271 ... FAILED
[INFO] [stdout] test object_super::tests::nest ... FAILED
[INFO] [stdout] test instanceof::tests::skip_helper_fn_decl_by_name ... FAILED
[INFO] [stdout] test object_super::tests::do_not_transform ... FAILED
[INFO] [stdout] test block_scoped_fn::tests::basic ... FAILED
[INFO] [stdout] test block_scoped_fn::tests::basic_2 ... FAILED
[INFO] [stdout] test object_super::tests::call ... FAILED
[INFO] [stdout] test instanceof::tests::skip_helper_fn_expr_by_babel_directive ... FAILED
[INFO] [stdout] test tests::issue_271 ... FAILED
[INFO] [stdout] test tests::issue_400_1 ... FAILED
[INFO] [stdout] test tests::issue_413 ... FAILED
[INFO] [stdout] test tests::issue_8871 ... FAILED
[INFO] [stdout] test typeof_symbol::tests::dont_touch_in_loose_mode ... FAILED
[INFO] [stdout] test typeof_symbol::tests::issue_1843_1 ... FAILED
[INFO] [stdout] test typeof_symbol::tests::dont_touch_non_symbol_comparison_02 ... FAILED
[INFO] [stdout] test typeof_symbol::tests::dont_touch_non_symbol_comparison ... FAILED
[INFO] [stdout] test tests::should_escape_keyword_in_method ... FAILED
[INFO] [stdout] test tests::issue_400_2 ... FAILED
[INFO] [stdout] test tests::issue_2682 ... FAILED
[INFO] [stdout] 
[INFO] [stdout] failures:
[INFO] [stdout] 
[INFO] [stdout] ---- instanceof::tests::skip_helper_fn_expr_by_swc_directive stdout ----
[INFO] [stdout] ----- [32mExpected[0m -----
[INFO] [stdout] 
[INFO] [stdout] ----- [32mInput[0m -----
[INFO] [stdout] 
[INFO] [stdout]         const helper = function(left, right) {
[INFO] [stdout]             '@swc/helpers - instanceof';
[INFO] [stdout]             return left instanceof right;
[INFO] [stdout]         };
[INFO] [stdout]         foo instanceof Bar;
[INFO] [stdout]         
[INFO] [stdout] ----- [32mActual[0m -----
[INFO] [stdout] ----- [32mComments[0m -----
[INFO] [stdout] SingleThreadedComments { leading: RefCell { value: {} }, trailing: RefCell { value: {} } }
[INFO] [stdout] const helper = function(left, right) {
[INFO] [stdout]     '@swc/helpers - instanceof';
[INFO] [stdout]     return left instanceof right;
[INFO] [stdout] };
[INFO] [stdout] _instanceof(foo, Bar);
[INFO] [stdout] 
[INFO] [stdout] 
[INFO] [stdout] thread 'instanceof::tests::skip_helper_fn_expr_by_swc_directive' (3928) panicked at /opt/rustwide/cargo-home/registry/src/index.crates.io-1949cf8c6b5b557f/testing-27.0.0/src/output.rs:169:48:
[INFO] [stdout] failed to run `mkdir -p`: Os { code: 30, kind: ReadOnlyFilesystem, message: "Read-only file system" }
[INFO] [stdout] stack backtrace:
[INFO] [stdout]    0:     0x64aa6bb81d31 - <<std[617be2ca0a6fd877]::sys::backtrace::BacktraceLock>::print::DisplayBacktrace as core[a373ad73a504971]::fmt::Display>::fmt
[INFO] [stdout]    1:     0x64aa6bb98baa - core[a373ad73a504971]::fmt::write
[INFO] [stdout]    2:     0x64aa6bb8643c - <alloc[2e1b2a31b91974c5]::vec::Vec<u8> as core[a373ad73a504971]::io::write::Write>::write_fmt
[INFO] [stdout]    3:     0x64aa6bb5be86 - std[617be2ca0a6fd877]::panicking::default_hook::{closure#0}
[INFO] [stdout]    4:     0x64aa6bb790e9 - std[617be2ca0a6fd877]::panicking::default_hook
[INFO] [stdout]    5:     0x64aa6b620cf0 - test[aada8e7e76ba119b]::test_main_inner::{closure#0}
[INFO] [stdout]    6:     0x64aa6bb79412 - std[617be2ca0a6fd877]::panicking::panic_with_hook
[INFO] [stdout]    7:     0x64aa6bb5bf32 - std[617be2ca0a6fd877]::panicking::panic_handler::{closure#0}
[INFO] [stdout]    8:     0x64aa6bb54969 - std[617be2ca0a6fd877]::sys::backtrace::__rust_end_short_backtrace::<std[617be2ca0a6fd877]::panicking::panic_handler::{closure#0}, !>
[INFO] [stdout]    9:     0x64aa6bb5cb3d - __rustc[ea4f61d10b84890b]::rust_begin_unwind
[INFO] [stdout]   10:     0x64aa6bb9938c - core[a373ad73a504971]::panicking::panic_fmt
[INFO] [stdout]   11:     0x64aa6bb99162 - core[a373ad73a504971]::result::unwrap_failed
[INFO] [stdout]   12:     0x64aa6b81b0dd - <testing[bc22f9110fb2d121]::output::NormalizedOutput>::compare_to_file::<&std[617be2ca0a6fd877]::path::Path>
[INFO] [stdout]   13:     0x64aa6b78dc48 - swc_ecma_transforms_testing[6c0c98c9d94a1f92]::test_fixture_inner
[INFO] [stdout]   14:     0x64aa6b512335 - <swc_ecma_compat_es2015[338fb0345fe56009]::instanceof::tests::skip_helper_fn_expr_by_swc_directive::{closure#0} as core[a373ad73a504971]::ops::function::FnOnce<()>>::call_once
[INFO] [stdout]   15:     0x64aa6b61413b - test[aada8e7e76ba119b]::__rust_begin_short_backtrace::<core[a373ad73a504971]::result::Result<(), alloc[2e1b2a31b91974c5]::string::String>, fn() -> core[a373ad73a504971]::result::Result<(), alloc[2e1b2a31b91974c5]::string::String>>
[INFO] [stdout]   16:     0x64aa6b621315 - test[aada8e7e76ba119b]::run_test::{closure#0}
[INFO] [stdout]   17:     0x64aa6b61ac04 - std[617be2ca0a6fd877]::sys::backtrace::__rust_begin_short_backtrace::<test[aada8e7e76ba119b]::run_test::{closure#1}, ()>
[INFO] [stdout]   18:     0x64aa6b6243a2 - <std[617be2ca0a6fd877]::thread::lifecycle::spawn_unchecked<test[aada8e7e76ba119b]::run_test::{closure#1}, ()>::{closure#1} as core[a373ad73a504971]::ops::function::FnOnce<()>>::call_once::{shim:vtable#0}
[INFO] [stdout]   19:     0x64aa6bb80cff - <std[617be2ca0a6fd877]::sys::thread::unix::Thread>::new::thread_start
[INFO] [stdout]   20:     0x72cc4f0bedfa - <unknown>
[INFO] [stdout]   21:     0x72cc4f1523d4 - clone
[INFO] [stdout]   22:                0x0 - <unknown>
[INFO] [stdout] 
[INFO] [stdout] ---- instanceof::tests::basic stdout ----
[INFO] [stdout] ----- [32mExpected[0m -----
[INFO] [stdout] 
[INFO] [stdout] ----- [32mInput[0m -----
[INFO] [stdout] foo instanceof Bar;
[INFO] [stdout] ----- [32mActual[0m -----
[INFO] [stdout] ----- [32mComments[0m -----
[INFO] [stdout] SingleThreadedComments { leading: RefCell { value: {} }, trailing: RefCell { value: {} } }
[INFO] [stdout] _instanceof(foo, Bar);
[INFO] [stdout] 
[INFO] [stdout] 
[INFO] [stdout] thread 'instanceof::tests::basic' (3924) panicked at /opt/rustwide/cargo-home/registry/src/index.crates.io-1949cf8c6b5b557f/testing-27.0.0/src/output.rs:169:48:
[INFO] [stdout] failed to run `mkdir -p`: Os { code: 30, kind: ReadOnlyFilesystem, message: "Read-only file system" }
[INFO] [stdout] stack backtrace:
[INFO] [stdout]    0:     0x64aa6bb81d31 - <<std[617be2ca0a6fd877]::sys::backtrace::BacktraceLock>::print::DisplayBacktrace as core[a373ad73a504971]::fmt::Display>::fmt
[INFO] [stdout]    1:     0x64aa6bb98baa - core[a373ad73a504971]::fmt::write
[INFO] [stdout]    2:     0x64aa6bb8643c - <alloc[2e1b2a31b91974c5]::vec::Vec<u8> as core[a373ad73a504971]::io::write::Write>::write_fmt
[INFO] [stdout]    3:     0x64aa6bb5be86 - std[617be2ca0a6fd877]::panicking::default_hook::{closure#0}
[INFO] [stdout]    4:     0x64aa6bb790e9 - std[617be2ca0a6fd877]::panicking::default_hook
[INFO] [stdout]    5:     0x64aa6b620cf0 - test[aada8e7e76ba119b]::test_main_inner::{closure#0}
[INFO] [stdout]    6:     0x64aa6bb79412 - std[617be2ca0a6fd877]::panicking::panic_with_hook
[INFO] [stdout]    7:     0x64aa6bb5bf32 - std[617be2ca0a6fd877]::panicking::panic_handler::{closure#0}
[INFO] [stdout]    8:     0x64aa6bb54969 - std[617be2ca0a6fd877]::sys::backtrace::__rust_end_short_backtrace::<std[617be2ca0a6fd877]::panicking::panic_handler::{closure#0}, !>
[INFO] [stdout]    9:     0x64aa6bb5cb3d - __rustc[ea4f61d10b84890b]::rust_begin_unwind
[INFO] [stdout]   10:     0x64aa6bb9938c - core[a373ad73a504971]::panicking::panic_fmt
[INFO] [stdout]   11:     0x64aa6bb99162 - core[a373ad73a504971]::result::unwrap_failed
[INFO] [stdout]   12:     0x64aa6b81b0dd - <testing[bc22f9110fb2d121]::output::NormalizedOutput>::compare_to_file::<&std[617be2ca0a6fd877]::path::Path>
[INFO] [stdout]   13:     0x64aa6b78dc48 - swc_ecma_transforms_testing[6c0c98c9d94a1f92]::test_fixture_inner
[INFO] [stdout]   14:     0x64aa6b512c55 - <swc_ecma_compat_es2015[338fb0345fe56009]::instanceof::tests::basic::{closure#0} as core[a373ad73a504971]::ops::function::FnOnce<()>>::call_once
[INFO] [stdout]   15:     0x64aa6b61413b - test[aada8e7e76ba119b]::__rust_begin_short_backtrace::<core[a373ad73a504971]::result::Result<(), alloc[2e1b2a31b91974c5]::string::String>, fn() -> core[a373ad73a504971]::result::Result<(), alloc[2e1b2a31b91974c5]::string::String>>
[INFO] [stdout]   16:     0x64aa6b621315 - test[aada8e7e76ba119b]::run_test::{closure#0}
[INFO] [stdout]   17:     0x64aa6b61ac04 - std[617be2ca0a6fd877]::sys::backtrace::__rust_begin_short_backtrace::<test[aada8e7e76ba119b]::run_test::{closure#1}, ()>
[INFO] [stdout]   18:     0x64aa6b6243a2 - <std[617be2ca0a6fd877]::thread::lifecycle::spawn_unchecked<test[aada8e7e76ba119b]::run_test::{closure#1}, ()>::{closure#1} as core[a373ad73a504971]::ops::function::FnOnce<()>>::call_once::{shim:vtable#0}
[INFO] [stdout]   19:     0x64aa6bb80cff - <std[617be2ca0a6fd877]::sys::thread::unix::Thread>::new::thread_start
[INFO] [stdout]   20:     0x72cc4f0bedfa - <unknown>
[INFO] [stdout]   21:     0x72cc4f1523d4 - clone
[INFO] [stdout]   22:                0x0 - <unknown>
[INFO] [stdout] 
[INFO] [stdout] ---- block_scoped_fn::tests::issue_288_2 stdout ----
[INFO] [stdout] ----- [32mExpected[0m -----
[INFO] [stdout] 
[INFO] [stdout] ----- [32mInput[0m -----
[INFO] [stdout] function _extends() {
[INFO] [stdout]   module.exports = _extends = Object.assign || function (target) {
[INFO] [stdout]     for (var i = 1; i < arguments.length; i++) {
[INFO] [stdout]       var source = arguments[i];
[INFO] [stdout] 
[INFO] [stdout]       for (var key in source) {
[INFO] [stdout]         if (Object.prototype.hasOwnProperty.call(source, key)) {
[INFO] [stdout]           target[key] = source[key];
[INFO] [stdout]         }
[INFO] [stdout]       }
[INFO] [stdout]     }
[INFO] [stdout] 
[INFO] [stdout]     return target;
[INFO] [stdout]   };
[INFO] [stdout] 
[INFO] [stdout]   return _extends.apply(this, arguments);
[INFO] [stdout] }
[INFO] [stdout] 
[INFO] [stdout] ----- [32mActual[0m -----
[INFO] [stdout] ----- [32mComments[0m -----
[INFO] [stdout] SingleThreadedComments { leading: RefCell { value: {} }, trailing: RefCell { value: {} } }
[INFO] [stdout] function _extends() {
[INFO] [stdout]     module.exports = _extends = Object.assign || function(target) {
[INFO] [stdout]         for(var i = 1; i < arguments.length; i++){
[INFO] [stdout]             var source = arguments[i];
[INFO] [stdout]             for(var key in source){
[INFO] [stdout]                 if (Object.prototype.hasOwnProperty.call(source, key)) {
[INFO] [stdout]                     target[key] = source[key];
[INFO] [stdout]                 }
[INFO] [stdout]             }
[INFO] [stdout]         }
[INFO] [stdout]         return target;
[INFO] [stdout]     };
[INFO] [stdout]     return _extends.apply(this, arguments);
[INFO] [stdout] }
[INFO] [stdout] 
[INFO] [stdout] 
[INFO] [stdout] thread 'block_scoped_fn::tests::issue_288_2' (3922) panicked at /opt/rustwide/cargo-home/registry/src/index.crates.io-1949cf8c6b5b557f/testing-27.0.0/src/output.rs:169:48:
[INFO] [stdout] failed to run `mkdir -p`: Os { code: 30, kind: ReadOnlyFilesystem, message: "Read-only file system" }
[INFO] [stdout] stack backtrace:
[INFO] [stdout]    0:     0x64aa6bb81d31 - <<std[617be2ca0a6fd877]::sys::backtrace::BacktraceLock>::print::DisplayBacktrace as core[a373ad73a504971]::fmt::Display>::fmt
[INFO] [stdout]    1:     0x64aa6bb98baa - core[a373ad73a504971]::fmt::write
[INFO] [stdout]    2:     0x64aa6bb8643c - <alloc[2e1b2a31b91974c5]::vec::Vec<u8> as core[a373ad73a504971]::io::write::Write>::write_fmt
[INFO] [stdout]    3:     0x64aa6bb5be86 - std[617be2ca0a6fd877]::panicking::default_hook::{closure#0}
[INFO] [stdout]    4:     0x64aa6bb790e9 - std[617be2ca0a6fd877]::panicking::default_hook
[INFO] [stdout]    5:     0x64aa6b620cf0 - test[aada8e7e76ba119b]::test_main_inner::{closure#0}
[INFO] [stdout]    6:     0x64aa6bb79412 - std[617be2ca0a6fd877]::panicking::panic_with_hook
[INFO] [stdout]    7:     0x64aa6bb5bf32 - std[617be2ca0a6fd877]::panicking::panic_handler::{closure#0}
[INFO] [stdout]    8:     0x64aa6bb54969 - std[617be2ca0a6fd877]::sys::backtrace::__rust_end_short_backtrace::<std[617be2ca0a6fd877]::panicking::panic_handler::{closure#0}, !>
[INFO] [stdout]    9:     0x64aa6bb5cb3d - __rustc[ea4f61d10b84890b]::rust_begin_unwind
[INFO] [stdout]   10:     0x64aa6bb9938c - core[a373ad73a504971]::panicking::panic_fmt
[INFO] [stdout]   11:     0x64aa6bb99162 - core[a373ad73a504971]::result::unwrap_failed
[INFO] [stdout]   12:     0x64aa6b81b0dd - <testing[bc22f9110fb2d121]::output::NormalizedOutput>::compare_to_file::<&std[617be2ca0a6fd877]::path::Path>
[INFO] [stdout]   13:     0x64aa6b78dc48 - swc_ecma_transforms_testing[6c0c98c9d94a1f92]::test_fixture_inner
[INFO] [stdout]   14:     0x64aa6b515e85 - <swc_ecma_compat_es2015[338fb0345fe56009]::block_scoped_fn::tests::issue_288_2::{closure#0} as core[a373ad73a504971]::ops::function::FnOnce<()>>::call_once
[INFO] [stdout]   15:     0x64aa6b61413b - test[aada8e7e76ba119b]::__rust_begin_short_backtrace::<core[a373ad73a504971]::result::Result<(), alloc[2e1b2a31b91974c5]::string::String>, fn() -> core[a373ad73a504971]::result::Result<(), alloc[2e1b2a31b91974c5]::string::String>>
[INFO] [stdout]   16:     0x64aa6b621315 - test[aada8e7e76ba119b]::run_test::{closure#0}
[INFO] [stdout]   17:     0x64aa6b61ac04 - std[617be2ca0a6fd877]::sys::backtrace::__rust_begin_short_backtrace::<test[aada8e7e76ba119b]::run_test::{closure#1}, ()>
[INFO] [stdout]   18:     0x64aa6b6243a2 - <std[617be2ca0a6fd877]::thread::lifecycle::spawn_unchecked<test[aada8e7e76ba119b]::run_test::{closure#1}, ()>::{closure#1} as core[a373ad73a504971]::ops::function::FnOnce<()>>::call_once::{shim:vtable#0}
[INFO] [stdout]   19:     0x64aa6bb80cff - <std[617be2ca0a6fd877]::sys::thread::unix::Thread>::new::thread_start
[INFO] [stdout]   20:     0x72cc4f0bedfa - <unknown>
[INFO] [stdout]   21:     0x72cc4f1523d4 - clone
[INFO] [stdout]   22:                0x0 - <unknown>
[INFO] [stdout] 
[INFO] [stdout] ---- destructuring::tests::nested_for_of stdout ----
[INFO] [stdout] ----- [32mExpected[0m -----
[INFO] [stdout] 
[INFO] [stdout] ----- [32mInput[0m -----
[INFO] [stdout] 
[INFO] [stdout]             for (const [k1, v1] of Object.entries(o)){
[INFO] [stdout]                 for (const [k2, v2] of Object.entries(o)){
[INFO] [stdout]                     console.log(k1, v1, k2, v2);
[INFO] [stdout]                 }
[INFO] [stdout]             }        
[INFO] [stdout]         
[INFO] [stdout] ----- [32mActual[0m -----
[INFO] [stdout] ----- [32mComments[0m -----
[INFO] [stdout] SingleThreadedComments { leading: RefCell { value: {} }, trailing: RefCell { value: {} } }
[INFO] [stdout] for (const ref of Object.entries(o)){
[INFO] [stdout]     let _ref = _sliced_to_array(ref, 2), k1 = _ref[0], v1 = _ref[1];
[INFO] [stdout]     for (const ref of Object.entries(o)){
[INFO] [stdout]         let _ref = _sliced_to_array(ref, 2), k2 = _ref[0], v2 = _ref[1];
[INFO] [stdout]         console.log(k1, v1, k2, v2);
[INFO] [stdout]     }
[INFO] [stdout] }
[INFO] [stdout] 
[INFO] [stdout] 
[INFO] [stdout] thread 'destructuring::tests::nested_for_of' (3923) panicked at /opt/rustwide/cargo-home/registry/src/index.crates.io-1949cf8c6b5b557f/testing-27.0.0/src/output.rs:169:48:
[INFO] [stdout] failed to run `mkdir -p`: Os { code: 30, kind: ReadOnlyFilesystem, message: "Read-only file system" }
[INFO] [stdout] stack backtrace:
[INFO] [stdout]    0:     0x64aa6bb81d31 - <<std[617be2ca0a6fd877]::sys::backtrace::BacktraceLock>::print::DisplayBacktrace as core[a373ad73a504971]::fmt::Display>::fmt
[INFO] [stdout]    1:     0x64aa6bb98baa - core[a373ad73a504971]::fmt::write
[INFO] [stdout]    2:     0x64aa6bb8643c - <alloc[2e1b2a31b91974c5]::vec::Vec<u8> as core[a373ad73a504971]::io::write::Write>::write_fmt
[INFO] [stdout]    3:     0x64aa6bb5be86 - std[617be2ca0a6fd877]::panicking::default_hook::{closure#0}
[INFO] [stdout]    4:     0x64aa6bb790e9 - std[617be2ca0a6fd877]::panicking::default_hook
[INFO] [stdout]    5:     0x64aa6b620cf0 - test[aada8e7e76ba119b]::test_main_inner::{closure#0}
[INFO] [stdout]    6:     0x64aa6bb79412 - std[617be2ca0a6fd877]::panicking::panic_with_hook
[INFO] [stdout]    7:     0x64aa6bb5bf32 - std[617be2ca0a6fd877]::panicking::panic_handler::{closure#0}
[INFO] [stdout]    8:     0x64aa6bb54969 - std[617be2ca0a6fd877]::sys::backtrace::__rust_end_short_backtrace::<std[617be2ca0a6fd877]::panicking::panic_handler::{closure#0}, !>
[INFO] [stdout]    9:     0x64aa6bb5cb3d - __rustc[ea4f61d10b84890b]::rust_begin_unwind
[INFO] [stdout]   10:     0x64aa6bb9938c - core[a373ad73a504971]::panicking::panic_fmt
[INFO] [stdout]   11:     0x64aa6bb99162 - core[a373ad73a504971]::result::unwrap_failed
[INFO] [stdout]   12:     0x64aa6b81b0dd - <testing[bc22f9110fb2d121]::output::NormalizedOutput>::compare_to_file::<&std[617be2ca0a6fd877]::path::Path>
[INFO] [stdout]   13:     0x64aa6b78dc48 - swc_ecma_transforms_testing[6c0c98c9d94a1f92]::test_fixture_inner
[INFO] [stdout]   14:     0x64aa6b4f262d - swc_ecma_transforms_testing[6c0c98c9d94a1f92]::test_inlined_transform::<swc_ecma_compat_es2015[338fb0345fe56009]::destructuring::tests::nested_for_of::{closure#0}, swc_ecma_visit[91e64ffb4d4fed3c]::VisitMutPass<swc_ecma_compat_es2015[338fb0345fe56009]::destructuring::Destructuring>>
[INFO] [stdout]   15:     0x64aa6b57fffb - <swc_ecma_compat_es2015[338fb0345fe56009]::destructuring::tests::nested_for_of::{closure#0} as core[a373ad73a504971]::ops::function::FnOnce<()>>::call_once
[INFO] [stdout]   16:     0x64aa6b61413b - test[aada8e7e76ba119b]::__rust_begin_short_backtrace::<core[a373ad73a504971]::result::Result<(), alloc[2e1b2a31b91974c5]::string::String>, fn() -> core[a373ad73a504971]::result::Result<(), alloc[2e1b2a31b91974c5]::string::String>>
[INFO] [stdout]   17:     0x64aa6b621315 - test[aada8e7e76ba119b]::run_test::{closure#0}
[INFO] [stdout]   18:     0x64aa6b61ac04 - std[617be2ca0a6fd877]::sys::backtrace::__rust_begin_short_backtrace::<test[aada8e7e76ba119b]::run_test::{closure#1}, ()>
[INFO] [stdout]   19:     0x64aa6b6243a2 - <std[617be2ca0a6fd877]::thread::lifecycle::spawn_unchecked<test[aada8e7e76ba119b]::run_test::{closure#1}, ()>::{closure#1} as core[a373ad73a504971]::ops::function::FnOnce<()>>::call_once::{shim:vtable#0}
[INFO] [stdout]   20:     0x64aa6bb80cff - <std[617be2ca0a6fd877]::sys::thread::unix::Thread>::new::thread_start
[INFO] [stdout]   21:     0x72cc4f0bedfa - <unknown>
[INFO] [stdout]   22:     0x72cc4f1523d4 - clone
[INFO] [stdout]   23:                0x0 - <unknown>
[INFO] [stdout] 
[INFO] [stdout] ---- tests::issue_169 stdout ----
[INFO] [stdout] ----- [32mExpected[0m -----
[INFO] [stdout] 
[INFO] [stdout] ----- [32mInput[0m -----
[INFO] [stdout] 
[INFO] [stdout] export class Foo {
[INFO] [stdout] 	func(a, b = Date.now()) {
[INFO] [stdout] 		return {a};
[INFO] [stdout] 	}
[INFO] [stdout] }
[INFO] [stdout] 
[INFO] [stdout] ----- [32mActual[0m -----
[INFO] [stdout] ----- [32mComments[0m -----
[INFO] [stdout] SingleThreadedComments { leading: RefCell { value: {} }, trailing: RefCell { value: {} } }
[INFO] [stdout] export var Foo = /*#__PURE__*/ function() {
[INFO] [stdout]     "use strict";
[INFO] [stdout]     function Foo() {
[INFO] [stdout]         _class_call_check(this, Foo);
[INFO] [stdout]     }
[INFO] [stdout]     _create_class(Foo, [
[INFO] [stdout]         {
[INFO] [stdout]             key: "func",
[INFO] [stdout]             value: function func(a) {
[INFO] [stdout]                 var b = arguments.length > 1 && arguments[1] !== void 0 ? arguments[1] : Date.now();
[INFO] [stdout]                 return {
[INFO] [stdout]                     a: a
[INFO] [stdout]                 };
[INFO] [stdout]             }
[INFO] [stdout]         }
[INFO] [stdout]     ]);
[INFO] [stdout]     return Foo;
[INFO] [stdout] }();
[INFO] [stdout] 
[INFO] [stdout] 
[INFO] [stdout] thread 'tests::issue_169' (3935) panicked at /opt/rustwide/cargo-home/registry/src/index.crates.io-1949cf8c6b5b557f/testing-27.0.0/src/output.rs:169:48:
[INFO] [stdout] failed to run `mkdir -p`: Os { code: 30, kind: ReadOnlyFilesystem, message: "Read-only file system" }
[INFO] [stdout] stack backtrace:
[INFO] [stdout]    0:     0x64aa6bb81d31 - <<std[617be2ca0a6fd877]::sys::backtrace::BacktraceLock>::print::DisplayBacktrace as core[a373ad73a504971]::fmt::Display>::fmt
[INFO] [stdout]    1:     0x64aa6bb98baa - core[a373ad73a504971]::fmt::write
[INFO] [stdout]    2:     0x64aa6bb8643c - <alloc[2e1b2a31b91974c5]::vec::Vec<u8> as core[a373ad73a504971]::io::write::Write>::write_fmt
[INFO] [stdout]    3:     0x64aa6bb5be86 - std[617be2ca0a6fd877]::panicking::default_hook::{closure#0}
[INFO] [stdout]    4:     0x64aa6bb790e9 - std[617be2ca0a6fd877]::panicking::default_hook
[INFO] [stdout]    5:     0x64aa6b620cf0 - test[aada8e7e76ba119b]::test_main_inner::{closure#0}
[INFO] [stdout]    6:     0x64aa6bb79412 - std[617be2ca0a6fd877]::panicking::panic_with_hook
[INFO] [stdout]    7:     0x64aa6bb5bf32 - std[617be2ca0a6fd877]::panicking::panic_handler::{closure#0}
[INFO] [stdout]    8:     0x64aa6bb54969 - std[617be2ca0a6fd877]::sys::backtrace::__rust_end_short_backtrace::<std[617be2ca0a6fd877]::panicking::panic_handler::{closure#0}, !>
[INFO] [stdout]    9:     0x64aa6bb5cb3d - __rustc[ea4f61d10b84890b]::rust_begin_unwind
[INFO] [stdout]   10:     0x64aa6bb9938c - core[a373ad73a504971]::panicking::panic_fmt
[INFO] [stdout]   11:     0x64aa6bb99162 - core[a373ad73a504971]::result::unwrap_failed
[INFO] [stdout]   12:     0x64aa6b81b0dd - <testing[bc22f9110fb2d121]::output::NormalizedOutput>::compare_to_file::<&std[617be2ca0a6fd877]::path::Path>
[INFO] [stdout]   13:     0x64aa6b78dc48 - swc_ecma_transforms_testing[6c0c98c9d94a1f92]::test_fixture_inner
[INFO] [stdout]   14:     0x64aa6b5107d5 - <swc_ecma_compat_es2015[338fb0345fe56009]::tests::issue_169::{closure#0} as core[a373ad73a504971]::ops::function::FnOnce<()>>::call_once
[INFO] [stdout]   15:     0x64aa6b61413b - test[aada8e7e76ba119b]::__rust_begin_short_backtrace::<core[a373ad73a504971]::result::Result<(), alloc[2e1b2a31b91974c5]::string::String>, fn() -> core[a373ad73a504971]::result::Result<(), alloc[2e1b2a31b91974c5]::string::String>>
[INFO] [stdout]   16:     0x64aa6b621315 - test[aada8e7e76ba119b]::run_test::{closure#0}
[INFO] [stdout]   17:     0x64aa6b61ac04 - std[617be2ca0a6fd877]::sys::backtrace::__rust_begin_short_backtrace::<test[aada8e7e76ba119b]::run_test::{closure#1}, ()>
[INFO] [stdout]   18:     0x64aa6b6243a2 - <std[617be2ca0a6fd877]::thread::lifecycle::spawn_unchecked<test[aada8e7e76ba119b]::run_test::{closure#1}, ()>::{closure#1} as core[a373ad73a504971]::ops::function::FnOnce<()>>::call_once::{shim:vtable#0}
[INFO] [stdout]   19:     0x64aa6bb80cff - <std[617be2ca0a6fd877]::sys::thread::unix::Thread>::new::thread_start
[INFO] [stdout]   20:     0x72cc4f0bedfa - <unknown>
[INFO] [stdout]   21:     0x72cc4f1523d4 - clone
[INFO] [stdout]   22:                0x0 - <unknown>
[INFO] [stdout] 
[INFO] [stdout] ---- object_super::tests::set stdout ----
[INFO] [stdout] ----- [32mExpected[0m -----
[INFO] [stdout] 
[INFO] [stdout] ----- [32mInput[0m -----
[INFO] [stdout] let obj = {
[INFO] [stdout]             a(){
[INFO] [stdout]                 super.x = 1;
[INFO] [stdout]             }
[INFO] [stdout]         }
[INFO] [stdout] ----- [32mActual[0m -----
[INFO] [stdout] ----- [32mComments[0m -----
[INFO] [stdout] SingleThreadedComments { leading: RefCell { value: {} }, trailing: RefCell { value: {} } }
[INFO] [stdout] var _obj;
[INFO] [stdout] let obj = _obj = {
[INFO] [stdout]     a: function a() {
[INFO] [stdout]         _set(_get_prototype_of(_obj), "x", 1, this, true);
[INFO] [stdout]     }
[INFO] [stdout] };
[INFO] [stdout] 
[INFO] [stdout] 
[INFO] [stdout] thread 'object_super::tests::set' (3933) panicked at /opt/rustwide/cargo-home/registry/src/index.crates.io-1949cf8c6b5b557f/testing-27.0.0/src/output.rs:169:48:
[INFO] [stdout] failed to run `mkdir -p`: Os { code: 30, kind: ReadOnlyFilesystem, message: "Read-only file system" }
[INFO] [stdout] stack backtrace:
[INFO] [stdout]    0:     0x64aa6bb81d31 - <<std[617be2ca0a6fd877]::sys::backtrace::BacktraceLock>::print::DisplayBacktrace as core[a373ad73a504971]::fmt::Display>::fmt
[INFO] [stdout]    1:     0x64aa6bb98baa - core[a373ad73a504971]::fmt::write
[INFO] [stdout]    2:     0x64aa6bb8643c - <alloc[2e1b2a31b91974c5]::vec::Vec<u8> as core[a373ad73a504971]::io::write::Write>::write_fmt
[INFO] [stdout]    3:     0x64aa6bb5be86 - std[617be2ca0a6fd877]::panicking::default_hook::{closure#0}
[INFO] [stdout]    4:     0x64aa6bb790e9 - std[617be2ca0a6fd877]::panicking::default_hook
[INFO] [stdout]    5:     0x64aa6b620cf0 - test[aada8e7e76ba119b]::test_main_inner::{closure#0}
[INFO] [stdout]    6:     0x64aa6bb79412 - std[617be2ca0a6fd877]::panicking::panic_with_hook
[INFO] [stdout]    7:     0x64aa6bb5bf32 - std[617be2ca0a6fd877]::panicking::panic_handler::{closure#0}
[INFO] [stdout]    8:     0x64aa6bb54969 - std[617be2ca0a6fd877]::sys::backtrace::__rust_end_short_backtrace::<std[617be2ca0a6fd877]::panicking::panic_handler::{closure#0}, !>
[INFO] [stdout]    9:     0x64aa6bb5cb3d - __rustc[ea4f61d10b84890b]::rust_begin_unwind
[INFO] [stdout]   10:     0x64aa6bb9938c - core[a373ad73a504971]::panicking::panic_fmt
[INFO] [stdout]   11:     0x64aa6bb99162 - core[a373ad73a504971]::result::unwrap_failed
[INFO] [stdout]   12:     0x64aa6b81b0dd - <testing[bc22f9110fb2d121]::output::NormalizedOutput>::compare_to_file::<&std[617be2ca0a6fd877]::path::Path>
[INFO] [stdout]   13:     0x64aa6b78dc48 - swc_ecma_transforms_testing[6c0c98c9d94a1f92]::test_fixture_inner
[INFO] [stdout]   14:     0x64aa6b513a05 - <swc_ecma_compat_es2015[338fb0345fe56009]::object_super::tests::set::{closure#0} as core[a373ad73a504971]::ops::function::FnOnce<()>>::call_once
[INFO] [stdout]   15:     0x64aa6b61413b - test[aada8e7e76ba119b]::__rust_begin_short_backtrace::<core[a373ad73a504971]::result::Result<(), alloc[2e1b2a31b91974c5]::string::String>, fn() -> core[a373ad73a504971]::result::Result<(), alloc[2e1b2a31b91974c5]::string::String>>
[INFO] [stdout]   16:     0x64aa6b621315 - test[aada8e7e76ba119b]::run_test::{closure#0}
[INFO] [stdout]   17:     0x64aa6b61ac04 - std[617be2ca0a6fd877]::sys::backtrace::__rust_begin_short_backtrace::<test[aada8e7e76ba119b]::run_test::{closure#1}, ()>
[INFO] [stdout]   18:     0x64aa6b6243a2 - <std[617be2ca0a6fd877]::thread::lifecycle::spawn_unchecked<test[aada8e7e76ba119b]::run_test::{closure#1}, ()>::{closure#1} as core[a373ad73a504971]::ops::function::FnOnce<()>>::call_once::{shim:vtable#0}
[INFO] [stdout]   19:     0x64aa6bb80cff - <std[617be2ca0a6fd877]::sys::thread::unix::Thread>::new::thread_start
[INFO] [stdout]   20:     0x72cc4f0bedfa - <unknown>
[INFO] [stdout]   21:     0x72cc4f1523d4 - clone
[INFO] [stdout]   22:                0x0 - <unknown>
[INFO] [stdout] 
[INFO] [stdout] ---- tests::issue_189 stdout ----
[INFO] [stdout] ----- [32mExpected[0m -----
[INFO] [stdout] 
[INFO] [stdout] ----- [32mInput[0m -----
[INFO] [stdout] 
[INFO] [stdout] class HomePage extends React.Component {}
[INFO] [stdout] 
[INFO] [stdout] ----- [32mActual[0m -----
[INFO] [stdout] ----- [32mComments[0m -----
[INFO] [stdout] SingleThreadedComments { leading: RefCell { value: {} }, trailing: RefCell { value: {} } }
[INFO] [stdout] var HomePage = /*#__PURE__*/ function(_React_Component) {
[INFO] [stdout]     "use strict";
[INFO] [stdout]     _inherits(HomePage, _React_Component);
[INFO] [stdout]     function HomePage() {
[INFO] [stdout]         _class_call_check(this, HomePage);
[INFO] [stdout]         return _call_super(this, HomePage, arguments);
[INFO] [stdout]     }
[INFO] [stdout]     return HomePage;
[INFO] [stdout] }(React.Component);
[INFO] [stdout] 
[INFO] [stdout] 
[INFO] [stdout] thread 'tests::issue_189' (3936) panicked at /opt/rustwide/cargo-home/registry/src/index.crates.io-1949cf8c6b5b557f/testing-27.0.0/src/output.rs:169:48:
[INFO] [stdout] failed to run `mkdir -p`: Os { code: 30, kind: ReadOnlyFilesystem, message: "Read-only file system" }
[INFO] [stdout] stack backtrace:
[INFO] [stdout]    0:     0x64aa6bb81d31 - <<std[617be2ca0a6fd877]::sys::backtrace::BacktraceLock>::print::DisplayBacktrace as core[a373ad73a504971]::fmt::Display>::fmt
[INFO] [stdout]    1:     0x64aa6bb98baa - core[a373ad73a504971]::fmt::write
[INFO] [stdout]    2:     0x64aa6bb8643c - <alloc[2e1b2a31b91974c5]::vec::Vec<u8> as core[a373ad73a504971]::io::write::Write>::write_fmt
[INFO] [stdout]    3:     0x64aa6bb5be86 - std[617be2ca0a6fd877]::panicking::default_hook::{closure#0}
[INFO] [stdout]    4:     0x64aa6bb790e9 - std[617be2ca0a6fd877]::panicking::default_hook
[INFO] [stdout]    5:     0x64aa6b620cf0 - test[aada8e7e76ba119b]::test_main_inner::{closure#0}
[INFO] [stdout]    6:     0x64aa6bb79412 - std[617be2ca0a6fd877]::panicking::panic_with_hook
[INFO] [stdout]    7:     0x64aa6bb5bf32 - std[617be2ca0a6fd877]::panicking::panic_handler::{closure#0}
[INFO] [stdout]    8:     0x64aa6bb54969 - std[617be2ca0a6fd877]::sys::backtrace::__rust_end_short_backtrace::<std[617be2ca0a6fd877]::panicking::panic_handler::{closure#0}, !>
[INFO] [stdout]    9:     0x64aa6bb5cb3d - __rustc[ea4f61d10b84890b]::rust_begin_unwind
[INFO] [stdout]   10:     0x64aa6bb9938c - core[a373ad73a504971]::panicking::panic_fmt
[INFO] [stdout]   11:     0x64aa6bb99162 - core[a373ad73a504971]::result::unwrap_failed
[INFO] [stdout]   12:     0x64aa6b81b0dd - <testing[bc22f9110fb2d121]::output::NormalizedOutput>::compare_to_file::<&std[617be2ca0a6fd877]::path::Path>
[INFO] [stdout]   13:     0x64aa6b78dc48 - swc_ecma_transforms_testing[6c0c98c9d94a1f92]::test_fixture_inner
[INFO] [stdout]   14:     0x64aa6b510c65 - <swc_ecma_compat_es2015[338fb0345fe56009]::tests::issue_189::{closure#0} as core[a373ad73a504971]::ops::function::FnOnce<()>>::call_once
[INFO] [stdout]   15:     0x64aa6b61413b - test[aada8e7e76ba119b]::__rust_begin_short_backtrace::<core[a373ad73a504971]::result::Result<(), alloc[2e1b2a31b91974c5]::string::String>, fn() -> core[a373ad73a504971]::result::Result<(), alloc[2e1b2a31b91974c5]::string::String>>
[INFO] [stdout]   16:     0x64aa6b621315 - test[aada8e7e76ba119b]::run_test::{closure#0}
[INFO] [stdout]   17:     0x64aa6b61ac04 - std[617be2ca0a6fd877]::sys::backtrace::__rust_begin_short_backtrace::<test[aada8e7e76ba119b]::run_test::{closure#1}, ()>
[INFO] [stdout]   18:     0x64aa6b6243a2 - <std[617be2ca0a6fd877]::thread::lifecycle::spawn_unchecked<test[aada8e7e76ba119b]::run_test::{closure#1}, ()>::{closure#1} as core[a373ad73a504971]::ops::function::FnOnce<()>>::call_once::{shim:vtable#0}
[INFO] [stdout]   19:     0x64aa6bb80cff - <std[617be2ca0a6fd877]::sys::thread::unix::Thread>::new::thread_start
[INFO] [stdout]   20:     0x72cc4f0bedfa - <unknown>
[INFO] [stdout]   21:     0x72cc4f1523d4 - clone
[INFO] [stdout]   22:                0x0 - <unknown>
[INFO] [stdout] 
[INFO] [stdout] ---- tests::issue_227 stdout ----
[INFO] [stdout] ----- [32mExpected[0m -----
[INFO] [stdout] 
[INFO] [stdout] ----- [32mInput[0m -----
[INFO] [stdout] export default function fn1(...args) {
[INFO] [stdout]   fn2(...args);
[INFO] [stdout] }
[INFO] [stdout] ----- [32mActual[0m -----
[INFO] [stdout] ----- [32mComments[0m -----
[INFO] [stdout] SingleThreadedComments { leading: RefCell { value: {} }, trailing: RefCell { value: {} } }
[INFO] [stdout] export default function fn1() {
[INFO] [stdout]     for(var _len = arguments.length, args = new Array(_len), _key = 0; _key < _len; _key++){
[INFO] [stdout]         args[_key] = arguments[_key];
[INFO] [stdout]     }
[INFO] [stdout]     fn2.apply(void 0, _to_consumable_array(args));
[INFO] [stdout] }
[INFO] [stdout] 
[INFO] [stdout] 
[INFO] [stdout] thread 'tests::issue_227' (3937) panicked at /opt/rustwide/cargo-home/registry/src/index.crates.io-1949cf8c6b5b557f/testing-27.0.0/src/output.rs:169:48:
[INFO] [stdout] failed to run `mkdir -p`: Os { code: 30, kind: ReadOnlyFilesystem, message: "Read-only file system" }
[INFO] [stdout] stack backtrace:
[INFO] [stdout]    0:     0x64aa6bb81d31 - <<std[617be2ca0a6fd877]::sys::backtrace::BacktraceLock>::print::DisplayBacktrace as core[a373ad73a504971]::fmt::Display>::fmt
[INFO] [stdout]    1:     0x64aa6bb98baa - core[a373ad73a504971]::fmt::write
[INFO] [stdout]    2:     0x64aa6bb8643c - <alloc[2e1b2a31b91974c5]::vec::Vec<u8> as core[a373ad73a504971]::io::write::Write>::write_fmt
[INFO] [stdout]    3:     0x64aa6bb5be86 - std[617be2ca0a6fd877]::panicking::default_hook::{closure#0}
[INFO] [stdout]    4:     0x64aa6bb790e9 - std[617be2ca0a6fd877]::panicking::default_hook
[INFO] [stdout]    5:     0x64aa6b620cf0 - test[aada8e7e76ba119b]::test_main_inner::{closure#0}
[INFO] [stdout]    6:     0x64aa6bb79412 - std[617be2ca0a6fd877]::panicking::panic_with_hook
[INFO] [stdout]    7:     0x64aa6bb5bf32 - std[617be2ca0a6fd877]::panicking::panic_handler::{closure#0}
[INFO] [stdout]    8:     0x64aa6bb54969 - std[617be2ca0a6fd877]::sys::backtrace::__rust_end_short_backtrace::<std[617be2ca0a6fd877]::panicking::panic_handler::{closure#0}, !>
[INFO] [stdout]    9:     0x64aa6bb5cb3d - __rustc[ea4f61d10b84890b]::rust_begin_unwind
[INFO] [stdout]   10:     0x64aa6bb9938c - core[a373ad73a504971]::panicking::panic_fmt
[INFO] [stdout]   11:     0x64aa6bb99162 - core[a373ad73a504971]::result::unwrap_failed
[INFO] [stdout]   12:     0x64aa6b81b0dd - <testing[bc22f9110fb2d121]::output::NormalizedOutput>::compare_to_file::<&std[617be2ca0a6fd877]::path::Path>
[INFO] [stdout]   13:     0x64aa6b78dc48 - swc_ecma_transforms_testing[6c0c98c9d94a1f92]::test_fixture_inner
[INFO] [stdout]   14:     0x64aa6b5110f5 - <swc_ecma_compat_es2015[338fb0345fe56009]::tests::issue_227::{closure#0} as core[a373ad73a504971]::ops::function::FnOnce<()>>::call_once
[INFO] [stdout]   15:     0x64aa6b61413b - test[aada8e7e76ba119b]::__rust_begin_short_backtrace::<core[a373ad73a504971]::result::Result<(), alloc[2e1b2a31b91974c5]::string::String>, fn() -> core[a373ad73a504971]::result::Result<(), alloc[2e1b2a31b91974c5]::string::String>>
[INFO] [stdout]   16:     0x64aa6b621315 - test[aada8e7e76ba119b]::run_test::{closure#0}
[INFO] [stdout]   17:     0x64aa6b61ac04 - std[617be2ca0a6fd877]::sys::backtrace::__rust_begin_short_backtrace::<test[aada8e7e76ba119b]::run_test::{closure#1}, ()>
[INFO] [stdout]   18:     0x64aa6b6243a2 - <std[617be2ca0a6fd877]::thread::lifecycle::spawn_unchecked<test[aada8e7e76ba119b]::run_test::{closure#1}, ()>::{closure#1} as core[a373ad73a504971]::ops::function::FnOnce<()>>::call_once::{shim:vtable#0}
[INFO] [stdout]   19:     0x64aa6bb80cff - <std[617be2ca0a6fd877]::sys::thread::unix::Thread>::new::thread_start
[INFO] [stdout]   20:     0x72cc4f0bedfa - <unknown>
[INFO] [stdout]   21:     0x72cc4f1523d4 - clone
[INFO] [stdout]   22:                0x0 - <unknown>
[INFO] [stdout] 
[INFO] [stdout] ---- object_super::tests::get stdout ----
[INFO] [stdout] ----- [32mExpected[0m -----
[INFO] [stdout] 
[INFO] [stdout] ----- [32mInput[0m -----
[INFO] [stdout] let obj = {
[INFO] [stdout]             a(){
[INFO] [stdout]                 let c = super.x;
[INFO] [stdout]             }
[INFO] [stdout]         }
[INFO] [stdout] ----- [32mActual[0m -----
[INFO] [stdout] ----- [32mComments[0m -----
[INFO] [stdout] SingleThreadedComments { leading: RefCell { value: {} }, trailing: RefCell { value: {} } }
[INFO] [stdout] var _obj;
[INFO] [stdout] let obj = _obj = {
[INFO] [stdout]     a: function a() {
[INFO] [stdout]         let c = _get(_get_prototype_of(_obj), "x", this);
[INFO] [stdout]     }
[INFO] [stdout] };
[INFO] [stdout] 
[INFO] [stdout] 
[INFO] [stdout] thread 'object_super::tests::get' (3931) panicked at /opt/rustwide/cargo-home/registry/src/index.crates.io-1949cf8c6b5b557f/testing-27.0.0/src/output.rs:169:48:
[INFO] [stdout] failed to run `mkdir -p`: Os { code: 30, kind: ReadOnlyFilesystem, message: "Read-only file system" }
[INFO] [stdout] stack backtrace:
[INFO] [stdout]    0:     0x64aa6bb81d31 - <<std[617be2ca0a6fd877]::sys::backtrace::BacktraceLock>::print::DisplayBacktrace as core[a373ad73a504971]::fmt::Display>::fmt
[INFO] [stdout]    1:     0x64aa6bb98baa - core[a373ad73a504971]::fmt::write
[INFO] [stdout]    2:     0x64aa6bb8643c - <alloc[2e1b2a31b91974c5]::vec::Vec<u8> as core[a373ad73a504971]::io::write::Write>::write_fmt
[INFO] [stdout]    3:     0x64aa6bb5be86 - std[617be2ca0a6fd877]::panicking::default_hook::{closure#0}
[INFO] [stdout]    4:     0x64aa6bb790e9 - std[617be2ca0a6fd877]::panicking::default_hook
[INFO] [stdout]    5:     0x64aa6b620cf0 - test[aada8e7e76ba119b]::test_main_inner::{closure#0}
[INFO] [stdout]    6:     0x64aa6bb79412 - std[617be2ca0a6fd877]::panicking::panic_with_hook
[INFO] [stdout]    7:     0x64aa6bb5bf32 - std[617be2ca0a6fd877]::panicking::panic_handler::{closure#0}
[INFO] [stdout]    8:     0x64aa6bb54969 - std[617be2ca0a6fd877]::sys::backtrace::__rust_end_short_backtrace::<std[617be2ca0a6fd877]::panicking::panic_handler::{closure#0}, !>
[INFO] [stdout]    9:     0x64aa6bb5cb3d - __rustc[ea4f61d10b84890b]::rust_begin_unwind
[INFO] [stdout]   10:     0x64aa6bb9938c - core[a373ad73a504971]::panicking::panic_fmt
[INFO] [stdout]   11:     0x64aa6bb99162 - core[a373ad73a504971]::result::unwrap_failed
[INFO] [stdout]   12:     0x64aa6b81b0dd - <testing[bc22f9110fb2d121]::output::NormalizedOutput>::compare_to_file::<&std[617be2ca0a6fd877]::path::Path>
[INFO] [stdout]   13:     0x64aa6b78dc48 - swc_ecma_transforms_testing[6c0c98c9d94a1f92]::test_fixture_inner
[INFO] [stdout]   14:     0x64aa6b513575 - <swc_ecma_compat_es2015[338fb0345fe56009]::object_super::tests::get::{closure#0} as core[a373ad73a504971]::ops::function::FnOnce<()>>::call_once
[INFO] [stdout]   15:     0x64aa6b61413b - test[aada8e7e76ba119b]::__rust_begin_short_backtrace::<core[a373ad73a504971]::result::Result<(), alloc[2e1b2a31b91974c5]::string::String>, fn() -> core[a373ad73a504971]::result::Result<(), alloc[2e1b2a31b91974c5]::string::String>>
[INFO] [stdout]   16:     0x64aa6b621315 - test[aada8e7e76ba119b]::run_test::{closure#0}
[INFO] [stdout]   17:     0x64aa6b61ac04 - std[617be2ca0a6fd877]::sys::backtrace::__rust_begin_short_backtrace::<test[aada8e7e76ba119b]::run_test::{closure#1}, ()>
[INFO] [stdout]   18:     0x64aa6b6243a2 - <std[617be2ca0a6fd877]::thread::lifecycle::spawn_unchecked<test[aada8e7e76ba119b]::run_test::{closure#1}, ()>::{closure#1} as core[a373ad73a504971]::ops::function::FnOnce<()>>::call_once::{shim:vtable#0}
[INFO] [stdout]   19:     0x64aa6bb80cff - <std[617be2ca0a6fd877]::sys::thread::unix::Thread>::new::thread_start
[INFO] [stdout]   20:     0x72cc4f0bedfa - <unknown>
[INFO] [stdout]   21:     0x72cc4f1523d4 - clone
[INFO] [stdout]   22:                0x0 - <unknown>
[INFO] [stdout] 
[INFO] [stdout] ---- tests::issue_1660_1 stdout ----
[INFO] [stdout] ----- [32mExpected[0m -----
[INFO] [stdout] 
[INFO] [stdout] ----- [32mInput[0m -----
[INFO] [stdout] 
[INFO] [stdout]         console.log(class {run(){}});
[INFO] [stdout]         
[INFO] [stdout] ----- [32mActual[0m -----
[INFO] [stdout] ----- [32mComments[0m -----
[INFO] [stdout] SingleThreadedComments { leading: RefCell { value: {} }, trailing: RefCell { value: {} } }
[INFO] [stdout] console.log(/*#__PURE__*/ function() {
[INFO] [stdout]     "use strict";
[INFO] [stdout]     function _class() {
[INFO] [stdout]         _class_call_check(this, _class);
[INFO] [stdout]     }
[INFO] [stdout]     _create_class(_class, [
[INFO] [stdout]         {
[INFO] [stdout]             key: "run",
[INFO] [stdout]             value: function run() {}
[INFO] [stdout]         }
[INFO] [stdout]     ]);
[INFO] [stdout]     return _class;
[INFO] [stdout] }());
[INFO] [stdout] 
[INFO] [stdout] 
[INFO] [stdout] thread 'tests::issue_1660_1' (3934) panicked at /opt/rustwide/cargo-home/registry/src/index.crates.io-1949cf8c6b5b557f/testing-27.0.0/src/output.rs:169:48:
[INFO] [stdout] failed to run `mkdir -p`: Os { code: 30, kind: ReadOnlyFilesystem, message: "Read-only file system" }
[INFO] [stdout] stack backtrace:
[INFO] [stdout]    0:     0x64aa6bb81d31 - <<std[617be2ca0a6fd877]::sys::backtrace::BacktraceLock>::print::DisplayBacktrace as core[a373ad73a504971]::fmt::Display>::fmt
[INFO] [stdout]    1:     0x64aa6bb98baa - core[a373ad73a504971]::fmt::write
[INFO] [stdout]    2:     0x64aa6bb8643c - <alloc[2e1b2a31b91974c5]::vec::Vec<u8> as core[a373ad73a504971]::io::write::Write>::write_fmt
[INFO] [stdout]    3:     0x64aa6bb5be86 - std[617be2ca0a6fd877]::panicking::default_hook::{closure#0}
[INFO] [stdout]    4:     0x64aa6bb790e9 - std[617be2ca0a6fd877]::panicking::default_hook
[INFO] [stdout]    5:     0x64aa6b620cf0 - test[aada8e7e76ba119b]::test_main_inner::{closure#0}
[INFO] [stdout]    6:     0x64aa6bb79412 - std[617be2ca0a6fd877]::panicking::panic_with_hook
[INFO] [stdout]    7:     0x64aa6bb5bf32 - std[617be2ca0a6fd877]::panicking::panic_handler::{closure#0}
[INFO] [stdout]    8:     0x64aa6bb54969 - std[617be2ca0a6fd877]::sys::backtrace::__rust_end_short_backtrace::<std[617be2ca0a6fd877]::panicking::panic_handler::{closure#0}, !>
[INFO] [stdout]    9:     0x64aa6bb5cb3d - __rustc[ea4f61d10b84890b]::rust_begin_unwind
[INFO] [stdout]   10:     0x64aa6bb9938c - core[a373ad73a504971]::panicking::panic_fmt
[INFO] [stdout]   11:     0x64aa6bb99162 - core[a373ad73a504971]::result::unwrap_failed
[INFO] [stdout]   12:     0x64aa6b81b0dd - <testing[bc22f9110fb2d121]::output::NormalizedOutput>::compare_to_file::<&std[617be2ca0a6fd877]::path::Path>
[INFO] [stdout]   13:     0x64aa6b78dc48 - swc_ecma_transforms_testing[6c0c98c9d94a1f92]::test_fixture_inner
[INFO] [stdout]   14:     0x64aa6b50feb5 - <swc_ecma_compat_es2015[338fb0345fe56009]::tests::issue_1660_1::{closure#0} as core[a373ad73a504971]::ops::function::FnOnce<()>>::call_once
[INFO] [stdout]   15:     0x64aa6b61413b - test[aada8e7e76ba119b]::__rust_begin_short_backtrace::<core[a373ad73a504971]::result::Result<(), alloc[2e1b2a31b91974c5]::string::String>, fn() -> core[a373ad73a504971]::result::Result<(), alloc[2e1b2a31b91974c5]::string::String>>
[INFO] [stdout]   16:     0x64aa6b621315 - test[aada8e7e76ba119b]::run_test::{closure#0}
[INFO] [stdout]   17:     0x64aa6b61ac04 - std[617be2ca0a6fd877]::sys::backtrace::__rust_begin_short_backtrace::<test[aada8e7e76ba119b]::run_test::{closure#1}, ()>
[INFO] [stdout]   18:     0x64aa6b6243a2 - <std[617be2ca0a6fd877]::thread::lifecycle::spawn_unchecked<test[aada8e7e76ba119b]::run_test::{closure#1}, ()>::{closure#1} as core[a373ad73a504971]::ops::function::FnOnce<()>>::call_once::{shim:vtable#0}
[INFO] [stdout]   19:     0x64aa6bb80cff - <std[617be2ca0a6fd877]::sys::thread::unix::Thread>::new::thread_start
[INFO] [stdout]   20:     0x72cc4f0bedfa - <unknown>
[INFO] [stdout]   21:     0x72cc4f1523d4 - clone
[INFO] [stdout]   22:                0x0 - <unknown>
[INFO] [stdout] 
[INFO] [stdout] ---- block_scoped_fn::tests::hoisting_directives stdout ----
[INFO] [stdout] ----- [32mExpected[0m -----
[INFO] [stdout] 
[INFO] [stdout] ----- [32mInput[0m -----
[INFO] [stdout] function foo() {
[INFO] [stdout]             'use strict';
[INFO] [stdout]             function _interop_require_default(obj) {
[INFO] [stdout]               return obj && obj.__esModule ? obj : {
[INFO] [stdout]                 default: obj
[INFO] [stdout]               };
[INFO] [stdout]             }
[INFO] [stdout]         }
[INFO] [stdout] ----- [32mActual[0m -----
[INFO] [stdout] ----- [32mComments[0m -----
[INFO] [stdout] SingleThreadedComments { leading: RefCell { value: {} }, trailing: RefCell { value: {} } }
[INFO] [stdout] function foo() {
[INFO] [stdout]     'use strict';
[INFO] [stdout]     function _interop_require_default(obj) {
[INFO] [stdout]         return obj && obj.__esModule ? obj : {
[INFO] [stdout]             default: obj
[INFO] [stdout]         };
[INFO] [stdout]     }
[INFO] [stdout] }
[INFO] [stdout] 
[INFO] [stdout] 
[INFO] [stdout] thread 'block_scoped_fn::tests::hoisting_directives' (3919) panicked at /opt/rustwide/cargo-home/registry/src/index.crates.io-1949cf8c6b5b557f/testing-27.0.0/src/output.rs:169:48:
[INFO] [stdout] failed to run `mkdir -p`: Os { code: 30, kind: ReadOnlyFilesystem, message: "Read-only file system" }
[INFO] [stdout] stack backtrace:
[INFO] [stdout]    0:     0x64aa6bb81d31 - <<std[617be2ca0a6fd877]::sys::backtrace::BacktraceLock>::print::DisplayBacktrace as core[a373ad73a504971]::fmt::Display>::fmt
[INFO] [stdout]    1:     0x64aa6bb98baa - core[a373ad73a504971]::fmt::write
[INFO] [stdout]    2:     0x64aa6bb8643c - <alloc[2e1b2a31b91974c5]::vec::Vec<u8> as core[a373ad73a504971]::io::write::Write>::write_fmt
[INFO] [stdout]    3:     0x64aa6bb5be86 - std[617be2ca0a6fd877]::panicking::default_hook::{closure#0}
[INFO] [stdout]    4:     0x64aa6bb790e9 - std[617be2ca0a6fd877]::panicking::default_hook
[INFO] [stdout]    5:     0x64aa6b620cf0 - test[aada8e7e76ba119b]::test_main_inner::{closure#0}
[INFO] [stdout]    6:     0x64aa6bb79412 - std[617be2ca0a6fd877]::panicking::panic_with_hook
[INFO] [stdout]    7:     0x64aa6bb5bf32 - std[617be2ca0a6fd877]::panicking::panic_handler::{closure#0}
[INFO] [stdout]    8:     0x64aa6bb54969 - std[617be2ca0a6fd877]::sys::backtrace::__rust_end_short_backtrace::<std[617be2ca0a6fd877]::panicking::panic_handler::{closure#0}, !>
[INFO] [stdout]    9:     0x64aa6bb5cb3d - __rustc[ea4f61d10b84890b]::rust_begin_unwind
[INFO] [stdout]   10:     0x64aa6bb9938c - core[a373ad73a504971]::panicking::panic_fmt
[INFO] [stdout]   11:     0x64aa6bb99162 - core[a373ad73a504971]::result::unwrap_failed
[INFO] [stdout]   12:     0x64aa6b81b0dd - <testing[bc22f9110fb2d121]::output::NormalizedOutput>::compare_to_file::<&std[617be2ca0a6fd877]::path::Path>
[INFO] [stdout]   13:     0x64aa6b78dc48 - swc_ecma_transforms_testing[6c0c98c9d94a1f92]::test_fixture_inner
[INFO] [stdout]   14:     0x64aa6b516315 - <swc_ecma_compat_es2015[338fb0345fe56009]::block_scoped_fn::tests::hoisting_directives::{closure#0} as core[a373ad73a504971]::ops::function::FnOnce<()>>::call_once
[INFO] [stdout]   15:     0x64aa6b61413b - test[aada8e7e76ba119b]::__rust_begin_short_backtrace::<core[a373ad73a504971]::result::Result<(), alloc[2e1b2a31b91974c5]::string::String>, fn() -> core[a373ad73a504971]::result::Result<(), alloc[2e1b2a31b91974c5]::string::String>>
[INFO] [stdout]   16:     0x64aa6b621315 - test[aada8e7e76ba119b]::run_test::{closure#0}
[INFO] [stdout]   17:     0x64aa6b61ac04 - std[617be2ca0a6fd877]::sys::backtrace::__rust_begin_short_backtrace::<test[aada8e7e76ba119b]::run_test::{closure#1}, ()>
[INFO] [stdout]   18:     0x64aa6b6243a2 - <std[617be2ca0a6fd877]::thread::lifecycle::spawn_unchecked<test[aada8e7e76ba119b]::run_test::{closure#1}, ()>::{closure#1} as core[a373ad73a504971]::ops::function::FnOnce<()>>::call_once::{shim:vtable#0}
[INFO] [stdout]   19:     0x64aa6bb80cff - <std[617be2ca0a6fd877]::sys::thread::unix::Thread>::new::thread_start
[INFO] [stdout]   20:     0x72cc4f0bedfa - <unknown>
[INFO] [stdout]   21:     0x72cc4f1523d4 - clone
[INFO] [stdout]   22:                0x0 - <unknown>
[INFO] [stdout] 
[INFO] [stdout] ---- block_scoped_fn::tests::hoisting stdout ----
[INFO] [stdout] ----- [32mExpected[0m -----
[INFO] [stdout] 
[INFO] [stdout] ----- [32mInput[0m -----
[INFO] [stdout] 
[INFO] [stdout] {
[INFO] [stdout]     function fn1() { fn2(); }
[INFO] [stdout] 
[INFO] [stdout]     fn1();
[INFO] [stdout] 
[INFO] [stdout]     function fn2() { }
[INFO] [stdout] }
[INFO] [stdout] 
[INFO] [stdout] ----- [32mActual[0m -----
[INFO] [stdout] ----- [32mComments[0m -----
[INFO] [stdout] SingleThreadedComments { leading: RefCell { value: {} }, trailing: RefCell { value: {} } }
[INFO] [stdout] {
[INFO] [stdout]     let fn1 = function fn1() {
[INFO] [stdout]         fn2();
[INFO] [stdout]     };
[INFO] [stdout]     let fn2 = function fn2() {};
[INFO] [stdout]     fn1();
[INFO] [stdout] }
[INFO] [stdout] 
[INFO] [stdout] thread 'block_scoped_fn::tests::hoisting' (3918) panicked at /opt/rustwide/cargo-home/registry/src/index.crates.io-1949cf8c6b5b557f/testing-27.0.0/src/output.rs:169:48:
[INFO] [stdout] failed to run `mkdir -p`: Os { code: 30, kind: ReadOnlyFilesystem, message: "Read-only file system" }
[INFO] [stdout] stack backtrace:
[INFO] [stdout]    0:     0x64aa6bb81d31 - <<std[617be2ca0a6fd877]::sys::backtrace::BacktraceLock>::print::DisplayBacktrace as core[a373ad73a504971]::fmt::Display>::fmt
[INFO] [stdout]    1:     0x64aa6bb98baa - core[a373ad73a504971]::fmt::write
[INFO] [stdout]    2:     0x64aa6bb8643c - <alloc[2e1b2a31b91974c5]::vec::Vec<u8> as core[a373ad73a504971]::io::write::Write>::write_fmt
[INFO] [stdout]    3:     0x64aa6bb5be86 - std[617be2ca0a6fd877]::panicking::default_hook::{closure#0}
[INFO] [stdout]    4:     0x64aa6bb790e9 - std[617be2ca0a6fd877]::panicking::default_hook
[INFO] [stdout]    5:     0x64aa6b620cf0 - test[aada8e7e76ba119b]::test_main_inner::{closure#0}
[INFO] [stdout]    6:     0x64aa6bb79412 - std[617be2ca0a6fd877]::panicking::panic_with_hook
[INFO] [stdout]    7:     0x64aa6bb5bf32 - std[617be2ca0a6fd877]::panicking::panic_handler::{closure#0}
[INFO] [stdout]    8:     0x64aa6bb54969 - std[617be2ca0a6fd877]::sys::backtrace::__rust_end_short_backtrace::<std[617be2ca0a6fd877]::panicking::panic_handler::{closure#0}, !>
[INFO] [stdout]    9:     0x64aa6bb5cb3d - __rustc[ea4f61d10b84890b]::rust_begin_unwind
[INFO] [stdout]   10:     0x64aa6bb9938c - core[a373ad73a504971]::panicking::panic_fmt
[INFO] [stdout]   11:     0x64aa6bb99162 - core[a373ad73a504971]::result::unwrap_failed
[INFO] [stdout]   12:     0x64aa6b81b0dd - <testing[bc22f9110fb2d121]::output::NormalizedOutput>::compare_to_file::<&std[617be2ca0a6fd877]::path::Path>
[INFO] [stdout]   13:     0x64aa6b78dc48 - swc_ecma_transforms_testing[6c0c98c9d94a1f92]::test_fixture_inner
[INFO] [stdout]   14:     0x64aa6b5170f5 - <swc_ecma_compat_es2015[338fb0345fe56009]::block_scoped_fn::tests::hoisting::{closure#0} as core[a373ad73a504971]::ops::function::FnOnce<()>>::call_once
[INFO] [stdout]   15:     0x64aa6b61413b - test[aada8e7e76ba119b]::__rust_begin_short_backtrace::<core[a373ad73a504971]::result::Result<(), alloc[2e1b2a31b91974c5]::string::String>, fn() -> core[a373ad73a504971]::result::Result<(), alloc[2e1b2a31b91974c5]::string::String>>
[INFO] [stdout]   16:     0x64aa6b621315 - test[aada8e7e76ba119b]::run_test::{closure#0}
[INFO] [stdout]   17:     0x64aa6b61ac04 - std[617be2ca0a6fd877]::sys::backtrace::__rust_begin_short_backtrace::<test[aada8e7e76ba119b]::run_test::{closure#1}, ()>
[INFO] [stdout]   18:     0x64aa6b6243a2 - <std[617be2ca0a6fd877]::thread::lifecycle::spawn_unchecked<test[aada8e7e76ba119b]::run_test::{closure#1}, ()>::{closure#1} as core[a373ad73a504971]::ops::function::FnOnce<()>>::call_once::{shim:vtable#0}
[INFO] [stdout]   19:     0x64aa6bb80cff - <std[617be2ca0a6fd877]::sys::thread::unix::Thread>::new::thread_start
[INFO] [stdout]   20:     0x72cc4f0bedfa - <unknown>
[INFO] [stdout]   21:     0x72cc4f1523d4 - clone
[INFO] [stdout]   22:                0x0 - <unknown>
[INFO] [stdout] 
[INFO] [stdout] ---- block_scoped_fn::tests::issue_288_1 stdout ----
[INFO] [stdout] ----- [32mExpected[0m -----
[INFO] [stdout] 
[INFO] [stdout] ----- [32mInput[0m -----
[INFO] [stdout] function components_Link_extends() { components_Link_extends = Object.assign || function (target) { for (var i = 1; i < arguments.length; i++) { var source = arguments[i]; for (var key in source) { if (Object.prototype.hasOwnProperty.call(source, key)) { target[key] = source[key]; } } } return target; }; return components_Link_extends.apply(this, arguments); }
[INFO] [stdout] 
[INFO] [stdout] 
[INFO] [stdout] ----- [32mActual[0m -----
[INFO] [stdout] ----- [32mComments[0m -----
[INFO] [stdout] SingleThreadedComments { leading: RefCell { value: {} }, trailing: RefCell { value: {} } }
[INFO] [stdout] function components_Link_extends() {
[INFO] [stdout]     components_Link_extends = Object.assign || function(target) {
[INFO] [stdout]         for(var i = 1; i < arguments.length; i++){
[INFO] [stdout]             var source = arguments[i];
[INFO] [stdout]             for(var key in source){
[INFO] [stdout]                 if (Object.prototype.hasOwnProperty.call(source, key)) {
[INFO] [stdout]                     target[key] = source[key];
[INFO] [stdout]                 }
[INFO] [stdout]             }
[INFO] [stdout]         }
[INFO] [stdout]         return target;
[INFO] [stdout]     };
[INFO] [stdout]     return components_Link_extends.apply(this, arguments);
[INFO] [stdout] }
[INFO] [stdout] 
[INFO] [stdout] 
[INFO] [stdout] thread 'block_scoped_fn::tests::issue_288_1' (3921) panicked at /opt/rustwide/cargo-home/registry/src/index.crates.io-1949cf8c6b5b557f/testing-27.0.0/src/output.rs:169:48:
[INFO] [stdout] failed to run `mkdir -p`: Os { code: 30, kind: ReadOnlyFilesystem, message: "Read-only file system" }
[INFO] [stdout] stack backtrace:
[INFO] [stdout]    0:     0x64aa6bb81d31 - <<std[617be2ca0a6fd877]::sys::backtrace::BacktraceLock>::print::DisplayBacktrace as core[a373ad73a504971]::fmt::Display>::fmt
[INFO] [stdout]    1:     0x64aa6bb98baa - core[a373ad73a504971]::fmt::write
[INFO] [stdout]    2:     0x64aa6bb8643c - <alloc[2e1b2a31b91974c5]::vec::Vec<u8> as core[a373ad73a504971]::io::write::Write>::write_fmt
[INFO] [stdout]    3:     0x64aa6bb5be86 - std[617be2ca0a6fd877]::panicking::default_hook::{closure#0}
[INFO] [stdout]    4:     0x64aa6bb790e9 - std[617be2ca0a6fd877]::panicking::default_hook
[INFO] [stdout]    5:     0x64aa6b620cf0 - test[aada8e7e76ba119b]::test_main_inner::{closure#0}
[INFO] [stdout]    6:     0x64aa6bb79412 - std[617be2ca0a6fd877]::panicking::panic_with_hook
[INFO] [stdout]    7:     0x64aa6bb5bf32 - std[617be2ca0a6fd877]::panicking::panic_handler::{closure#0}
[INFO] [stdout]    8:     0x64aa6bb54969 - std[617be2ca0a6fd877]::sys::backtrace::__rust_end_short_backtrace::<std[617be2ca0a6fd877]::panicking::panic_handler::{closure#0}, !>
[INFO] [stdout]    9:     0x64aa6bb5cb3d - __rustc[ea4f61d10b84890b]::rust_begin_unwind
[INFO] [stdout]   10:     0x64aa6bb9938c - core[a373ad73a504971]::panicking::panic_fmt
[INFO] [stdout]   11:     0x64aa6bb99162 - core[a373ad73a504971]::result::unwrap_failed
[INFO] [stdout]   12:     0x64aa6b81b0dd - <testing[bc22f9110fb2d121]::output::NormalizedOutput>::compare_to_file::<&std[617be2ca0a6fd877]::path::Path>
[INFO] [stdout]   13:     0x64aa6b78dc48 - swc_ecma_transforms_testing[6c0c98c9d94a1f92]::test_fixture_inner
[INFO] [stdout]   14:     0x64aa6b5159f5 - <swc_ecma_compat_es2015[338fb0345fe56009]::block_scoped_fn::tests::issue_288_1::{closure#0} as core[a373ad73a504971]::ops::function::FnOnce<()>>::call_once
[INFO] [stdout]   15:     0x64aa6b61413b - test[aada8e7e76ba119b]::__rust_begin_short_backtrace::<core[a373ad73a504971]::result::Result<(), alloc[2e1b2a31b91974c5]::string::String>, fn() -> core[a373ad73a504971]::result::Result<(), alloc[2e1b2a31b91974c5]::string::String>>
[INFO] [stdout]   16:     0x64aa6b621315 - test[aada8e7e76ba119b]::run_test::{closure#0}
[INFO] [stdout]   17:     0x64aa6b61ac04 - std[617be2ca0a6fd877]::sys::backtrace::__rust_begin_short_backtrace::<test[aada8e7e76ba119b]::run_test::{closure#1}, ()>
[INFO] [stdout]   18:     0x64aa6b6243a2 - <std[617be2ca0a6fd877]::thread::lifecycle::spawn_unchecked<test[aada8e7e76ba119b]::run_test::{closure#1}, ()>::{closure#1} as core[a373ad73a504971]::ops::function::FnOnce<()>>::call_once::{shim:vtable#0}
[INFO] [stdout]   19:     0x64aa6bb80cff - <std[617be2ca0a6fd877]::sys::thread::unix::Thread>::new::thread_start
[INFO] [stdout]   20:     0x72cc4f0bedfa - <unknown>
[INFO] [stdout]   21:     0x72cc4f1523d4 - clone
[INFO] [stdout]   22:                0x0 - <unknown>
[INFO] [stdout] 
[INFO] [stdout] ---- block_scoped_fn::tests::issue_271 stdout ----
[INFO] [stdout] ----- [32mExpected[0m -----
[INFO] [stdout] 
[INFO] [stdout] ----- [32mInput[0m -----
[INFO] [stdout] 
[INFO] [stdout] function foo(scope) {
[INFO] [stdout]     scope.startOperation = startOperation;
[INFO] [stdout] 
[INFO] [stdout]     function startOperation(operation) {
[INFO] [stdout]         scope.agentOperation = operation;
[INFO] [stdout]     }
[INFO] [stdout] }
[INFO] [stdout] 
[INFO] [stdout] ----- [32mActual[0m -----
[INFO] [stdout] ----- [32mComments[0m -----
[INFO] [stdout] SingleThreadedComments { leading: RefCell { value: {} }, trailing: RefCell { value: {} } }
[INFO] [stdout] function foo(scope) {
[INFO] [stdout]     scope.startOperation = startOperation;
[INFO] [stdout]     function startOperation(operation) {
[INFO] [stdout]         scope.agentOperation = operation;
[INFO] [stdout]     }
[INFO] [stdout] }
[INFO] [stdout] 
[INFO] [stdout] 
[INFO] [stdout] thread 'block_scoped_fn::tests::issue_271' (3920) panicked at /opt/rustwide/cargo-home/registry/src/index.crates.io-1949cf8c6b5b557f/testing-27.0.0/src/output.rs:169:48:
[INFO] [stdout] failed to run `mkdir -p`: Os { code: 30, kind: ReadOnlyFilesystem, message: "Read-only file system" }
[INFO] [stdout] stack backtrace:
[INFO] [stdout]    0:     0x64aa6bb81d31 - <<std[617be2ca0a6fd877]::sys::backtrace::BacktraceLock>::print::DisplayBacktrace as core[a373ad73a504971]::fmt::Display>::fmt
[INFO] [stdout]    1:     0x64aa6bb98baa - core[a373ad73a504971]::fmt::write
[INFO] [stdout]    2:     0x64aa6bb8643c - <alloc[2e1b2a31b91974c5]::vec::Vec<u8> as core[a373ad73a504971]::io::write::Write>::write_fmt
[INFO] [stdout]    3:     0x64aa6bb5be86 - std[617be2ca0a6fd877]::panicking::default_hook::{closure#0}
[INFO] [stdout]    4:     0x64aa6bb790e9 - std[617be2ca0a6fd877]::panicking::default_hook
[INFO] [stdout]    5:     0x64aa6b620cf0 - test[aada8e7e76ba119b]::test_main_inner::{closure#0}
[INFO] [stdout]    6:     0x64aa6bb79412 - std[617be2ca0a6fd877]::panicking::panic_with_hook
[INFO] [stdout]    7:     0x64aa6bb5bf32 - std[617be2ca0a6fd877]::panicking::panic_handler::{closure#0}
[INFO] [stdout]    8:     0x64aa6bb54969 - std[617be2ca0a6fd877]::sys::backtrace::__rust_end_short_backtrace::<std[617be2ca0a6fd877]::panicking::panic_handler::{closure#0}, !>
[INFO] [stdout]    9:     0x64aa6bb5cb3d - __rustc[ea4f61d10b84890b]::rust_begin_unwind
[INFO] [stdout]   10:     0x64aa6bb9938c - core[a373ad73a504971]::panicking::panic_fmt
[INFO] [stdout]   11:     0x64aa6bb99162 - core[a373ad73a504971]::result::unwrap_failed
[INFO] [stdout]   12:     0x64aa6b81b0dd - <testing[bc22f9110fb2d121]::output::NormalizedOutput>::compare_to_file::<&std[617be2ca0a6fd877]::path::Path>
[INFO] [stdout]   13:     0x64aa6b78dc48 - swc_ecma_transforms_testing[6c0c98c9d94a1f92]::test_fixture_inner
[INFO] [stdout]   14:     0x64aa6b517585 - <swc_ecma_compat_es2015[338fb0345fe56009]::block_scoped_fn::tests::issue_271::{closure#0} as core[a373ad73a504971]::ops::function::FnOnce<()>>::call_once
[INFO] [stdout]   15:     0x64aa6b61413b - test[aada8e7e76ba119b]::__rust_begin_short_backtrace::<core[a373ad73a504971]::result::Result<(), alloc[2e1b2a31b91974c5]::string::String>, fn() -> core[a373ad73a504971]::result::Result<(), alloc[2e1b2a31b91974c5]::string::String>>
[INFO] [stdout]   16:     0x64aa6b621315 - test[aada8e7e76ba119b]::run_test::{closure#0}
[INFO] [stdout]   17:     0x64aa6b61ac04 - std[617be2ca0a6fd877]::sys::backtrace::__rust_begin_short_backtrace::<test[aada8e7e76ba119b]::run_test::{closure#1}, ()>
[INFO] [stdout]   18:     0x64aa6b6243a2 - <std[617be2ca0a6fd877]::thread::lifecycle::spawn_unchecked<test[aada8e7e76ba119b]::run_test::{closure#1}, ()>::{closure#1} as core[a373ad73a504971]::ops::function::FnOnce<()>>::call_once::{shim:vtable#0}
[INFO] [stdout]   19:     0x64aa6bb80cff - <std[617be2ca0a6fd877]::sys::thread::unix::Thread>::new::thread_start
[INFO] [stdout]   20:     0x72cc4f0bedfa - <unknown>
[INFO] [stdout]   21:     0x72cc4f1523d4 - clone
[INFO] [stdout]   22:                0x0 - <unknown>
[INFO] [stdout] 
[INFO] [stdout] ---- object_super::tests::nest stdout ----
[INFO] [stdout] ----- [32mExpected[0m -----
[INFO] [stdout] 
[INFO] [stdout] ----- [32mInput[0m -----
[INFO] [stdout] let obj = {
[INFO] [stdout]             b(){
[INFO] [stdout]                 super.bar()
[INFO] [stdout]                 let o = {
[INFO] [stdout]                     d(){
[INFO] [stdout]                         super.d()
[INFO] [stdout]                     }
[INFO] [stdout]                 }
[INFO] [stdout]             },
[INFO] [stdout]         }
[INFO] [stdout] ----- [32mActual[0m -----
[INFO] [stdout] ----- [32mComments[0m -----
[INFO] [stdout] SingleThreadedComments { leading: RefCell { value: {} }, trailing: RefCell { value: {} } }
[INFO] [stdout] var _obj;
[INFO] [stdout] let obj = _obj = {
[INFO] [stdout]     b: function b() {
[INFO] [stdout]         var _obj1;
[INFO] [stdout]         _get(_get_prototype_of(_obj), "bar", this).call(this);
[INFO] [stdout]         let o = _obj1 = {
[INFO] [stdout]             d: function d() {
[INFO] [stdout]                 _get(_get_prototype_of(_obj1), "d", this).call(this);
[INFO] [stdout]             }
[INFO] [stdout]         };
[INFO] [stdout]     }
[INFO] [stdout] };
[INFO] [stdout] 
[INFO] [stdout] 
[INFO] [stdout] thread 'object_super::tests::nest' (3932) panicked at /opt/rustwide/cargo-home/registry/src/index.crates.io-1949cf8c6b5b557f/testing-27.0.0/src/output.rs:169:48:
[INFO] [stdout] failed to run `mkdir -p`: Os { code: 30, kind: ReadOnlyFilesystem, message: "Read-only file system" }
[INFO] [stdout] stack backtrace:
[INFO] [stdout]    0:     0x64aa6bb81d31 - <<std[617be2ca0a6fd877]::sys::backtrace::BacktraceLock>::print::DisplayBacktrace as core[a373ad73a504971]::fmt::Display>::fmt
[INFO] [stdout]    1:     0x64aa6bb98baa - core[a373ad73a504971]::fmt::write
[INFO] [stdout]    2:     0x64aa6bb8643c - <alloc[2e1b2a31b91974c5]::vec::Vec<u8> as core[a373ad73a504971]::io::write::Write>::write_fmt
[INFO] [stdout]    3:     0x64aa6bb5be86 - std[617be2ca0a6fd877]::panicking::default_hook::{closure#0}
[INFO] [stdout]    4:     0x64aa6bb790e9 - std[617be2ca0a6fd877]::panicking::default_hook
[INFO] [stdout]    5:     0x64aa6b620cf0 - test[aada8e7e76ba119b]::test_main_inner::{closure#0}
[INFO] [stdout]    6:     0x64aa6bb79412 - std[617be2ca0a6fd877]::panicking::panic_with_hook
[INFO] [stdout]    7:     0x64aa6bb5bf32 - std[617be2ca0a6fd877]::panicking::panic_handler::{closure#0}
[INFO] [stdout]    8:     0x64aa6bb54969 - std[617be2ca0a6fd877]::sys::backtrace::__rust_end_short_backtrace::<std[617be2ca0a6fd877]::panicking::panic_handler::{closure#0}, !>
[INFO] [stdout]    9:     0x64aa6bb5cb3d - __rustc[ea4f61d10b84890b]::rust_begin_unwind
[INFO] [stdout]   10:     0x64aa6bb9938c - core[a373ad73a504971]::panicking::panic_fmt
[INFO] [stdout]   11:     0x64aa6bb99162 - core[a373ad73a504971]::result::unwrap_failed
[INFO] [stdout]   12:     0x64aa6b81b0dd - <testing[bc22f9110fb2d121]::output::NormalizedOutput>::compare_to_file::<&std[617be2ca0a6fd877]::path::Path>
[INFO] [stdout]   13:     0x64aa6b78dc48 - swc_ecma_transforms_testing[6c0c98c9d94a1f92]::test_fixture_inner
[INFO] [stdout]   14:     0x64aa6b514325 - <swc_ecma_compat_es2015[338fb0345fe56009]::object_super::tests::nest::{closure#0} as core[a373ad73a504971]::ops::function::FnOnce<()>>::call_once
[INFO] [stdout]   15:     0x64aa6b61413b - test[aada8e7e76ba119b]::__rust_begin_short_backtrace::<core[a373ad73a504971]::result::Result<(), alloc[2e1b2a31b91974c5]::string::String>, fn() -> core[a373ad73a504971]::result::Result<(), alloc[2e1b2a31b91974c5]::string::String>>
[INFO] [stdout]   16:     0x64aa6b621315 - test[aada8e7e76ba119b]::run_test::{closure#0}
[INFO] [stdout]   17:     0x64aa6b61ac04 - std[617be2ca0a6fd877]::sys::backtrace::__rust_begin_short_backtrace::<test[aada8e7e76ba119b]::run_test::{closure#1}, ()>
[INFO] [stdout]   18:     0x64aa6b6243a2 - <std[617be2ca0a6fd877]::thread::lifecycle::spawn_unchecked<test[aada8e7e76ba119b]::run_test::{closure#1}, ()>::{closure#1} as core[a373ad73a504971]::ops::function::FnOnce<()>>::call_once::{shim:vtable#0}
[INFO] [stdout]   19:     0x64aa6bb80cff - <std[617be2ca0a6fd877]::sys::thread::unix::Thread>::new::thread_start
[INFO] [stdout]   20:     0x72cc4f0bedfa - <unknown>
[INFO] [stdout]   21:     0x72cc4f1523d4 - clone
[INFO] [stdout]   22:                0x0 - <unknown>
[INFO] [stdout] 
[INFO] [stdout] ---- instanceof::tests::skip_helper_fn_decl_by_name stdout ----
[INFO] [stdout] ----- [32mExpected[0m -----
[INFO] [stdout] 
[INFO] [stdout] ----- [32mInput[0m -----
[INFO] [stdout] 
[INFO] [stdout]         function _instanceof(left, right) {
[INFO] [stdout]             return left instanceof right;
[INFO] [stdout]         }
[INFO] [stdout]         foo instanceof Bar;
[INFO] [stdout]         
[INFO] [stdout] ----- [32mActual[0m -----
[INFO] [stdout] ----- [32mComments[0m -----
[INFO] [stdout] SingleThreadedComments { leading: RefCell { value: {} }, trailing: RefCell { value: {} } }
[INFO] [stdout] function _instanceof1(left, right) {
[INFO] [stdout]     return left instanceof right;
[INFO] [stdout] }
[INFO] [stdout] _instanceof(foo, Bar);
[INFO] [stdout] 
[INFO] [stdout] 
[INFO] [stdout] thread 'instanceof::tests::skip_helper_fn_decl_by_name' (3926) panicked at /opt/rustwide/cargo-home/registry/src/index.crates.io-1949cf8c6b5b557f/testing-27.0.0/src/output.rs:169:48:
[INFO] [stdout] failed to run `mkdir -p`: Os { code: 30, kind: ReadOnlyFilesystem, message: "Read-only file system" }
[INFO] [stdout] stack backtrace:
[INFO] [stdout]    0:     0x64aa6bb81d31 - <<std[617be2ca0a6fd877]::sys::backtrace::BacktraceLock>::print::DisplayBacktrace as core[a373ad73a504971]::fmt::Display>::fmt
[INFO] [stdout]    1:     0x64aa6bb98baa - core[a373ad73a504971]::fmt::write
[INFO] [stdout]    2:     0x64aa6bb8643c - <alloc[2e1b2a31b91974c5]::vec::Vec<u8> as core[a373ad73a504971]::io::write::Write>::write_fmt
[INFO] [stdout]    3:     0x64aa6bb5be86 - std[617be2ca0a6fd877]::panicking::default_hook::{closure#0}
[INFO] [stdout]    4:     0x64aa6bb790e9 - std[617be2ca0a6fd877]::panicking::default_hook
[INFO] [stdout]    5:     0x64aa6b620cf0 - test[aada8e7e76ba119b]::test_main_inner::{closure#0}
[INFO] [stdout]    6:     0x64aa6bb79412 - std[617be2ca0a6fd877]::panicking::panic_with_hook
[INFO] [stdout]    7:     0x64aa6bb5bf32 - std[617be2ca0a6fd877]::panicking::panic_handler::{closure#0}
[INFO] [stdout]    8:     0x64aa6bb54969 - std[617be2ca0a6fd877]::sys::backtrace::__rust_end_short_backtrace::<std[617be2ca0a6fd877]::panicking::panic_handler::{closure#0}, !>
[INFO] [stdout]    9:     0x64aa6bb5cb3d - __rustc[ea4f61d10b84890b]::rust_begin_unwind
[INFO] [stdout]   10:     0x64aa6bb9938c - core[a373ad73a504971]::panicking::panic_fmt
[INFO] [stdout]   11:     0x64aa6bb99162 - core[a373ad73a504971]::result::unwrap_failed
[INFO] [stdout]   12:     0x64aa6b81b0dd - <testing[bc22f9110fb2d121]::output::NormalizedOutput>::compare_to_file::<&std[617be2ca0a6fd877]::path::Path>
[INFO] [stdout]   13:     0x64aa6b78dc48 - swc_ecma_transforms_testing[6c0c98c9d94a1f92]::test_fixture_inner
[INFO] [stdout]   14:     0x64aa6b511ea5 - <swc_ecma_compat_es2015[338fb0345fe56009]::instanceof::tests::skip_helper_fn_decl_by_name::{closure#0} as core[a373ad73a504971]::ops::function::FnOnce<()>>::call_once
[INFO] [stdout]   15:     0x64aa6b61413b - test[aada8e7e76ba119b]::__rust_begin_short_backtrace::<core[a373ad73a504971]::result::Result<(), alloc[2e1b2a31b91974c5]::string::String>, fn() -> core[a373ad73a504971]::result::Result<(), alloc[2e1b2a31b91974c5]::string::String>>
[INFO] [stdout]   16:     0x64aa6b621315 - test[aada8e7e76ba119b]::run_test::{closure#0}
[INFO] [stdout]   17:     0x64aa6b61ac04 - std[617be2ca0a6fd877]::sys::backtrace::__rust_begin_short_backtrace::<test[aada8e7e76ba119b]::run_test::{closure#1}, ()>
[INFO] [stdout]   18:     0x64aa6b6243a2 - <std[617be2ca0a6fd877]::thread::lifecycle::spawn_unchecked<test[aada8e7e76ba119b]::run_test::{closure#1}, ()>::{closure#1} as core[a373ad73a504971]::ops::function::FnOnce<()>>::call_once::{shim:vtable#0}
[INFO] [stdout]   19:     0x64aa6bb80cff - <std[617be2ca0a6fd877]::sys::thread::unix::Thread>::new::thread_start
[INFO] [stdout]   20:     0x72cc4f0bedfa - <unknown>
[INFO] [stdout]   21:     0x72cc4f1523d4 - clone
[INFO] [stdout]   22:                0x0 - <unknown>
[INFO] [stdout] 
[INFO] [stdout] ---- object_super::tests::do_not_transform stdout ----
[INFO] [stdout] ----- [32mExpected[0m -----
[INFO] [stdout] 
[INFO] [stdout] ----- [32mInput[0m -----
[INFO] [stdout] let outer = {
[INFO] [stdout]             b(){
[INFO] [stdout]                 let inner = {
[INFO] [stdout]                     d:function d(){
[INFO] [stdout]                         super.d() // should not transform
[INFO] [stdout]                     }
[INFO] [stdout]                 }
[INFO] [stdout]             },
[INFO] [stdout]         }
[INFO] [stdout] ----- [32mActual[0m -----
[INFO] [stdout] ----- [32mComments[0m -----
[INFO] [stdout] SingleThreadedComments { leading: RefCell { value: {} }, trailing: RefCell { value: {BytePos(131): [Comment { kind: Line, span: 132..155, text: " should not transform" }]} } }
[INFO] [stdout] let outer = {
[INFO] [stdout]     b: function b() {
[INFO] [stdout]         let inner = {
[INFO] [stdout]             d: function d() {
[INFO] [stdout]                 super.d(); // should not transform
[INFO] [stdout]             }
[INFO] [stdout]         };
[INFO] [stdout]     }
[INFO] [stdout] };
[INFO] [stdout] 
[INFO] [stdout] 
[INFO] [stdout] thread 'object_super::tests::do_not_transform' (3930) panicked at /opt/rustwide/cargo-home/registry/src/index.crates.io-1949cf8c6b5b557f/testing-27.0.0/src/output.rs:169:48:
[INFO] [stdout] failed to run `mkdir -p`: Os { code: 30, kind: ReadOnlyFilesystem, message: "Read-only file system" }
[INFO] [stdout] stack backtrace:
[INFO] [stdout]    0:     0x64aa6bb81d31 - <<std[617be2ca0a6fd877]::sys::backtrace::BacktraceLock>::print::DisplayBacktrace as core[a373ad73a504971]::fmt::Display>::fmt
[INFO] [stdout]    1:     0x64aa6bb98baa - core[a373ad73a504971]::fmt::write
[INFO] [stdout]    2:     0x64aa6bb8643c - <alloc[2e1b2a31b91974c5]::vec::Vec<u8> as core[a373ad73a504971]::io::write::Write>::write_fmt
[INFO] [stdout]    3:     0x64aa6bb5be86 - std[617be2ca0a6fd877]::panicking::default_hook::{closure#0}
[INFO] [stdout]    4:     0x64aa6bb790e9 - std[617be2ca0a6fd877]::panicking::default_hook
[INFO] [stdout]    5:     0x64aa6b620cf0 - test[aada8e7e76ba119b]::test_main_inner::{closure#0}
[INFO] [stdout]    6:     0x64aa6bb79412 - std[617be2ca0a6fd877]::panicking::panic_with_hook
[INFO] [stdout]    7:     0x64aa6bb5bf32 - std[617be2ca0a6fd877]::panicking::panic_handler::{closure#0}
[INFO] [stdout]    8:     0x64aa6bb54969 - std[617be2ca0a6fd877]::sys::backtrace::__rust_end_short_backtrace::<std[617be2ca0a6fd877]::panicking::panic_handler::{closure#0}, !>
[INFO] [stdout]    9:     0x64aa6bb5cb3d - __rustc[ea4f61d10b84890b]::rust_begin_unwind
[INFO] [stdout]   10:     0x64aa6bb9938c - core[a373ad73a504971]::panicking::panic_fmt
[INFO] [stdout]   11:     0x64aa6bb99162 - core[a373ad73a504971]::result::unwrap_failed
[INFO] [stdout]   12:     0x64aa6b81b0dd - <testing[bc22f9110fb2d121]::output::NormalizedOutput>::compare_to_file::<&std[617be2ca0a6fd877]::path::Path>
[INFO] [stdout]   13:     0x64aa6b78dc48 - swc_ecma_transforms_testing[6c0c98c9d94a1f92]::test_fixture_inner
[INFO] [stdout]   14:     0x64aa6b5130ec - <swc_ecma_compat_es2015[338fb0345fe56009]::object_super::tests::do_not_transform::{closure#0} as core[a373ad73a504971]::ops::function::FnOnce<()>>::call_once
[INFO] [stdout]   15:     0x64aa6b61413b - test[aada8e7e76ba119b]::__rust_begin_short_backtrace::<core[a373ad73a504971]::result::Result<(), alloc[2e1b2a31b91974c5]::string::String>, fn() -> core[a373ad73a504971]::result::Result<(), alloc[2e1b2a31b91974c5]::string::String>>
[INFO] [stdout]   16:     0x64aa6b621315 - test[aada8e7e76ba119b]::run_test::{closure#0}
[INFO] [stdout]   17:     0x64aa6b61ac04 - std[617be2ca0a6fd877]::sys::backtrace::__rust_begin_short_backtrace::<test[aada8e7e76ba119b]::run_test::{closure#1}, ()>
[INFO] [stdout]   18:     0x64aa6b6243a2 - <std[617be2ca0a6fd877]::thread::lifecycle::spawn_unchecked<test[aada8e7e76ba119b]::run_test::{closure#1}, ()>::{closure#1} as core[a373ad73a504971]::ops::function::FnOnce<()>>::call_once::{shim:vtable#0}
[INFO] [stdout]   19:     0x64aa6bb80cff - <std[617be2ca0a6fd877]::sys::thread::unix::Thread>::new::thread_start
[INFO] [stdout]   20:     0x72cc4f0bedfa - <unknown>
[INFO] [stdout]   21:     0x72cc4f1523d4 - clone
[INFO] [stdout]   22:                0x0 - <unknown>
[INFO] [stdout] 
[INFO] [stdout] ---- block_scoped_fn::tests::basic stdout ----
[INFO] [stdout] ----- [32mExpected[0m -----
[INFO] [stdout] 
[INFO] [stdout] ----- [32mInput[0m -----
[INFO] [stdout] {
[INFO] [stdout]   function name (n) {
[INFO] [stdout]     return n;
[INFO] [stdout]   }
[INFO] [stdout] }
[INFO] [stdout] 
[INFO] [stdout] name("Steve");
[INFO] [stdout] ----- [32mActual[0m -----
[INFO] [stdout] ----- [32mComments[0m -----
[INFO] [stdout] SingleThreadedComments { leading: RefCell { value: {} }, trailing: RefCell { value: {} } }
[INFO] [stdout] {
[INFO] [stdout]     let name = function name(n) {
[INFO] [stdout]         return n;
[INFO] [stdout]     };
[INFO] [stdout] }name("Steve");
[INFO] [stdout] 
[INFO] [stdout] 
[INFO] [stdout] thread 'block_scoped_fn::tests::basic' (3915) panicked at /opt/rustwide/cargo-home/registry/src/index.crates.io-1949cf8c6b5b557f/testing-27.0.0/src/output.rs:169:48:
[INFO] [stdout] failed to run `mkdir -p`: Os { code: 30, kind: ReadOnlyFilesystem, message: "Read-only file system" }
[INFO] [stdout] stack backtrace:
[INFO] [stdout]    0:     0x64aa6bb81d31 - <<std[617be2ca0a6fd877]::sys::backtrace::BacktraceLock>::print::DisplayBacktrace as core[a373ad73a504971]::fmt::Display>::fmt
[INFO] [stdout]    1:     0x64aa6bb98baa - core[a373ad73a504971]::fmt::write
[INFO] [stdout]    2:     0x64aa6bb8643c - <alloc[2e1b2a31b91974c5]::vec::Vec<u8> as core[a373ad73a504971]::io::write::Write>::write_fmt
[INFO] [stdout]    3:     0x64aa6bb5be86 - std[617be2ca0a6fd877]::panicking::default_hook::{closure#0}
[INFO] [stdout]    4:     0x64aa6bb790e9 - std[617be2ca0a6fd877]::panicking::default_hook
[INFO] [stdout]    5:     0x64aa6b620cf0 - test[aada8e7e76ba119b]::test_main_inner::{closure#0}
[INFO] [stdout]    6:     0x64aa6bb79412 - std[617be2ca0a6fd877]::panicking::panic_with_hook
[INFO] [stdout]    7:     0x64aa6bb5bf32 - std[617be2ca0a6fd877]::panicking::panic_handler::{closure#0}
[INFO] [stdout]    8:     0x64aa6bb54969 - std[617be2ca0a6fd877]::sys::backtrace::__rust_end_short_backtrace::<std[617be2ca0a6fd877]::panicking::panic_handler::{closure#0}, !>
[INFO] [stdout]    9:     0x64aa6bb5cb3d - __rustc[ea4f61d10b84890b]::rust_begin_unwind
[INFO] [stdout]   10:     0x64aa6bb9938c - core[a373ad73a504971]::panicking::panic_fmt
[INFO] [stdout]   11:     0x64aa6bb99162 - core[a373ad73a504971]::result::unwrap_failed
[INFO] [stdout]   12:     0x64aa6b81b0dd - <testing[bc22f9110fb2d121]::output::NormalizedOutput>::compare_to_file::<&std[617be2ca0a6fd877]::path::Path>
[INFO] [stdout]   13:     0x64aa6b78dc48 - swc_ecma_transforms_testing[6c0c98c9d94a1f92]::test_fixture_inner
[INFO] [stdout]   14:     0x64aa6b5167d5 - <swc_ecma_compat_es2015[338fb0345fe56009]::block_scoped_fn::tests::basic::{closure#0} as core[a373ad73a504971]::ops::function::FnOnce<()>>::call_once
[INFO] [stdout]   15:     0x64aa6b61413b - test[aada8e7e76ba119b]::__rust_begin_short_backtrace::<core[a373ad73a504971]::result::Result<(), alloc[2e1b2a31b91974c5]::string::String>, fn() -> core[a373ad73a504971]::result::Result<(), alloc[2e1b2a31b91974c5]::string::String>>
[INFO] [stdout]   16:     0x64aa6b621315 - test[aada8e7e76ba119b]::run_test::{closure#0}
[INFO] [stdout]   17:     0x64aa6b61ac04 - std[617be2ca0a6fd877]::sys::backtrace::__rust_begin_short_backtrace::<test[aada8e7e76ba119b]::run_test::{closure#1}, ()>
[INFO] [stdout]   18:     0x64aa6b6243a2 - <std[617be2ca0a6fd877]::thread::lifecycle::spawn_unchecked<test[aada8e7e76ba119b]::run_test::{closure#1}, ()>::{closure#1} as core[a373ad73a504971]::ops::function::FnOnce<()>>::call_once::{shim:vtable#0}
[INFO] [stdout]   19:     0x64aa6bb80cff - <std[617be2ca0a6fd877]::sys::thread::unix::Thread>::new::thread_start
[INFO] [stdout]   20:     0x72cc4f0bedfa - <unknown>
[INFO] [stdout]   21:     0x72cc4f1523d4 - clone
[INFO] [stdout]   22:                0x0 - <unknown>
[INFO] [stdout] 
[INFO] [stdout] ---- block_scoped_fn::tests::basic_2 stdout ----
[INFO] [stdout] ----- [32mExpected[0m -----
[INFO] [stdout] 
[INFO] [stdout] ----- [32mInput[0m -----
[INFO] [stdout] 
[INFO] [stdout]         {
[INFO] [stdout]             function foo() {
[INFO] [stdout]                 return function bar() {
[INFO] [stdout]                     {
[INFO] [stdout]                         function baz() {}
[INFO] [stdout]                     }
[INFO] [stdout]                 };
[INFO] [stdout]                 function baz() {}
[INFO] [stdout]                 {
[INFO] [stdout]                     function bar() {}
[INFO] [stdout]                     {
[INFO] [stdout]                         function bar() {}
[INFO] [stdout]                     }
[INFO] [stdout]                 }
[INFO] [stdout]             }
[INFO] [stdout]         }
[INFO] [stdout]         
[INFO] [stdout] ----- [32mActual[0m -----
[INFO] [stdout] ----- [32mComments[0m -----
[INFO] [stdout] SingleThreadedComments { leading: RefCell { value: {} }, trailing: RefCell { value: {} } }
[INFO] [stdout] {
[INFO] [stdout]     let foo = function foo() {
[INFO] [stdout]         return function bar() {
[INFO] [stdout]             {
[INFO] [stdout]                 let baz = function baz() {};
[INFO] [stdout]             }
[INFO] [stdout]         };
[INFO] [stdout]         function baz() {}
[INFO] [stdout]         {
[INFO] [stdout]             let bar = function bar() {};
[INFO] [stdout]             {
[INFO] [stdout]                 let bar = function bar() {};
[INFO] [stdout]             }
[INFO] [stdout]         }
[INFO] [stdout]     };
[INFO] [stdout] }
[INFO] [stdout] 
[INFO] [stdout] thread 'block_scoped_fn::tests::basic_2' (3916) panicked at /opt/rustwide/cargo-home/registry/src/index.crates.io-1949cf8c6b5b557f/testing-27.0.0/src/output.rs:169:48:
[INFO] [stdout] failed to run `mkdir -p`: Os { code: 30, kind: ReadOnlyFilesystem, message: "Read-only file system" }
[INFO] [stdout] stack backtrace:
[INFO] [stdout]    0:     0x64aa6bb81d31 - <<std[617be2ca0a6fd877]::sys::backtrace::BacktraceLock>::print::DisplayBacktrace as core[a373ad73a504971]::fmt::Display>::fmt
[INFO] [stdout]    1:     0x64aa6bb98baa - core[a373ad73a504971]::fmt::write
[INFO] [stdout]    2:     0x64aa6bb8643c - <alloc[2e1b2a31b91974c5]::vec::Vec<u8> as core[a373ad73a504971]::io::write::Write>::write_fmt
[INFO] [stdout]    3:     0x64aa6bb5be86 - std[617be2ca0a6fd877]::panicking::default_hook::{closure#0}
[INFO] [stdout]    4:     0x64aa6bb790e9 - std[617be2ca0a6fd877]::panicking::default_hook
[INFO] [stdout]    5:     0x64aa6b620cf0 - test[aada8e7e76ba119b]::test_main_inner::{closure#0}
[INFO] [stdout]    6:     0x64aa6bb79412 - std[617be2ca0a6fd877]::panicking::panic_with_hook
[INFO] [stdout]    7:     0x64aa6bb5bf32 - std[617be2ca0a6fd877]::panicking::panic_handler::{closure#0}
[INFO] [stdout]    8:     0x64aa6bb54969 - std[617be2ca0a6fd877]::sys::backtrace::__rust_end_short_backtrace::<std[617be2ca0a6fd877]::panicking::panic_handler::{closure#0}, !>
[INFO] [stdout]    9:     0x64aa6bb5cb3d - __rustc[ea4f61d10b84890b]::rust_begin_unwind
[INFO] [stdout]   10:     0x64aa6bb9938c - core[a373ad73a504971]::panicking::panic_fmt
[INFO] [stdout]   11:     0x64aa6bb99162 - core[a373ad73a504971]::result::unwrap_failed
[INFO] [stdout]   12:     0x64aa6b81b0dd - <testing[bc22f9110fb2d121]::output::NormalizedOutput>::compare_to_file::<&std[617be2ca0a6fd877]::path::Path>
[INFO] [stdout]   13:     0x64aa6b78dc48 - swc_ecma_transforms_testing[6c0c98c9d94a1f92]::test_fixture_inner
[INFO] [stdout]   14:     0x64aa6b516c65 - <swc_ecma_compat_es2015[338fb0345fe56009]::block_scoped_fn::tests::basic_2::{closure#0} as core[a373ad73a504971]::ops::function::FnOnce<()>>::call_once
[INFO] [stderr] error: test failed, to rerun pass `--lib`
[INFO] [stdout]   15:     0x64aa6b61413b - test[aada8e7e76ba119b]::__rust_begin_short_backtrace::<core[a373ad73a504971]::result::Result<(), alloc[2e1b2a31b91974c5]::string::String>, fn() -> core[a373ad73a504971]::result::Result<(), alloc[2e1b2a31b91974c5]::string::String>>
[INFO] [stdout]   16:     0x64aa6b621315 - test[aada8e7e76ba119b]::run_test::{closure#0}
[INFO] [stdout]   17:     0x64aa6b61ac04 - std[617be2ca0a6fd877]::sys::backtrace::__rust_begin_short_backtrace::<test[aada8e7e76ba119b]::run_test::{closure#1}, ()>
[INFO] [stdout]   18:     0x64aa6b6243a2 - <std[617be2ca0a6fd877]::thread::lifecycle::spawn_unchecked<test[aada8e7e76ba119b]::run_test::{closure#1}, ()>::{closure#1} as core[a373ad73a504971]::ops::function::FnOnce<()>>::call_once::{shim:vtable#0}
[INFO] [stdout]   19:     0x64aa6bb80cff - <std[617be2ca0a6fd877]::sys::thread::unix::Thread>::new::thread_start
[INFO] [stdout]   20:     0x72cc4f0bedfa - <unknown>
[INFO] [stdout]   21:     0x72cc4f1523d4 - clone
[INFO] [stdout]   22:                0x0 - <unknown>
[INFO] [stdout] 
[INFO] [stdout] ---- object_super::tests::call stdout ----
[INFO] [stdout] ----- [32mExpected[0m -----
[INFO] [stdout] 
[INFO] [stdout] ----- [32mInput[0m -----
[INFO] [stdout] let obj = {
[INFO] [stdout]             a(){
[INFO] [stdout]                 super.y(1,2,3);
[INFO] [stdout]             }
[INFO] [stdout]         }
[INFO] [stdout] ----- [32mActual[0m -----
[INFO] [stdout] ----- [32mComments[0m -----
[INFO] [stdout] SingleThreadedComments { leading: RefCell { value: {} }, trailing: RefCell { value: {} } }
[INFO] [stdout] var _obj;
[INFO] [stdout] let obj = _obj = {
[INFO] [stdout]     a: function a() {
[INFO] [stdout]         _get(_get_prototype_of(_obj), "y", this).call(this, 1, 2, 3);
[INFO] [stdout]     }
[INFO] [stdout] };
[INFO] [stdout] 
[INFO] [stdout] 
[INFO] [stdout] thread 'object_super::tests::call' (3929) panicked at /opt/rustwide/cargo-home/registry/src/index.crates.io-1949cf8c6b5b557f/testing-27.0.0/src/output.rs:169:48:
[INFO] [stdout] failed to run `mkdir -p`: Os { code: 30, kind: ReadOnlyFilesystem, message: "Read-only file system" }
[INFO] [stdout] stack backtrace:
[INFO] [stdout]    0:     0x64aa6bb81d31 - <<std[617be2ca0a6fd877]::sys::backtrace::BacktraceLock>::print::DisplayBacktrace as core[a373ad73a504971]::fmt::Display>::fmt
[INFO] [stdout]    1:     0x64aa6bb98baa - core[a373ad73a504971]::fmt::write
[INFO] [stdout]    2:     0x64aa6bb8643c - <alloc[2e1b2a31b91974c5]::vec::Vec<u8> as core[a373ad73a504971]::io::write::Write>::write_fmt
[INFO] [stdout]    3:     0x64aa6bb5be86 - std[617be2ca0a6fd877]::panicking::default_hook::{closure#0}
[INFO] [stdout]    4:     0x64aa6bb790e9 - std[617be2ca0a6fd877]::panicking::default_hook
[INFO] [stdout]    5:     0x64aa6b620cf0 - test[aada8e7e76ba119b]::test_main_inner::{closure#0}
[INFO] [stdout]    6:     0x64aa6bb79412 - std[617be2ca0a6fd877]::panicking::panic_with_hook
[INFO] [stdout]    7:     0x64aa6bb5bf32 - std[617be2ca0a6fd877]::panicking::panic_handler::{closure#0}
[INFO] [stdout]    8:     0x64aa6bb54969 - std[617be2ca0a6fd877]::sys::backtrace::__rust_end_short_backtrace::<std[617be2ca0a6fd877]::panicking::panic_handler::{closure#0}, !>
[INFO] [stdout]    9:     0x64aa6bb5cb3d - __rustc[ea4f61d10b84890b]::rust_begin_unwind
[INFO] [stdout]   10:     0x64aa6bb9938c - core[a373ad73a504971]::panicking::panic_fmt
[INFO] [stdout]   11:     0x64aa6bb99162 - core[a373ad73a504971]::result::unwrap_failed
[INFO] [stdout]   12:     0x64aa6b81b0dd - <testing[bc22f9110fb2d121]::output::NormalizedOutput>::compare_to_file::<&std[617be2ca0a6fd877]::path::Path>
[INFO] [stdout]   13:     0x64aa6b78dc48 - swc_ecma_transforms_testing[6c0c98c9d94a1f92]::test_fixture_inner
[INFO] [stdout]   14:     0x64aa6b513e95 - <swc_ecma_compat_es2015[338fb0345fe56009]::object_super::tests::call::{closure#0} as core[a373ad73a504971]::ops::function::FnOnce<()>>::call_once
[INFO] [stdout]   15:     0x64aa6b61413b - test[aada8e7e76ba119b]::__rust_begin_short_backtrace::<core[a373ad73a504971]::result::Result<(), alloc[2e1b2a31b91974c5]::string::String>, fn() -> core[a373ad73a504971]::result::Result<(), alloc[2e1b2a31b91974c5]::string::String>>
[INFO] [stdout]   16:     0x64aa6b621315 - test[aada8e7e76ba119b]::run_test::{closure#0}
[INFO] [stdout]   17:     0x64aa6b61ac04 - std[617be2ca0a6fd877]::sys::backtrace::__rust_begin_short_backtrace::<test[aada8e7e76ba119b]::run_test::{closure#1}, ()>
[INFO] [stdout]   18:     0x64aa6b6243a2 - <std[617be2ca0a6fd877]::thread::lifecycle::spawn_unchecked<test[aada8e7e76ba119b]::run_test::{closure#1}, ()>::{closure#1} as core[a373ad73a504971]::ops::function::FnOnce<()>>::call_once::{shim:vtable#0}
[INFO] [stdout]   19:     0x64aa6bb80cff - <std[617be2ca0a6fd877]::sys::thread::unix::Thread>::new::thread_start
[INFO] [stdout]   20:     0x72cc4f0bedfa - <unknown>
[INFO] [stdout]   21:     0x72cc4f1523d4 - clone
[INFO] [stdout]   22:                0x0 - <unknown>
[INFO] [stdout] 
[INFO] [stdout] ---- instanceof::tests::skip_helper_fn_expr_by_babel_directive stdout ----
[INFO] [stdout] ----- [32mExpected[0m -----
[INFO] [stdout] 
[INFO] [stdout] ----- [32mInput[0m -----
[INFO] [stdout] 
[INFO] [stdout]         const helper = function(left, right) {
[INFO] [stdout]             '@babel/helpers - instanceof';
[INFO] [stdout]             return left instanceof right;
[INFO] [stdout]         };
[INFO] [stdout]         foo instanceof Bar;
[INFO] [stdout]         
[INFO] [stdout] ----- [32mActual[0m -----
[INFO] [stdout] ----- [32mComments[0m -----
[INFO] [stdout] SingleThreadedComments { leading: RefCell { value: {} }, trailing: RefCell { value: {} } }
[INFO] [stdout] const helper = function(left, right) {
[INFO] [stdout]     '@babel/helpers - instanceof';
[INFO] [stdout]     return left instanceof right;
[INFO] [stdout] };
[INFO] [stdout] _instanceof(foo, Bar);
[INFO] [stdout] 
[INFO] [stdout] 
[INFO] [stdout] thread 'instanceof::tests::skip_helper_fn_expr_by_babel_directive' (3927) panicked at /opt/rustwide/cargo-home/registry/src/index.crates.io-1949cf8c6b5b557f/testing-27.0.0/src/output.rs:169:48:
[INFO] [stdout] failed to run `mkdir -p`: Os { code: 30, kind: ReadOnlyFilesystem, message: "Read-only file system" }
[INFO] [stdout] stack backtrace:
[INFO] [stdout]    0:     0x64aa6bb81d31 - <<std[617be2ca0a6fd877]::sys::backtrace::BacktraceLock>::print::DisplayBacktrace as core[a373ad73a504971]::fmt::Display>::fmt
[INFO] [stdout]    1:     0x64aa6bb98baa - core[a373ad73a504971]::fmt::write
[INFO] [stdout]    2:     0x64aa6bb8643c - <alloc[2e1b2a31b91974c5]::vec::Vec<u8> as core[a373ad73a504971]::io::write::Write>::write_fmt
[INFO] [stdout]    3:     0x64aa6bb5be86 - std[617be2ca0a6fd877]::panicking::default_hook::{closure#0}
[INFO] [stdout]    4:     0x64aa6bb790e9 - std[617be2ca0a6fd877]::panicking::default_hook
[INFO] [stdout]    5:     0x64aa6b620cf0 - test[aada8e7e76ba119b]::test_main_inner::{closure#0}
[INFO] [stdout]    6:     0x64aa6bb79412 - std[617be2ca0a6fd877]::panicking::panic_with_hook
[INFO] [stdout]    7:     0x64aa6bb5bf32 - std[617be2ca0a6fd877]::panicking::panic_handler::{closure#0}
[INFO] [stdout]    8:     0x64aa6bb54969 - std[617be2ca0a6fd877]::sys::backtrace::__rust_end_short_backtrace::<std[617be2ca0a6fd877]::panicking::panic_handler::{closure#0}, !>
[INFO] [stdout]    9:     0x64aa6bb5cb3d - __rustc[ea4f61d10b84890b]::rust_begin_unwind
[INFO] [stdout]   10:     0x64aa6bb9938c - core[a373ad73a504971]::panicking::panic_fmt
[INFO] [stdout]   11:     0x64aa6bb99162 - core[a373ad73a504971]::result::unwrap_failed
[INFO] [stdout]   12:     0x64aa6b81b0dd - <testing[bc22f9110fb2d121]::output::NormalizedOutput>::compare_to_file::<&std[617be2ca0a6fd877]::path::Path>
[INFO] [stdout]   13:     0x64aa6b78dc48 - swc_ecma_transforms_testing[6c0c98c9d94a1f92]::test_fixture_inner
[INFO] [stdout]   14:     0x64aa6b5127c5 - <swc_ecma_compat_es2015[338fb0345fe56009]::instanceof::tests::skip_helper_fn_expr_by_babel_directive::{closure#0} as core[a373ad73a504971]::ops::function::FnOnce<()>>::call_once
[INFO] [stdout]   15:     0x64aa6b61413b - test[aada8e7e76ba119b]::__rust_begin_short_backtrace::<core[a373ad73a504971]::result::Result<(), alloc[2e1b2a31b91974c5]::string::String>, fn() -> core[a373ad73a504971]::result::Result<(), alloc[2e1b2a31b91974c5]::string::String>>
[INFO] [stdout]   16:     0x64aa6b621315 - test[aada8e7e76ba119b]::run_test::{closure#0}
[INFO] [stdout]   17:     0x64aa6b61ac04 - std[617be2ca0a6fd877]::sys::backtrace::__rust_begin_short_backtrace::<test[aada8e7e76ba119b]::run_test::{closure#1}, ()>
[INFO] [stdout]   18:     0x64aa6b6243a2 - <std[617be2ca0a6fd877]::thread::lifecycle::spawn_unchecked<test[aada8e7e76ba119b]::run_test::{closure#1}, ()>::{closure#1} as core[a373ad73a504971]::ops::function::FnOnce<()>>::call_once::{shim:vtable#0}
[INFO] [stdout]   19:     0x64aa6bb80cff - <std[617be2ca0a6fd877]::sys::thread::unix::Thread>::new::thread_start
[INFO] [stdout]   20:     0x72cc4f0bedfa - <unknown>
[INFO] [stdout]   21:     0x72cc4f1523d4 - clone
[INFO] [stdout]   22:                0x0 - <unknown>
[INFO] [stdout] 
[INFO] [stdout] ---- tests::issue_271 stdout ----
[INFO] [stdout] ----- [32mExpected[0m -----
[INFO] [stdout] 
[INFO] [stdout] ----- [32mInput[0m -----
[INFO] [stdout] 
[INFO] [stdout] function foo(scope) {
[INFO] [stdout]     scope.startOperation = startOperation;
[INFO] [stdout] 
[INFO] [stdout]     function startOperation(operation) {
[INFO] [stdout]         scope.agentOperation = operation;
[INFO] [stdout]     }
[INFO] [stdout] }
[INFO] [stdout] 
[INFO] [stdout] ----- [32mActual[0m -----
[INFO] [stdout] ----- [32mComments[0m -----
[INFO] [stdout] SingleThreadedComments { leading: RefCell { value: {} }, trailing: RefCell { value: {} } }
[INFO] [stdout] function foo(scope) {
[INFO] [stdout]     scope.startOperation = startOperation;
[INFO] [stdout]     function startOperation(operation) {
[INFO] [stdout]         scope.agentOperation = operation;
[INFO] [stdout]     }
[INFO] [stdout] }
[INFO] [stdout] 
[INFO] [stdout] 
[INFO] [stdout] thread 'tests::issue_271' (3939) panicked at /opt/rustwide/cargo-home/registry/src/index.crates.io-1949cf8c6b5b557f/testing-27.0.0/src/output.rs:169:48:
[INFO] [stdout] failed to run `mkdir -p`: Os { code: 30, kind: ReadOnlyFilesystem, message: "Read-only file system" }
[INFO] [stdout] stack backtrace:
[INFO] [stdout]    0:     0x64aa6bb81d31 - <<std[617be2ca0a6fd877]::sys::backtrace::BacktraceLock>::print::DisplayBacktrace as core[a373ad73a504971]::fmt::Display>::fmt
[INFO] [stdout]    1:     0x64aa6bb98baa - core[a373ad73a504971]::fmt::write
[INFO] [stdout]    2:     0x64aa6bb8643c - <alloc[2e1b2a31b91974c5]::vec::Vec<u8> as core[a373ad73a504971]::io::write::Write>::write_fmt
[INFO] [stdout]    3:     0x64aa6bb5be86 - std[617be2ca0a6fd877]::panicking::default_hook::{closure#0}
[INFO] [stdout]    4:     0x64aa6bb790e9 - std[617be2ca0a6fd877]::panicking::default_hook
[INFO] [stdout]    5:     0x64aa6b620cf0 - test[aada8e7e76ba119b]::test_main_inner::{closure#0}
[INFO] [stdout]    6:     0x64aa6bb79412 - std[617be2ca0a6fd877]::panicking::panic_with_hook
[INFO] [stdout]    7:     0x64aa6bb5bf32 - std[617be2ca0a6fd877]::panicking::panic_handler::{closure#0}
[INFO] [stdout]    8:     0x64aa6bb54969 - std[617be2ca0a6fd877]::sys::backtrace::__rust_end_short_backtrace::<std[617be2ca0a6fd877]::panicking::panic_handler::{closure#0}, !>
[INFO] [stdout]    9:     0x64aa6bb5cb3d - __rustc[ea4f61d10b84890b]::rust_begin_unwind
[INFO] [stdout]   10:     0x64aa6bb9938c - core[a373ad73a504971]::panicking::panic_fmt
[INFO] [stdout]   11:     0x64aa6bb99162 - core[a373ad73a504971]::result::unwrap_failed
[INFO] [stdout]   12:     0x64aa6b81b0dd - <testing[bc22f9110fb2d121]::output::NormalizedOutput>::compare_to_file::<&std[617be2ca0a6fd877]::path::Path>
[INFO] [stdout]   13:     0x64aa6b78dc48 - swc_ecma_transforms_testing[6c0c98c9d94a1f92]::test_fixture_inner
[INFO] [stdout]   14:     0x64aa6b511585 - <swc_ecma_compat_es2015[338fb0345fe56009]::tests::issue_271::{closure#0} as core[a373ad73a504971]::ops::function::FnOnce<()>>::call_once
[INFO] [stdout]   15:     0x64aa6b61413b - test[aada8e7e76ba119b]::__rust_begin_short_backtrace::<core[a373ad73a504971]::result::Result<(), alloc[2e1b2a31b91974c5]::string::String>, fn() -> core[a373ad73a504971]::result::Result<(), alloc[2e1b2a31b91974c5]::string::String>>
[INFO] [stdout]   16:     0x64aa6b621315 - test[aada8e7e76ba119b]::run_test::{closure#0}
[INFO] [stdout]   17:     0x64aa6b61ac04 - std[617be2ca0a6fd877]::sys::backtrace::__rust_begin_short_backtrace::<test[aada8e7e76ba119b]::run_test::{closure#1}, ()>
[INFO] [stdout]   18:     0x64aa6b6243a2 - <std[617be2ca0a6fd877]::thread::lifecycle::spawn_unchecked<test[aada8e7e76ba119b]::run_test::{closure#1}, ()>::{closure#1} as core[a373ad73a504971]::ops::function::FnOnce<()>>::call_once::{shim:vtable#0}
[INFO] [stdout]   19:     0x64aa6bb80cff - <std[617be2ca0a6fd877]::sys::thread::unix::Thread>::new::thread_start
[INFO] [stdout]   20:     0x72cc4f0bedfa - <unknown>
[INFO] [stdout]   21:     0x72cc4f1523d4 - clone
[INFO] [stdout]   22:                0x0 - <unknown>
[INFO] [stdout] 
[INFO] [stdout] ---- tests::issue_400_1 stdout ----
[INFO] [stdout] ----- [32mExpected[0m -----
[INFO] [stdout] 
[INFO] [stdout] ----- [32mInput[0m -----
[INFO] [stdout] class A {
[INFO] [stdout]     constructor() {
[INFO] [stdout]         this.a_num = 10;
[INFO] [stdout]     }
[INFO] [stdout] 
[INFO] [stdout]     print() {
[INFO] [stdout]         expect(this.a_num).toBe(10);
[INFO] [stdout]     }
[INFO] [stdout] }
[INFO] [stdout] 
[INFO] [stdout] class B extends A {
[INFO] [stdout]     constructor(num) {
[INFO] [stdout]         super();
[INFO] [stdout]         this.b_num = num;
[INFO] [stdout]     }
[INFO] [stdout] 
[INFO] [stdout]     print() {
[INFO] [stdout]         expect(this.b_num).toBe(20);
[INFO] [stdout]         super.print();
[INFO] [stdout]     }
[INFO] [stdout] }
[INFO] [stdout] 
[INFO] [stdout] ----- [32mActual[0m -----
[INFO] [stdout] ----- [32mComments[0m -----
[INFO] [stdout] SingleThreadedComments { leading: RefCell { value: {} }, trailing: RefCell { value: {} } }
[INFO] [stdout] var A = /*#__PURE__*/ function() {
[INFO] [stdout]     "use strict";
[INFO] [stdout]     function A() {
[INFO] [stdout]         _class_call_check(this, A);
[INFO] [stdout]         this.a_num = 10;
[INFO] [stdout]     }
[INFO] [stdout]     _create_class(A, [
[INFO] [stdout]         {
[INFO] [stdout]             key: "print",
[INFO] [stdout]             value: function print() {
[INFO] [stdout]                 expect(this.a_num).toBe(10);
[INFO] [stdout]             }
[INFO] [stdout]         }
[INFO] [stdout]     ]);
[INFO] [stdout]     return A;
[INFO] [stdout] }();
[INFO] [stdout] var B = /*#__PURE__*/ function(A) {
[INFO] [stdout]     "use strict";
[INFO] [stdout]     _inherits(B, A);
[INFO] [stdout]     function B(num) {
[INFO] [stdout]         _class_call_check(this, B);
[INFO] [stdout]         var _this;
[INFO] [stdout]         _this = _call_super(this, B);
[INFO] [stdout]         _this.b_num = num;
[INFO] [stdout]         return _this;
[INFO] [stdout]     }
[INFO] [stdout]     _create_class(B, [
[INFO] [stdout]         {
[INFO] [stdout]             key: "print",
[INFO] [stdout]             value: function print() {
[INFO] [stdout]                 expect(this.b_num).toBe(20);
[INFO] [stdout]                 _get(_get_prototype_of(B.prototype), "print", this).call(this);
[INFO] [stdout]             }
[INFO] [stdout]         }
[INFO] [stdout]     ]);
[INFO] [stdout]     return B;
[INFO] [stdout] }(A);
[INFO] [stdout] 
[INFO] [stdout] 
[INFO] [stdout] thread 'tests::issue_400_1' (3940) panicked at /opt/rustwide/cargo-home/registry/src/index.crates.io-1949cf8c6b5b557f/testing-27.0.0/src/output.rs:169:48:
[INFO] [stdout] failed to run `mkdir -p`: Os { code: 30, kind: ReadOnlyFilesystem, message: "Read-only file system" }
[INFO] [stdout] stack backtrace:
[INFO] [stdout]    0:     0x64aa6bb81d31 - <<std[617be2ca0a6fd877]::sys::backtrace::BacktraceLock>::print::DisplayBacktrace as core[a373ad73a504971]::fmt::Display>::fmt
[INFO] [stdout]    1:     0x64aa6bb98baa - core[a373ad73a504971]::fmt::write
[INFO] [stdout]    2:     0x64aa6bb8643c - <alloc[2e1b2a31b91974c5]::vec::Vec<u8> as core[a373ad73a504971]::io::write::Write>::write_fmt
[INFO] [stdout]    3:     0x64aa6bb5be86 - std[617be2ca0a6fd877]::panicking::default_hook::{closure#0}
[INFO] [stdout]    4:     0x64aa6bb790e9 - std[617be2ca0a6fd877]::panicking::default_hook
[INFO] [stdout]    5:     0x64aa6b620cf0 - test[aada8e7e76ba119b]::test_main_inner::{closure#0}
[INFO] [stdout]    6:     0x64aa6bb79412 - std[617be2ca0a6fd877]::panicking::panic_with_hook
[INFO] [stdout]    7:     0x64aa6bb5bf32 - std[617be2ca0a6fd877]::panicking::panic_handler::{closure#0}
[INFO] [stdout]    8:     0x64aa6bb54969 - std[617be2ca0a6fd877]::sys::backtrace::__rust_end_short_backtrace::<std[617be2ca0a6fd877]::panicking::panic_handler::{closure#0}, !>
[INFO] [stdout]    9:     0x64aa6bb5cb3d - __rustc[ea4f61d10b84890b]::rust_begin_unwind
[INFO] [stdout]   10:     0x64aa6bb9938c - core[a373ad73a504971]::panicking::panic_fmt
[INFO] [stdout]   11:     0x64aa6bb99162 - core[a373ad73a504971]::result::unwrap_failed
[INFO] [stdout]   12:     0x64aa6b81b0dd - <testing[bc22f9110fb2d121]::output::NormalizedOutput>::compare_to_file::<&std[617be2ca0a6fd877]::path::Path>
[INFO] [stdout]   13:     0x64aa6b78dc48 - swc_ecma_transforms_testing[6c0c98c9d94a1f92]::test_fixture_inner
[INFO] [stdout]   14:     0x64aa6b50e365 - <swc_ecma_compat_es2015[338fb0345fe56009]::tests::issue_400_1::{closure#0} as core[a373ad73a504971]::ops::function::FnOnce<()>>::call_once
[INFO] [stdout]   15:     0x64aa6b61413b - test[aada8e7e76ba119b]::__rust_begin_short_backtrace::<core[a373ad73a504971]::result::Result<(), alloc[2e1b2a31b91974c5]::string::String>, fn() -> core[a373ad73a504971]::result::Result<(), alloc[2e1b2a31b91974c5]::string::String>>
[INFO] [stdout]   16:     0x64aa6b621315 - test[aada8e7e76ba119b]::run_test::{closure#0}
[INFO] [stdout]   17:     0x64aa6b61ac04 - std[617be2ca0a6fd877]::sys::backtrace::__rust_begin_short_backtrace::<test[aada8e7e76ba119b]::run_test::{closure#1}, ()>
[INFO] [stdout]   18:     0x64aa6b6243a2 - <std[617be2ca0a6fd877]::thread::lifecycle::spawn_unchecked<test[aada8e7e76ba119b]::run_test::{closure#1}, ()>::{closure#1} as core[a373ad73a504971]::ops::function::FnOnce<()>>::call_once::{shim:vtable#0}
[INFO] [stdout]   19:     0x64aa6bb80cff - <std[617be2ca0a6fd877]::sys::thread::unix::Thread>::new::thread_start
[INFO] [stdout]   20:     0x72cc4f0bedfa - <unknown>
[INFO] [stdout]   21:     0x72cc4f1523d4 - clone
[INFO] [stdout]   22:                0x0 - <unknown>
[INFO] [stdout] 
[INFO] [stdout] ---- tests::issue_413 stdout ----
[INFO] [stdout] ----- [32mExpected[0m -----
[INFO] [stdout] 
[INFO] [stdout] ----- [32mInput[0m -----
[INFO] [stdout] 
[INFO] [stdout] export const getBadgeBorderRadius = (text, color) => {
[INFO] [stdout]   return (text && style) || {}
[INFO] [stdout] }
[INFO] [stdout] ----- [32mActual[0m -----
[INFO] [stdout] ----- [32mComments[0m -----
[INFO] [stdout] SingleThreadedComments { leading: RefCell { value: {} }, trailing: RefCell { value: {} } }
[INFO] [stdout] export var getBadgeBorderRadius = function(text, color) {
[INFO] [stdout]     return text && style || {};
[INFO] [stdout] };
[INFO] [stdout] 
[INFO] [stdout] 
[INFO] [stdout] thread 'tests::issue_413' (3943) panicked at /opt/rustwide/cargo-home/registry/src/index.crates.io-1949cf8c6b5b557f/testing-27.0.0/src/output.rs:169:48:
[INFO] [stdout] failed to run `mkdir -p`: Os { code: 30, kind: ReadOnlyFilesystem, message: "Read-only file system" }
[INFO] [stdout] stack backtrace:
[INFO] [stdout]    0:     0x64aa6bb81d31 - <<std[617be2ca0a6fd877]::sys::backtrace::BacktraceLock>::print::DisplayBacktrace as core[a373ad73a504971]::fmt::Display>::fmt
[INFO] [stdout]    1:     0x64aa6bb98baa - core[a373ad73a504971]::fmt::write
[INFO] [stdout]    2:     0x64aa6bb8643c - <alloc[2e1b2a31b91974c5]::vec::Vec<u8> as core[a373ad73a504971]::io::write::Write>::write_fmt
[INFO] [stdout]    3:     0x64aa6bb5be86 - std[617be2ca0a6fd877]::panicking::default_hook::{closure#0}
[INFO] [stdout]    4:     0x64aa6bb790e9 - std[617be2ca0a6fd877]::panicking::default_hook
[INFO] [stdout]    5:     0x64aa6b620cf0 - test[aada8e7e76ba119b]::test_main_inner::{closure#0}
[INFO] [stdout]    6:     0x64aa6bb79412 - std[617be2ca0a6fd877]::panicking::panic_with_hook
[INFO] [stdout]    7:     0x64aa6bb5bf32 - std[617be2ca0a6fd877]::panicking::panic_handler::{closure#0}
[INFO] [stdout]    8:     0x64aa6bb54969 - std[617be2ca0a6fd877]::sys::backtrace::__rust_end_short_backtrace::<std[617be2ca0a6fd877]::panicking::panic_handler::{closure#0}, !>
[INFO] [stdout]    9:     0x64aa6bb5cb3d - __rustc[ea4f61d10b84890b]::rust_begin_unwind
[INFO] [stdout]   10:     0x64aa6bb9938c - core[a373ad73a504971]::panicking::panic_fmt
[INFO] [stdout]   11:     0x64aa6bb99162 - core[a373ad73a504971]::result::unwrap_failed
[INFO] [stdout]   12:     0x64aa6b81b0dd - <testing[bc22f9110fb2d121]::output::NormalizedOutput>::compare_to_file::<&std[617be2ca0a6fd877]::path::Path>
[INFO] [stdout]   13:     0x64aa6b78dc48 - swc_ecma_transforms_testing[6c0c98c9d94a1f92]::test_fixture_inner
[INFO] [stdout]   14:     0x64aa6b511a15 - <swc_ecma_compat_es2015[338fb0345fe56009]::tests::issue_413::{closure#0} as core[a373ad73a504971]::ops::function::FnOnce<()>>::call_once
[INFO] [stdout]   15:     0x64aa6b61413b - test[aada8e7e76ba119b]::__rust_begin_short_backtrace::<core[a373ad73a504971]::result::Result<(), alloc[2e1b2a31b91974c5]::string::String>, fn() -> core[a373ad73a504971]::result::Result<(), alloc[2e1b2a31b91974c5]::string::String>>
[INFO] [stdout]   16:     0x64aa6b621315 - test[aada8e7e76ba119b]::run_test::{closure#0}
[INFO] [stdout]   17:     0x64aa6b61ac04 - std[617be2ca0a6fd877]::sys::backtrace::__rust_begin_short_backtrace::<test[aada8e7e76ba119b]::run_test::{closure#1}, ()>
[INFO] [stdout]   18:     0x64aa6b6243a2 - <std[617be2ca0a6fd877]::thread::lifecycle::spawn_unchecked<test[aada8e7e76ba119b]::run_test::{closure#1}, ()>::{closure#1} as core[a373ad73a504971]::ops::function::FnOnce<()>>::call_once::{shim:vtable#0}
[INFO] [stdout]   19:     0x64aa6bb80cff - <std[617be2ca0a6fd877]::sys::thread::unix::Thread>::new::thread_start
[INFO] [stdout]   20:     0x72cc4f0bedfa - <unknown>
[INFO] [stdout]   21:     0x72cc4f1523d4 - clone
[INFO] [stdout]   22:                0x0 - <unknown>
[INFO] [stdout] 
[INFO] [stdout] ---- tests::issue_8871 stdout ----
[INFO] [stdout] ----- [32mExpected[0m -----
[INFO] [stdout] 
[INFO] [stdout] ----- [32mInput[0m -----
[INFO] [stdout] 
[INFO] [stdout]         const x = "</" + "script>";
[INFO] [stdout]         const y = "<\/script>";
[INFO] [stdout]         const z = "\/\/   \\";
[INFO] [stdout]         export { x, y, z };
[INFO] [stdout]         
[INFO] [stdout] ----- [32mActual[0m -----
[INFO] [stdout] ----- [32mComments[0m -----
[INFO] [stdout] SingleThreadedComments { leading: RefCell { value: {} }, trailing: RefCell { value: {} } }
[INFO] [stdout] var x = "</" + "script>";
[INFO] [stdout] var y = "<\/script>";
[INFO] [stdout] var z = "\/\/   \\";
[INFO] [stdout] export { x, y, z };
[INFO] [stdout] 
[INFO] [stdout] 
[INFO] [stdout] thread 'tests::issue_8871' (3944) panicked at /opt/rustwide/cargo-home/registry/src/index.crates.io-1949cf8c6b5b557f/testing-27.0.0/src/output.rs:169:48:
[INFO] [stdout] failed to run `mkdir -p`: Os { code: 30, kind: ReadOnlyFilesystem, message: "Read-only file system" }
[INFO] [stdout] stack backtrace:
[INFO] [stdout]    0:     0x64aa6bb81d31 - <<std[617be2ca0a6fd877]::sys::backtrace::BacktraceLock>::print::DisplayBacktrace as core[a373ad73a504971]::fmt::Display>::fmt
[INFO] [stdout]    1:     0x64aa6bb98baa - core[a373ad73a504971]::fmt::write
[INFO] [stdout]    2:     0x64aa6bb8643c - <alloc[2e1b2a31b91974c5]::vec::Vec<u8> as core[a373ad73a504971]::io::write::Write>::write_fmt
[INFO] [stdout]    3:     0x64aa6bb5be86 - std[617be2ca0a6fd877]::panicking::default_hook::{closure#0}
[INFO] [stdout]    4:     0x64aa6bb790e9 - std[617be2ca0a6fd877]::panicking::default_hook
[INFO] [stdout]    5:     0x64aa6b620cf0 - test[aada8e7e76ba119b]::test_main_inner::{closure#0}
[INFO] [stdout]    6:     0x64aa6bb79412 - std[617be2ca0a6fd877]::panicking::panic_with_hook
[INFO] [stdout]    7:     0x64aa6bb5bf32 - std[617be2ca0a6fd877]::panicking::panic_handler::{closure#0}
[INFO] [stdout]    8:     0x64aa6bb54969 - std[617be2ca0a6fd877]::sys::backtrace::__rust_end_short_backtrace::<std[617be2ca0a6fd877]::panicking::panic_handler::{closure#0}, !>
[INFO] [stdout]    9:     0x64aa6bb5cb3d - __rustc[ea4f61d10b84890b]::rust_begin_unwind
[INFO] [stdout]   10:     0x64aa6bb9938c - core[a373ad73a504971]::panicking::panic_fmt
[INFO] [stdout]   11:     0x64aa6bb99162 - core[a373ad73a504971]::result::unwrap_failed
[INFO] [stdout]   12:     0x64aa6b81b0dd - <testing[bc22f9110fb2d121]::output::NormalizedOutput>::compare_to_file::<&std[617be2ca0a6fd877]::path::Path>
[INFO] [stdout]   13:     0x64aa6b78dc48 - swc_ecma_transforms_testing[6c0c98c9d94a1f92]::test_fixture_inner
[INFO] [stdout]   14:     0x64aa6b50ded5 - <swc_ecma_compat_es2015[338fb0345fe56009]::tests::issue_8871::{closure#0} as core[a373ad73a504971]::ops::function::FnOnce<()>>::call_once
[INFO] [stdout]   15:     0x64aa6b61413b - test[aada8e7e76ba119b]::__rust_begin_short_backtrace::<core[a373ad73a504971]::result::Result<(), alloc[2e1b2a31b91974c5]::string::String>, fn() -> core[a373ad73a504971]::result::Result<(), alloc[2e1b2a31b91974c5]::string::String>>
[INFO] [stdout]   16:     0x64aa6b621315 - test[aada8e7e76ba119b]::run_test::{closure#0}
[INFO] [stdout]   17:     0x64aa6b61ac04 - std[617be2ca0a6fd877]::sys::backtrace::__rust_begin_short_backtrace::<test[aada8e7e76ba119b]::run_test::{closure#1}, ()>
[INFO] [stdout]   18:     0x64aa6b6243a2 - <std[617be2ca0a6fd877]::thread::lifecycle::spawn_unchecked<test[aada8e7e76ba119b]::run_test::{closure#1}, ()>::{closure#1} as core[a373ad73a504971]::ops::function::FnOnce<()>>::call_once::{shim:vtable#0}
[INFO] [stdout]   19:     0x64aa6bb80cff - <std[617be2ca0a6fd877]::sys::thread::unix::Thread>::new::thread_start
[INFO] [stdout]   20:     0x72cc4f0bedfa - <unknown>
[INFO] [stdout]   21:     0x72cc4f1523d4 - clone
[INFO] [stdout]   22:                0x0 - <unknown>
[INFO] [stdout] 
[INFO] [stdout] ---- typeof_symbol::tests::dont_touch_in_loose_mode stdout ----
[INFO] [stdout] ----- [32mExpected[0m -----
[INFO] [stdout] 
[INFO] [stdout] ----- [32mInput[0m -----
[INFO] [stdout] typeof sym;
[INFO] [stdout] ----- [32mActual[0m -----
[INFO] [stdout] ----- [32mComments[0m -----
[INFO] [stdout] SingleThreadedComments { leading: RefCell { value: {} }, trailing: RefCell { value: {} } }
[INFO] [stdout] typeof sym;
[INFO] [stdout] 
[INFO] [stdout] 
[INFO] [stdout] thread 'typeof_symbol::tests::dont_touch_in_loose_mode' (3946) panicked at /opt/rustwide/cargo-home/registry/src/index.crates.io-1949cf8c6b5b557f/testing-27.0.0/src/output.rs:169:48:
[INFO] [stdout] failed to run `mkdir -p`: Os { code: 30, kind: ReadOnlyFilesystem, message: "Read-only file system" }
[INFO] [stdout] stack backtrace:
[INFO] [stdout]    0:     0x64aa6bb81d31 - <<std[617be2ca0a6fd877]::sys::backtrace::BacktraceLock>::print::DisplayBacktrace as core[a373ad73a504971]::fmt::Display>::fmt
[INFO] [stdout]    1:     0x64aa6bb98baa - core[a373ad73a504971]::fmt::write
[INFO] [stdout]    2:     0x64aa6bb8643c - <alloc[2e1b2a31b91974c5]::vec::Vec<u8> as core[a373ad73a504971]::io::write::Write>::write_fmt
[INFO] [stdout]    3:     0x64aa6bb5be86 - std[617be2ca0a6fd877]::panicking::default_hook::{closure#0}
[INFO] [stdout]    4:     0x64aa6bb790e9 - std[617be2ca0a6fd877]::panicking::default_hook
[INFO] [stdout]    5:     0x64aa6b620cf0 - test[aada8e7e76ba119b]::test_main_inner::{closure#0}
[INFO] [stdout]    6:     0x64aa6bb79412 - std[617be2ca0a6fd877]::panicking::panic_with_hook
[INFO] [stdout]    7:     0x64aa6bb5bf32 - std[617be2ca0a6fd877]::panicking::panic_handler::{closure#0}
[INFO] [stdout]    8:     0x64aa6bb54969 - std[617be2ca0a6fd877]::sys::backtrace::__rust_end_short_backtrace::<std[617be2ca0a6fd877]::panicking::panic_handler::{closure#0}, !>
[INFO] [stdout]    9:     0x64aa6bb5cb3d - __rustc[ea4f61d10b84890b]::rust_begin_unwind
[INFO] [stdout]   10:     0x64aa6bb9938c - core[a373ad73a504971]::panicking::panic_fmt
[INFO] [stdout]   11:     0x64aa6bb99162 - core[a373ad73a504971]::result::unwrap_failed
[INFO] [stdout]   12:     0x64aa6b81b0dd - <testing[bc22f9110fb2d121]::output::NormalizedOutput>::compare_to_file::<&std[617be2ca0a6fd877]::path::Path>
[INFO] [stdout]   13:     0x64aa6b78dc48 - swc_ecma_transforms_testing[6c0c98c9d94a1f92]::test_fixture_inner
[INFO] [stdout]   14:     0x64aa6b514c45 - <swc_ecma_compat_es2015[338fb0345fe56009]::typeof_symbol::tests::dont_touch_in_loose_mode::{closure#0} as core[a373ad73a504971]::ops::function::FnOnce<()>>::call_once
[INFO] [stdout]   15:     0x64aa6b61413b - test[aada8e7e76ba119b]::__rust_begin_short_backtrace::<core[a373ad73a504971]::result::Result<(), alloc[2e1b2a31b91974c5]::string::String>, fn() -> core[a373ad73a504971]::result::Result<(), alloc[2e1b2a31b91974c5]::string::String>>
[INFO] [stdout]   16:     0x64aa6b621315 - test[aada8e7e76ba119b]::run_test::{closure#0}
[INFO] [stdout]   17:     0x64aa6b61ac04 - std[617be2ca0a6fd877]::sys::backtrace::__rust_begin_short_backtrace::<test[aada8e7e76ba119b]::run_test::{closure#1}, ()>
[INFO] [stdout]   18:     0x64aa6b6243a2 - <std[617be2ca0a6fd877]::thread::lifecycle::spawn_unchecked<test[aada8e7e76ba119b]::run_test::{closure#1}, ()>::{closure#1} as core[a373ad73a504971]::ops::function::FnOnce<()>>::call_once::{shim:vtable#0}
[INFO] [stdout]   19:     0x64aa6bb80cff - <std[617be2ca0a6fd877]::sys::thread::unix::Thread>::new::thread_start
[INFO] [stdout]   20:     0x72cc4f0bedfa - <unknown>
[INFO] [stdout]   21:     0x72cc4f1523d4 - clone
[INFO] [stdout]   22:                0x0 - <unknown>
[INFO] [stdout] 
[INFO] [stdout] ---- typeof_symbol::tests::issue_1843_1 stdout ----
[INFO] [stdout] ----- [32mExpected[0m -----
[INFO] [stdout] 
[INFO] [stdout] ----- [32mInput[0m -----
[INFO] [stdout] 
[INFO] [stdout]         function isUndef(type) {
[INFO] [stdout]             return type === 'undefined';
[INFO] [stdout]         }
[INFO] [stdout] 
[INFO] [stdout]         var isWeb = !isUndef(typeof window) && 'onload' in window;
[INFO] [stdout]         exports.isWeb = isWeb;
[INFO] [stdout]         var isNode = !isUndef(typeof process) && !!(process.versions && process.versions.node);
[INFO] [stdout]         exports.isNode = isNode;
[INFO] [stdout]         var isWeex = !isUndef(typeof WXEnvironment) && WXEnvironment.platform !== 'Web';
[INFO] [stdout]         exports.isWeex = isWeex;
[INFO] [stdout]         
[INFO] [stdout] ----- [32mActual[0m -----
[INFO] [stdout] ----- [32mComments[0m -----
[INFO] [stdout] SingleThreadedComments { leading: RefCell { value: {} }, trailing: RefCell { value: {} } }
[INFO] [stdout] function isUndef(type) {
[INFO] [stdout]     return type === 'undefined';
[INFO] [stdout] }
[INFO] [stdout] var isWeb = !isUndef(typeof window === "undefined" ? "undefined" : _type_of(window)) && 'onload' in window;
[INFO] [stdout] exports.isWeb = isWeb;
[INFO] [stdout] var isNode = !isUndef(typeof process === "undefined" ? "undefined" : _type_of(process)) && !!(process.versions && process.versions.node);
[INFO] [stdout] exports.isNode = isNode;
[INFO] [stdout] var isWeex = !isUndef(typeof WXEnvironment === "undefined" ? "undefined" : _type_of(WXEnvironment)) && WXEnvironment.platform !== 'Web';
[INFO] [stdout] exports.isWeex = isWeex;
[INFO] [stdout] 
[INFO] [stdout] 
[INFO] [stdout] thread 'typeof_symbol::tests::issue_1843_1' (3949) panicked at /opt/rustwide/cargo-home/registry/src/index.crates.io-1949cf8c6b5b557f/testing-27.0.0/src/output.rs:169:48:
[INFO] [stdout] failed to run `mkdir -p`: Os { code: 30, kind: ReadOnlyFilesystem, message: "Read-only file system" }
[INFO] [stdout] stack backtrace:
[INFO] [stdout]    0:     0x64aa6bb81d31 - <<std[617be2ca0a6fd877]::sys::backtrace::BacktraceLock>::print::DisplayBacktrace as core[a373ad73a504971]::fmt::Display>::fmt
[INFO] [stdout]    1:     0x64aa6bb98baa - core[a373ad73a504971]::fmt::write
[INFO] [stdout]    2:     0x64aa6bb8643c - <alloc[2e1b2a31b91974c5]::vec::Vec<u8> as core[a373ad73a504971]::io::write::Write>::write_fmt
[INFO] [stdout]    3:     0x64aa6bb5be86 - std[617be2ca0a6fd877]::panicking::default_hook::{closure#0}
[INFO] [stdout]    4:     0x64aa6bb790e9 - std[617be2ca0a6fd877]::panicking::default_hook
[INFO] [stdout]    5:     0x64aa6b620cf0 - test[aada8e7e76ba119b]::test_main_inner::{closure#0}
[INFO] [stdout]    6:     0x64aa6bb79412 - std[617be2ca0a6fd877]::panicking::panic_with_hook
[INFO] [stdout]    7:     0x64aa6bb5bf32 - std[617be2ca0a6fd877]::panicking::panic_handler::{closure#0}
[INFO] [stdout]    8:     0x64aa6bb54969 - std[617be2ca0a6fd877]::sys::backtrace::__rust_end_short_backtrace::<std[617be2ca0a6fd877]::panicking::panic_handler::{closure#0}, !>
[INFO] [stdout]    9:     0x64aa6bb5cb3d - __rustc[ea4f61d10b84890b]::rust_begin_unwind
[INFO] [stdout]   10:     0x64aa6bb9938c - core[a373ad73a504971]::panicking::panic_fmt
[INFO] [stdout]   11:     0x64aa6bb99162 - core[a373ad73a504971]::result::unwrap_failed
[INFO] [stdout]   12:     0x64aa6b81b0dd - <testing[bc22f9110fb2d121]::output::NormalizedOutput>::compare_to_file::<&std[617be2ca0a6fd877]::path::Path>
[INFO] [stdout]   13:     0x64aa6b78dc48 - swc_ecma_transforms_testing[6c0c98c9d94a1f92]::test_fixture_inner
[INFO] [stdout]   14:     0x64aa6b5147b5 - <swc_ecma_compat_es2015[338fb0345fe56009]::typeof_symbol::tests::issue_1843_1::{closure#0} as core[a373ad73a504971]::ops::function::FnOnce<()>>::call_once
[INFO] [stdout]   15:     0x64aa6b61413b - test[aada8e7e76ba119b]::__rust_begin_short_backtrace::<core[a373ad73a504971]::result::Result<(), alloc[2e1b2a31b91974c5]::string::String>, fn() -> core[a373ad73a504971]::result::Result<(), alloc[2e1b2a31b91974c5]::string::String>>
[INFO] [stdout]   16:     0x64aa6b621315 - test[aada8e7e76ba119b]::run_test::{closure#0}
[INFO] [stdout]   17:     0x64aa6b61ac04 - std[617be2ca0a6fd877]::sys::backtrace::__rust_begin_short_backtrace::<test[aada8e7e76ba119b]::run_test::{closure#1}, ()>
[INFO] [stdout]   18:     0x64aa6b6243a2 - <std[617be2ca0a6fd877]::thread::lifecycle::spawn_unchecked<test[aada8e7e76ba119b]::run_test::{closure#1}, ()>::{closure#1} as core[a373ad73a504971]::ops::function::FnOnce<()>>::call_once::{shim:vtable#0}
[INFO] [stdout]   19:     0x64aa6bb80cff - <std[617be2ca0a6fd877]::sys::thread::unix::Thread>::new::thread_start
[INFO] [stdout]   20:     0x72cc4f0bedfa - <unknown>
[INFO] [stdout]   21:     0x72cc4f1523d4 - clone
[INFO] [stdout]   22:                0x0 - <unknown>
[INFO] [stdout] 
[INFO] [stdout] ---- typeof_symbol::tests::dont_touch_non_symbol_comparison_02 stdout ----
[INFO] [stdout] ----- [32mExpected[0m -----
[INFO] [stdout] 
[INFO] [stdout] ----- [32mInput[0m -----
[INFO] [stdout] 'undefined' !== typeof window
[INFO] [stdout] ----- [32mActual[0m -----
[INFO] [stdout] ----- [32mComments[0m -----
[INFO] [stdout] SingleThreadedComments { leading: RefCell { value: {} }, trailing: RefCell { value: {} } }
[INFO] [stdout] 'undefined' !== typeof window;
[INFO] [stdout] 
[INFO] [stdout] 
[INFO] [stdout] thread 'typeof_symbol::tests::dont_touch_non_symbol_comparison_02' (3948) panicked at /opt/rustwide/cargo-home/registry/src/index.crates.io-1949cf8c6b5b557f/testing-27.0.0/src/output.rs:169:48:
[INFO] [stdout] failed to run `mkdir -p`: Os { code: 30, kind: ReadOnlyFilesystem, message: "Read-only file system" }
[INFO] [stdout] stack backtrace:
[INFO] [stdout]    0:     0x64aa6bb81d31 - <<std[617be2ca0a6fd877]::sys::backtrace::BacktraceLock>::print::DisplayBacktrace as core[a373ad73a504971]::fmt::Display>::fmt
[INFO] [stdout]    1:     0x64aa6bb98baa - core[a373ad73a504971]::fmt::write
[INFO] [stdout]    2:     0x64aa6bb8643c - <alloc[2e1b2a31b91974c5]::vec::Vec<u8> as core[a373ad73a504971]::io::write::Write>::write_fmt
[INFO] [stdout]    3:     0x64aa6bb5be86 - std[617be2ca0a6fd877]::panicking::default_hook::{closure#0}
[INFO] [stdout]    4:     0x64aa6bb790e9 - std[617be2ca0a6fd877]::panicking::default_hook
[INFO] [stdout]    5:     0x64aa6b620cf0 - test[aada8e7e76ba119b]::test_main_inner::{closure#0}
[INFO] [stdout]    6:     0x64aa6bb79412 - std[617be2ca0a6fd877]::panicking::panic_with_hook
[INFO] [stdout]    7:     0x64aa6bb5bf32 - std[617be2ca0a6fd877]::panicking::panic_handler::{closure#0}
[INFO] [stdout]    8:     0x64aa6bb54969 - std[617be2ca0a6fd877]::sys::backtrace::__rust_end_short_backtrace::<std[617be2ca0a6fd877]::panicking::panic_handler::{closure#0}, !>
[INFO] [stdout]    9:     0x64aa6bb5cb3d - __rustc[ea4f61d10b84890b]::rust_begin_unwind
[INFO] [stdout]   10:     0x64aa6bb9938c - core[a373ad73a504971]::panicking::panic_fmt
[INFO] [stdout]   11:     0x64aa6bb99162 - core[a373ad73a504971]::result::unwrap_failed
[INFO] [stdout]   12:     0x64aa6b81b0dd - <testing[bc22f9110fb2d121]::output::NormalizedOutput>::compare_to_file::<&std[617be2ca0a6fd877]::path::Path>
[INFO] [stdout]   13:     0x64aa6b78dc48 - swc_ecma_transforms_testing[6c0c98c9d94a1f92]::test_fixture_inner
[INFO] [stdout]   14:     0x64aa6b515565 - <swc_ecma_compat_es2015[338fb0345fe56009]::typeof_symbol::tests::dont_touch_non_symbol_comparison_02::{closure#0} as core[a373ad73a504971]::ops::function::FnOnce<()>>::call_once
[INFO] [stdout]   15:     0x64aa6b61413b - test[aada8e7e76ba119b]::__rust_begin_short_backtrace::<core[a373ad73a504971]::result::Result<(), alloc[2e1b2a31b91974c5]::string::String>, fn() -> core[a373ad73a504971]::result::Result<(), alloc[2e1b2a31b91974c5]::string::String>>
[INFO] [stdout]   16:     0x64aa6b621315 - test[aada8e7e76ba119b]::run_test::{closure#0}
[INFO] [stdout]   17:     0x64aa6b61ac04 - std[617be2ca0a6fd877]::sys::backtrace::__rust_begin_short_backtrace::<test[aada8e7e76ba119b]::run_test::{closure#1}, ()>
[INFO] [stdout]   18:     0x64aa6b6243a2 - <std[617be2ca0a6fd877]::thread::lifecycle::spawn_unchecked<test[aada8e7e76ba119b]::run_test::{closure#1}, ()>::{closure#1} as core[a373ad73a504971]::ops::function::FnOnce<()>>::call_once::{shim:vtable#0}
[INFO] [stdout]   19:     0x64aa6bb80cff - <std[617be2ca0a6fd877]::sys::thread::unix::Thread>::new::thread_start
[INFO] [stdout]   20:     0x72cc4f0bedfa - <unknown>
[INFO] [stdout]   21:     0x72cc4f1523d4 - clone
[INFO] [stdout]   22:                0x0 - <unknown>
[INFO] [stdout] 
[INFO] [stdout] ---- typeof_symbol::tests::dont_touch_non_symbol_comparison stdout ----
[INFO] [stdout] ----- [32mExpected[0m -----
[INFO] [stdout] 
[INFO] [stdout] ----- [32mInput[0m -----
[INFO] [stdout] typeof window !== 'undefined'
[INFO] [stdout] ----- [32mActual[0m -----
[INFO] [stdout] ----- [32mComments[0m -----
[INFO] [stdout] SingleThreadedComments { leading: RefCell { value: {} }, trailing: RefCell { value: {} } }
[INFO] [stdout] typeof window !== 'undefined';
[INFO] [stdout] 
[INFO] [stdout] 
[INFO] [stdout] thread 'typeof_symbol::tests::dont_touch_non_symbol_comparison' (3947) panicked at /opt/rustwide/cargo-home/registry/src/index.crates.io-1949cf8c6b5b557f/testing-27.0.0/src/output.rs:169:48:
[INFO] [stdout] failed to run `mkdir -p`: Os { code: 30, kind: ReadOnlyFilesystem, message: "Read-only file system" }
[INFO] [stdout] stack backtrace:
[INFO] [stdout]    0:     0x64aa6bb81d31 - <<std[617be2ca0a6fd877]::sys::backtrace::BacktraceLock>::print::DisplayBacktrace as core[a373ad73a504971]::fmt::Display>::fmt
[INFO] [stdout]    1:     0x64aa6bb98baa - core[a373ad73a504971]::fmt::write
[INFO] [stdout]    2:     0x64aa6bb8643c - <alloc[2e1b2a31b91974c5]::vec::Vec<u8> as core[a373ad73a504971]::io::write::Write>::write_fmt
[INFO] [stdout]    3:     0x64aa6bb5be86 - std[617be2ca0a6fd877]::panicking::default_hook::{closure#0}
[INFO] [stdout]    4:     0x64aa6bb790e9 - std[617be2ca0a6fd877]::panicking::default_hook
[INFO] [stdout]    5:     0x64aa6b620cf0 - test[aada8e7e76ba119b]::test_main_inner::{closure#0}
[INFO] [stdout]    6:     0x64aa6bb79412 - std[617be2ca0a6fd877]::panicking::panic_with_hook
[INFO] [stdout]    7:     0x64aa6bb5bf32 - std[617be2ca0a6fd877]::panicking::panic_handler::{closure#0}
[INFO] [stdout]    8:     0x64aa6bb54969 - std[617be2ca0a6fd877]::sys::backtrace::__rust_end_short_backtrace::<std[617be2ca0a6fd877]::panicking::panic_handler::{closure#0}, !>
[INFO] [stdout]    9:     0x64aa6bb5cb3d - __rustc[ea4f61d10b84890b]::rust_begin_unwind
[INFO] [stdout]   10:     0x64aa6bb9938c - core[a373ad73a504971]::panicking::panic_fmt
[INFO] [stdout]   11:     0x64aa6bb99162 - core[a373ad73a504971]::result::unwrap_failed
[INFO] [stdout]   12:     0x64aa6b81b0dd - <testing[bc22f9110fb2d121]::output::NormalizedOutput>::compare_to_file::<&std[617be2ca0a6fd877]::path::Path>
[INFO] [stdout]   13:     0x64aa6b78dc48 - swc_ecma_transforms_testing[6c0c98c9d94a1f92]::test_fixture_inner
[INFO] [stdout]   14:     0x64aa6b5150d5 - <swc_ecma_compat_es2015[338fb0345fe56009]::typeof_symbol::tests::dont_touch_non_symbol_comparison::{closure#0} as core[a373ad73a504971]::ops::function::FnOnce<()>>::call_once
[INFO] [stdout]   15:     0x64aa6b61413b - test[aada8e7e76ba119b]::__rust_begin_short_backtrace::<core[a373ad73a504971]::result::Result<(), alloc[2e1b2a31b91974c5]::string::String>, fn() -> core[a373ad73a504971]::result::Result<(), alloc[2e1b2a31b91974c5]::string::String>>
[INFO] [stdout]   16:     0x64aa6b621315 - test[aada8e7e76ba119b]::run_test::{closure#0}
[INFO] [stdout]   17:     0x64aa6b61ac04 - std[617be2ca0a6fd877]::sys::backtrace::__rust_begin_short_backtrace::<test[aada8e7e76ba119b]::run_test::{closure#1}, ()>
[INFO] [stdout]   18:     0x64aa6b6243a2 - <std[617be2ca0a6fd877]::thread::lifecycle::spawn_unchecked<test[aada8e7e76ba119b]::run_test::{closure#1}, ()>::{closure#1} as core[a373ad73a504971]::ops::function::FnOnce<()>>::call_once::{shim:vtable#0}
[INFO] [stdout]   19:     0x64aa6bb80cff - <std[617be2ca0a6fd877]::sys::thread::unix::Thread>::new::thread_start
[INFO] [stdout]   20:     0x72cc4f0bedfa - <unknown>
[INFO] [stdout]   21:     0x72cc4f1523d4 - clone
[INFO] [stdout]   22:                0x0 - <unknown>
[INFO] [stdout] 
[INFO] [stdout] ---- tests::should_escape_keyword_in_method stdout ----
[INFO] [stdout] ----- [32mExpected[0m -----
[INFO] [stdout] 
[INFO] [stdout] ----- [32mInput[0m -----
[INFO] [stdout] 
[INFO] [stdout] export class Foo {
[INFO] [stdout] 	let() {}
[INFO] [stdout] }
[INFO] [stdout] 
[INFO] [stdout] ----- [32mActual[0m -----
[INFO] [stdout] ----- [32mComments[0m -----
[INFO] [stdout] SingleThreadedComments { leading: RefCell { value: {} }, trailing: RefCell { value: {} } }
[INFO] [stdout] export var Foo = /*#__PURE__*/ function() {
[INFO] [stdout]     "use strict";
[INFO] [stdout]     function Foo() {
[INFO] [stdout]         _class_call_check(this, Foo);
[INFO] [stdout]     }
[INFO] [stdout]     var _proto = Foo.prototype;
[INFO] [stdout]     _proto.let = function _let() {};
[INFO] [stdout]     return Foo;
[INFO] [stdout] }();
[INFO] [stdout] 
[INFO] [stdout] 
[INFO] [stdout] thread 'tests::should_escape_keyword_in_method' (3945) panicked at /opt/rustwide/cargo-home/registry/src/index.crates.io-1949cf8c6b5b557f/testing-27.0.0/src/output.rs:169:48:
[INFO] [stdout] failed to run `mkdir -p`: Os { code: 30, kind: ReadOnlyFilesystem, message: "Read-only file system" }
[INFO] [stdout] stack backtrace:
[INFO] [stdout]    0:     0x64aa6bb81d31 - <<std[617be2ca0a6fd877]::sys::backtrace::BacktraceLock>::print::DisplayBacktrace as core[a373ad73a504971]::fmt::Display>::fmt
[INFO] [stdout]    1:     0x64aa6bb98baa - core[a373ad73a504971]::fmt::write
[INFO] [stdout]    2:     0x64aa6bb8643c - <alloc[2e1b2a31b91974c5]::vec::Vec<u8> as core[a373ad73a504971]::io::write::Write>::write_fmt
[INFO] [stdout]    3:     0x64aa6bb5be86 - std[617be2ca0a6fd877]::panicking::default_hook::{closure#0}
[INFO] [stdout]    4:     0x64aa6bb790e9 - std[617be2ca0a6fd877]::panicking::default_hook
[INFO] [stdout]    5:     0x64aa6b620cf0 - test[aada8e7e76ba119b]::test_main_inner::{closure#0}
[INFO] [stdout]    6:     0x64aa6bb79412 - std[617be2ca0a6fd877]::panicking::panic_with_hook
[INFO] [stdout]    7:     0x64aa6bb5bf32 - std[617be2ca0a6fd877]::panicking::panic_handler::{closure#0}
[INFO] [stdout]    8:     0x64aa6bb54969 - std[617be2ca0a6fd877]::sys::backtrace::__rust_end_short_backtrace::<std[617be2ca0a6fd877]::panicking::panic_handler::{closure#0}, !>
[INFO] [stdout]    9:     0x64aa6bb5cb3d - __rustc[ea4f61d10b84890b]::rust_begin_unwind
[INFO] [stdout]   10:     0x64aa6bb9938c - core[a373ad73a504971]::panicking::panic_fmt
[INFO] [stdout]   11:     0x64aa6bb99162 - core[a373ad73a504971]::result::unwrap_failed
[INFO] [stdout]   12:     0x64aa6b81b0dd - <testing[bc22f9110fb2d121]::output::NormalizedOutput>::compare_to_file::<&std[617be2ca0a6fd877]::path::Path>
[INFO] [stdout]   13:     0x64aa6b78dc48 - swc_ecma_transforms_testing[6c0c98c9d94a1f92]::test_fixture_inner
[INFO] [stdout]   14:     0x64aa6b510345 - <swc_ecma_compat_es2015[338fb0345fe56009]::tests::should_escape_keyword_in_method::{closure#0} as core[a373ad73a504971]::ops::function::FnOnce<()>>::call_once
[INFO] [stdout]   15:     0x64aa6b61413b - test[aada8e7e76ba119b]::__rust_begin_short_backtrace::<core[a373ad73a504971]::result::Result<(), alloc[2e1b2a31b91974c5]::string::String>, fn() -> core[a373ad73a504971]::result::Result<(), alloc[2e1b2a31b91974c5]::string::String>>
[INFO] [stdout]   16:     0x64aa6b621315 - test[aada8e7e76ba119b]::run_test::{closure#0}
[INFO] [stdout]   17:     0x64aa6b61ac04 - std[617be2ca0a6fd877]::sys::backtrace::__rust_begin_short_backtrace::<test[aada8e7e76ba119b]::run_test::{closure#1}, ()>
[INFO] [stdout]   18:     0x64aa6b6243a2 - <std[617be2ca0a6fd877]::thread::lifecycle::spawn_unchecked<test[aada8e7e76ba119b]::run_test::{closure#1}, ()>::{closure#1} as core[a373ad73a504971]::ops::function::FnOnce<()>>::call_once::{shim:vtable#0}
[INFO] [stdout]   19:     0x64aa6bb80cff - <std[617be2ca0a6fd877]::sys::thread::unix::Thread>::new::thread_start
[INFO] [stdout]   20:     0x72cc4f0bedfa - <unknown>
[INFO] [stdout]   21:     0x72cc4f1523d4 - clone
[INFO] [stdout]   22:                0x0 - <unknown>
[INFO] [stdout] 
[INFO] [stdout] ---- tests::issue_400_2 stdout ----
[INFO] [stdout] 	>>>>> [32mOrig[0m <<<<<
[INFO] [stdout] class A {
[INFO] [stdout]     constructor() {
[INFO] [stdout]         this.a_num = 10;
[INFO] [stdout]     }
[INFO] [stdout] 
[INFO] [stdout]     print() {
[INFO] [stdout]         expect(this.a_num).toBe(10);
[INFO] [stdout]     }
[INFO] [stdout] }
[INFO] [stdout] 
[INFO] [stdout] class B extends A {
[INFO] [stdout]     constructor(num) {
[INFO] [stdout]         super();
[INFO] [stdout]         this.b_num = num;
[INFO] [stdout]     }
[INFO] [stdout] 
[INFO] [stdout]     print() {
[INFO] [stdout]         expect(this.b_num).toBe(20);
[INFO] [stdout]         super.print();
[INFO] [stdout]     }
[INFO] [stdout] }
[INFO] [stdout] 
[INFO] [stdout] return new B(20).print()
[INFO] [stdout] 	>>>>> [32mCode[0m <<<<<
[INFO] [stdout] it('should work', async function() {
[INFO] [stdout]     var A = /*#__PURE__*/ function() {
[INFO] [stdout]         "use strict";
[INFO] [stdout]         function A() {
[INFO] [stdout]             _class_call_check(this, A);
[INFO] [stdout]             this.a_num = 10;
[INFO] [stdout]         }
[INFO] [stdout]         _create_class(A, [
[INFO] [stdout]             {
[INFO] [stdout]                 key: "print",
[INFO] [stdout]                 value: function print() {
[INFO] [stdout]                     expect(this.a_num).toBe(10);
[INFO] [stdout]                 }
[INFO] [stdout]             }
[INFO] [stdout]         ]);
[INFO] [stdout]         return A;
[INFO] [stdout]     }();
[INFO] [stdout]     var B = /*#__PURE__*/ function(A) {
[INFO] [stdout]         "use strict";
[INFO] [stdout]         _inherits(B, A);
[INFO] [stdout]         function B(num) {
[INFO] [stdout]             _class_call_check(this, B);
[INFO] [stdout]             var _this;
[INFO] [stdout]             _this = _call_super(this, B);
[INFO] [stdout]             _this.b_num = num;
[INFO] [stdout]             return _this;
[INFO] [stdout]         }
[INFO] [stdout]         _create_class(B, [
[INFO] [stdout]             {
[INFO] [stdout]                 key: "print",
[INFO] [stdout]                 value: function print() {
[INFO] [stdout]                     expect(this.b_num).toBe(20);
[INFO] [stdout]                     _get(_get_prototype_of(B.prototype), "print", this).call(this);
[INFO] [stdout]                 }
[INFO] [stdout]             }
[INFO] [stdout]         ]);
[INFO] [stdout]         return B;
[INFO] [stdout]     }(A);
[INFO] [stdout]     return new B(20).print();
[INFO] [stdout] });
[INFO] [stdout] 
[INFO] [stdout] 
[INFO] [stdout] thread 'tests::issue_400_2' (3942) panicked at /opt/rustwide/cargo-home/registry/src/index.crates.io-1949cf8c6b5b557f/swc_ecma_transforms_testing-54.0.0/src/lib.rs:667:53:
[INFO] [stdout] failed to find `mocha` from path
[INFO] [stdout] stack backtrace:
[INFO] [stdout]    0:     0x64aa6bb81d31 - <<std[617be2ca0a6fd877]::sys::backtrace::BacktraceLock>::print::DisplayBacktrace as core[a373ad73a504971]::fmt::Display>::fmt
[INFO] [stdout]    1:     0x64aa6bb98baa - core[a373ad73a504971]::fmt::write
[INFO] [stdout]    2:     0x64aa6bb8643c - <alloc[2e1b2a31b91974c5]::vec::Vec<u8> as core[a373ad73a504971]::io::write::Write>::write_fmt
[INFO] [stdout]    3:     0x64aa6bb5be86 - std[617be2ca0a6fd877]::panicking::default_hook::{closure#0}
[INFO] [stdout]    4:     0x64aa6bb790e9 - std[617be2ca0a6fd877]::panicking::default_hook
[INFO] [stdout]    5:     0x64aa6b620cf0 - test[aada8e7e76ba119b]::test_main_inner::{closure#0}
[INFO] [stdout]    6:     0x64aa6bb79412 - std[617be2ca0a6fd877]::panicking::panic_with_hook
[INFO] [stdout]    7:     0x64aa6bb5bf32 - std[617be2ca0a6fd877]::panicking::panic_handler::{closure#0}
[INFO] [stdout]    8:     0x64aa6bb54969 - std[617be2ca0a6fd877]::sys::backtrace::__rust_end_short_backtrace::<std[617be2ca0a6fd877]::panicking::panic_handler::{closure#0}, !>
[INFO] [stdout]    9:     0x64aa6bb5cb3d - __rustc[ea4f61d10b84890b]::rust_begin_unwind
[INFO] [stdout]   10:     0x64aa6bb9938c - core[a373ad73a504971]::panicking::panic_fmt
[INFO] [stdout]   11:     0x64aa6bb990e4 - core[a373ad73a504971]::option::expect_failed
[INFO] [stdout]   12:     0x64aa6b78f5e1 - swc_ecma_transforms_testing[6c0c98c9d94a1f92]::exec_with_node_test_runner
[INFO] [stdout]   13:     0x64aa6b50f1ea - <swc_ecma_compat_es2015[338fb0345fe56009]::tests::issue_400_2::{closure#0} as core[a373ad73a504971]::ops::function::FnOnce<()>>::call_once
[INFO] [stdout]   14:     0x64aa6b61413b - test[aada8e7e76ba119b]::__rust_begin_short_backtrace::<core[a373ad73a504971]::result::Result<(), alloc[2e1b2a31b91974c5]::string::String>, fn() -> core[a373ad73a504971]::result::Result<(), alloc[2e1b2a31b91974c5]::string::String>>
[INFO] [stdout]   15:     0x64aa6b621315 - test[aada8e7e76ba119b]::run_test::{closure#0}
[INFO] [stdout]   16:     0x64aa6b61ac04 - std[617be2ca0a6fd877]::sys::backtrace::__rust_begin_short_backtrace::<test[aada8e7e76ba119b]::run_test::{closure#1}, ()>
[INFO] [stdout]   17:     0x64aa6b6243a2 - <std[617be2ca0a6fd877]::thread::lifecycle::spawn_unchecked<test[aada8e7e76ba119b]::run_test::{closure#1}, ()>::{closure#1} as core[a373ad73a504971]::ops::function::FnOnce<()>>::call_once::{shim:vtable#0}
[INFO] [stdout]   18:     0x64aa6bb80cff - <std[617be2ca0a6fd877]::sys::thread::unix::Thread>::new::thread_start
[INFO] [stdout]   19:     0x72cc4f0bedfa - <unknown>
[INFO] [stdout]   20:     0x72cc4f1523d4 - clone
[INFO] [stdout]   21:                0x0 - <unknown>
[INFO] [stdout] 
[INFO] [stdout] ---- tests::issue_2682 stdout ----
[INFO] [stdout] 	>>>>> [32mOrig[0m <<<<<
[INFO] [stdout] class MyObject extends null {
[INFO] [stdout]             constructor() {
[INFO] [stdout]               return Object.create(new.target.prototype);
[INFO] [stdout]             }
[INFO] [stdout]           }
[INFO] [stdout]         var obj = new MyObject();
[INFO] [stdout]         expect(obj.constructor).toBe(MyObject);
[INFO] [stdout]         
[INFO] [stdout] 	>>>>> [32mCode[0m <<<<<
[INFO] [stdout] it('should work', async function _target() {
[INFO] [stdout]     var MyObject = /*#__PURE__*/ function _target(_superClass) {
[INFO] [stdout]         "use strict";
[INFO] [stdout]         _inherits(MyObject, _superClass);
[INFO] [stdout]         function MyObject() {
[INFO] [stdout]             _class_call_check(this, MyObject);
[INFO] [stdout]             var _this;
[INFO] [stdout]             return _possible_constructor_return(_this, Object.create((_instanceof(this, MyObject) ? this.constructor : void 0).prototype));
[INFO] [stdout]         }
[INFO] [stdout]         return MyObject;
[INFO] [stdout]     }(null);
[INFO] [stdout]     var obj = new MyObject();
[INFO] [stdout]     expect(obj.constructor).toBe(MyObject);
[INFO] [stdout] });
[INFO] [stdout] 
[INFO] [stdout] 
[INFO] [stdout] thread 'tests::issue_2682' (3938) panicked at /opt/rustwide/cargo-home/registry/src/index.crates.io-1949cf8c6b5b557f/swc_ecma_transforms_testing-54.0.0/src/lib.rs:667:53:
[INFO] [stdout] failed to find `mocha` from path
[INFO] [stdout] stack backtrace:
[INFO] [stdout]    0:     0x64aa6bb81d31 - <<std[617be2ca0a6fd877]::sys::backtrace::BacktraceLock>::print::DisplayBacktrace as core[a373ad73a504971]::fmt::Display>::fmt
[INFO] [stdout]    1:     0x64aa6bb98baa - core[a373ad73a504971]::fmt::write
[INFO] [stdout]    2:     0x64aa6bb8643c - <alloc[2e1b2a31b91974c5]::vec::Vec<u8> as core[a373ad73a504971]::io::write::Write>::write_fmt
[INFO] [stdout]    3:     0x64aa6bb5be86 - std[617be2ca0a6fd877]::panicking::default_hook::{closure#0}
[INFO] [stdout]    4:     0x64aa6bb790e9 - std[617be2ca0a6fd877]::panicking::default_hook
[INFO] [stdout]    5:     0x64aa6b620cf0 - test[aada8e7e76ba119b]::test_main_inner::{closure#0}
[INFO] [stdout]    6:     0x64aa6bb79412 - std[617be2ca0a6fd877]::panicking::panic_with_hook
[INFO] [stdout]    7:     0x64aa6bb5bf32 - std[617be2ca0a6fd877]::panicking::panic_handler::{closure#0}
[INFO] [stdout]    8:     0x64aa6bb54969 - std[617be2ca0a6fd877]::sys::backtrace::__rust_end_short_backtrace::<std[617be2ca0a6fd877]::panicking::panic_handler::{closure#0}, !>
[INFO] [stdout]    9:     0x64aa6bb5cb3d - __rustc[ea4f61d10b84890b]::rust_begin_unwind
[INFO] [stdout]   10:     0x64aa6bb9938c - core[a373ad73a504971]::panicking::panic_fmt
[INFO] [stdout]   11:     0x64aa6bb990e4 - core[a373ad73a504971]::option::expect_failed
[INFO] [stdout]   12:     0x64aa6b78f5e1 - swc_ecma_transforms_testing[6c0c98c9d94a1f92]::exec_with_node_test_runner
[INFO] [stdout]   13:     0x64aa6b50d20a - <swc_ecma_compat_es2015[338fb0345fe56009]::tests::issue_2682::{closure#0} as core[a373ad73a504971]::ops::function::FnOnce<()>>::call_once
[INFO] [stdout]   14:     0x64aa6b61413b - test[aada8e7e76ba119b]::__rust_begin_short_backtrace::<core[a373ad73a504971]::result::Result<(), alloc[2e1b2a31b91974c5]::string::String>, fn() -> core[a373ad73a504971]::result::Result<(), alloc[2e1b2a31b91974c5]::string::String>>
[INFO] [stdout]   15:     0x64aa6b621315 - test[aada8e7e76ba119b]::run_test::{closure#0}
[INFO] [stdout]   16:     0x64aa6b61ac04 - std[617be2ca0a6fd877]::sys::backtrace::__rust_begin_short_backtrace::<test[aada8e7e76ba119b]::run_test::{closure#1}, ()>
[INFO] [stdout]   17:     0x64aa6b6243a2 - <std[617be2ca0a6fd877]::thread::lifecycle::spawn_unchecked<test[aada8e7e76ba119b]::run_test::{closure#1}, ()>::{closure#1} as core[a373ad73a504971]::ops::function::FnOnce<()>>::call_once::{shim:vtable#0}
[INFO] [stdout]   18:     0x64aa6bb80cff - <std[617be2ca0a6fd877]::sys::thread::unix::Thread>::new::thread_start
[INFO] [stdout]   19:     0x72cc4f0bedfa - <unknown>
[INFO] [stdout]   20:     0x72cc4f1523d4 - clone
[INFO] [stdout]   21:                0x0 - <unknown>
[INFO] [stdout] 
[INFO] [stdout] 
[INFO] [stdout] failures:
[INFO] [stdout]     block_scoped_fn::tests::basic
[INFO] [stdout]     block_scoped_fn::tests::basic_2
[INFO] [stdout]     block_scoped_fn::tests::hoisting
[INFO] [stdout]     block_scoped_fn::tests::hoisting_directives
[INFO] [stdout]     block_scoped_fn::tests::issue_271
[INFO] [stdout]     block_scoped_fn::tests::issue_288_1
[INFO] [stdout]     block_scoped_fn::tests::issue_288_2
[INFO] [stdout]     destructuring::tests::nested_for_of
[INFO] [stdout]     instanceof::tests::basic
[INFO] [stdout]     instanceof::tests::skip_helper_fn_decl_by_name
[INFO] [stdout]     instanceof::tests::skip_helper_fn_expr_by_babel_directive
[INFO] [stdout]     instanceof::tests::skip_helper_fn_expr_by_swc_directive
[INFO] [stdout]     object_super::tests::call
[INFO] [stdout]     object_super::tests::do_not_transform
[INFO] [stdout]     object_super::tests::get
[INFO] [stdout]     object_super::tests::nest
[INFO] [stdout]     object_super::tests::set
[INFO] [stdout]     tests::issue_1660_1
[INFO] [stdout]     tests::issue_169
[INFO] [stdout]     tests::issue_189
[INFO] [stdout]     tests::issue_227
[INFO] [stdout]     tests::issue_2682
[INFO] [stdout]     tests::issue_271
[INFO] [stdout]     tests::issue_400_1
[INFO] [stdout]     tests::issue_400_2
[INFO] [stdout]     tests::issue_413
[INFO] [stdout]     tests::issue_8871
[INFO] [stdout]     tests::should_escape_keyword_in_method
[INFO] [stdout]     typeof_symbol::tests::dont_touch_in_loose_mode
[INFO] [stdout]     typeof_symbol::tests::dont_touch_non_symbol_comparison
[INFO] [stdout]     typeof_symbol::tests::dont_touch_non_symbol_comparison_02
[INFO] [stdout]     typeof_symbol::tests::issue_1843_1
[INFO] [stdout] 
[INFO] [stdout] test result: FAILED. 1 passed; 32 failed; 0 ignored; 0 measured; 0 filtered out; finished in 0.14s
[INFO] [stdout] 
[INFO] running `Command { std: "docker" "inspect" "0dbd15d6037ae630f1855897c24fd487c2222607e0201bd38b3806d96c74b764", kill_on_drop: false }`
[INFO] running `Command { std: "docker" "rm" "-f" "0dbd15d6037ae630f1855897c24fd487c2222607e0201bd38b3806d96c74b764", kill_on_drop: false }`
[INFO] [stdout] 0dbd15d6037ae630f1855897c24fd487c2222607e0201bd38b3806d96c74b764
