[INFO] fetching crate swaysome 2.3.2...
[INFO] testing swaysome-2.3.2 against 1.100.0-beta.1+cargoflags=--release for beta-release-1.100-2
[INFO] extracting crate swaysome 2.3.2 into /workspace/builds/worker-3-tc2/source
[INFO] started tweaking crates.io crate swaysome 2.3.2
[INFO] removed 0 missing tests
[INFO] finished tweaking crates.io crate swaysome 2.3.2
[INFO] tweaked toml for crates.io crate swaysome 2.3.2 written to /workspace/builds/worker-3-tc2/source/Cargo.toml
[INFO] validating manifest of crates.io crate swaysome 2.3.2 on toolchain 1.100.0-beta.1
[INFO] running `Command { std: CARGO_HOME="/workspace/cargo-home" RUSTUP_HOME="/workspace/rustup-home" "/workspace/cargo-home/bin/cargo" "+1.100.0-beta.1" "metadata" "--manifest-path" "Cargo.toml" "--no-deps", kill_on_drop: false }`
[INFO] crate crates.io crate swaysome 2.3.2 already has a lockfile, it will not be regenerated
[INFO] running `Command { std: CARGO_HOME="/workspace/cargo-home" RUSTUP_HOME="/workspace/rustup-home" "/workspace/cargo-home/bin/cargo" "+1.100.0-beta.1" "fetch" "--manifest-path" "Cargo.toml", kill_on_drop: false }`
[INFO] [stderr] warning: `package.homepage` is redundant with `package.repository`
[INFO] [stderr]   --> Cargo.toml:36:12
[INFO] [stderr]    |
[INFO] [stderr] 36 | homepage = "https://gitlab.com/hyask/swaysome"
[INFO] [stderr]    |            ^^^^^^^^^^^^^^^^^^^^^^^^^^^^^^^^^^^
[INFO] [stderr] ...
[INFO] [stderr] 40 | repository = "https://gitlab.com/hyask/swaysome"
[INFO] [stderr]    |              -----------------------------------
[INFO] [stderr]    |
[INFO] [stderr]    = note: `cargo::redundant_homepage` is set to `warn` by default
[INFO] [stderr] help: consider removing `package.homepage`
[INFO] [stderr] warning: `swaysome` (manifest) generated 1 warning
[INFO] running `Command { std: "docker" "create" "-v" "/var/lib/crater-agent-workspace/builds/worker-3-tc2/source:/opt/rustwide/workdir:ro,Z" "-v" "/var/lib/crater-agent-workspace/builds/worker-3-tc2/target:/opt/rustwide/target:rw,Z" "-v" "/var/lib/crater-agent-workspace/cargo-home:/opt/rustwide/cargo-home:ro,Z" "-v" "/var/lib/crater-agent-workspace/rustup-home:/opt/rustwide/rustup-home:ro,Z" "-m" "1610612736" "--network" "none" "ghcr.io/rust-lang/crates-build-env/linux@sha256:77db811e55d90add9212f6832c23229e3de5f1c1f9905e8cb07319ea15df73ac" "sleep" "infinity", kill_on_drop: false }`
[INFO] [stdout] 0f1c11f19ee582c830ca418c8172cdd07c130846811d7145e0839ded26374688
[INFO] running `Command { std: "docker" "start" "0f1c11f19ee582c830ca418c8172cdd07c130846811d7145e0839ded26374688", kill_on_drop: false }`
[INFO] running `Command { std: "docker" "inspect" "0f1c11f19ee582c830ca418c8172cdd07c130846811d7145e0839ded26374688", kill_on_drop: false }`
[INFO] running `Command { std: "docker" "exec" "-e" "SOURCE_DIR=/opt/rustwide/workdir" "-e" "CARGO_HOME=/opt/rustwide/cargo-home" "-e" "RUSTUP_HOME=/opt/rustwide/rustup-home" "-e" "CARGO_TARGET_DIR=/opt/rustwide/target" "-w" "/opt/rustwide/workdir" "--user" "0:0" "0f1c11f19ee582c830ca418c8172cdd07c130846811d7145e0839ded26374688" "/opt/rustwide/cargo-home/bin/cargo" "+1.100.0-beta.1" "metadata" "--no-deps" "--format-version=1", kill_on_drop: false }`
[INFO] running `Command { std: "docker" "inspect" "0f1c11f19ee582c830ca418c8172cdd07c130846811d7145e0839ded26374688", kill_on_drop: false }`
[INFO] running `Command { std: "docker" "exec" "-e" "SOURCE_DIR=/opt/rustwide/workdir" "-e" "CARGO_HOME=/opt/rustwide/cargo-home" "-e" "RUSTUP_HOME=/opt/rustwide/rustup-home" "-e" "CARGO_TARGET_DIR=/opt/rustwide/target" "-e" "CARGO_INCREMENTAL=0" "-e" "RUST_BACKTRACE=full" "-e" "RUSTFLAGS=--cap-lints=warn" "-e" "RUSTDOCFLAGS=--cap-lints=warn" "-w" "/opt/rustwide/workdir" "--user" "0:0" "0f1c11f19ee582c830ca418c8172cdd07c130846811d7145e0839ded26374688" "/opt/rustwide/cargo-home/bin/cargo" "+1.100.0-beta.1" "build" "--frozen" "--message-format=json" "--release", kill_on_drop: false }`
[INFO] [stderr] warning: `package.homepage` is redundant with `package.repository`
[INFO] [stderr]   --> Cargo.toml:36:12
[INFO] [stderr]    |
[INFO] [stderr] 36 | homepage = "https://gitlab.com/hyask/swaysome"
[INFO] [stderr]    |            ^^^^^^^^^^^^^^^^^^^^^^^^^^^^^^^^^^^
[INFO] [stderr] ...
[INFO] [stderr] 40 | repository = "https://gitlab.com/hyask/swaysome"
[INFO] [stderr]    |              -----------------------------------
[INFO] [stderr]    |
[INFO] [stderr]    = note: `cargo::redundant_homepage` is set to `warn` by default
[INFO] [stderr] help: consider removing `package.homepage`
[INFO] [stderr] warning: `swaysome` (manifest) generated 1 warning
[INFO] [stderr]    Compiling proc-macro2 v1.0.69
[INFO] [stderr]    Compiling serde v1.0.192
[INFO] [stderr]    Compiling clap_builder v4.4.8
[INFO] [stderr]    Compiling quote v1.0.33
[INFO] [stderr]    Compiling syn v2.0.39
[INFO] [stderr]    Compiling serde_derive v1.0.192
[INFO] [stderr]    Compiling clap_derive v4.4.7
[INFO] [stderr]    Compiling clap v4.4.8
[INFO] [stderr]    Compiling serde_json v1.0.108
[INFO] [stderr]    Compiling swaysome v2.3.2 (/opt/rustwide/workdir)
[INFO] [stderr]     Finished `release` profile [optimized] target(s) in 21.34s
[INFO] running `Command { std: "docker" "inspect" "0f1c11f19ee582c830ca418c8172cdd07c130846811d7145e0839ded26374688", kill_on_drop: false }`
[INFO] running `Command { std: "docker" "exec" "-e" "SOURCE_DIR=/opt/rustwide/workdir" "-e" "CARGO_HOME=/opt/rustwide/cargo-home" "-e" "RUSTUP_HOME=/opt/rustwide/rustup-home" "-e" "CARGO_TARGET_DIR=/opt/rustwide/target" "-e" "CARGO_INCREMENTAL=0" "-e" "RUST_BACKTRACE=full" "-e" "RUSTFLAGS=--cap-lints=warn" "-e" "RUSTDOCFLAGS=--cap-lints=warn" "-w" "/opt/rustwide/workdir" "--user" "0:0" "0f1c11f19ee582c830ca418c8172cdd07c130846811d7145e0839ded26374688" "/opt/rustwide/cargo-home/bin/cargo" "+1.100.0-beta.1" "test" "--frozen" "--no-run" "--message-format=json" "--release", kill_on_drop: false }`
[INFO] [stderr] warning: `package.homepage` is redundant with `package.repository`
[INFO] [stderr]   --> Cargo.toml:36:12
[INFO] [stderr]    |
[INFO] [stderr] 36 | homepage = "https://gitlab.com/hyask/swaysome"
[INFO] [stderr]    |            ^^^^^^^^^^^^^^^^^^^^^^^^^^^^^^^^^^^
[INFO] [stderr] ...
[INFO] [stderr] 40 | repository = "https://gitlab.com/hyask/swaysome"
[INFO] [stderr]    |              -----------------------------------
[INFO] [stderr]    |
[INFO] [stderr]    = note: `cargo::redundant_homepage` is set to `warn` by default
[INFO] [stderr] help: consider removing `package.homepage`
[INFO] [stderr] warning: `swaysome` (manifest) generated 1 warning
[INFO] [stderr]    Compiling assert-json-diff v2.0.2
[INFO] [stderr]    Compiling swaysome v2.3.2 (/opt/rustwide/workdir)
[INFO] [stderr]     Finished `release` profile [optimized] target(s) in 12.23s
[INFO] running `Command { std: "docker" "inspect" "0f1c11f19ee582c830ca418c8172cdd07c130846811d7145e0839ded26374688", kill_on_drop: false }`
[INFO] running `Command { std: "docker" "exec" "-e" "SOURCE_DIR=/opt/rustwide/workdir" "-e" "CARGO_HOME=/opt/rustwide/cargo-home" "-e" "RUSTUP_HOME=/opt/rustwide/rustup-home" "-e" "CARGO_TARGET_DIR=/opt/rustwide/target" "-e" "CARGO_INCREMENTAL=0" "-e" "RUST_BACKTRACE=full" "-e" "RUSTFLAGS=--cap-lints=warn" "-e" "RUSTDOCFLAGS=--cap-lints=warn" "-w" "/opt/rustwide/workdir" "--user" "0:0" "0f1c11f19ee582c830ca418c8172cdd07c130846811d7145e0839ded26374688" "/opt/rustwide/cargo-home/bin/cargo" "+1.100.0-beta.1" "test" "--frozen" "--release", kill_on_drop: false }`
[INFO] [stderr] warning: `package.homepage` is redundant with `package.repository`
[INFO] [stderr]   --> Cargo.toml:36:12
[INFO] [stderr]    |
[INFO] [stderr] 36 | homepage = "https://gitlab.com/hyask/swaysome"
[INFO] [stderr]    |            ^^^^^^^^^^^^^^^^^^^^^^^^^^^^^^^^^^^
[INFO] [stderr] ...
[INFO] [stderr] 40 | repository = "https://gitlab.com/hyask/swaysome"
[INFO] [stderr]    |              -----------------------------------
[INFO] [stderr]    |
[INFO] [stderr]    = note: `cargo::redundant_homepage` is set to `warn` by default
[INFO] [stderr] help: consider removing `package.homepage`
[INFO] [stderr] warning: `swaysome` (manifest) generated 1 warning
[INFO] [stderr]     Finished `release` profile [optimized] target(s) in 0.05s
[INFO] [stderr]      Running unittests src/lib.rs (/opt/rustwide/target/release/build/swaysome/3749fab405787d82/out/swaysome-3749fab405787d82)
[INFO] [stdout] 
[INFO] [stderr]      Running unittests src/main.rs (/opt/rustwide/target/release/build/swaysome/29cfd99542fae4fa/out/swaysome-29cfd99542fae4fa)
[INFO] [stdout] running 0 tests
[INFO] [stdout] 
[INFO] [stdout] test result: ok. 0 passed; 0 failed; 0 ignored; 0 measured; 0 filtered out; finished in 0.00s
[INFO] [stdout] 
[INFO] [stderr]      Running tests/integration.rs (/opt/rustwide/target/release/build/swaysome/a80e09f188afd60e/out/integration-a80e09f188afd60e)
[INFO] [stdout] 
[INFO] [stdout] running 0 tests
[INFO] [stdout] 
[INFO] [stdout] test result: ok. 0 passed; 0 failed; 0 ignored; 0 measured; 0 filtered out; finished in 0.00s
[INFO] [stdout] 
[INFO] [stdout] 
[INFO] [stdout] running 8 tests
[INFO] [stdout] test test_three_outputs_moving_around_across_outputs ... FAILED
[INFO] [stdout] test test_three_outputs_plugging_unplugging_outputs ... FAILED
[INFO] [stdout] test test_three_outputs_moving_groups_across_outputs ... FAILED
[INFO] [stdout] test test_three_outputs_moving_around_across_outputs_without_init ... FAILED
[INFO] [stdout] test test_three_outputs_moving_around_across_workspace_groups ... FAILED
[INFO] [stderr] error: test failed, to rerun pass `--test integration`
[INFO] [stdout] test test_init_three_outputs ... FAILED
[INFO] [stdout] test test_three_outputs_moving_around_same_workspace_group ... FAILED
[INFO] [stdout] test test_three_outputs_moving_around_absolute ... FAILED
[INFO] [stdout] 
[INFO] [stdout] failures:
[INFO] [stdout] 
[INFO] [stdout] ---- test_three_outputs_moving_around_across_outputs stdout ----
[INFO] [stdout] 
[INFO] [stdout] thread 'test_three_outputs_moving_around_across_outputs' (559) panicked at tests/utils/mod.rs:45:14:
[INFO] [stdout] failed to execute sway: Os { code: 2, kind: NotFound, message: "No such file or directory" }
[INFO] [stdout] stack backtrace:
[INFO] [stdout]    0:     0x5aad2a6a0771 - <<std[617be2ca0a6fd877]::sys::backtrace::BacktraceLock>::print::DisplayBacktrace as core[a373ad73a504971]::fmt::Display>::fmt
[INFO] [stdout]    1:     0x5aad2a6b4cca - core[a373ad73a504971]::fmt::write
[INFO] [stdout]    2:     0x5aad2a6a4b2c - <alloc[2e1b2a31b91974c5]::vec::Vec<u8> as core[a373ad73a504971]::io::write::Write>::write_fmt
[INFO] [stdout]    3:     0x5aad2a67ba26 - std[617be2ca0a6fd877]::panicking::default_hook::{closure#0}
[INFO] [stdout]    4:     0x5aad2a698be9 - std[617be2ca0a6fd877]::panicking::default_hook
[INFO] [stdout]    5:     0x5aad2a6174d0 - test[aada8e7e76ba119b]::test_main_inner::{closure#0}
[INFO] [stdout]    6:     0x5aad2a698da2 - std[617be2ca0a6fd877]::panicking::panic_with_hook
[INFO] [stdout]    7:     0x5aad2a67bad2 - std[617be2ca0a6fd877]::panicking::panic_handler::{closure#0}
[INFO] [stdout]    8:     0x5aad2a6746c9 - std[617be2ca0a6fd877]::sys::backtrace::__rust_end_short_backtrace::<std[617be2ca0a6fd877]::panicking::panic_handler::{closure#0}, !>
[INFO] [stdout]    9:     0x5aad2a67c6dd - __rustc[ea4f61d10b84890b]::rust_begin_unwind
[INFO] [stdout]   10:     0x5aad2a6b53fc - core[a373ad73a504971]::panicking::panic_fmt
[INFO] [stdout]   11:     0x5aad2a6b51d2 - core[a373ad73a504971]::result::unwrap_failed
[INFO] [stdout]   12:     0x5aad2a606a3b - <integration[a97d343d432679c4]::utils::Sway>::start
[INFO] [stdout]   13:     0x5aad2a5ca41e - integration[a97d343d432679c4]::test_three_outputs_moving_around_across_outputs
[INFO] [stdout]   14:     0x5aad2a604599 - <integration[a97d343d432679c4]::test_three_outputs_moving_around_across_outputs::{closure#0} as core[a373ad73a504971]::ops::function::FnOnce<()>>::call_once
[INFO] [stdout]   15:     0x5aad2a60a91b - test[aada8e7e76ba119b]::__rust_begin_short_backtrace::<core[a373ad73a504971]::result::Result<(), alloc[2e1b2a31b91974c5]::string::String>, fn() -> core[a373ad73a504971]::result::Result<(), alloc[2e1b2a31b91974c5]::string::String>>
[INFO] [stdout]   16:     0x5aad2a617af5 - test[aada8e7e76ba119b]::run_test::{closure#0}
[INFO] [stdout]   17:     0x5aad2a6113e4 - std[617be2ca0a6fd877]::sys::backtrace::__rust_begin_short_backtrace::<test[aada8e7e76ba119b]::run_test::{closure#1}, ()>
[INFO] [stdout]   18:     0x5aad2a61ab82 - <std[617be2ca0a6fd877]::thread::lifecycle::spawn_unchecked<test[aada8e7e76ba119b]::run_test::{closure#1}, ()>::{closure#1} as core[a373ad73a504971]::ops::function::FnOnce<()>>::call_once::{shim:vtable#0}
[INFO] [stdout]   19:     0x5aad2a69ffcf - <std[617be2ca0a6fd877]::sys::thread::unix::Thread>::new::thread_start
[INFO] [stdout]   20:     0x7e2de6afadfa - <unknown>
[INFO] [stdout]   21:     0x7e2de6b8e3d4 - clone
[INFO] [stdout]   22:                0x0 - <unknown>
[INFO] [stdout] 
[INFO] [stdout] ---- test_three_outputs_plugging_unplugging_outputs stdout ----
[INFO] [stdout] 
[INFO] [stdout] thread 'test_three_outputs_plugging_unplugging_outputs' (564) panicked at tests/utils/mod.rs:45:14:
[INFO] [stdout] failed to execute sway: Os { code: 2, kind: NotFound, message: "No such file or directory" }
[INFO] [stdout] stack backtrace:
[INFO] [stdout]    0:     0x5aad2a6a0771 - <<std[617be2ca0a6fd877]::sys::backtrace::BacktraceLock>::print::DisplayBacktrace as core[a373ad73a504971]::fmt::Display>::fmt
[INFO] [stdout]    1:     0x5aad2a6b4cca - core[a373ad73a504971]::fmt::write
[INFO] [stdout]    2:     0x5aad2a6a4b2c - <alloc[2e1b2a31b91974c5]::vec::Vec<u8> as core[a373ad73a504971]::io::write::Write>::write_fmt
[INFO] [stdout]    3:     0x5aad2a67ba26 - std[617be2ca0a6fd877]::panicking::default_hook::{closure#0}
[INFO] [stdout]    4:     0x5aad2a698be9 - std[617be2ca0a6fd877]::panicking::default_hook
[INFO] [stdout]    5:     0x5aad2a6174d0 - test[aada8e7e76ba119b]::test_main_inner::{closure#0}
[INFO] [stdout]    6:     0x5aad2a698da2 - std[617be2ca0a6fd877]::panicking::panic_with_hook
[INFO] [stdout]    7:     0x5aad2a67bad2 - std[617be2ca0a6fd877]::panicking::panic_handler::{closure#0}
[INFO] [stdout]    8:     0x5aad2a6746c9 - std[617be2ca0a6fd877]::sys::backtrace::__rust_end_short_backtrace::<std[617be2ca0a6fd877]::panicking::panic_handler::{closure#0}, !>
[INFO] [stdout]    9:     0x5aad2a67c6dd - __rustc[ea4f61d10b84890b]::rust_begin_unwind
[INFO] [stdout]   10:     0x5aad2a6b53fc - core[a373ad73a504971]::panicking::panic_fmt
[INFO] [stdout]   11:     0x5aad2a6b51d2 - core[a373ad73a504971]::result::unwrap_failed
[INFO] [stdout]   12:     0x5aad2a606a3b - <integration[a97d343d432679c4]::utils::Sway>::start
[INFO] [stdout]   13:     0x5aad2a5ba3ee - integration[a97d343d432679c4]::test_three_outputs_plugging_unplugging_outputs
[INFO] [stdout]   14:     0x5aad2a604579 - <integration[a97d343d432679c4]::test_three_outputs_plugging_unplugging_outputs::{closure#0} as core[a373ad73a504971]::ops::function::FnOnce<()>>::call_once
[INFO] [stdout]   15:     0x5aad2a60a91b - test[aada8e7e76ba119b]::__rust_begin_short_backtrace::<core[a373ad73a504971]::result::Result<(), alloc[2e1b2a31b91974c5]::string::String>, fn() -> core[a373ad73a504971]::result::Result<(), alloc[2e1b2a31b91974c5]::string::String>>
[INFO] [stdout]   16:     0x5aad2a617af5 - test[aada8e7e76ba119b]::run_test::{closure#0}
[INFO] [stdout]   17:     0x5aad2a6113e4 - std[617be2ca0a6fd877]::sys::backtrace::__rust_begin_short_backtrace::<test[aada8e7e76ba119b]::run_test::{closure#1}, ()>
[INFO] [stdout]   18:     0x5aad2a61ab82 - <std[617be2ca0a6fd877]::thread::lifecycle::spawn_unchecked<test[aada8e7e76ba119b]::run_test::{closure#1}, ()>::{closure#1} as core[a373ad73a504971]::ops::function::FnOnce<()>>::call_once::{shim:vtable#0}
[INFO] [stdout]   19:     0x5aad2a69ffcf - <std[617be2ca0a6fd877]::sys::thread::unix::Thread>::new::thread_start
[INFO] [stdout]   20:     0x7e2de6afadfa - <unknown>
[INFO] [stdout]   21:     0x7e2de6b8e3d4 - clone
[INFO] [stdout]   22:                0x0 - <unknown>
[INFO] [stdout] 
[INFO] [stdout] ---- test_three_outputs_moving_groups_across_outputs stdout ----
[INFO] [stdout] 
[INFO] [stdout] thread 'test_three_outputs_moving_groups_across_outputs' (563) panicked at tests/utils/mod.rs:45:14:
[INFO] [stdout] failed to execute sway: Os { code: 2, kind: NotFound, message: "No such file or directory" }
[INFO] [stdout] stack backtrace:
[INFO] [stdout]    0:     0x5aad2a6a0771 - <<std[617be2ca0a6fd877]::sys::backtrace::BacktraceLock>::print::DisplayBacktrace as core[a373ad73a504971]::fmt::Display>::fmt
[INFO] [stdout]    1:     0x5aad2a6b4cca - core[a373ad73a504971]::fmt::write
[INFO] [stdout]    2:     0x5aad2a6a4b2c - <alloc[2e1b2a31b91974c5]::vec::Vec<u8> as core[a373ad73a504971]::io::write::Write>::write_fmt
[INFO] [stdout]    3:     0x5aad2a67ba26 - std[617be2ca0a6fd877]::panicking::default_hook::{closure#0}
[INFO] [stdout]    4:     0x5aad2a698be9 - std[617be2ca0a6fd877]::panicking::default_hook
[INFO] [stdout]    5:     0x5aad2a6174d0 - test[aada8e7e76ba119b]::test_main_inner::{closure#0}
[INFO] [stdout]    6:     0x5aad2a698da2 - std[617be2ca0a6fd877]::panicking::panic_with_hook
[INFO] [stdout]    7:     0x5aad2a67bad2 - std[617be2ca0a6fd877]::panicking::panic_handler::{closure#0}
[INFO] [stdout]    8:     0x5aad2a6746c9 - std[617be2ca0a6fd877]::sys::backtrace::__rust_end_short_backtrace::<std[617be2ca0a6fd877]::panicking::panic_handler::{closure#0}, !>
[INFO] [stdout]    9:     0x5aad2a67c6dd - __rustc[ea4f61d10b84890b]::rust_begin_unwind
[INFO] [stdout]   10:     0x5aad2a6b53fc - core[a373ad73a504971]::panicking::panic_fmt
[INFO] [stdout]   11:     0x5aad2a6b51d2 - core[a373ad73a504971]::result::unwrap_failed
[INFO] [stdout]   12:     0x5aad2a606a3b - <integration[a97d343d432679c4]::utils::Sway>::start
[INFO] [stdout]   13:     0x5aad2a5d3c2e - integration[a97d343d432679c4]::test_three_outputs_moving_groups_across_outputs
[INFO] [stdout]   14:     0x5aad2a6045b9 - <integration[a97d343d432679c4]::test_three_outputs_moving_groups_across_outputs::{closure#0} as core[a373ad73a504971]::ops::function::FnOnce<()>>::call_once
[INFO] [stdout]   15:     0x5aad2a60a91b - test[aada8e7e76ba119b]::__rust_begin_short_backtrace::<core[a373ad73a504971]::result::Result<(), alloc[2e1b2a31b91974c5]::string::String>, fn() -> core[a373ad73a504971]::result::Result<(), alloc[2e1b2a31b91974c5]::string::String>>
[INFO] [stdout]   16:     0x5aad2a617af5 - test[aada8e7e76ba119b]::run_test::{closure#0}
[INFO] [stdout]   17:     0x5aad2a6113e4 - std[617be2ca0a6fd877]::sys::backtrace::__rust_begin_short_backtrace::<test[aada8e7e76ba119b]::run_test::{closure#1}, ()>
[INFO] [stdout]   18:     0x5aad2a61ab82 - <std[617be2ca0a6fd877]::thread::lifecycle::spawn_unchecked<test[aada8e7e76ba119b]::run_test::{closure#1}, ()>::{closure#1} as core[a373ad73a504971]::ops::function::FnOnce<()>>::call_once::{shim:vtable#0}
[INFO] [stdout]   19:     0x5aad2a69ffcf - <std[617be2ca0a6fd877]::sys::thread::unix::Thread>::new::thread_start
[INFO] [stdout]   20:     0x7e2de6afadfa - <unknown>
[INFO] [stdout]   21:     0x7e2de6b8e3d4 - clone
[INFO] [stdout]   22:                0x0 - <unknown>
[INFO] [stdout] 
[INFO] [stdout] ---- test_three_outputs_moving_around_across_outputs_without_init stdout ----
[INFO] [stdout] 
[INFO] [stdout] thread 'test_three_outputs_moving_around_across_outputs_without_init' (560) panicked at tests/utils/mod.rs:45:14:
[INFO] [stdout] failed to execute sway: Os { code: 2, kind: NotFound, message: "No such file or directory" }
[INFO] [stdout] stack backtrace:
[INFO] [stdout]    0:     0x5aad2a6a0771 - <<std[617be2ca0a6fd877]::sys::backtrace::BacktraceLock>::print::DisplayBacktrace as core[a373ad73a504971]::fmt::Display>::fmt
[INFO] [stdout]    1:     0x5aad2a6b4cca - core[a373ad73a504971]::fmt::write
[INFO] [stdout]    2:     0x5aad2a6a4b2c - <alloc[2e1b2a31b91974c5]::vec::Vec<u8> as core[a373ad73a504971]::io::write::Write>::write_fmt
[INFO] [stdout]    3:     0x5aad2a67ba26 - std[617be2ca0a6fd877]::panicking::default_hook::{closure#0}
[INFO] [stdout]    4:     0x5aad2a698be9 - std[617be2ca0a6fd877]::panicking::default_hook
[INFO] [stdout]    5:     0x5aad2a6174d0 - test[aada8e7e76ba119b]::test_main_inner::{closure#0}
[INFO] [stdout]    6:     0x5aad2a698da2 - std[617be2ca0a6fd877]::panicking::panic_with_hook
[INFO] [stdout]    7:     0x5aad2a67bad2 - std[617be2ca0a6fd877]::panicking::panic_handler::{closure#0}
[INFO] [stdout]    8:     0x5aad2a6746c9 - std[617be2ca0a6fd877]::sys::backtrace::__rust_end_short_backtrace::<std[617be2ca0a6fd877]::panicking::panic_handler::{closure#0}, !>
[INFO] [stdout]    9:     0x5aad2a67c6dd - __rustc[ea4f61d10b84890b]::rust_begin_unwind
[INFO] [stdout]   10:     0x5aad2a6b53fc - core[a373ad73a504971]::panicking::panic_fmt
[INFO] [stdout]   11:     0x5aad2a6b51d2 - core[a373ad73a504971]::result::unwrap_failed
[INFO] [stdout]   12:     0x5aad2a606a3b - <integration[a97d343d432679c4]::utils::Sway>::start
[INFO] [stdout]   13:     0x5aad2a601a3e - integration[a97d343d432679c4]::test_three_outputs_moving_around_across_outputs_without_init
[INFO] [stdout]   14:     0x5aad2a604619 - <integration[a97d343d432679c4]::test_three_outputs_moving_around_across_outputs_without_init::{closure#0} as core[a373ad73a504971]::ops::function::FnOnce<()>>::call_once
[INFO] [stdout]   15:     0x5aad2a60a91b - test[aada8e7e76ba119b]::__rust_begin_short_backtrace::<core[a373ad73a504971]::result::Result<(), alloc[2e1b2a31b91974c5]::string::String>, fn() -> core[a373ad73a504971]::result::Result<(), alloc[2e1b2a31b91974c5]::string::String>>
[INFO] [stdout]   16:     0x5aad2a617af5 - test[aada8e7e76ba119b]::run_test::{closure#0}
[INFO] [stdout]   17:     0x5aad2a6113e4 - std[617be2ca0a6fd877]::sys::backtrace::__rust_begin_short_backtrace::<test[aada8e7e76ba119b]::run_test::{closure#1}, ()>
[INFO] [stdout]   18:     0x5aad2a61ab82 - <std[617be2ca0a6fd877]::thread::lifecycle::spawn_unchecked<test[aada8e7e76ba119b]::run_test::{closure#1}, ()>::{closure#1} as core[a373ad73a504971]::ops::function::FnOnce<()>>::call_once::{shim:vtable#0}
[INFO] [stdout]   19:     0x5aad2a69ffcf - <std[617be2ca0a6fd877]::sys::thread::unix::Thread>::new::thread_start
[INFO] [stdout]   20:     0x7e2de6afadfa - <unknown>
[INFO] [stdout]   21:     0x7e2de6b8e3d4 - clone
[INFO] [stdout]   22:                0x0 - <unknown>
[INFO] [stdout] 
[INFO] [stdout] ---- test_three_outputs_moving_around_across_workspace_groups stdout ----
[INFO] [stdout] 
[INFO] [stdout] thread 'test_three_outputs_moving_around_across_workspace_groups' (561) panicked at tests/utils/mod.rs:45:14:
[INFO] [stdout] failed to execute sway: Os { code: 2, kind: NotFound, message: "No such file or directory" }
[INFO] [stdout] stack backtrace:
[INFO] [stdout]    0:     0x5aad2a6a0771 - <<std[617be2ca0a6fd877]::sys::backtrace::BacktraceLock>::print::DisplayBacktrace as core[a373ad73a504971]::fmt::Display>::fmt
[INFO] [stdout]    1:     0x5aad2a6b4cca - core[a373ad73a504971]::fmt::write
[INFO] [stdout]    2:     0x5aad2a6a4b2c - <alloc[2e1b2a31b91974c5]::vec::Vec<u8> as core[a373ad73a504971]::io::write::Write>::write_fmt
[INFO] [stdout]    3:     0x5aad2a67ba26 - std[617be2ca0a6fd877]::panicking::default_hook::{closure#0}
[INFO] [stdout]    4:     0x5aad2a698be9 - std[617be2ca0a6fd877]::panicking::default_hook
[INFO] [stdout]    5:     0x5aad2a6174d0 - test[aada8e7e76ba119b]::test_main_inner::{closure#0}
[INFO] [stdout]    6:     0x5aad2a698da2 - std[617be2ca0a6fd877]::panicking::panic_with_hook
[INFO] [stdout]    7:     0x5aad2a67bad2 - std[617be2ca0a6fd877]::panicking::panic_handler::{closure#0}
[INFO] [stdout]    8:     0x5aad2a6746c9 - std[617be2ca0a6fd877]::sys::backtrace::__rust_end_short_backtrace::<std[617be2ca0a6fd877]::panicking::panic_handler::{closure#0}, !>
[INFO] [stdout]    9:     0x5aad2a67c6dd - __rustc[ea4f61d10b84890b]::rust_begin_unwind
[INFO] [stdout]   10:     0x5aad2a6b53fc - core[a373ad73a504971]::panicking::panic_fmt
[INFO] [stdout]   11:     0x5aad2a6b51d2 - core[a373ad73a504971]::result::unwrap_failed
[INFO] [stdout]   12:     0x5aad2a606a3b - <integration[a97d343d432679c4]::utils::Sway>::start
[INFO] [stdout]   13:     0x5aad2a5e54ce - integration[a97d343d432679c4]::test_three_outputs_moving_around_across_workspace_groups
[INFO] [stdout]   14:     0x5aad2a6045f9 - <integration[a97d343d432679c4]::test_three_outputs_moving_around_across_workspace_groups::{closure#0} as core[a373ad73a504971]::ops::function::FnOnce<()>>::call_once
[INFO] [stdout]   15:     0x5aad2a60a91b - test[aada8e7e76ba119b]::__rust_begin_short_backtrace::<core[a373ad73a504971]::result::Result<(), alloc[2e1b2a31b91974c5]::string::String>, fn() -> core[a373ad73a504971]::result::Result<(), alloc[2e1b2a31b91974c5]::string::String>>
[INFO] [stdout]   16:     0x5aad2a617af5 - test[aada8e7e76ba119b]::run_test::{closure#0}
[INFO] [stdout]   17:     0x5aad2a6113e4 - std[617be2ca0a6fd877]::sys::backtrace::__rust_begin_short_backtrace::<test[aada8e7e76ba119b]::run_test::{closure#1}, ()>
[INFO] [stdout]   18:     0x5aad2a61ab82 - <std[617be2ca0a6fd877]::thread::lifecycle::spawn_unchecked<test[aada8e7e76ba119b]::run_test::{closure#1}, ()>::{closure#1} as core[a373ad73a504971]::ops::function::FnOnce<()>>::call_once::{shim:vtable#0}
[INFO] [stdout]   19:     0x5aad2a69ffcf - <std[617be2ca0a6fd877]::sys::thread::unix::Thread>::new::thread_start
[INFO] [stdout]   20:     0x7e2de6afadfa - <unknown>
[INFO] [stdout]   21:     0x7e2de6b8e3d4 - clone
[INFO] [stdout]   22:                0x0 - <unknown>
[INFO] [stdout] 
[INFO] [stdout] ---- test_init_three_outputs stdout ----
[INFO] [stdout] 
[INFO] [stdout] thread 'test_init_three_outputs' (557) panicked at tests/utils/mod.rs:45:14:
[INFO] [stdout] failed to execute sway: Os { code: 2, kind: NotFound, message: "No such file or directory" }
[INFO] [stdout] stack backtrace:
[INFO] [stdout]    0:     0x5aad2a6a0771 - <<std[617be2ca0a6fd877]::sys::backtrace::BacktraceLock>::print::DisplayBacktrace as core[a373ad73a504971]::fmt::Display>::fmt
[INFO] [stdout]    1:     0x5aad2a6b4cca - core[a373ad73a504971]::fmt::write
[INFO] [stdout]    2:     0x5aad2a6a4b2c - <alloc[2e1b2a31b91974c5]::vec::Vec<u8> as core[a373ad73a504971]::io::write::Write>::write_fmt
[INFO] [stdout]    3:     0x5aad2a67ba26 - std[617be2ca0a6fd877]::panicking::default_hook::{closure#0}
[INFO] [stdout]    4:     0x5aad2a698be9 - std[617be2ca0a6fd877]::panicking::default_hook
[INFO] [stdout]    5:     0x5aad2a6174d0 - test[aada8e7e76ba119b]::test_main_inner::{closure#0}
[INFO] [stdout]    6:     0x5aad2a698da2 - std[617be2ca0a6fd877]::panicking::panic_with_hook
[INFO] [stdout]    7:     0x5aad2a67bad2 - std[617be2ca0a6fd877]::panicking::panic_handler::{closure#0}
[INFO] [stdout]    8:     0x5aad2a6746c9 - std[617be2ca0a6fd877]::sys::backtrace::__rust_end_short_backtrace::<std[617be2ca0a6fd877]::panicking::panic_handler::{closure#0}, !>
[INFO] [stdout]    9:     0x5aad2a67c6dd - __rustc[ea4f61d10b84890b]::rust_begin_unwind
[INFO] [stdout]   10:     0x5aad2a6b53fc - core[a373ad73a504971]::panicking::panic_fmt
[INFO] [stdout]   11:     0x5aad2a6b51d2 - core[a373ad73a504971]::result::unwrap_failed
[INFO] [stdout]   12:     0x5aad2a606a3b - <integration[a97d343d432679c4]::utils::Sway>::start
[INFO] [stdout]   13:     0x5aad2a59dafe - integration[a97d343d432679c4]::test_init_three_outputs
[INFO] [stdout]   14:     0x5aad2a604539 - <integration[a97d343d432679c4]::test_init_three_outputs::{closure#0} as core[a373ad73a504971]::ops::function::FnOnce<()>>::call_once
[INFO] [stdout]   15:     0x5aad2a60a91b - test[aada8e7e76ba119b]::__rust_begin_short_backtrace::<core[a373ad73a504971]::result::Result<(), alloc[2e1b2a31b91974c5]::string::String>, fn() -> core[a373ad73a504971]::result::Result<(), alloc[2e1b2a31b91974c5]::string::String>>
[INFO] [stdout]   16:     0x5aad2a617af5 - test[aada8e7e76ba119b]::run_test::{closure#0}
[INFO] [stdout]   17:     0x5aad2a6113e4 - std[617be2ca0a6fd877]::sys::backtrace::__rust_begin_short_backtrace::<test[aada8e7e76ba119b]::run_test::{closure#1}, ()>
[INFO] [stdout]   18:     0x5aad2a61ab82 - <std[617be2ca0a6fd877]::thread::lifecycle::spawn_unchecked<test[aada8e7e76ba119b]::run_test::{closure#1}, ()>::{closure#1} as core[a373ad73a504971]::ops::function::FnOnce<()>>::call_once::{shim:vtable#0}
[INFO] [stdout]   19:     0x5aad2a69ffcf - <std[617be2ca0a6fd877]::sys::thread::unix::Thread>::new::thread_start
[INFO] [stdout]   20:     0x7e2de6afadfa - <unknown>
[INFO] [stdout]   21:     0x7e2de6b8e3d4 - clone
[INFO] [stdout]   22:                0x0 - <unknown>
[INFO] [stdout] 
[INFO] [stdout] ---- test_three_outputs_moving_around_same_workspace_group stdout ----
[INFO] [stdout] 
[INFO] [stdout] thread 'test_three_outputs_moving_around_same_workspace_group' (562) panicked at tests/utils/mod.rs:45:14:
[INFO] [stdout] failed to execute sway: Os { code: 2, kind: NotFound, message: "No such file or directory" }
[INFO] [stdout] stack backtrace:
[INFO] [stdout]    0:     0x5aad2a6a0771 - <<std[617be2ca0a6fd877]::sys::backtrace::BacktraceLock>::print::DisplayBacktrace as core[a373ad73a504971]::fmt::Display>::fmt
[INFO] [stdout]    1:     0x5aad2a6b4cca - core[a373ad73a504971]::fmt::write
[INFO] [stdout]    2:     0x5aad2a6a4b2c - <alloc[2e1b2a31b91974c5]::vec::Vec<u8> as core[a373ad73a504971]::io::write::Write>::write_fmt
[INFO] [stdout]    3:     0x5aad2a67ba26 - std[617be2ca0a6fd877]::panicking::default_hook::{closure#0}
[INFO] [stdout]    4:     0x5aad2a698be9 - std[617be2ca0a6fd877]::panicking::default_hook
[INFO] [stdout]    5:     0x5aad2a6174d0 - test[aada8e7e76ba119b]::test_main_inner::{closure#0}
[INFO] [stdout]    6:     0x5aad2a698da2 - std[617be2ca0a6fd877]::panicking::panic_with_hook
[INFO] [stdout]    7:     0x5aad2a67bad2 - std[617be2ca0a6fd877]::panicking::panic_handler::{closure#0}
[INFO] [stdout]    8:     0x5aad2a6746c9 - std[617be2ca0a6fd877]::sys::backtrace::__rust_end_short_backtrace::<std[617be2ca0a6fd877]::panicking::panic_handler::{closure#0}, !>
[INFO] [stdout]    9:     0x5aad2a67c6dd - __rustc[ea4f61d10b84890b]::rust_begin_unwind
[INFO] [stdout]   10:     0x5aad2a6b53fc - core[a373ad73a504971]::panicking::panic_fmt
[INFO] [stdout]   11:     0x5aad2a6b51d2 - core[a373ad73a504971]::result::unwrap_failed
[INFO] [stdout]   12:     0x5aad2a606a3b - <integration[a97d343d432679c4]::utils::Sway>::start
[INFO] [stdout]   13:     0x5aad2a5ddc3e - integration[a97d343d432679c4]::test_three_outputs_moving_around_same_workspace_group
[INFO] [stdout]   14:     0x5aad2a6045d9 - <integration[a97d343d432679c4]::test_three_outputs_moving_around_same_workspace_group::{closure#0} as core[a373ad73a504971]::ops::function::FnOnce<()>>::call_once
[INFO] [stdout]   15:     0x5aad2a60a91b - test[aada8e7e76ba119b]::__rust_begin_short_backtrace::<core[a373ad73a504971]::result::Result<(), alloc[2e1b2a31b91974c5]::string::String>, fn() -> core[a373ad73a504971]::result::Result<(), alloc[2e1b2a31b91974c5]::string::String>>
[INFO] [stdout]   16:     0x5aad2a617af5 - test[aada8e7e76ba119b]::run_test::{closure#0}
[INFO] [stdout]   17:     0x5aad2a6113e4 - std[617be2ca0a6fd877]::sys::backtrace::__rust_begin_short_backtrace::<test[aada8e7e76ba119b]::run_test::{closure#1}, ()>
[INFO] [stdout]   18:     0x5aad2a61ab82 - <std[617be2ca0a6fd877]::thread::lifecycle::spawn_unchecked<test[aada8e7e76ba119b]::run_test::{closure#1}, ()>::{closure#1} as core[a373ad73a504971]::ops::function::FnOnce<()>>::call_once::{shim:vtable#0}
[INFO] [stdout]   19:     0x5aad2a69ffcf - <std[617be2ca0a6fd877]::sys::thread::unix::Thread>::new::thread_start
[INFO] [stdout]   20:     0x7e2de6afadfa - <unknown>
[INFO] [stdout]   21:     0x7e2de6b8e3d4 - clone
[INFO] [stdout]   22:                0x0 - <unknown>
[INFO] [stdout] 
[INFO] [stdout] ---- test_three_outputs_moving_around_absolute stdout ----
[INFO] [stdout] 
[INFO] [stdout] thread 'test_three_outputs_moving_around_absolute' (558) panicked at tests/utils/mod.rs:45:14:
[INFO] [stdout] failed to execute sway: Os { code: 2, kind: NotFound, message: "No such file or directory" }
[INFO] [stdout] stack backtrace:
[INFO] [stdout]    0:     0x5aad2a6a0771 - <<std[617be2ca0a6fd877]::sys::backtrace::BacktraceLock>::print::DisplayBacktrace as core[a373ad73a504971]::fmt::Display>::fmt
[INFO] [stdout]    1:     0x5aad2a6b4cca - core[a373ad73a504971]::fmt::write
[INFO] [stdout]    2:     0x5aad2a6a4b2c - <alloc[2e1b2a31b91974c5]::vec::Vec<u8> as core[a373ad73a504971]::io::write::Write>::write_fmt
[INFO] [stdout]    3:     0x5aad2a67ba26 - std[617be2ca0a6fd877]::panicking::default_hook::{closure#0}
[INFO] [stdout]    4:     0x5aad2a698be9 - std[617be2ca0a6fd877]::panicking::default_hook
[INFO] [stdout]    5:     0x5aad2a6174d0 - test[aada8e7e76ba119b]::test_main_inner::{closure#0}
[INFO] [stdout]    6:     0x5aad2a698da2 - std[617be2ca0a6fd877]::panicking::panic_with_hook
[INFO] [stdout]    7:     0x5aad2a67bad2 - std[617be2ca0a6fd877]::panicking::panic_handler::{closure#0}
[INFO] [stdout]    8:     0x5aad2a6746c9 - std[617be2ca0a6fd877]::sys::backtrace::__rust_end_short_backtrace::<std[617be2ca0a6fd877]::panicking::panic_handler::{closure#0}, !>
[INFO] [stdout]    9:     0x5aad2a67c6dd - __rustc[ea4f61d10b84890b]::rust_begin_unwind
[INFO] [stdout]   10:     0x5aad2a6b53fc - core[a373ad73a504971]::panicking::panic_fmt
[INFO] [stdout]   11:     0x5aad2a6b51d2 - core[a373ad73a504971]::result::unwrap_failed
[INFO] [stdout]   12:     0x5aad2a606a3b - <integration[a97d343d432679c4]::utils::Sway>::start
[INFO] [stdout]   13:     0x5aad2a5a195e - integration[a97d343d432679c4]::test_three_outputs_moving_around_absolute
[INFO] [stdout]   14:     0x5aad2a604559 - <integration[a97d343d432679c4]::test_three_outputs_moving_around_absolute::{closure#0} as core[a373ad73a504971]::ops::function::FnOnce<()>>::call_once
[INFO] [stdout]   15:     0x5aad2a60a91b - test[aada8e7e76ba119b]::__rust_begin_short_backtrace::<core[a373ad73a504971]::result::Result<(), alloc[2e1b2a31b91974c5]::string::String>, fn() -> core[a373ad73a504971]::result::Result<(), alloc[2e1b2a31b91974c5]::string::String>>
[INFO] [stdout]   16:     0x5aad2a617af5 - test[aada8e7e76ba119b]::run_test::{closure#0}
[INFO] [stdout]   17:     0x5aad2a6113e4 - std[617be2ca0a6fd877]::sys::backtrace::__rust_begin_short_backtrace::<test[aada8e7e76ba119b]::run_test::{closure#1}, ()>
[INFO] [stdout]   18:     0x5aad2a61ab82 - <std[617be2ca0a6fd877]::thread::lifecycle::spawn_unchecked<test[aada8e7e76ba119b]::run_test::{closure#1}, ()>::{closure#1} as core[a373ad73a504971]::ops::function::FnOnce<()>>::call_once::{shim:vtable#0}
[INFO] [stdout]   19:     0x5aad2a69ffcf - <std[617be2ca0a6fd877]::sys::thread::unix::Thread>::new::thread_start
[INFO] [stdout]   20:     0x7e2de6afadfa - <unknown>
[INFO] [stdout]   21:     0x7e2de6b8e3d4 - clone
[INFO] [stdout]   22:                0x0 - <unknown>
[INFO] [stdout] 
[INFO] [stdout] 
[INFO] [stdout] failures:
[INFO] [stdout]     test_init_three_outputs
[INFO] [stdout]     test_three_outputs_moving_around_absolute
[INFO] [stdout]     test_three_outputs_moving_around_across_outputs
[INFO] [stdout]     test_three_outputs_moving_around_across_outputs_without_init
[INFO] [stdout]     test_three_outputs_moving_around_across_workspace_groups
[INFO] [stdout]     test_three_outputs_moving_around_same_workspace_group
[INFO] [stdout]     test_three_outputs_moving_groups_across_outputs
[INFO] [stdout]     test_three_outputs_plugging_unplugging_outputs
[INFO] [stdout] 
[INFO] [stdout] test result: FAILED. 0 passed; 8 failed; 0 ignored; 0 measured; 0 filtered out; finished in 0.01s
[INFO] [stdout] 
[INFO] running `Command { std: "docker" "inspect" "0f1c11f19ee582c830ca418c8172cdd07c130846811d7145e0839ded26374688", kill_on_drop: false }`
[INFO] running `Command { std: "docker" "rm" "-f" "0f1c11f19ee582c830ca418c8172cdd07c130846811d7145e0839ded26374688", kill_on_drop: false }`
[INFO] [stdout] 0f1c11f19ee582c830ca418c8172cdd07c130846811d7145e0839ded26374688
