[INFO] fetching crate swamp-vm-test 0.1.16...
[INFO] testing swamp-vm-test-0.1.16 against 1.100.0-beta.1+cargoflags=--release for beta-release-1.100-2
[INFO] extracting crate swamp-vm-test 0.1.16 into /workspace/builds/worker-4-tc2/source
[INFO] started tweaking crates.io crate swamp-vm-test 0.1.16
[INFO] removed 0 missing tests
[INFO] finished tweaking crates.io crate swamp-vm-test 0.1.16
[INFO] tweaked toml for crates.io crate swamp-vm-test 0.1.16 written to /workspace/builds/worker-4-tc2/source/Cargo.toml
[INFO] validating manifest of crates.io crate swamp-vm-test 0.1.16 on toolchain 1.100.0-beta.1
[INFO] running `Command { std: CARGO_HOME="/workspace/cargo-home" RUSTUP_HOME="/workspace/rustup-home" "/workspace/cargo-home/bin/cargo" "+1.100.0-beta.1" "metadata" "--manifest-path" "Cargo.toml" "--no-deps", kill_on_drop: false }`
[INFO] crate crates.io crate swamp-vm-test 0.1.16 already has a lockfile, it will not be regenerated
[INFO] running `Command { std: CARGO_HOME="/workspace/cargo-home" RUSTUP_HOME="/workspace/rustup-home" "/workspace/cargo-home/bin/cargo" "+1.100.0-beta.1" "fetch" "--manifest-path" "Cargo.toml", kill_on_drop: false }`
[INFO] running `Command { std: "docker" "create" "-v" "/var/lib/crater-agent-workspace/builds/worker-4-tc2/source:/opt/rustwide/workdir:ro,Z" "-v" "/var/lib/crater-agent-workspace/builds/worker-4-tc2/target:/opt/rustwide/target:rw,Z" "-v" "/var/lib/crater-agent-workspace/cargo-home:/opt/rustwide/cargo-home:ro,Z" "-v" "/var/lib/crater-agent-workspace/rustup-home:/opt/rustwide/rustup-home:ro,Z" "-m" "1610612736" "--network" "none" "ghcr.io/rust-lang/crates-build-env/linux@sha256:77db811e55d90add9212f6832c23229e3de5f1c1f9905e8cb07319ea15df73ac" "sleep" "infinity", kill_on_drop: false }`
[INFO] [stdout] 45a8a6340cb4cf04563a63ba867b4d9979bcb4c3e1521e7ac3c489c5a20ad50f
[INFO] running `Command { std: "docker" "start" "45a8a6340cb4cf04563a63ba867b4d9979bcb4c3e1521e7ac3c489c5a20ad50f", kill_on_drop: false }`
[INFO] running `Command { std: "docker" "inspect" "45a8a6340cb4cf04563a63ba867b4d9979bcb4c3e1521e7ac3c489c5a20ad50f", kill_on_drop: false }`
[INFO] running `Command { std: "docker" "exec" "-e" "SOURCE_DIR=/opt/rustwide/workdir" "-e" "CARGO_HOME=/opt/rustwide/cargo-home" "-e" "RUSTUP_HOME=/opt/rustwide/rustup-home" "-e" "CARGO_TARGET_DIR=/opt/rustwide/target" "-w" "/opt/rustwide/workdir" "--user" "0:0" "45a8a6340cb4cf04563a63ba867b4d9979bcb4c3e1521e7ac3c489c5a20ad50f" "/opt/rustwide/cargo-home/bin/cargo" "+1.100.0-beta.1" "metadata" "--no-deps" "--format-version=1", kill_on_drop: false }`
[INFO] running `Command { std: "docker" "inspect" "45a8a6340cb4cf04563a63ba867b4d9979bcb4c3e1521e7ac3c489c5a20ad50f", kill_on_drop: false }`
[INFO] running `Command { std: "docker" "exec" "-e" "SOURCE_DIR=/opt/rustwide/workdir" "-e" "CARGO_HOME=/opt/rustwide/cargo-home" "-e" "RUSTUP_HOME=/opt/rustwide/rustup-home" "-e" "CARGO_TARGET_DIR=/opt/rustwide/target" "-e" "CARGO_INCREMENTAL=0" "-e" "RUST_BACKTRACE=full" "-e" "RUSTFLAGS=--cap-lints=warn" "-e" "RUSTDOCFLAGS=--cap-lints=warn" "-w" "/opt/rustwide/workdir" "--user" "0:0" "45a8a6340cb4cf04563a63ba867b4d9979bcb4c3e1521e7ac3c489c5a20ad50f" "/opt/rustwide/cargo-home/bin/cargo" "+1.100.0-beta.1" "build" "--frozen" "--message-format=json" "--release", kill_on_drop: false }`
[INFO] [stderr]    Compiling proc-macro2 v1.0.93
[INFO] [stderr]    Compiling unicode-ident v1.0.17
[INFO] [stderr]    Compiling seq-map v0.0.13
[INFO] [stderr]    Compiling once_cell v1.20.3
[INFO] [stderr]    Compiling source-map-node v0.0.1
[INFO] [stderr]    Compiling thiserror v2.0.11
[INFO] [stderr]    Compiling seq-fmt v0.0.1
[INFO] [stderr]    Compiling tiny-ver v0.1.2
[INFO] [stderr]    Compiling fixed32 v0.0.17
[INFO] [stderr]    Compiling memchr v2.7.4
[INFO] [stderr]    Compiling pathdiff v0.2.3
[INFO] [stderr]    Compiling libc v0.2.169
[INFO] [stderr]    Compiling swamp-ast v0.1.16
[INFO] [stderr]    Compiling sparse-slot v0.0.4
[INFO] [stderr]    Compiling swamp-vm-types v0.1.16
[INFO] [stderr]    Compiling time-dilation v0.1.10
[INFO] [stderr]    Compiling seq-set v0.0.2
[INFO] [stderr]    Compiling regex-syntax v0.8.5
[INFO] [stderr]    Compiling squirrel-prng v0.0.1
[INFO] [stderr]    Compiling swamp-types v0.1.16
[INFO] [stderr]    Compiling source-map-cache v0.0.1
[INFO] [stderr]    Compiling eira v0.1.10
[INFO] [stderr]    Compiling swamp-vm-disasm v0.1.16
[INFO] [stderr]    Compiling tracing-core v0.1.33
[INFO] [stderr]    Compiling swamp-vm-instr-build v0.1.16
[INFO] [stderr]    Compiling log v0.4.26
[INFO] [stderr]    Compiling swamp-vm v0.1.16
[INFO] [stderr]    Compiling hexify v0.0.3
[INFO] [stderr]    Compiling aho-corasick v1.1.3
[INFO] [stderr]    Compiling quote v1.0.38
[INFO] [stderr]    Compiling syn v2.0.98
[INFO] [stderr]    Compiling dirs-sys v0.5.0
[INFO] [stderr]    Compiling dirs v6.0.0
[INFO] [stderr]    Compiling regex-automata v0.4.9
[INFO] [stderr]    Compiling tracing-attributes v0.1.28
[INFO] [stderr]    Compiling thiserror-impl v2.0.11
[INFO] [stderr]    Compiling regex v1.11.1
[INFO] [stderr]    Compiling tracing v0.1.41
[INFO] [stderr]    Compiling pest v2.7.15
[INFO] [stderr]    Compiling swamp-semantic v0.1.16
[INFO] [stderr]    Compiling swamp-modules v0.1.16
[INFO] [stderr]    Compiling swamp-core-extra v0.1.16
[INFO] [stderr]    Compiling swamp-code-gen v0.1.16
[INFO] [stderr]    Compiling swamp-analyzer v0.1.16
[INFO] [stderr]    Compiling swamp-pretty-print v0.1.16
[INFO] [stderr]    Compiling swamp-core v0.1.16
[INFO] [stderr]    Compiling pest_meta v2.7.15
[INFO] [stderr]    Compiling swamp-eval v0.1.16
[INFO] [stderr]    Compiling pest_generator v2.7.15
[INFO] [stderr]    Compiling pest_derive v2.7.15
[INFO] [stderr]    Compiling swamp-parser v0.1.16
[INFO] [stderr]    Compiling swamp-dep-loader v0.1.16
[INFO] [stderr]    Compiling swamp-program-analyzer v0.1.16
[INFO] [stderr]    Compiling swamp-error-report v0.1.16
[INFO] [stderr]    Compiling swamp-compile v0.1.16
[INFO] [stderr]    Compiling swamp-code-gen-program v0.1.16
[INFO] [stderr]    Compiling swamp-vm-test v0.1.16 (/opt/rustwide/workdir)
[INFO] [stdout] warning: unused variable: `constant_infos`
[INFO] [stdout]    --> src/util.rs:185:35
[INFO] [stdout]     |
[INFO] [stdout] 185 |     let (instructions, constants, constant_infos) = generator.take_instructions_and_constants();
[INFO] [stdout]     |                                   ^^^^^^^^^^^^^^ help: if this is intentional, prefix it with an underscore: `_constant_infos`
[INFO] [stdout]     |
[INFO] [stdout]     = note: `#[warn(unused_variables)]` (part of `#[warn(unused)]`) on by default
[INFO] [stdout] 
[INFO] [stdout] 
[INFO] [stdout] warning: function `exec` is never used
[INFO] [stdout]    --> src/util.rs:117:4
[INFO] [stdout]     |
[INFO] [stdout] 117 | fn exec(code: &str, expected_hex: &str) {
[INFO] [stdout]     |    ^^^^
[INFO] [stdout]     |
[INFO] [stdout]     = note: `#[warn(dead_code)]` (part of `#[warn(unused)]`) on by default
[INFO] [stdout] 
[INFO] [stdout] 
[INFO] [stdout] warning: function `exec_vars` is never used
[INFO] [stdout]    --> src/util.rs:217:4
[INFO] [stdout]     |
[INFO] [stdout] 217 | fn exec_vars(code: &str, expected_hex: &str) {
[INFO] [stdout]     |    ^^^^^^^^^
[INFO] [stdout] 
[INFO] [stdout] 
[INFO] [stdout] warning: function `gen_code` is never used
[INFO] [stdout]    --> src/util.rs:223:4
[INFO] [stdout]     |
[INFO] [stdout] 223 | fn gen_code(code: &str, expected_output: &str) {
[INFO] [stdout]     |    ^^^^^^^^
[INFO] [stdout] 
[INFO] [stdout] 
[INFO] [stderr]     Finished `release` profile [optimized] target(s) in 51.63s
[INFO] running `Command { std: "docker" "inspect" "45a8a6340cb4cf04563a63ba867b4d9979bcb4c3e1521e7ac3c489c5a20ad50f", kill_on_drop: false }`
[INFO] running `Command { std: "docker" "exec" "-e" "SOURCE_DIR=/opt/rustwide/workdir" "-e" "CARGO_HOME=/opt/rustwide/cargo-home" "-e" "RUSTUP_HOME=/opt/rustwide/rustup-home" "-e" "CARGO_TARGET_DIR=/opt/rustwide/target" "-e" "CARGO_INCREMENTAL=0" "-e" "RUST_BACKTRACE=full" "-e" "RUSTFLAGS=--cap-lints=warn" "-e" "RUSTDOCFLAGS=--cap-lints=warn" "-w" "/opt/rustwide/workdir" "--user" "0:0" "45a8a6340cb4cf04563a63ba867b4d9979bcb4c3e1521e7ac3c489c5a20ad50f" "/opt/rustwide/cargo-home/bin/cargo" "+1.100.0-beta.1" "test" "--frozen" "--no-run" "--message-format=json" "--release", kill_on_drop: false }`
[INFO] [stderr]    Compiling tracing-core v0.1.33
[INFO] [stderr]    Compiling log v0.4.26
[INFO] [stderr]    Compiling regex-syntax v0.6.29
[INFO] [stderr]    Compiling thread_local v1.1.8
[INFO] [stderr]    Compiling anstream v0.6.18
[INFO] [stderr]    Compiling test-log-macros v0.2.17
[INFO] [stderr]    Compiling env_filter v0.1.3
[INFO] [stderr]    Compiling hexify v0.0.3
[INFO] [stderr]    Compiling env_logger v0.11.6
[INFO] [stderr]    Compiling tracing v0.1.41
[INFO] [stderr]    Compiling tracing-log v0.2.0
[INFO] [stderr]    Compiling swamp-semantic v0.1.16
[INFO] [stderr]    Compiling swamp-parser v0.1.16
[INFO] [stderr]    Compiling swamp-modules v0.1.16
[INFO] [stderr]    Compiling swamp-core-extra v0.1.16
[INFO] [stderr]    Compiling swamp-code-gen v0.1.16
[INFO] [stderr]    Compiling swamp-analyzer v0.1.16
[INFO] [stderr]    Compiling swamp-pretty-print v0.1.16
[INFO] [stderr]    Compiling swamp-core v0.1.16
[INFO] [stderr]    Compiling swamp-eval v0.1.16
[INFO] [stderr]    Compiling regex-automata v0.1.10
[INFO] [stderr]    Compiling swamp-dep-loader v0.1.16
[INFO] [stderr]    Compiling swamp-program-analyzer v0.1.16
[INFO] [stderr]    Compiling swamp-error-report v0.1.16
[INFO] [stderr]    Compiling swamp-compile v0.1.16
[INFO] [stderr]    Compiling matchers v0.1.0
[INFO] [stderr]    Compiling tracing-subscriber v0.3.19
[INFO] [stderr]    Compiling swamp-code-gen-program v0.1.16
[INFO] [stderr]    Compiling swamp-vm-test v0.1.16 (/opt/rustwide/workdir)
[INFO] [stdout] warning: unused variable: `constant_infos`
[INFO] [stdout]    --> src/util.rs:185:35
[INFO] [stdout]     |
[INFO] [stdout] 185 |     let (instructions, constants, constant_infos) = generator.take_instructions_and_constants();
[INFO] [stdout]     |                                   ^^^^^^^^^^^^^^ help: if this is intentional, prefix it with an underscore: `_constant_infos`
[INFO] [stdout]     |
[INFO] [stdout]     = note: `#[warn(unused_variables)]` (part of `#[warn(unused)]`) on by default
[INFO] [stdout] 
[INFO] [stdout] 
[INFO] [stdout] warning: function `exec` is never used
[INFO] [stdout]    --> src/util.rs:117:4
[INFO] [stdout]     |
[INFO] [stdout] 117 | fn exec(code: &str, expected_hex: &str) {
[INFO] [stdout]     |    ^^^^
[INFO] [stdout]     |
[INFO] [stdout]     = note: `#[warn(dead_code)]` (part of `#[warn(unused)]`) on by default
[INFO] [stdout] 
[INFO] [stdout] 
[INFO] [stdout] warning: function `exec_vars` is never used
[INFO] [stdout]    --> src/util.rs:217:4
[INFO] [stdout]     |
[INFO] [stdout] 217 | fn exec_vars(code: &str, expected_hex: &str) {
[INFO] [stdout]     |    ^^^^^^^^^
[INFO] [stdout] 
[INFO] [stdout] 
[INFO] [stdout] warning: function `gen_code` is never used
[INFO] [stdout]    --> src/util.rs:223:4
[INFO] [stdout]     |
[INFO] [stdout] 223 | fn gen_code(code: &str, expected_output: &str) {
[INFO] [stdout]     |    ^^^^^^^^
[INFO] [stdout] 
[INFO] [stdout] 
[INFO] [stderr]    Compiling test-log v0.2.17
[INFO] [stdout] warning: unused variable: `constant_infos`
[INFO] [stdout]    --> src/util.rs:185:35
[INFO] [stdout]     |
[INFO] [stdout] 185 |     let (instructions, constants, constant_infos) = generator.take_instructions_and_constants();
[INFO] [stdout]     |                                   ^^^^^^^^^^^^^^ help: if this is intentional, prefix it with an underscore: `_constant_infos`
[INFO] [stdout]     |
[INFO] [stdout]     = note: `#[warn(unused_variables)]` (part of `#[warn(unused)]`) on by default
[INFO] [stdout] 
[INFO] [stdout] 
[INFO] [stdout] warning: function `exec` is never used
[INFO] [stdout]    --> src/util.rs:117:4
[INFO] [stdout]     |
[INFO] [stdout] 117 | fn exec(code: &str, expected_hex: &str) {
[INFO] [stdout]     |    ^^^^
[INFO] [stdout]     |
[INFO] [stdout]     = note: `#[warn(dead_code)]` (part of `#[warn(unused)]`) on by default
[INFO] [stdout] 
[INFO] [stdout] 
[INFO] [stdout] warning: function `exec_vars` is never used
[INFO] [stdout]    --> src/util.rs:217:4
[INFO] [stdout]     |
[INFO] [stdout] 217 | fn exec_vars(code: &str, expected_hex: &str) {
[INFO] [stdout]     |    ^^^^^^^^^
[INFO] [stdout] 
[INFO] [stdout] 
[INFO] [stdout] warning: function `gen_code` is never used
[INFO] [stdout]    --> src/util.rs:223:4
[INFO] [stdout]     |
[INFO] [stdout] 223 | fn gen_code(code: &str, expected_output: &str) {
[INFO] [stdout]     |    ^^^^^^^^
[INFO] [stdout] 
[INFO] [stdout] 
[INFO] [stdout] warning: function `map` is never used
[INFO] [stdout]    --> tests/vm.rs:462:4
[INFO] [stdout]     |
[INFO] [stdout] 462 | fn map() {
[INFO] [stdout]     |    ^^^
[INFO] [stdout]     |
[INFO] [stdout]     = note: `#[warn(dead_code)]` (part of `#[warn(unused)]`) on by default
[INFO] [stdout] 
[INFO] [stdout] 
[INFO] [stdout] warning: function `map_remove` is never used
[INFO] [stdout]    --> tests/vm.rs:511:4
[INFO] [stdout]     |
[INFO] [stdout] 511 | fn map_remove() {
[INFO] [stdout]     |    ^^^^^^^^^^
[INFO] [stdout] 
[INFO] [stdout] 
[INFO] [stderr]     Finished `release` profile [optimized] target(s) in 1m 03s
[INFO] running `Command { std: "docker" "inspect" "45a8a6340cb4cf04563a63ba867b4d9979bcb4c3e1521e7ac3c489c5a20ad50f", kill_on_drop: false }`
[INFO] running `Command { std: "docker" "exec" "-e" "SOURCE_DIR=/opt/rustwide/workdir" "-e" "CARGO_HOME=/opt/rustwide/cargo-home" "-e" "RUSTUP_HOME=/opt/rustwide/rustup-home" "-e" "CARGO_TARGET_DIR=/opt/rustwide/target" "-e" "CARGO_INCREMENTAL=0" "-e" "RUST_BACKTRACE=full" "-e" "RUSTFLAGS=--cap-lints=warn" "-e" "RUSTDOCFLAGS=--cap-lints=warn" "-w" "/opt/rustwide/workdir" "--user" "0:0" "45a8a6340cb4cf04563a63ba867b4d9979bcb4c3e1521e7ac3c489c5a20ad50f" "/opt/rustwide/cargo-home/bin/cargo" "+1.100.0-beta.1" "test" "--frozen" "--release", kill_on_drop: false }`
[INFO] [stderr] warning: unused variable: `constant_infos`
[INFO] [stderr]    --> src/util.rs:185:35
[INFO] [stderr]     |
[INFO] [stderr] 185 |     let (instructions, constants, constant_infos) = generator.take_instructions_and_constants();
[INFO] [stderr]     |                                   ^^^^^^^^^^^^^^ help: if this is intentional, prefix it with an underscore: `_constant_infos`
[INFO] [stderr]     |
[INFO] [stderr]     = note: `#[warn(unused_variables)]` (part of `#[warn(unused)]`) on by default
[INFO] [stderr] 
[INFO] [stderr] warning: function `exec` is never used
[INFO] [stderr]    --> src/util.rs:117:4
[INFO] [stderr]     |
[INFO] [stderr] 117 | fn exec(code: &str, expected_hex: &str) {
[INFO] [stderr]     |    ^^^^
[INFO] [stderr]     |
[INFO] [stderr]     = note: `#[warn(dead_code)]` (part of `#[warn(unused)]`) on by default
[INFO] [stderr] 
[INFO] [stderr] warning: function `exec_vars` is never used
[INFO] [stderr]    --> src/util.rs:217:4
[INFO] [stderr]     |
[INFO] [stderr] 217 | fn exec_vars(code: &str, expected_hex: &str) {
[INFO] [stderr]     |    ^^^^^^^^^
[INFO] [stderr] 
[INFO] [stderr] warning: function `gen_code` is never used
[INFO] [stderr]    --> src/util.rs:223:4
[INFO] [stderr]     |
[INFO] [stderr] 223 | fn gen_code(code: &str, expected_output: &str) {
[INFO] [stderr]     |    ^^^^^^^^
[INFO] [stderr] 
[INFO] [stderr] warning: `swamp-vm-test` (lib) generated 4 warnings (run `cargo fix --lib -p swamp-vm-test` to apply 1 suggestion)
[INFO] [stderr] warning: `swamp-vm-test` (lib test) generated 4 warnings (4 duplicates)
[INFO] [stderr] warning: function `map` is never used
[INFO] [stderr]    --> tests/vm.rs:462:4
[INFO] [stderr]     |
[INFO] [stderr] 462 | fn map() {
[INFO] [stderr]     |    ^^^
[INFO] [stderr]     |
[INFO] [stderr]     = note: `#[warn(dead_code)]` (part of `#[warn(unused)]`) on by default
[INFO] [stderr] 
[INFO] [stderr] warning: function `map_remove` is never used
[INFO] [stderr]    --> tests/vm.rs:511:4
[INFO] [stderr]     |
[INFO] [stderr] 511 | fn map_remove() {
[INFO] [stderr]     |    ^^^^^^^^^^
[INFO] [stderr] 
[INFO] [stderr] warning: `swamp-vm-test` (test "vm") generated 2 warnings
[INFO] [stderr]     Finished `release` profile [optimized] target(s) in 0.10s
[INFO] [stderr]      Running unittests src/lib.rs (/opt/rustwide/target/release/build/swamp-vm-test/da17cf40be301a2a/out/swamp_vm_test-da17cf40be301a2a)
[INFO] [stdout] 
[INFO] [stderr]      Running tests/assign.rs (/opt/rustwide/target/release/build/swamp-vm-test/04bc736bd016c8d4/out/assign-04bc736bd016c8d4)
[INFO] [stdout] running 0 tests
[INFO] [stdout] 
[INFO] [stdout] test result: ok. 0 passed; 0 failed; 0 ignored; 0 measured; 0 filtered out; finished in 0.00s
[INFO] [stdout] 
[INFO] [stdout] 
[INFO] [stdout] running 1 test
[INFO] [stdout] test assignment ... FAILED
[INFO] [stdout] 
[INFO] [stdout] failures:
[INFO] [stdout] 
[INFO] [stdout] ---- assignment stdout ----
[INFO] [stdout] 
[INFO] [stdout] thread 'assignment' (2235) panicked at /opt/rustwide/cargo-home/registry/src/index.crates.io-1949cf8c6b5b557f/swamp-compile-0.1.16/src/lib.rs:384:10:
[INFO] [stdout] called `Result::unwrap()` on an `Err` value: Custom { kind: NotFound, error: "\"/root/.swamp/packages\" is not a directory" }
[INFO] [stdout] stack backtrace:
[INFO] [stdout]    0:     0x5f67da372471 - <<std[617be2ca0a6fd877]::sys::backtrace::BacktraceLock>::print::DisplayBacktrace as core[a373ad73a504971]::fmt::Display>::fmt
[INFO] [stdout]    1:     0x5f67da38948a - core[a373ad73a504971]::fmt::write
[INFO] [stdout]    2:     0x5f67da37673c - <alloc[2e1b2a31b91974c5]::vec::Vec<u8> as core[a373ad73a504971]::io::write::Write>::write_fmt
[INFO] [stdout]    3:     0x5f67da34e026 - std[617be2ca0a6fd877]::panicking::default_hook::{closure#0}
[INFO] [stdout]    4:     0x5f67da36a579 - std[617be2ca0a6fd877]::panicking::default_hook
[INFO] [stdout]    5:     0x5f67da026dd0 - test[aada8e7e76ba119b]::test_main_inner::{closure#0}
[INFO] [stdout]    6:     0x5f67da36a732 - std[617be2ca0a6fd877]::panicking::panic_with_hook
[INFO] [stdout]    7:     0x5f67da34e0d2 - std[617be2ca0a6fd877]::panicking::panic_handler::{closure#0}
[INFO] [stdout]    8:     0x5f67da346c29 - std[617be2ca0a6fd877]::sys::backtrace::__rust_end_short_backtrace::<std[617be2ca0a6fd877]::panicking::panic_handler::{closure#0}, !>
[INFO] [stdout]    9:     0x5f67da34ecdd - __rustc[ea4f61d10b84890b]::rust_begin_unwind
[INFO] [stdout]   10:     0x5f67da389c6c - core[a373ad73a504971]::panicking::panic_fmt
[INFO] [stdout]   11:     0x5f67da389a42 - core[a373ad73a504971]::result::unwrap_failed
[INFO] [stdout]   12:     0x5f67da0c3cdd - swamp_compile[5ce9b51d054c6db7]::compile_string
[INFO] [stdout]   13:     0x5f67da0b3bd2 - swamp_vm_test[9fe7bf3a64ae126e]::util::gen_internal_debug
[INFO] [stdout]   14:     0x5f67da00f3ff - <assign[6a87ca8edfb77fbb]::assignment::{closure#0} as core[a373ad73a504971]::ops::function::FnOnce<()>>::call_once
[INFO] [stdout]   15:     0x5f67da01a21b - test[aada8e7e76ba119b]::__rust_begin_short_backtrace::<core[a373ad73a504971]::result::Result<(), alloc[2e1b2a31b91974c5]::string::String>, fn() -> core[a373ad73a504971]::result::Result<(), alloc[2e1b2a31b91974c5]::string::String>>
[INFO] [stdout]   16:     0x5f67da0273f5 - test[aada8e7e76ba119b]::run_test::{closure#0}
[INFO] [stdout]   17:     0x5f67da020ce4 - std[617be2ca0a6fd877]::sys::backtrace::__rust_begin_short_backtrace::<test[aada8e7e76ba119b]::run_test::{closure#1}, ()>
[INFO] [stdout]   18:     0x5f67da02a482 - <std[617be2ca0a6fd877]::thread::lifecycle::spawn_unchecked<test[aada8e7e76ba119b]::run_test::{closure#1}, ()>::{closure#1} as core[a373ad73a504971]::ops::function::FnOnce<()>>::call_once::{shim:vtable#0}
[INFO] [stdout]   19:     0x5f67da37193f - <std[617be2ca0a6fd877]::sys::thread::unix::Thread>::new::thread_start
[INFO] [stdout]   20:     0x70a3315a4dfa - <unknown>
[INFO] [stdout]   21:     0x70a3316383d4 - clone
[INFO] [stdout]   22:                0x0 - <unknown>
[INFO] [stdout] 
[INFO] [stdout] 
[INFO] [stdout] failures:
[INFO] [stdout]     assignment
[INFO] [stdout] 
[INFO] [stdout] test result: FAILED. 0 passed; 1 failed; 0 ignored; 0 measured; 0 filtered out; finished in 0.00s
[INFO] [stdout] 
[INFO] [stderr] error: test failed, to rerun pass `--test assign`
[INFO] running `Command { std: "docker" "inspect" "45a8a6340cb4cf04563a63ba867b4d9979bcb4c3e1521e7ac3c489c5a20ad50f", kill_on_drop: false }`
[INFO] running `Command { std: "docker" "rm" "-f" "45a8a6340cb4cf04563a63ba867b4d9979bcb4c3e1521e7ac3c489c5a20ad50f", kill_on_drop: false }`
[INFO] [stdout] 45a8a6340cb4cf04563a63ba867b4d9979bcb4c3e1521e7ac3c489c5a20ad50f
