[INFO] fetching crate swamp-script 0.1.10...
[INFO] testing swamp-script-0.1.10 against 1.100.0-beta.1+cargoflags=--release for beta-release-1.100-2
[INFO] extracting crate swamp-script 0.1.10 into /workspace/builds/worker-4-tc2/source
[INFO] started tweaking crates.io crate swamp-script 0.1.10
[INFO] removed 0 missing tests
[INFO] finished tweaking crates.io crate swamp-script 0.1.10
[INFO] tweaked toml for crates.io crate swamp-script 0.1.10 written to /workspace/builds/worker-4-tc2/source/Cargo.toml
[INFO] validating manifest of crates.io crate swamp-script 0.1.10 on toolchain 1.100.0-beta.1
[INFO] running `Command { std: CARGO_HOME="/workspace/cargo-home" RUSTUP_HOME="/workspace/rustup-home" "/workspace/cargo-home/bin/cargo" "+1.100.0-beta.1" "metadata" "--manifest-path" "Cargo.toml" "--no-deps", kill_on_drop: false }`
[INFO] crate crates.io crate swamp-script 0.1.10 already has a lockfile, it will not be regenerated
[INFO] running `Command { std: CARGO_HOME="/workspace/cargo-home" RUSTUP_HOME="/workspace/rustup-home" "/workspace/cargo-home/bin/cargo" "+1.100.0-beta.1" "fetch" "--manifest-path" "Cargo.toml", kill_on_drop: false }`
[INFO] running `Command { std: "docker" "create" "-v" "/var/lib/crater-agent-workspace/builds/worker-4-tc2/source:/opt/rustwide/workdir:ro,Z" "-v" "/var/lib/crater-agent-workspace/builds/worker-4-tc2/target:/opt/rustwide/target:rw,Z" "-v" "/var/lib/crater-agent-workspace/cargo-home:/opt/rustwide/cargo-home:ro,Z" "-v" "/var/lib/crater-agent-workspace/rustup-home:/opt/rustwide/rustup-home:ro,Z" "-m" "1610612736" "--network" "none" "ghcr.io/rust-lang/crates-build-env/linux@sha256:77db811e55d90add9212f6832c23229e3de5f1c1f9905e8cb07319ea15df73ac" "sleep" "infinity", kill_on_drop: false }`
[INFO] [stdout] 4bb2a46390226bc9e5ff488c306fc5a03f1183a54675bf4e30276feb937a016c
[INFO] running `Command { std: "docker" "start" "4bb2a46390226bc9e5ff488c306fc5a03f1183a54675bf4e30276feb937a016c", kill_on_drop: false }`
[INFO] running `Command { std: "docker" "inspect" "4bb2a46390226bc9e5ff488c306fc5a03f1183a54675bf4e30276feb937a016c", kill_on_drop: false }`
[INFO] running `Command { std: "docker" "exec" "-e" "SOURCE_DIR=/opt/rustwide/workdir" "-e" "CARGO_HOME=/opt/rustwide/cargo-home" "-e" "RUSTUP_HOME=/opt/rustwide/rustup-home" "-e" "CARGO_TARGET_DIR=/opt/rustwide/target" "-w" "/opt/rustwide/workdir" "--user" "0:0" "4bb2a46390226bc9e5ff488c306fc5a03f1183a54675bf4e30276feb937a016c" "/opt/rustwide/cargo-home/bin/cargo" "+1.100.0-beta.1" "metadata" "--no-deps" "--format-version=1", kill_on_drop: false }`
[INFO] running `Command { std: "docker" "inspect" "4bb2a46390226bc9e5ff488c306fc5a03f1183a54675bf4e30276feb937a016c", kill_on_drop: false }`
[INFO] running `Command { std: "docker" "exec" "-e" "SOURCE_DIR=/opt/rustwide/workdir" "-e" "CARGO_HOME=/opt/rustwide/cargo-home" "-e" "RUSTUP_HOME=/opt/rustwide/rustup-home" "-e" "CARGO_TARGET_DIR=/opt/rustwide/target" "-e" "CARGO_INCREMENTAL=0" "-e" "RUST_BACKTRACE=full" "-e" "RUSTFLAGS=--cap-lints=warn" "-e" "RUSTDOCFLAGS=--cap-lints=warn" "-w" "/opt/rustwide/workdir" "--user" "0:0" "4bb2a46390226bc9e5ff488c306fc5a03f1183a54675bf4e30276feb937a016c" "/opt/rustwide/cargo-home/bin/cargo" "+1.100.0-beta.1" "build" "--frozen" "--message-format=json" "--release", kill_on_drop: false }`
[INFO] [stderr]    Compiling syn v2.0.98
[INFO] [stderr]    Compiling once_cell v1.20.3
[INFO] [stderr]    Compiling seq-map v0.0.13
[INFO] [stderr]    Compiling log v0.4.26
[INFO] [stderr]    Compiling swamp-script-node v0.1.10
[INFO] [stderr]    Compiling thiserror v2.0.11
[INFO] [stderr]    Compiling regex-syntax v0.6.29
[INFO] [stderr]    Compiling seq-fmt v0.0.1
[INFO] [stderr]    Compiling tiny-ver v0.1.2
[INFO] [stderr]    Compiling overload v0.1.1
[INFO] [stderr]    Compiling aho-corasick v1.1.3
[INFO] [stderr]    Compiling fixed32 v0.0.17
[INFO] [stderr]    Compiling pathdiff v0.2.3
[INFO] [stderr]    Compiling anstream v0.6.18
[INFO] [stderr]    Compiling libc v0.2.169
[INFO] [stderr]    Compiling sparse-slot v0.0.4
[INFO] [stderr]    Compiling nu-ansi-term v0.46.0
[INFO] [stderr]    Compiling swamp-script-ast v0.1.10
[INFO] [stderr]    Compiling seq-set v0.0.2
[INFO] [stderr]    Compiling time-dilation v0.1.10
[INFO] [stderr]    Compiling env_filter v0.1.3
[INFO] [stderr]    Compiling squirrel-prng v0.0.1
[INFO] [stderr]    Compiling swamp-vm-types v0.1.10
[INFO] [stderr]    Compiling eira v0.1.10
[INFO] [stderr]    Compiling tracing-core v0.1.33
[INFO] [stderr]    Compiling thread_local v1.1.8
[INFO] [stderr]    Compiling swamp-vm-instr-build v0.1.10
[INFO] [stderr]    Compiling swamp-vm-disasm v0.1.10
[INFO] [stderr]    Compiling env_logger v0.11.6
[INFO] [stderr]    Compiling tracing-log v0.2.0
[INFO] [stderr]    Compiling dirs-sys v0.5.0
[INFO] [stderr]    Compiling dirs v6.0.0
[INFO] [stderr]    Compiling regex-automata v0.4.9
[INFO] [stderr]    Compiling regex-automata v0.1.10
[INFO] [stderr]    Compiling matchers v0.1.0
[INFO] [stderr]    Compiling tracing-attributes v0.1.28
[INFO] [stderr]    Compiling thiserror-impl v2.0.11
[INFO] [stderr]    Compiling test-log-macros v0.2.17
[INFO] [stderr]    Compiling regex v1.11.1
[INFO] [stderr]    Compiling tracing v0.1.41
[INFO] [stderr]    Compiling pest v2.7.15
[INFO] [stderr]    Compiling swamp-script-types v0.1.10
[INFO] [stderr]    Compiling tracing-subscriber v0.3.19
[INFO] [stderr]    Compiling swamp-script-semantic v0.1.10
[INFO] [stderr]    Compiling swamp-script-modules v0.1.10
[INFO] [stderr]    Compiling swamp-script-core-extra v0.1.10
[INFO] [stderr]    Compiling swamp-script-std v0.1.10
[INFO] [stderr]    Compiling pest_meta v2.7.15
[INFO] [stderr]    Compiling swamp-script-core v0.1.10
[INFO] [stderr]    Compiling test-log v0.2.17
[INFO] [stderr]    Compiling swamp-script-source-map v0.1.10
[INFO] [stderr]    Compiling swamp-script-source-map-lookup v0.1.10
[INFO] [stderr]    Compiling pest_generator v2.7.15
[INFO] [stderr]    Compiling swamp-script-analyzer v0.1.10
[INFO] [stderr]    Compiling swamp-script-eval v0.1.10
[INFO] [stderr]    Compiling swamp-script-pretty-print v0.1.10
[INFO] [stderr]    Compiling swamp-script-code-gen v0.1.10
[INFO] [stderr]    Compiling pest_derive v2.7.15
[INFO] [stderr]    Compiling swamp-script-parser v0.1.10
[INFO] [stderr]    Compiling swamp-script-dep-loader v0.1.10
[INFO] [stderr]    Compiling swamp-script-eval-loader v0.1.10
[INFO] [stderr]    Compiling swamp-script-error-report v0.1.10
[INFO] [stderr]    Compiling swamp-script-compile v0.1.10
[INFO] [stderr]    Compiling swamp-script-code-gen-program v0.1.10
[INFO] [stderr]    Compiling swamp-script v0.1.10 (/opt/rustwide/workdir)
[INFO] [stdout] warning: unused import: `swamp_script_std::prelude::*`
[INFO] [stdout]   --> src/prelude.rs:12:5
[INFO] [stdout]    |
[INFO] [stdout] 12 |     swamp_script_std::prelude::*, swamp_script_types::prelude::*,
[INFO] [stdout]    |     ^^^^^^^^^^^^^^^^^^^^^^^^^^^^
[INFO] [stdout]    |
[INFO] [stdout]    = note: `#[warn(unused_imports)]` (part of `#[warn(unused)]`) on by default
[INFO] [stdout] 
[INFO] [stdout] 
[INFO] [stderr] warning: unused dependency `swamp-script-code-gen-program`
[INFO] [stderr]  --> Cargo.toml:4:15
[INFO] [stderr]   |
[INFO] [stderr] 4 | [dependencies.swamp-script-code-gen-program]
[INFO] [stderr]   |               ^^^^^^^^^^^^^^^^^^^^^^^^^^^^^^
[INFO] [stderr]   |
[INFO] [stderr]   = note: `cargo::unused_dependencies` is set to `warn` by default
[INFO] [stderr] help: consider removing the dependency on `swamp-script-code-gen-program`
[INFO] [stderr] warning: `swamp-script` (manifest) generated 1 warning
[INFO] [stderr]     Finished `release` profile [optimized] target(s) in 1m 04s
[INFO] running `Command { std: "docker" "inspect" "4bb2a46390226bc9e5ff488c306fc5a03f1183a54675bf4e30276feb937a016c", kill_on_drop: false }`
[INFO] running `Command { std: "docker" "exec" "-e" "SOURCE_DIR=/opt/rustwide/workdir" "-e" "CARGO_HOME=/opt/rustwide/cargo-home" "-e" "RUSTUP_HOME=/opt/rustwide/rustup-home" "-e" "CARGO_TARGET_DIR=/opt/rustwide/target" "-e" "CARGO_INCREMENTAL=0" "-e" "RUST_BACKTRACE=full" "-e" "RUSTFLAGS=--cap-lints=warn" "-e" "RUSTDOCFLAGS=--cap-lints=warn" "-w" "/opt/rustwide/workdir" "--user" "0:0" "4bb2a46390226bc9e5ff488c306fc5a03f1183a54675bf4e30276feb937a016c" "/opt/rustwide/cargo-home/bin/cargo" "+1.100.0-beta.1" "test" "--frozen" "--no-run" "--message-format=json" "--release", kill_on_drop: false }`
[INFO] [stderr]    Compiling swamp-script v0.1.10 (/opt/rustwide/workdir)
[INFO] [stdout] warning: unused import: `swamp_script_std::prelude::*`
[INFO] [stdout]   --> src/prelude.rs:12:5
[INFO] [stdout]    |
[INFO] [stdout] 12 |     swamp_script_std::prelude::*, swamp_script_types::prelude::*,
[INFO] [stdout]    |     ^^^^^^^^^^^^^^^^^^^^^^^^^^^^
[INFO] [stdout]    |
[INFO] [stdout]    = note: `#[warn(unused_imports)]` (part of `#[warn(unused)]`) on by default
[INFO] [stdout] 
[INFO] [stdout] 
[INFO] [stdout] warning: unused import: `swamp_script_std::prelude::*`
[INFO] [stdout]   --> src/prelude.rs:12:5
[INFO] [stdout]    |
[INFO] [stdout] 12 |     swamp_script_std::prelude::*, swamp_script_types::prelude::*,
[INFO] [stdout]    |     ^^^^^^^^^^^^^^^^^^^^^^^^^^^^
[INFO] [stdout]    |
[INFO] [stdout]    = note: `#[warn(unused_imports)]` (part of `#[warn(unused)]`) on by default
[INFO] [stdout] 
[INFO] [stdout] 
[INFO] [stderr] warning: unused dependency `swamp-script-code-gen-program`
[INFO] [stderr]  --> Cargo.toml:4:15
[INFO] [stderr]   |
[INFO] [stderr] 4 | [dependencies.swamp-script-code-gen-program]
[INFO] [stderr]   |               ^^^^^^^^^^^^^^^^^^^^^^^^^^^^^^
[INFO] [stderr]   |
[INFO] [stderr]   = note: `cargo::unused_dependencies` is set to `warn` by default
[INFO] [stderr] help: consider removing the dependency on `swamp-script-code-gen-program`
[INFO] [stderr] help: to still use for development builds, move to `dev-dependencies`
[INFO] [stderr] warning: `swamp-script` (manifest) generated 1 warning
[INFO] [stderr]     Finished `release` profile [optimized] target(s) in 2.40s
[INFO] running `Command { std: "docker" "inspect" "4bb2a46390226bc9e5ff488c306fc5a03f1183a54675bf4e30276feb937a016c", kill_on_drop: false }`
[INFO] running `Command { std: "docker" "exec" "-e" "SOURCE_DIR=/opt/rustwide/workdir" "-e" "CARGO_HOME=/opt/rustwide/cargo-home" "-e" "RUSTUP_HOME=/opt/rustwide/rustup-home" "-e" "CARGO_TARGET_DIR=/opt/rustwide/target" "-e" "CARGO_INCREMENTAL=0" "-e" "RUST_BACKTRACE=full" "-e" "RUSTFLAGS=--cap-lints=warn" "-e" "RUSTDOCFLAGS=--cap-lints=warn" "-w" "/opt/rustwide/workdir" "--user" "0:0" "4bb2a46390226bc9e5ff488c306fc5a03f1183a54675bf4e30276feb937a016c" "/opt/rustwide/cargo-home/bin/cargo" "+1.100.0-beta.1" "test" "--frozen" "--release", kill_on_drop: false }`
[INFO] [stderr] warning: unused import: `swamp_script_std::prelude::*`
[INFO] [stderr]   --> src/prelude.rs:12:5
[INFO] [stderr]    |
[INFO] [stderr] 12 |     swamp_script_std::prelude::*, swamp_script_types::prelude::*,
[INFO] [stderr]    |     ^^^^^^^^^^^^^^^^^^^^^^^^^^^^
[INFO] [stderr]    |
[INFO] [stderr]    = note: `#[warn(unused_imports)]` (part of `#[warn(unused)]`) on by default
[INFO] [stderr] 
[INFO] [stderr] warning: `swamp-script` (lib) generated 1 warning (run `cargo fix --lib -p swamp-script` to apply 1 suggestion)
[INFO] [stderr] warning: `swamp-script` (lib test) generated 1 warning (1 duplicate)
[INFO] [stderr] warning: unused dependency `swamp-script-code-gen-program`
[INFO] [stderr]  --> Cargo.toml:4:15
[INFO] [stderr]   |
[INFO] [stderr] 4 | [dependencies.swamp-script-code-gen-program]
[INFO] [stderr]   |               ^^^^^^^^^^^^^^^^^^^^^^^^^^^^^^
[INFO] [stderr]   |
[INFO] [stderr]   = note: `cargo::unused_dependencies` is set to `warn` by default
[INFO] [stderr] help: consider removing the dependency on `swamp-script-code-gen-program`
[INFO] [stderr] help: to still use for development builds, move to `dev-dependencies`
[INFO] [stderr] warning: `swamp-script` (manifest) generated 1 warning
[INFO] [stderr]     Finished `release` profile [optimized] target(s) in 0.09s
[INFO] [stderr]      Running unittests src/lib.rs (/opt/rustwide/target/release/build/swamp-script/8dd19639f32fb876/out/swamp_script-8dd19639f32fb876)
[INFO] [stdout] 
[INFO] [stdout] running 0 tests
[INFO] [stdout] 
[INFO] [stdout] test result: ok. 0 passed; 0 failed; 0 ignored; 0 measured; 0 filtered out; finished in 0.00s
[INFO] [stdout] 
[INFO] [stderr]      Running tests/run.rs (/opt/rustwide/target/release/build/swamp-script/df7b6ca76f4a7411/out/run-df7b6ca76f4a7411)
[INFO] [stdout] 
[INFO] [stdout] running 1 test
[INFO] [stdout] test compile_and_run ... FAILED
[INFO] [stdout] 
[INFO] [stdout] failures:
[INFO] [stdout] 
[INFO] [stdout] ---- compile_and_run stdout ----
[INFO] [stdout] 
[INFO] [stdout] thread 'compile_and_run' (1260) panicked at tests/run.rs:19:50:
[INFO] [stdout] source map failed: Custom { kind: InvalidData, error: "could not canonicalize \"/Users/peter/external/swamp_autobattler/scripts\"" }
[INFO] [stdout] stack backtrace:
[INFO] [stdout]    0:     0x5afbf39f7261 - <<std[617be2ca0a6fd877]::sys::backtrace::BacktraceLock>::print::DisplayBacktrace as core[a373ad73a504971]::fmt::Display>::fmt
[INFO] [stdout]    1:     0x5afbf3a0e55a - core[a373ad73a504971]::fmt::write
[INFO] [stdout]    2:     0x5afbf39fb52c - <alloc[2e1b2a31b91974c5]::vec::Vec<u8> as core[a373ad73a504971]::io::write::Write>::write_fmt
[INFO] [stdout]    3:     0x5afbf39d2e16 - std[617be2ca0a6fd877]::panicking::default_hook::{closure#0}
[INFO] [stdout]    4:     0x5afbf39ef369 - std[617be2ca0a6fd877]::panicking::default_hook
[INFO] [stdout]    5:     0x5afbf36b13a0 - test[aada8e7e76ba119b]::test_main_inner::{closure#0}
[INFO] [stdout]    6:     0x5afbf39ef522 - std[617be2ca0a6fd877]::panicking::panic_with_hook
[INFO] [stdout]    7:     0x5afbf39d2ec2 - std[617be2ca0a6fd877]::panicking::panic_handler::{closure#0}
[INFO] [stdout]    8:     0x5afbf39cba19 - std[617be2ca0a6fd877]::sys::backtrace::__rust_end_short_backtrace::<std[617be2ca0a6fd877]::panicking::panic_handler::{closure#0}, !>
[INFO] [stdout]    9:     0x5afbf39d3acd - __rustc[ea4f61d10b84890b]::rust_begin_unwind
[INFO] [stdout]   10:     0x5afbf3a0ed3c - core[a373ad73a504971]::panicking::panic_fmt
[INFO] [stdout]   11:     0x5afbf3a0eb12 - core[a373ad73a504971]::result::unwrap_failed
[INFO] [stdout]   12:     0x5afbf36a2368 - <run[c30a8049c693100d]::compile_and_run::{closure#0} as core[a373ad73a504971]::ops::function::FnOnce<()>>::call_once
[INFO] [stdout]   13:     0x5afbf36a47eb - test[aada8e7e76ba119b]::__rust_begin_short_backtrace::<core[a373ad73a504971]::result::Result<(), alloc[2e1b2a31b91974c5]::string::String>, fn() -> core[a373ad73a504971]::result::Result<(), alloc[2e1b2a31b91974c5]::string::String>>
[INFO] [stdout]   14:     0x5afbf36b19c5 - test[aada8e7e76ba119b]::run_test::{closure#0}
[INFO] [stdout]   15:     0x5afbf36ab2b4 - std[617be2ca0a6fd877]::sys::backtrace::__rust_begin_short_backtrace::<test[aada8e7e76ba119b]::run_test::{closure#1}, ()>
[INFO] [stdout]   16:     0x5afbf36b4a52 - <std[617be2ca0a6fd877]::thread::lifecycle::spawn_unchecked<test[aada8e7e76ba119b]::run_test::{closure#1}, ()>::{closure#1} as core[a373ad73a504971]::ops::function::FnOnce<()>>::call_once::{shim:vtable#0}
[INFO] [stdout]   17:     0x5afbf39f672f - <std[617be2ca0a6fd877]::sys::thread::unix::Thread>::new::thread_start
[INFO] [stdout]   18:     0x74540e843dfa - <unknown>
[INFO] [stdout]   19:     0x74540e8d73d4 - clone
[INFO] [stdout]   20:                0x0 - <unknown>
[INFO] [stdout] 
[INFO] [stdout] 
[INFO] [stdout] failures:
[INFO] [stdout]     compile_and_run
[INFO] [stdout] 
[INFO] [stdout] test result: FAILED. 0 passed; 1 failed; 0 ignored; 0 measured; 0 filtered out; finished in 0.01s
[INFO] [stdout] 
[INFO] [stderr] error: test failed, to rerun pass `--test run`
[INFO] running `Command { std: "docker" "inspect" "4bb2a46390226bc9e5ff488c306fc5a03f1183a54675bf4e30276feb937a016c", kill_on_drop: false }`
[INFO] running `Command { std: "docker" "rm" "-f" "4bb2a46390226bc9e5ff488c306fc5a03f1183a54675bf4e30276feb937a016c", kill_on_drop: false }`
[INFO] [stdout] 4bb2a46390226bc9e5ff488c306fc5a03f1183a54675bf4e30276feb937a016c
