[INFO] fetching crate swamp-script-vm-test 0.1.10...
[INFO] testing swamp-script-vm-test-0.1.10 against 1.99.0-beta.8+cargoflags=--release for beta-release-1.100-2
[INFO] extracting crate swamp-script-vm-test 0.1.10 into /workspace/builds/worker-1-tc1/source
[INFO] started tweaking crates.io crate swamp-script-vm-test 0.1.10
[INFO] removed 0 missing tests
[INFO] finished tweaking crates.io crate swamp-script-vm-test 0.1.10
[INFO] tweaked toml for crates.io crate swamp-script-vm-test 0.1.10 written to /workspace/builds/worker-1-tc1/source/Cargo.toml
[INFO] validating manifest of crates.io crate swamp-script-vm-test 0.1.10 on toolchain 1.99.0-beta.8
[INFO] running `Command { std: CARGO_HOME="/workspace/cargo-home" RUSTUP_HOME="/workspace/rustup-home" "/workspace/cargo-home/bin/cargo" "+1.99.0-beta.8" "metadata" "--manifest-path" "Cargo.toml" "--no-deps", kill_on_drop: false }`
[INFO] crate crates.io crate swamp-script-vm-test 0.1.10 already has a lockfile, it will not be regenerated
[INFO] running `Command { std: CARGO_HOME="/workspace/cargo-home" RUSTUP_HOME="/workspace/rustup-home" "/workspace/cargo-home/bin/cargo" "+1.99.0-beta.8" "fetch" "--manifest-path" "Cargo.toml", kill_on_drop: false }`
[INFO] [stderr]     Updating crates.io index
[INFO] [stderr]  Downloading crates ...
[INFO] [stderr]   Downloaded test-log v0.2.17
[INFO] [stderr]   Downloaded once_cell v1.20.3
[INFO] [stderr]   Downloaded tracing-attributes v0.1.28
[INFO] [stderr]   Downloaded unicode-ident v1.0.17
[INFO] [stderr]   Downloaded fixed32 v0.0.17
[INFO] [stderr]   Downloaded hexify v0.0.3
[INFO] [stderr]   Downloaded pest_generator v2.7.15
[INFO] [stderr]   Downloaded getrandom v0.2.15
[INFO] [stderr]   Downloaded swamp-script-eval v0.1.10
[INFO] [stderr]   Downloaded redox_users v0.5.0
[INFO] [stderr]   Downloaded swamp-script-modules v0.1.10
[INFO] [stderr]   Downloaded sparse-slot v0.0.4
[INFO] [stderr]   Downloaded seq-set v0.0.2
[INFO] [stderr]   Downloaded swamp-script-error-report v0.1.10
[INFO] [stderr]   Downloaded anstyle-wincon v3.0.7
[INFO] [stderr]   Downloaded swamp-vm v0.1.10
[INFO] [stderr]   Downloaded test-log-macros v0.2.17
[INFO] [stderr]   Downloaded swamp-vm-types v0.1.10
[INFO] [stderr]   Downloaded swamp-script-dep-loader v0.1.10
[INFO] [stderr]   Downloaded squirrel-prng v0.0.1
[INFO] [stderr]   Downloaded swamp-script-code-gen-program v0.1.10
[INFO] [stderr]   Downloaded matchers v0.1.0
[INFO] [stderr]   Downloaded env_filter v0.1.3
[INFO] [stderr]   Downloaded anstyle v1.0.10
[INFO] [stderr]   Downloaded colorchoice v1.0.3
[INFO] [stderr]   Downloaded tiny-ver v0.1.2
[INFO] [stderr]   Downloaded swamp-script-pretty-print v0.1.10
[INFO] [stderr]   Downloaded swamp-script-ast v0.1.10
[INFO] [stderr]   Downloaded swamp-vm-instr-build v0.1.10
[INFO] [stderr]   Downloaded swamp-vm-disasm v0.1.10
[INFO] [stderr]   Downloaded seq-map v0.0.13
[INFO] [stderr]   Downloaded swamp-script-types v0.1.10
[INFO] [stderr]   Downloaded swamp-script-node v0.1.10
[INFO] [stderr]   Downloaded seq-fmt v0.0.1
[INFO] [stderr]   Downloaded swamp-script-source-map-lookup v0.1.10
[INFO] [stderr]   Downloaded swamp-script-semantic v0.1.10
[INFO] [stderr]   Downloaded time-dilation v0.1.10
[INFO] [stderr]   Downloaded swamp-script-std v0.1.10
[INFO] [stderr]   Downloaded swamp-script-eval-loader v0.1.10
[INFO] [stderr]   Downloaded eira v0.1.10
[INFO] [stderr]   Downloaded swamp-script-core v0.1.10
[INFO] [stderr]   Downloaded thread_local v1.1.8
[INFO] [stderr]   Downloaded anstyle-query v1.1.2
[INFO] [stderr]   Downloaded swamp-script-core-extra v0.1.10
[INFO] [stderr]   Downloaded anstream v0.6.18
[INFO] [stderr]   Downloaded swamp-script-code-gen v0.1.10
[INFO] [stderr]   Downloaded nu-ansi-term v0.46.0
[INFO] [stderr]   Downloaded overload v0.1.1
[INFO] [stderr]   Downloaded env_logger v0.11.6
[INFO] [stderr]   Downloaded anstyle-parse v0.2.6
[INFO] [stderr]   Downloaded swamp-script-source-map v0.1.10
[INFO] [stderr]   Downloaded pest_derive v2.7.15
[INFO] [stderr]   Downloaded thiserror v2.0.11
[INFO] [stderr]   Downloaded thiserror-impl v2.0.11
[INFO] [stderr]   Downloaded swamp-script-analyzer v0.1.10
[INFO] [stderr]   Downloaded swamp-script-parser v0.1.10
[INFO] [stderr]   Downloaded pest_meta v2.7.15
[INFO] [stderr]   Downloaded log v0.4.26
[INFO] [stderr]   Downloaded swamp-script-compile v0.1.10
[INFO] [stderr]   Downloaded typenum v1.18.0
[INFO] [stderr]   Downloaded tracing-subscriber v0.3.19
[INFO] [stderr]   Downloaded pest v2.7.15
[INFO] [stderr]   Downloaded regex v1.11.1
[INFO] [stderr]   Downloaded regex-syntax v0.8.5
[INFO] [stderr]   Downloaded regex-automata v0.4.9
[INFO] [stderr]   Downloaded libc v0.2.169
[INFO] running `Command { std: "docker" "create" "-v" "/var/lib/crater-agent-workspace/builds/worker-1-tc1/source:/opt/rustwide/workdir:ro,Z" "-v" "/var/lib/crater-agent-workspace/builds/worker-1-tc1/target:/opt/rustwide/target:rw,Z" "-v" "/var/lib/crater-agent-workspace/cargo-home:/opt/rustwide/cargo-home:ro,Z" "-v" "/var/lib/crater-agent-workspace/rustup-home:/opt/rustwide/rustup-home:ro,Z" "-m" "1610612736" "--network" "none" "ghcr.io/rust-lang/crates-build-env/linux@sha256:77db811e55d90add9212f6832c23229e3de5f1c1f9905e8cb07319ea15df73ac" "sleep" "infinity", kill_on_drop: false }`
[INFO] [stdout] 32718e1b91ee155e26e21de028bff6a74998fe1484dc302a7abd0aebc2a811a5
[INFO] running `Command { std: "docker" "start" "32718e1b91ee155e26e21de028bff6a74998fe1484dc302a7abd0aebc2a811a5", kill_on_drop: false }`
[INFO] running `Command { std: "docker" "inspect" "32718e1b91ee155e26e21de028bff6a74998fe1484dc302a7abd0aebc2a811a5", kill_on_drop: false }`
[INFO] running `Command { std: "docker" "exec" "-e" "SOURCE_DIR=/opt/rustwide/workdir" "-e" "CARGO_HOME=/opt/rustwide/cargo-home" "-e" "RUSTUP_HOME=/opt/rustwide/rustup-home" "-e" "CARGO_TARGET_DIR=/opt/rustwide/target" "-w" "/opt/rustwide/workdir" "--user" "0:0" "32718e1b91ee155e26e21de028bff6a74998fe1484dc302a7abd0aebc2a811a5" "/opt/rustwide/cargo-home/bin/cargo" "+1.99.0-beta.8" "metadata" "--no-deps" "--format-version=1", kill_on_drop: false }`
[INFO] running `Command { std: "docker" "inspect" "32718e1b91ee155e26e21de028bff6a74998fe1484dc302a7abd0aebc2a811a5", kill_on_drop: false }`
[INFO] running `Command { std: "docker" "exec" "-e" "SOURCE_DIR=/opt/rustwide/workdir" "-e" "CARGO_HOME=/opt/rustwide/cargo-home" "-e" "RUSTUP_HOME=/opt/rustwide/rustup-home" "-e" "CARGO_TARGET_DIR=/opt/rustwide/target" "-e" "CARGO_INCREMENTAL=0" "-e" "RUST_BACKTRACE=full" "-e" "RUSTFLAGS=--cap-lints=warn" "-e" "RUSTDOCFLAGS=--cap-lints=warn" "-w" "/opt/rustwide/workdir" "--user" "0:0" "32718e1b91ee155e26e21de028bff6a74998fe1484dc302a7abd0aebc2a811a5" "/opt/rustwide/cargo-home/bin/cargo" "+1.99.0-beta.8" "build" "--frozen" "--message-format=json" "--release", kill_on_drop: false }`
[INFO] [stderr]    Compiling proc-macro2 v1.0.93
[INFO] [stderr]    Compiling unicode-ident v1.0.17
[INFO] [stderr]    Compiling once_cell v1.20.3
[INFO] [stderr]    Compiling pin-project-lite v0.2.16
[INFO] [stderr]    Compiling seq-map v0.0.13
[INFO] [stderr]    Compiling memchr v2.7.4
[INFO] [stderr]    Compiling log v0.4.26
[INFO] [stderr]    Compiling swamp-script-node v0.1.10
[INFO] [stderr]    Compiling thiserror v2.0.11
[INFO] [stderr]    Compiling seq-fmt v0.0.1
[INFO] [stderr]    Compiling regex-syntax v0.8.5
[INFO] [stderr]    Compiling utf8parse v0.2.2
[INFO] [stderr]    Compiling tiny-ver v0.1.2
[INFO] [stderr]    Compiling tracing-core v0.1.33
[INFO] [stderr]    Compiling anstyle-parse v0.2.6
[INFO] [stderr]    Compiling fixed32 v0.0.17
[INFO] [stderr]    Compiling is_terminal_polyfill v1.70.1
[INFO] [stderr]    Compiling colorchoice v1.0.3
[INFO] [stderr]    Compiling anstyle-query v1.1.2
[INFO] [stderr]    Compiling anstyle v1.0.10
[INFO] [stderr]    Compiling overload v0.1.1
[INFO] [stderr]    Compiling thread_local v1.1.8
[INFO] [stderr]    Compiling nu-ansi-term v0.46.0
[INFO] [stderr]    Compiling matchers v0.1.0
[INFO] [stderr]    Compiling env_filter v0.1.3
[INFO] [stderr]    Compiling aho-corasick v1.1.3
[INFO] [stderr]    Compiling anstream v0.6.18
[INFO] [stderr]    Compiling quote v1.0.38
[INFO] [stderr]    Compiling tracing-log v0.2.0
[INFO] [stderr]    Compiling env_logger v0.11.6
[INFO] [stderr]    Compiling syn v2.0.98
[INFO] [stderr]    Compiling pathdiff v0.2.3
[INFO] [stderr]    Compiling ucd-trie v0.1.7
[INFO] [stderr]    Compiling libc v0.2.169
[INFO] [stderr]    Compiling sparse-slot v0.0.4
[INFO] [stderr]    Compiling swamp-script-ast v0.1.10
[INFO] [stderr]    Compiling seq-set v0.0.2
[INFO] [stderr]    Compiling time-dilation v0.1.10
[INFO] [stderr]    Compiling swamp-vm-types v0.1.10
[INFO] [stderr]    Compiling squirrel-prng v0.0.1
[INFO] [stderr]    Compiling eira v0.1.10
[INFO] [stderr]    Compiling swamp-vm-instr-build v0.1.10
[INFO] [stderr]    Compiling swamp-vm-disasm v0.1.10
[INFO] [stderr]    Compiling swamp-vm v0.1.10
[INFO] [stderr]    Compiling regex-automata v0.4.9
[INFO] [stderr]    Compiling dirs-sys v0.5.0
[INFO] [stderr]    Compiling dirs v6.0.0
[INFO] [stderr]    Compiling hexify v0.0.3
[INFO] [stderr]    Compiling tracing-attributes v0.1.28
[INFO] [stderr]    Compiling thiserror-impl v2.0.11
[INFO] [stderr]    Compiling test-log-macros v0.2.17
[INFO] [stderr]    Compiling regex v1.11.1
[INFO] [stderr]    Compiling tracing v0.1.41
[INFO] [stderr]    Compiling swamp-script-types v0.1.10
[INFO] [stderr]    Compiling tracing-subscriber v0.3.19
[INFO] [stderr]    Compiling swamp-script-semantic v0.1.10
[INFO] [stderr]    Compiling pest v2.7.15
[INFO] [stderr]    Compiling swamp-script-core-extra v0.1.10
[INFO] [stderr]    Compiling swamp-script-modules v0.1.10
[INFO] [stderr]    Compiling swamp-script-std v0.1.10
[INFO] [stderr]    Compiling swamp-script-core v0.1.10
[INFO] [stderr]    Compiling test-log v0.2.17
[INFO] [stderr]    Compiling swamp-script-source-map v0.1.10
[INFO] [stderr]    Compiling pest_meta v2.7.15
[INFO] [stderr]    Compiling swamp-script-source-map-lookup v0.1.10
[INFO] [stderr]    Compiling swamp-script-analyzer v0.1.10
[INFO] [stderr]    Compiling pest_generator v2.7.15
[INFO] [stderr]    Compiling swamp-script-eval v0.1.10
[INFO] [stderr]    Compiling swamp-script-pretty-print v0.1.10
[INFO] [stderr]    Compiling swamp-script-code-gen v0.1.10
[INFO] [stderr]    Compiling pest_derive v2.7.15
[INFO] [stderr]    Compiling swamp-script-parser v0.1.10
[INFO] [stderr]    Compiling swamp-script-dep-loader v0.1.10
[INFO] [stderr]    Compiling swamp-script-eval-loader v0.1.10
[INFO] [stderr]    Compiling swamp-script-error-report v0.1.10
[INFO] [stderr]    Compiling swamp-script-compile v0.1.10
[INFO] [stderr]    Compiling swamp-script-code-gen-program v0.1.10
[INFO] [stderr]    Compiling swamp-script-vm-test v0.1.10 (/opt/rustwide/workdir)
[INFO] [stdout] warning: unused variable: `constant_infos`
[INFO] [stdout]    --> src/util.rs:180:35
[INFO] [stdout]     |
[INFO] [stdout] 180 |     let (instructions, constants, constant_infos) = generator.take_instructions_and_constants();
[INFO] [stdout]     |                                   ^^^^^^^^^^^^^^ help: if this is intentional, prefix it with an underscore: `_constant_infos`
[INFO] [stdout]     |
[INFO] [stdout]     = note: `#[warn(unused_variables)]` (part of `#[warn(unused)]`) on by default
[INFO] [stdout] 
[INFO] [stdout] 
[INFO] [stdout] warning: function `exec` is never used
[INFO] [stdout]    --> src/util.rs:112:4
[INFO] [stdout]     |
[INFO] [stdout] 112 | fn exec(code: &str, expected_hex: &str) {
[INFO] [stdout]     |    ^^^^
[INFO] [stdout]     |
[INFO] [stdout]     = note: `#[warn(dead_code)]` (part of `#[warn(unused)]`) on by default
[INFO] [stdout] 
[INFO] [stdout] 
[INFO] [stdout] warning: function `exec_vars` is never used
[INFO] [stdout]    --> src/util.rs:212:4
[INFO] [stdout]     |
[INFO] [stdout] 212 | fn exec_vars(code: &str, expected_hex: &str) {
[INFO] [stdout]     |    ^^^^^^^^^
[INFO] [stdout] 
[INFO] [stdout] 
[INFO] [stdout] warning: function `gen_code` is never used
[INFO] [stdout]    --> src/util.rs:218:4
[INFO] [stdout]     |
[INFO] [stdout] 218 | fn gen_code(code: &str, expected_output: &str) {
[INFO] [stdout]     |    ^^^^^^^^
[INFO] [stdout] 
[INFO] [stdout] 
[INFO] [stderr]     Finished `release` profile [optimized] target(s) in 2m 12s
[INFO] running `Command { std: "docker" "inspect" "32718e1b91ee155e26e21de028bff6a74998fe1484dc302a7abd0aebc2a811a5", kill_on_drop: false }`
[INFO] running `Command { std: "docker" "exec" "-e" "SOURCE_DIR=/opt/rustwide/workdir" "-e" "CARGO_HOME=/opt/rustwide/cargo-home" "-e" "RUSTUP_HOME=/opt/rustwide/rustup-home" "-e" "CARGO_TARGET_DIR=/opt/rustwide/target" "-e" "CARGO_INCREMENTAL=0" "-e" "RUST_BACKTRACE=full" "-e" "RUSTFLAGS=--cap-lints=warn" "-e" "RUSTDOCFLAGS=--cap-lints=warn" "-w" "/opt/rustwide/workdir" "--user" "0:0" "32718e1b91ee155e26e21de028bff6a74998fe1484dc302a7abd0aebc2a811a5" "/opt/rustwide/cargo-home/bin/cargo" "+1.99.0-beta.8" "test" "--frozen" "--no-run" "--message-format=json" "--release", kill_on_drop: false }`
[INFO] [stderr]    Compiling swamp-script-vm-test v0.1.10 (/opt/rustwide/workdir)
[INFO] [stdout] warning: unused variable: `constant_infos`
[INFO] [stdout]    --> src/util.rs:180:35
[INFO] [stdout]     |
[INFO] [stdout] 180 |     let (instructions, constants, constant_infos) = generator.take_instructions_and_constants();
[INFO] [stdout]     |                                   ^^^^^^^^^^^^^^ help: if this is intentional, prefix it with an underscore: `_constant_infos`
[INFO] [stdout]     |
[INFO] [stdout]     = note: `#[warn(unused_variables)]` (part of `#[warn(unused)]`) on by default
[INFO] [stdout] 
[INFO] [stdout] 
[INFO] [stdout] warning: function `exec` is never used
[INFO] [stdout]    --> src/util.rs:112:4
[INFO] [stdout]     |
[INFO] [stdout] 112 | fn exec(code: &str, expected_hex: &str) {
[INFO] [stdout]     |    ^^^^
[INFO] [stdout]     |
[INFO] [stdout]     = note: `#[warn(dead_code)]` (part of `#[warn(unused)]`) on by default
[INFO] [stdout] 
[INFO] [stdout] 
[INFO] [stdout] warning: function `exec_vars` is never used
[INFO] [stdout]    --> src/util.rs:212:4
[INFO] [stdout]     |
[INFO] [stdout] 212 | fn exec_vars(code: &str, expected_hex: &str) {
[INFO] [stdout]     |    ^^^^^^^^^
[INFO] [stdout] 
[INFO] [stdout] 
[INFO] [stdout] warning: function `gen_code` is never used
[INFO] [stdout]    --> src/util.rs:218:4
[INFO] [stdout]     |
[INFO] [stdout] 218 | fn gen_code(code: &str, expected_output: &str) {
[INFO] [stdout]     |    ^^^^^^^^
[INFO] [stdout] 
[INFO] [stdout] 
[INFO] [stdout] warning: unused variable: `constant_infos`
[INFO] [stdout]    --> src/util.rs:180:35
[INFO] [stdout]     |
[INFO] [stdout] 180 |     let (instructions, constants, constant_infos) = generator.take_instructions_and_constants();
[INFO] [stdout]     |                                   ^^^^^^^^^^^^^^ help: if this is intentional, prefix it with an underscore: `_constant_infos`
[INFO] [stdout]     |
[INFO] [stdout]     = note: `#[warn(unused_variables)]` (part of `#[warn(unused)]`) on by default
[INFO] [stdout] 
[INFO] [stdout] 
[INFO] [stdout] warning: function `exec` is never used
[INFO] [stdout]    --> src/util.rs:112:4
[INFO] [stdout]     |
[INFO] [stdout] 112 | fn exec(code: &str, expected_hex: &str) {
[INFO] [stdout]     |    ^^^^
[INFO] [stdout]     |
[INFO] [stdout]     = note: `#[warn(dead_code)]` (part of `#[warn(unused)]`) on by default
[INFO] [stdout] 
[INFO] [stdout] 
[INFO] [stdout] warning: function `exec_vars` is never used
[INFO] [stdout]    --> src/util.rs:212:4
[INFO] [stdout]     |
[INFO] [stdout] 212 | fn exec_vars(code: &str, expected_hex: &str) {
[INFO] [stdout]     |    ^^^^^^^^^
[INFO] [stdout] 
[INFO] [stdout] 
[INFO] [stdout] warning: function `gen_code` is never used
[INFO] [stdout]    --> src/util.rs:218:4
[INFO] [stdout]     |
[INFO] [stdout] 218 | fn gen_code(code: &str, expected_output: &str) {
[INFO] [stdout]     |    ^^^^^^^^
[INFO] [stdout] 
[INFO] [stdout] 
[INFO] [stdout] warning: function `map` is never used
[INFO] [stdout]    --> tests/vm.rs:457:4
[INFO] [stdout]     |
[INFO] [stdout] 457 | fn map() {
[INFO] [stdout]     |    ^^^
[INFO] [stdout]     |
[INFO] [stdout]     = note: `#[warn(dead_code)]` (part of `#[warn(unused)]`) on by default
[INFO] [stdout] 
[INFO] [stdout] 
[INFO] [stdout] warning: function `map_remove` is never used
[INFO] [stdout]    --> tests/vm.rs:506:4
[INFO] [stdout]     |
[INFO] [stdout] 506 | fn map_remove() {
[INFO] [stdout]     |    ^^^^^^^^^^
[INFO] [stdout] 
[INFO] [stdout] 
[INFO] [stderr]     Finished `release` profile [optimized] target(s) in 35.61s
[INFO] running `Command { std: "docker" "inspect" "32718e1b91ee155e26e21de028bff6a74998fe1484dc302a7abd0aebc2a811a5", kill_on_drop: false }`
[INFO] running `Command { std: "docker" "exec" "-e" "SOURCE_DIR=/opt/rustwide/workdir" "-e" "CARGO_HOME=/opt/rustwide/cargo-home" "-e" "RUSTUP_HOME=/opt/rustwide/rustup-home" "-e" "CARGO_TARGET_DIR=/opt/rustwide/target" "-e" "CARGO_INCREMENTAL=0" "-e" "RUST_BACKTRACE=full" "-e" "RUSTFLAGS=--cap-lints=warn" "-e" "RUSTDOCFLAGS=--cap-lints=warn" "-w" "/opt/rustwide/workdir" "--user" "0:0" "32718e1b91ee155e26e21de028bff6a74998fe1484dc302a7abd0aebc2a811a5" "/opt/rustwide/cargo-home/bin/cargo" "+1.99.0-beta.8" "test" "--frozen" "--release", kill_on_drop: false }`
[INFO] [stderr] warning: unused variable: `constant_infos`
[INFO] [stderr]    --> src/util.rs:180:35
[INFO] [stderr]     |
[INFO] [stderr] 180 |     let (instructions, constants, constant_infos) = generator.take_instructions_and_constants();
[INFO] [stderr]     |                                   ^^^^^^^^^^^^^^ help: if this is intentional, prefix it with an underscore: `_constant_infos`
[INFO] [stderr]     |
[INFO] [stderr]     = note: `#[warn(unused_variables)]` (part of `#[warn(unused)]`) on by default
[INFO] [stderr] 
[INFO] [stderr] warning: function `exec` is never used
[INFO] [stderr]    --> src/util.rs:112:4
[INFO] [stderr]     |
[INFO] [stderr] 112 | fn exec(code: &str, expected_hex: &str) {
[INFO] [stderr]     |    ^^^^
[INFO] [stderr]     |
[INFO] [stderr]     = note: `#[warn(dead_code)]` (part of `#[warn(unused)]`) on by default
[INFO] [stderr] 
[INFO] [stderr] warning: function `exec_vars` is never used
[INFO] [stderr]    --> src/util.rs:212:4
[INFO] [stderr]     |
[INFO] [stderr] 212 | fn exec_vars(code: &str, expected_hex: &str) {
[INFO] [stderr]     |    ^^^^^^^^^
[INFO] [stderr] 
[INFO] [stderr] warning: function `gen_code` is never used
[INFO] [stderr]    --> src/util.rs:218:4
[INFO] [stderr]     |
[INFO] [stderr] 218 | fn gen_code(code: &str, expected_output: &str) {
[INFO] [stderr]     |    ^^^^^^^^
[INFO] [stderr] 
[INFO] [stderr] warning: `swamp-script-vm-test` (lib) generated 4 warnings (run `cargo fix --lib -p swamp-script-vm-test` to apply 1 suggestion)
[INFO] [stderr] warning: function `map` is never used
[INFO] [stderr]    --> tests/vm.rs:457:4
[INFO] [stderr]     |
[INFO] [stderr] 457 | fn map() {
[INFO] [stderr]     |    ^^^
[INFO] [stderr]     |
[INFO] [stderr]     = note: `#[warn(dead_code)]` (part of `#[warn(unused)]`) on by default
[INFO] [stderr] 
[INFO] [stderr] warning: function `map_remove` is never used
[INFO] [stderr]    --> tests/vm.rs:506:4
[INFO] [stderr]     |
[INFO] [stderr] 506 | fn map_remove() {
[INFO] [stderr]     |    ^^^^^^^^^^
[INFO] [stderr] 
[INFO] [stderr] warning: `swamp-script-vm-test` (test "vm") generated 2 warnings
[INFO] [stderr] warning: `swamp-script-vm-test` (lib test) generated 4 warnings (4 duplicates)
[INFO] [stderr]     Finished `release` profile [optimized] target(s) in 0.12s
[INFO] [stderr]      Running unittests src/lib.rs (/opt/rustwide/target/release/deps/swamp_script_vm_test-4de37f9ff019ea05)
[INFO] [stderr]      Running tests/assign.rs (/opt/rustwide/target/release/deps/assign-c56dd95d41f92254)
[INFO] [stdout] 
[INFO] [stdout] running 0 tests
[INFO] [stdout] 
[INFO] [stdout] test result: ok. 0 passed; 0 failed; 0 ignored; 0 measured; 0 filtered out; finished in 0.00s
[INFO] [stdout] 
[INFO] [stdout] 
[INFO] [stdout] running 1 test
[INFO] [stdout] test assignment ... FAILED
[INFO] [stdout] 
[INFO] [stdout] failures:
[INFO] [stdout] 
[INFO] [stdout] ---- assignment stdout ----
[INFO] [stdout] 
[INFO] [stdout] thread 'assignment' (1838) panicked at /opt/rustwide/cargo-home/registry/src/index.crates.io-1949cf8c6b5b557f/swamp-script-compile-0.1.10/src/lib.rs:375:10:
[INFO] [stdout] called `Result::unwrap()` on an `Err` value: Custom { kind: NotFound, error: "\"/root/.swamp/packages\" is not a directory" }
[INFO] [stdout] stack backtrace:
[INFO] [stdout]    0:     0x654f24ba42e1 - <<std[70759c8f55707aa4]::sys::backtrace::BacktraceLock>::print::DisplayBacktrace as core[df12db4294e9bfd3]::fmt::Display>::fmt
[INFO] [stdout]    1:     0x654f24bbb8aa - core[df12db4294e9bfd3]::fmt::write
[INFO] [stdout]    2:     0x654f24ba882c - <alloc[2182bb758b4b3781]::vec::Vec<u8> as core[df12db4294e9bfd3]::io::write::Write>::write_fmt
[INFO] [stdout]    3:     0x654f24b80026 - std[70759c8f55707aa4]::panicking::default_hook::{closure#0}
[INFO] [stdout]    4:     0x654f24b9c4b9 - std[70759c8f55707aa4]::panicking::default_hook
[INFO] [stdout]    5:     0x654f24851260 - test[9d35eded1c95d3be]::test_main_inner::<test[9d35eded1c95d3be]::test_main_static::{closure#0}>::{closure#0}
[INFO] [stdout]    6:     0x654f24b9c672 - std[70759c8f55707aa4]::panicking::panic_with_hook
[INFO] [stdout]    7:     0x654f24b800d2 - std[70759c8f55707aa4]::panicking::panic_handler::{closure#0}
[INFO] [stdout]    8:     0x654f24b78c99 - std[70759c8f55707aa4]::sys::backtrace::__rust_end_short_backtrace::<std[70759c8f55707aa4]::panicking::panic_handler::{closure#0}, !>
[INFO] [stdout]    9:     0x654f24b80ccd - __rustc[8fa7c3cbc660c2b3]::rust_begin_unwind
[INFO] [stdout]   10:     0x654f24bbc08c - core[df12db4294e9bfd3]::panicking::panic_fmt
[INFO] [stdout]   11:     0x654f24bbbe62 - core[df12db4294e9bfd3]::result::unwrap_failed
[INFO] [stdout]   12:     0x654f248eed3d - swamp_script_compile[fceeb169693ee5b6]::compile_string
[INFO] [stdout]   13:     0x654f248ded32 - swamp_script_vm_test[46fa7224f1443be3]::util::gen_internal_debug
[INFO] [stdout]   14:     0x654f2483ca7f - swamp_script_vm_test[46fa7224f1443be3]::util::exec_with_host_function::<assign[edf6d053c246ab34]::assignment::{closure#0}>
[INFO] [stdout]   15:     0x654f2483c456 - <assign[edf6d053c246ab34]::assignment::{closure#0} as core[df12db4294e9bfd3]::ops::function::FnOnce<()>>::call_once
[INFO] [stdout]   16:     0x654f2484454b - test[9d35eded1c95d3be]::__rust_begin_short_backtrace::<core[df12db4294e9bfd3]::result::Result<(), alloc[2182bb758b4b3781]::string::String>, fn() -> core[df12db4294e9bfd3]::result::Result<(), alloc[2182bb758b4b3781]::string::String>>
[INFO] [stdout]   17:     0x654f24851bb5 - test[9d35eded1c95d3be]::run_test::{closure#0}
[INFO] [stdout]   18:     0x654f2484b474 - std[70759c8f55707aa4]::sys::backtrace::__rust_begin_short_backtrace::<test[9d35eded1c95d3be]::run_test::{closure#1}, ()>
[INFO] [stdout]   19:     0x654f24854d12 - <std[70759c8f55707aa4]::thread::lifecycle::spawn_unchecked<test[9d35eded1c95d3be]::run_test::{closure#1}, ()>::{closure#1} as core[df12db4294e9bfd3]::ops::function::FnOnce<()>>::call_once::{shim:vtable#0}
[INFO] [stdout]   20:     0x654f24ba3819 - <std[70759c8f55707aa4]::sys::thread::unix::Thread>::new::thread_start
[INFO] [stdout]   21:     0x783759803dfa - <unknown>
[INFO] [stdout]   22:     0x7837598973d4 - clone
[INFO] [stdout]   23:                0x0 - <unknown>
[INFO] [stdout] 
[INFO] [stdout] 
[INFO] [stdout] failures:
[INFO] [stdout]     assignment
[INFO] [stdout] 
[INFO] [stdout] test result: FAILED. 0 passed; 1 failed; 0 ignored; 0 measured; 0 filtered out; finished in 0.00s
[INFO] [stdout] 
[INFO] [stderr] error: test failed, to rerun pass `--test assign`
[INFO] running `Command { std: "docker" "inspect" "32718e1b91ee155e26e21de028bff6a74998fe1484dc302a7abd0aebc2a811a5", kill_on_drop: false }`
[INFO] running `Command { std: "docker" "rm" "-f" "32718e1b91ee155e26e21de028bff6a74998fe1484dc302a7abd0aebc2a811a5", kill_on_drop: false }`
[INFO] [stdout] 32718e1b91ee155e26e21de028bff6a74998fe1484dc302a7abd0aebc2a811a5
