[INFO] fetching crate swamp-script-compile 0.1.10...
[INFO] testing swamp-script-compile-0.1.10 against 1.99.0-beta.8+cargoflags=--release for beta-release-1.100-2
[INFO] extracting crate swamp-script-compile 0.1.10 into /workspace/builds/worker-0-tc1/source
[INFO] started tweaking crates.io crate swamp-script-compile 0.1.10
[INFO] removed 0 missing tests
[INFO] finished tweaking crates.io crate swamp-script-compile 0.1.10
[INFO] tweaked toml for crates.io crate swamp-script-compile 0.1.10 written to /workspace/builds/worker-0-tc1/source/Cargo.toml
[INFO] validating manifest of crates.io crate swamp-script-compile 0.1.10 on toolchain 1.99.0-beta.8
[INFO] running `Command { std: CARGO_HOME="/workspace/cargo-home" RUSTUP_HOME="/workspace/rustup-home" "/workspace/cargo-home/bin/cargo" "+1.99.0-beta.8" "metadata" "--manifest-path" "Cargo.toml" "--no-deps", kill_on_drop: false }`
[INFO] crate crates.io crate swamp-script-compile 0.1.10 already has a lockfile, it will not be regenerated
[INFO] running `Command { std: CARGO_HOME="/workspace/cargo-home" RUSTUP_HOME="/workspace/rustup-home" "/workspace/cargo-home/bin/cargo" "+1.99.0-beta.8" "fetch" "--manifest-path" "Cargo.toml", kill_on_drop: false }`
[INFO] [stderr]     Updating crates.io index
[INFO] [stderr]  Downloading crates ...
[INFO] [stderr]   Downloaded time-dilation v0.1.10
[INFO] [stderr]   Downloaded swamp-script-types v0.1.10
[INFO] [stderr]   Downloaded seq-map v0.0.13
[INFO] [stderr]   Downloaded test-log-macros v0.2.17
[INFO] [stderr]   Downloaded swamp-script-std v0.1.10
[INFO] [stderr]   Downloaded fixed32 v0.0.17
[INFO] [stderr]   Downloaded test-log v0.2.17
[INFO] [stderr]   Downloaded tiny-ver v0.1.2
[INFO] [stderr]   Downloaded swamp-script-source-map-lookup v0.1.10
[INFO] [stderr]   Downloaded squirrel-prng v0.0.1
[INFO] [stderr]   Downloaded swamp-script-error-report v0.1.10
[INFO] [stderr]   Downloaded swamp-script-ast v0.1.10
[INFO] [stderr]   Downloaded swamp-script-analyzer v0.1.10
[INFO] [stderr]   Downloaded seq-fmt v0.0.1
[INFO] [stderr]   Downloaded swamp-script-source-map v0.1.10
[INFO] [stderr]   Downloaded seq-set v0.0.2
[INFO] [stderr]   Downloaded eira v0.1.10
[INFO] [stderr]   Downloaded swamp-script-parser v0.1.10
[INFO] [stderr]   Downloaded swamp-script-semantic v0.1.10
[INFO] [stderr]   Downloaded swamp-script-modules v0.1.10
[INFO] [stderr]   Downloaded swamp-script-node v0.1.10
[INFO] [stderr]   Downloaded swamp-script-pretty-print v0.1.10
[INFO] [stderr]   Downloaded swamp-script-eval-loader v0.1.10
[INFO] [stderr]   Downloaded swamp-script-eval v0.1.10
[INFO] [stderr]   Downloaded sparse-slot v0.0.4
[INFO] [stderr]   Downloaded swamp-script-dep-loader v0.1.10
[INFO] [stderr]   Downloaded swamp-script-core v0.1.10
[INFO] [stderr]   Downloaded swamp-script-core-extra v0.1.10
[INFO] running `Command { std: "docker" "create" "-v" "/var/lib/crater-agent-workspace/builds/worker-0-tc1/source:/opt/rustwide/workdir:ro,Z" "-v" "/var/lib/crater-agent-workspace/builds/worker-0-tc1/target:/opt/rustwide/target:rw,Z" "-v" "/var/lib/crater-agent-workspace/cargo-home:/opt/rustwide/cargo-home:ro,Z" "-v" "/var/lib/crater-agent-workspace/rustup-home:/opt/rustwide/rustup-home:ro,Z" "-m" "1610612736" "--network" "none" "ghcr.io/rust-lang/crates-build-env/linux@sha256:77db811e55d90add9212f6832c23229e3de5f1c1f9905e8cb07319ea15df73ac" "sleep" "infinity", kill_on_drop: false }`
[INFO] [stdout] 8012515520abb459fe294fe52ba1a5ed1b6b3c4f024f60ea61378049b37ae412
[INFO] running `Command { std: "docker" "start" "8012515520abb459fe294fe52ba1a5ed1b6b3c4f024f60ea61378049b37ae412", kill_on_drop: false }`
[INFO] running `Command { std: "docker" "inspect" "8012515520abb459fe294fe52ba1a5ed1b6b3c4f024f60ea61378049b37ae412", kill_on_drop: false }`
[INFO] running `Command { std: "docker" "exec" "-e" "SOURCE_DIR=/opt/rustwide/workdir" "-e" "CARGO_HOME=/opt/rustwide/cargo-home" "-e" "RUSTUP_HOME=/opt/rustwide/rustup-home" "-e" "CARGO_TARGET_DIR=/opt/rustwide/target" "-w" "/opt/rustwide/workdir" "--user" "0:0" "8012515520abb459fe294fe52ba1a5ed1b6b3c4f024f60ea61378049b37ae412" "/opt/rustwide/cargo-home/bin/cargo" "+1.99.0-beta.8" "metadata" "--no-deps" "--format-version=1", kill_on_drop: false }`
[INFO] running `Command { std: "docker" "inspect" "8012515520abb459fe294fe52ba1a5ed1b6b3c4f024f60ea61378049b37ae412", kill_on_drop: false }`
[INFO] running `Command { std: "docker" "exec" "-e" "SOURCE_DIR=/opt/rustwide/workdir" "-e" "CARGO_HOME=/opt/rustwide/cargo-home" "-e" "RUSTUP_HOME=/opt/rustwide/rustup-home" "-e" "CARGO_TARGET_DIR=/opt/rustwide/target" "-e" "CARGO_INCREMENTAL=0" "-e" "RUST_BACKTRACE=full" "-e" "RUSTFLAGS=--cap-lints=warn" "-e" "RUSTDOCFLAGS=--cap-lints=warn" "-w" "/opt/rustwide/workdir" "--user" "0:0" "8012515520abb459fe294fe52ba1a5ed1b6b3c4f024f60ea61378049b37ae412" "/opt/rustwide/cargo-home/bin/cargo" "+1.99.0-beta.8" "build" "--frozen" "--message-format=json" "--release", kill_on_drop: false }`
[INFO] [stderr]    Compiling proc-macro2 v1.0.93
[INFO] [stderr]    Compiling unicode-ident v1.0.17
[INFO] [stderr]    Compiling once_cell v1.20.3
[INFO] [stderr]    Compiling seq-map v0.0.13
[INFO] [stderr]    Compiling log v0.4.26
[INFO] [stderr]    Compiling thiserror v2.0.11
[INFO] [stderr]    Compiling aho-corasick v1.1.3
[INFO] [stderr]    Compiling swamp-script-node v0.1.10
[INFO] [stderr]    Compiling seq-fmt v0.0.1
[INFO] [stderr]    Compiling anstyle-parse v0.2.6
[INFO] [stderr]    Compiling anstyle v1.0.10
[INFO] [stderr]    Compiling tracing-core v0.1.33
[INFO] [stderr]    Compiling colorchoice v1.0.3
[INFO] [stderr]    Compiling tiny-ver v0.1.2
[INFO] [stderr]    Compiling anstyle-query v1.1.2
[INFO] [stderr]    Compiling fixed32 v0.0.17
[INFO] [stderr]    Compiling thread_local v1.1.8
[INFO] [stderr]    Compiling env_filter v0.1.3
[INFO] [stderr]    Compiling memchr v2.7.4
[INFO] [stderr]    Compiling tracing-log v0.2.0
[INFO] [stderr]    Compiling anstream v0.6.18
[INFO] [stderr]    Compiling quote v1.0.38
[INFO] [stderr]    Compiling env_logger v0.11.6
[INFO] [stderr]    Compiling libc v0.2.169
[INFO] [stderr]    Compiling sparse-slot v0.0.4
[INFO] [stderr]    Compiling syn v2.0.98
[INFO] [stderr]    Compiling swamp-script-ast v0.1.10
[INFO] [stderr]    Compiling yansi v1.0.1
[INFO] [stderr]    Compiling seq-set v0.0.2
[INFO] [stderr]    Compiling time-dilation v0.1.10
[INFO] [stderr]    Compiling squirrel-prng v0.0.1
[INFO] [stderr]    Compiling eira v0.1.10
[INFO] [stderr]    Compiling regex-automata v0.4.9
[INFO] [stderr]    Compiling dirs-sys v0.5.0
[INFO] [stderr]    Compiling dirs v6.0.0
[INFO] [stderr]    Compiling regex v1.11.1
[INFO] [stderr]    Compiling tracing-attributes v0.1.28
[INFO] [stderr]    Compiling thiserror-impl v2.0.11
[INFO] [stderr]    Compiling test-log-macros v0.2.17
[INFO] [stderr]    Compiling pest v2.7.15
[INFO] [stderr]    Compiling tracing v0.1.41
[INFO] [stderr]    Compiling swamp-script-types v0.1.10
[INFO] [stderr]    Compiling swamp-script-semantic v0.1.10
[INFO] [stderr]    Compiling tracing-subscriber v0.3.19
[INFO] [stderr]    Compiling pest_meta v2.7.15
[INFO] [stderr]    Compiling swamp-script-modules v0.1.10
[INFO] [stderr]    Compiling swamp-script-core-extra v0.1.10
[INFO] [stderr]    Compiling swamp-script-std v0.1.10
[INFO] [stderr]    Compiling swamp-script-core v0.1.10
[INFO] [stderr]    Compiling pest_generator v2.7.15
[INFO] [stderr]    Compiling test-log v0.2.17
[INFO] [stderr]    Compiling swamp-script-source-map v0.1.10
[INFO] [stderr]    Compiling swamp-script-source-map-lookup v0.1.10
[INFO] [stderr]    Compiling swamp-script-analyzer v0.1.10
[INFO] [stderr]    Compiling pest_derive v2.7.15
[INFO] [stderr]    Compiling swamp-script-parser v0.1.10
[INFO] [stderr]    Compiling swamp-script-eval v0.1.10
[INFO] [stderr]    Compiling swamp-script-pretty-print v0.1.10
[INFO] [stderr]    Compiling swamp-script-dep-loader v0.1.10
[INFO] [stderr]    Compiling swamp-script-eval-loader v0.1.10
[INFO] [stderr]    Compiling swamp-script-error-report v0.1.10
[INFO] [stderr]    Compiling swamp-script-compile v0.1.10 (/opt/rustwide/workdir)
[INFO] [stdout] warning: unused variable: `display_core_analyzed_definition_table`
[INFO] [stdout]    --> src/lib.rs:154:9
[INFO] [stdout]     |
[INFO] [stdout] 154 |     let display_core_analyzed_definition_table = SymbolTableDisplay {
[INFO] [stdout]     |         ^^^^^^^^^^^^^^^^^^^^^^^^^^^^^^^^^^^^^^ help: if this is intentional, prefix it with an underscore: `_display_core_analyzed_definition_table`
[INFO] [stdout]     |
[INFO] [stdout]     = note: `#[warn(unused_variables)]` (part of `#[warn(unused)]`) on by default
[INFO] [stdout] 
[INFO] [stdout] 
[INFO] [stdout] warning: unused variable: `symbol_table_display`
[INFO] [stdout]    --> src/lib.rs:189:9
[INFO] [stdout]     |
[INFO] [stdout] 189 |     let symbol_table_display = SymbolTableDisplay {
[INFO] [stdout]     |         ^^^^^^^^^^^^^^^^^^^^ help: if this is intentional, prefix it with an underscore: `_symbol_table_display`
[INFO] [stdout] 
[INFO] [stdout] 
[INFO] [stdout] warning: unused `Result` that must be used
[INFO] [stdout]    --> src/lib.rs:141:5
[INFO] [stdout]     |
[INFO] [stdout] 141 | /     core_analyzed_definition_table
[INFO] [stdout] 142 | |         .extend_intrinsic_functions_from(&default_symbol_table_for_core_with_intrinsics);
[INFO] [stdout]     | |________________________________________________________________________________________^
[INFO] [stdout]     |
[INFO] [stdout]     = note: this `Result` may be an `Err` variant, which should be handled
[INFO] [stdout]     = note: `#[warn(unused_must_use)]` (part of `#[warn(unused)]`) on by default
[INFO] [stdout] help: use `let _ = ...` to ignore the resulting value
[INFO] [stdout]     |
[INFO] [stdout] 141 |     let _ = core_analyzed_definition_table
[INFO] [stdout]     |     +++++++
[INFO] [stdout] 
[INFO] [stdout] 
[INFO] [stdout] warning: unused `Result` that must be used
[INFO] [stdout]    --> src/lib.rs:143:5
[INFO] [stdout]     |
[INFO] [stdout] 143 | /     core_analyzed_definition_table
[INFO] [stdout] 144 | |         .extend_basic_from(&default_symbol_table_for_core_with_intrinsics);
[INFO] [stdout]     | |__________________________________________________________________________^
[INFO] [stdout]     |
[INFO] [stdout]     = note: this `Result` may be an `Err` variant, which should be handled
[INFO] [stdout] help: use `let _ = ...` to ignore the resulting value
[INFO] [stdout]     |
[INFO] [stdout] 143 |     let _ = core_analyzed_definition_table
[INFO] [stdout]     |     +++++++
[INFO] [stdout] 
[INFO] [stdout] 
[INFO] [stderr]     Finished `release` profile [optimized] target(s) in 1m 50s
[INFO] running `Command { std: "docker" "inspect" "8012515520abb459fe294fe52ba1a5ed1b6b3c4f024f60ea61378049b37ae412", kill_on_drop: false }`
[INFO] running `Command { std: "docker" "exec" "-e" "SOURCE_DIR=/opt/rustwide/workdir" "-e" "CARGO_HOME=/opt/rustwide/cargo-home" "-e" "RUSTUP_HOME=/opt/rustwide/rustup-home" "-e" "CARGO_TARGET_DIR=/opt/rustwide/target" "-e" "CARGO_INCREMENTAL=0" "-e" "RUST_BACKTRACE=full" "-e" "RUSTFLAGS=--cap-lints=warn" "-e" "RUSTDOCFLAGS=--cap-lints=warn" "-w" "/opt/rustwide/workdir" "--user" "0:0" "8012515520abb459fe294fe52ba1a5ed1b6b3c4f024f60ea61378049b37ae412" "/opt/rustwide/cargo-home/bin/cargo" "+1.99.0-beta.8" "test" "--frozen" "--no-run" "--message-format=json" "--release", kill_on_drop: false }`
[INFO] [stderr]    Compiling swamp-script-compile v0.1.10 (/opt/rustwide/workdir)
[INFO] [stdout] warning: unused variable: `display_core_analyzed_definition_table`
[INFO] [stdout]    --> src/lib.rs:154:9
[INFO] [stdout]     |
[INFO] [stdout] 154 |     let display_core_analyzed_definition_table = SymbolTableDisplay {
[INFO] [stdout]     |         ^^^^^^^^^^^^^^^^^^^^^^^^^^^^^^^^^^^^^^ help: if this is intentional, prefix it with an underscore: `_display_core_analyzed_definition_table`
[INFO] [stdout]     |
[INFO] [stdout]     = note: `#[warn(unused_variables)]` (part of `#[warn(unused)]`) on by default
[INFO] [stdout] 
[INFO] [stdout] 
[INFO] [stdout] warning: unused variable: `symbol_table_display`
[INFO] [stdout]    --> src/lib.rs:189:9
[INFO] [stdout]     |
[INFO] [stdout] 189 |     let symbol_table_display = SymbolTableDisplay {
[INFO] [stdout]     |         ^^^^^^^^^^^^^^^^^^^^ help: if this is intentional, prefix it with an underscore: `_symbol_table_display`
[INFO] [stdout] 
[INFO] [stdout] 
[INFO] [stdout] warning: unused `Result` that must be used
[INFO] [stdout]    --> src/lib.rs:141:5
[INFO] [stdout]     |
[INFO] [stdout] 141 | /     core_analyzed_definition_table
[INFO] [stdout] 142 | |         .extend_intrinsic_functions_from(&default_symbol_table_for_core_with_intrinsics);
[INFO] [stdout]     | |________________________________________________________________________________________^
[INFO] [stdout]     |
[INFO] [stdout]     = note: this `Result` may be an `Err` variant, which should be handled
[INFO] [stdout]     = note: `#[warn(unused_must_use)]` (part of `#[warn(unused)]`) on by default
[INFO] [stdout] help: use `let _ = ...` to ignore the resulting value
[INFO] [stdout]     |
[INFO] [stdout] 141 |     let _ = core_analyzed_definition_table
[INFO] [stdout]     |     +++++++
[INFO] [stdout] 
[INFO] [stdout] 
[INFO] [stdout] warning: unused `Result` that must be used
[INFO] [stdout]    --> src/lib.rs:143:5
[INFO] [stdout]     |
[INFO] [stdout] 143 | /     core_analyzed_definition_table
[INFO] [stdout] 144 | |         .extend_basic_from(&default_symbol_table_for_core_with_intrinsics);
[INFO] [stdout]     | |__________________________________________________________________________^
[INFO] [stdout]     |
[INFO] [stdout]     = note: this `Result` may be an `Err` variant, which should be handled
[INFO] [stdout] help: use `let _ = ...` to ignore the resulting value
[INFO] [stdout]     |
[INFO] [stdout] 143 |     let _ = core_analyzed_definition_table
[INFO] [stdout]     |     +++++++
[INFO] [stdout] 
[INFO] [stdout] 
[INFO] [stdout] warning: unused variable: `display_core_analyzed_definition_table`
[INFO] [stdout]    --> src/lib.rs:154:9
[INFO] [stdout]     |
[INFO] [stdout] 154 |     let display_core_analyzed_definition_table = SymbolTableDisplay {
[INFO] [stdout]     |         ^^^^^^^^^^^^^^^^^^^^^^^^^^^^^^^^^^^^^^ help: if this is intentional, prefix it with an underscore: `_display_core_analyzed_definition_table`
[INFO] [stdout]     |
[INFO] [stdout]     = note: `#[warn(unused_variables)]` (part of `#[warn(unused)]`) on by default
[INFO] [stdout] 
[INFO] [stdout] 
[INFO] [stdout] warning: unused variable: `symbol_table_display`
[INFO] [stdout]    --> src/lib.rs:189:9
[INFO] [stdout]     |
[INFO] [stdout] 189 |     let symbol_table_display = SymbolTableDisplay {
[INFO] [stdout]     |         ^^^^^^^^^^^^^^^^^^^^ help: if this is intentional, prefix it with an underscore: `_symbol_table_display`
[INFO] [stdout] 
[INFO] [stdout] 
[INFO] [stdout] warning: function `check_fail` is never used
[INFO] [stdout]   --> tests/util.rs:36:8
[INFO] [stdout]    |
[INFO] [stdout] 36 | pub fn check_fail(script: &str, expected_error_message: &str) {
[INFO] [stdout]    |        ^^^^^^^^^^
[INFO] [stdout]    |
[INFO] [stdout]    = note: `#[warn(dead_code)]` (part of `#[warn(unused)]`) on by default
[INFO] [stdout] 
[INFO] [stdout] 
[INFO] [stdout] warning: unused `Result` that must be used
[INFO] [stdout]    --> src/lib.rs:141:5
[INFO] [stdout]     |
[INFO] [stdout] 141 | /     core_analyzed_definition_table
[INFO] [stdout] 142 | |         .extend_intrinsic_functions_from(&default_symbol_table_for_core_with_intrinsics);
[INFO] [stdout]     | |________________________________________________________________________________________^
[INFO] [stdout]     |
[INFO] [stdout]     = note: this `Result` may be an `Err` variant, which should be handled
[INFO] [stdout]     = note: `#[warn(unused_must_use)]` (part of `#[warn(unused)]`) on by default
[INFO] [stdout] help: use `let _ = ...` to ignore the resulting value
[INFO] [stdout]     |
[INFO] [stdout] 141 |     let _ = core_analyzed_definition_table
[INFO] [stdout]     |     +++++++
[INFO] [stdout] 
[INFO] [stdout] 
[INFO] [stdout] warning: unused `Result` that must be used
[INFO] [stdout]    --> src/lib.rs:143:5
[INFO] [stdout]     |
[INFO] [stdout] 143 | /     core_analyzed_definition_table
[INFO] [stdout] 144 | |         .extend_basic_from(&default_symbol_table_for_core_with_intrinsics);
[INFO] [stdout]     | |__________________________________________________________________________^
[INFO] [stdout]     |
[INFO] [stdout]     = note: this `Result` may be an `Err` variant, which should be handled
[INFO] [stdout] help: use `let _ = ...` to ignore the resulting value
[INFO] [stdout]     |
[INFO] [stdout] 143 |     let _ = core_analyzed_definition_table
[INFO] [stdout]     |     +++++++
[INFO] [stdout] 
[INFO] [stdout] 
[INFO] [stderr]     Finished `release` profile [optimized] target(s) in 4.21s
[INFO] running `Command { std: "docker" "inspect" "8012515520abb459fe294fe52ba1a5ed1b6b3c4f024f60ea61378049b37ae412", kill_on_drop: false }`
[INFO] running `Command { std: "docker" "exec" "-e" "SOURCE_DIR=/opt/rustwide/workdir" "-e" "CARGO_HOME=/opt/rustwide/cargo-home" "-e" "RUSTUP_HOME=/opt/rustwide/rustup-home" "-e" "CARGO_TARGET_DIR=/opt/rustwide/target" "-e" "CARGO_INCREMENTAL=0" "-e" "RUST_BACKTRACE=full" "-e" "RUSTFLAGS=--cap-lints=warn" "-e" "RUSTDOCFLAGS=--cap-lints=warn" "-w" "/opt/rustwide/workdir" "--user" "0:0" "8012515520abb459fe294fe52ba1a5ed1b6b3c4f024f60ea61378049b37ae412" "/opt/rustwide/cargo-home/bin/cargo" "+1.99.0-beta.8" "test" "--frozen" "--release", kill_on_drop: false }`
[INFO] [stderr] warning: unused variable: `display_core_analyzed_definition_table`
[INFO] [stderr]    --> src/lib.rs:154:9
[INFO] [stderr]     |
[INFO] [stderr] 154 |     let display_core_analyzed_definition_table = SymbolTableDisplay {
[INFO] [stderr]     |         ^^^^^^^^^^^^^^^^^^^^^^^^^^^^^^^^^^^^^^ help: if this is intentional, prefix it with an underscore: `_display_core_analyzed_definition_table`
[INFO] [stderr]     |
[INFO] [stderr]     = note: `#[warn(unused_variables)]` (part of `#[warn(unused)]`) on by default
[INFO] [stderr] 
[INFO] [stderr] warning: unused variable: `symbol_table_display`
[INFO] [stderr]    --> src/lib.rs:189:9
[INFO] [stderr]     |
[INFO] [stderr] 189 |     let symbol_table_display = SymbolTableDisplay {
[INFO] [stderr]     |         ^^^^^^^^^^^^^^^^^^^^ help: if this is intentional, prefix it with an underscore: `_symbol_table_display`
[INFO] [stderr] 
[INFO] [stderr] warning: unused `Result` that must be used
[INFO] [stderr]    --> src/lib.rs:141:5
[INFO] [stderr]     |
[INFO] [stderr] 141 | /     core_analyzed_definition_table
[INFO] [stderr] 142 | |         .extend_intrinsic_functions_from(&default_symbol_table_for_core_with_intrinsics);
[INFO] [stderr]     | |________________________________________________________________________________________^
[INFO] [stderr]     |
[INFO] [stderr]     = note: this `Result` may be an `Err` variant, which should be handled
[INFO] [stderr]     = note: `#[warn(unused_must_use)]` (part of `#[warn(unused)]`) on by default
[INFO] [stderr] help: use `let _ = ...` to ignore the resulting value
[INFO] [stderr]     |
[INFO] [stderr] 141 |     let _ = core_analyzed_definition_table
[INFO] [stderr]     |     +++++++
[INFO] [stderr] 
[INFO] [stderr] warning: unused `Result` that must be used
[INFO] [stderr]    --> src/lib.rs:143:5
[INFO] [stderr]     |
[INFO] [stderr] 143 | /     core_analyzed_definition_table
[INFO] [stderr] 144 | |         .extend_basic_from(&default_symbol_table_for_core_with_intrinsics);
[INFO] [stderr]     | |__________________________________________________________________________^
[INFO] [stderr]     |
[INFO] [stderr]     = note: this `Result` may be an `Err` variant, which should be handled
[INFO] [stderr] help: use `let _ = ...` to ignore the resulting value
[INFO] [stderr]     |
[INFO] [stderr] 143 |     let _ = core_analyzed_definition_table
[INFO] [stderr]     |     +++++++
[INFO] [stderr] 
[INFO] [stderr] warning: `swamp-script-compile` (lib) generated 4 warnings (run `cargo fix --lib -p swamp-script-compile` to apply 2 suggestions)
[INFO] [stderr] warning: `swamp-script-compile` (lib test) generated 4 warnings (4 duplicates)
[INFO] [stderr] warning: function `check_fail` is never used
[INFO] [stderr]   --> tests/util.rs:36:8
[INFO] [stderr]    |
[INFO] [stderr] 36 | pub fn check_fail(script: &str, expected_error_message: &str) {
[INFO] [stderr]    |        ^^^^^^^^^^
[INFO] [stderr]    |
[INFO] [stderr]    = note: `#[warn(dead_code)]` (part of `#[warn(unused)]`) on by default
[INFO] [stderr] 
[INFO] [stderr] warning: `swamp-script-compile` (test "analyze") generated 1 warning
[INFO] [stderr]     Finished `release` profile [optimized] target(s) in 0.12s
[INFO] [stderr]      Running unittests src/lib.rs (/opt/rustwide/target/release/deps/swamp_script_compile-aaa17ebb9af11aa3)
[INFO] [stdout] 
[INFO] [stdout] running 0 tests
[INFO] [stdout] 
[INFO] [stdout] test result: ok. 0 passed; 0 failed; 0 ignored; 0 measured; 0 filtered out; finished in 0.00s
[INFO] [stdout] 
[INFO] [stderr]      Running tests/analyze.rs (/opt/rustwide/target/release/deps/analyze-4afb14f64ced22d5)
[INFO] [stdout] 
[INFO] [stdout] running 1 test
[INFO] [stdout] test blueprint_add_with_field ... FAILED
[INFO] [stdout] 
[INFO] [stdout] failures:
[INFO] [stdout] 
[INFO] [stdout] ---- blueprint_add_with_field stdout ----
[INFO] [stdout] 
[INFO] [stdout] thread 'blueprint_add_with_field' (1167) panicked at src/lib.rs:375:10:
[INFO] [stdout] called `Result::unwrap()` on an `Err` value: Custom { kind: NotFound, error: "\"/root/.swamp/packages\" is not a directory" }
[INFO] [stdout] stack backtrace:
[INFO] [stdout]    0:     0x5f052a5d3411 - <<std[70759c8f55707aa4]::sys::backtrace::BacktraceLock>::print::DisplayBacktrace as core[df12db4294e9bfd3]::fmt::Display>::fmt
[INFO] [stdout]    1:     0x5f052a5ea9da - core[df12db4294e9bfd3]::fmt::write
[INFO] [stdout]    2:     0x5f052a5d795c - <alloc[2182bb758b4b3781]::vec::Vec<u8> as core[df12db4294e9bfd3]::io::write::Write>::write_fmt
[INFO] [stdout]    3:     0x5f052a5af156 - std[70759c8f55707aa4]::panicking::default_hook::{closure#0}
[INFO] [stdout]    4:     0x5f052a5cb5e9 - std[70759c8f55707aa4]::panicking::default_hook
[INFO] [stdout]    5:     0x5f052a28ea20 - test[9d35eded1c95d3be]::test_main_inner::<test[9d35eded1c95d3be]::test_main_static::{closure#0}>::{closure#0}
[INFO] [stdout]    6:     0x5f052a5cb7a2 - std[70759c8f55707aa4]::panicking::panic_with_hook
[INFO] [stdout]    7:     0x5f052a5af202 - std[70759c8f55707aa4]::panicking::panic_handler::{closure#0}
[INFO] [stdout]    8:     0x5f052a5a7dc9 - std[70759c8f55707aa4]::sys::backtrace::__rust_end_short_backtrace::<std[70759c8f55707aa4]::panicking::panic_handler::{closure#0}, !>
[INFO] [stdout]    9:     0x5f052a5afdfd - __rustc[8fa7c3cbc660c2b3]::rust_begin_unwind
[INFO] [stdout]   10:     0x5f052a5eb1bc - core[df12db4294e9bfd3]::panicking::panic_fmt
[INFO] [stdout]   11:     0x5f052a5eaf92 - core[df12db4294e9bfd3]::result::unwrap_failed
[INFO] [stdout]   12:     0x5f052a32076d - swamp_script_compile[b196e2354d960ef3]::compile_string
[INFO] [stdout]   13:     0x5f052a2800bd - analyze[9c77c14433f41f26]::util::check
[INFO] [stdout]   14:     0x5f052a26d18c - <analyze[9c77c14433f41f26]::blueprint_add_with_field::{closure#0} as core[df12db4294e9bfd3]::ops::function::FnOnce<()>>::call_once
[INFO] [stdout]   15:     0x5f052a281d0b - test[9d35eded1c95d3be]::__rust_begin_short_backtrace::<core[df12db4294e9bfd3]::result::Result<(), alloc[2182bb758b4b3781]::string::String>, fn() -> core[df12db4294e9bfd3]::result::Result<(), alloc[2182bb758b4b3781]::string::String>>
[INFO] [stdout]   16:     0x5f052a28f375 - test[9d35eded1c95d3be]::run_test::{closure#0}
[INFO] [stdout]   17:     0x5f052a288c34 - std[70759c8f55707aa4]::sys::backtrace::__rust_begin_short_backtrace::<test[9d35eded1c95d3be]::run_test::{closure#1}, ()>
[INFO] [stdout]   18:     0x5f052a2924d2 - <std[70759c8f55707aa4]::thread::lifecycle::spawn_unchecked<test[9d35eded1c95d3be]::run_test::{closure#1}, ()>::{closure#1} as core[df12db4294e9bfd3]::ops::function::FnOnce<()>>::call_once::{shim:vtable#0}
[INFO] [stdout]   19:     0x5f052a5d2949 - <std[70759c8f55707aa4]::sys::thread::unix::Thread>::new::thread_start
[INFO] [stdout]   20:     0x786fc736ddfa - <unknown>
[INFO] [stdout]   21:     0x786fc74013d4 - clone
[INFO] [stdout]   22:                0x0 - <unknown>
[INFO] [stdout] 
[INFO] [stdout] 
[INFO] [stdout] failures:
[INFO] [stdout]     blueprint_add_with_field
[INFO] [stdout] 
[INFO] [stdout] test result: FAILED. 0 passed; 1 failed; 0 ignored; 0 measured; 0 filtered out; finished in 0.00s
[INFO] [stdout] 
[INFO] [stderr] error: test failed, to rerun pass `--test analyze`
[INFO] running `Command { std: "docker" "inspect" "8012515520abb459fe294fe52ba1a5ed1b6b3c4f024f60ea61378049b37ae412", kill_on_drop: false }`
[INFO] running `Command { std: "docker" "rm" "-f" "8012515520abb459fe294fe52ba1a5ed1b6b3c4f024f60ea61378049b37ae412", kill_on_drop: false }`
[INFO] [stdout] 8012515520abb459fe294fe52ba1a5ed1b6b3c4f024f60ea61378049b37ae412
