[INFO] fetching crate swamp-eval 0.1.16...
[INFO] testing swamp-eval-0.1.16 against 1.100.0-beta.1+cargoflags=--release for beta-release-1.100-2
[INFO] extracting crate swamp-eval 0.1.16 into /workspace/builds/worker-4-tc2/source
[INFO] started tweaking crates.io crate swamp-eval 0.1.16
[INFO] removed 0 missing tests
[INFO] finished tweaking crates.io crate swamp-eval 0.1.16
[INFO] tweaked toml for crates.io crate swamp-eval 0.1.16 written to /workspace/builds/worker-4-tc2/source/Cargo.toml
[INFO] validating manifest of crates.io crate swamp-eval 0.1.16 on toolchain 1.100.0-beta.1
[INFO] running `Command { std: CARGO_HOME="/workspace/cargo-home" RUSTUP_HOME="/workspace/rustup-home" "/workspace/cargo-home/bin/cargo" "+1.100.0-beta.1" "metadata" "--manifest-path" "Cargo.toml" "--no-deps", kill_on_drop: false }`
[INFO] crate crates.io crate swamp-eval 0.1.16 already has a lockfile, it will not be regenerated
[INFO] running `Command { std: CARGO_HOME="/workspace/cargo-home" RUSTUP_HOME="/workspace/rustup-home" "/workspace/cargo-home/bin/cargo" "+1.100.0-beta.1" "fetch" "--manifest-path" "Cargo.toml", kill_on_drop: false }`
[INFO] running `Command { std: "docker" "create" "-v" "/var/lib/crater-agent-workspace/builds/worker-4-tc2/source:/opt/rustwide/workdir:ro,Z" "-v" "/var/lib/crater-agent-workspace/builds/worker-4-tc2/target:/opt/rustwide/target:rw,Z" "-v" "/var/lib/crater-agent-workspace/cargo-home:/opt/rustwide/cargo-home:ro,Z" "-v" "/var/lib/crater-agent-workspace/rustup-home:/opt/rustwide/rustup-home:ro,Z" "-m" "1610612736" "--network" "none" "ghcr.io/rust-lang/crates-build-env/linux@sha256:77db811e55d90add9212f6832c23229e3de5f1c1f9905e8cb07319ea15df73ac" "sleep" "infinity", kill_on_drop: false }`
[INFO] [stdout] 71a0d279f6784499378028930a2ff8d5b0161b2b3e282a5cf34a1533c744f85f
[INFO] running `Command { std: "docker" "start" "71a0d279f6784499378028930a2ff8d5b0161b2b3e282a5cf34a1533c744f85f", kill_on_drop: false }`
[INFO] running `Command { std: "docker" "inspect" "71a0d279f6784499378028930a2ff8d5b0161b2b3e282a5cf34a1533c744f85f", kill_on_drop: false }`
[INFO] running `Command { std: "docker" "exec" "-e" "SOURCE_DIR=/opt/rustwide/workdir" "-e" "CARGO_HOME=/opt/rustwide/cargo-home" "-e" "RUSTUP_HOME=/opt/rustwide/rustup-home" "-e" "CARGO_TARGET_DIR=/opt/rustwide/target" "-w" "/opt/rustwide/workdir" "--user" "0:0" "71a0d279f6784499378028930a2ff8d5b0161b2b3e282a5cf34a1533c744f85f" "/opt/rustwide/cargo-home/bin/cargo" "+1.100.0-beta.1" "metadata" "--no-deps" "--format-version=1", kill_on_drop: false }`
[INFO] running `Command { std: "docker" "inspect" "71a0d279f6784499378028930a2ff8d5b0161b2b3e282a5cf34a1533c744f85f", kill_on_drop: false }`
[INFO] running `Command { std: "docker" "exec" "-e" "SOURCE_DIR=/opt/rustwide/workdir" "-e" "CARGO_HOME=/opt/rustwide/cargo-home" "-e" "RUSTUP_HOME=/opt/rustwide/rustup-home" "-e" "CARGO_TARGET_DIR=/opt/rustwide/target" "-e" "CARGO_INCREMENTAL=0" "-e" "RUST_BACKTRACE=full" "-e" "RUSTFLAGS=--cap-lints=warn" "-e" "RUSTDOCFLAGS=--cap-lints=warn" "-w" "/opt/rustwide/workdir" "--user" "0:0" "71a0d279f6784499378028930a2ff8d5b0161b2b3e282a5cf34a1533c744f85f" "/opt/rustwide/cargo-home/bin/cargo" "+1.100.0-beta.1" "build" "--frozen" "--message-format=json" "--release", kill_on_drop: false }`
[INFO] [stderr]    Compiling unicode-ident v1.0.17
[INFO] [stderr]    Compiling once_cell v1.20.3
[INFO] [stderr]    Compiling seq-map v0.0.13
[INFO] [stderr]    Compiling source-map-node v0.0.1
[INFO] [stderr]    Compiling seq-fmt v0.0.1
[INFO] [stderr]    Compiling tiny-ver v0.1.2
[INFO] [stderr]    Compiling fixed32 v0.0.17
[INFO] [stderr]    Compiling sparse-slot v0.0.4
[INFO] [stderr]    Compiling pathdiff v0.2.3
[INFO] [stderr]    Compiling squirrel-prng v0.0.1
[INFO] [stderr]    Compiling proc-macro2 v1.0.93
[INFO] [stderr]    Compiling tracing-core v0.1.33
[INFO] [stderr]    Compiling swamp-types v0.1.16
[INFO] [stderr]    Compiling source-map-cache v0.0.1
[INFO] [stderr]    Compiling quote v1.0.38
[INFO] [stderr]    Compiling syn v2.0.98
[INFO] [stderr]    Compiling tracing-attributes v0.1.28
[INFO] [stderr]    Compiling tracing v0.1.41
[INFO] [stderr]    Compiling swamp-semantic v0.1.16
[INFO] [stderr]    Compiling swamp-core-extra v0.1.16
[INFO] [stderr]    Compiling swamp-eval v0.1.16 (/opt/rustwide/workdir)
[INFO] [stdout] warning: unreachable pattern
[INFO] [stdout]     --> src/lib.rs:1777:13
[INFO] [stdout]      |
[INFO] [stdout] 1638 |             IntrinsicFunction::VecFindMap => {
[INFO] [stdout]      |             ----------------------------- matches all the relevant values
[INFO] [stdout] ...
[INFO] [stdout] 1777 |             IntrinsicFunction::VecFindMap => {
[INFO] [stdout]      |             ^^^^^^^^^^^^^^^^^^^^^^^^^^^^^ no value can reach this
[INFO] [stdout]      |
[INFO] [stdout]      = note: `#[warn(unreachable_patterns)]` (part of `#[warn(unused)]`) on by default
[INFO] [stdout] 
[INFO] [stdout] 
[INFO] [stdout] warning: methods `overwrite_existing_var_ref` and `overwrite_existing_var_mem` are never used
[INFO] [stdout]    --> src/block.rs:261:12
[INFO] [stdout]     |
[INFO] [stdout]  76 | impl BlockScopes {
[INFO] [stdout]     | ---------------- methods in this implementation
[INFO] [stdout] ...
[INFO] [stdout] 261 |     pub fn overwrite_existing_var_ref(
[INFO] [stdout]     |            ^^^^^^^^^^^^^^^^^^^^^^^^^^
[INFO] [stdout] ...
[INFO] [stdout] 303 |     pub fn overwrite_existing_var_mem(
[INFO] [stdout]     |            ^^^^^^^^^^^^^^^^^^^^^^^^^^
[INFO] [stdout]     |
[INFO] [stdout]     = note: `#[warn(dead_code)]` (part of `#[warn(unused)]`) on by default
[INFO] [stdout] 
[INFO] [stdout] 
[INFO] [stdout] warning: hiding a lifetime that's elided elsewhere is confusing
[INFO] [stdout]    --> src/value_ref.rs:105:18
[INFO] [stdout]     |
[INFO] [stdout] 105 |     pub fn unref(&self) -> Ref<Value> {
[INFO] [stdout]     |                  ^^^^^     ^^^^^^^^^^ the same lifetime is hidden here
[INFO] [stdout]     |                  |
[INFO] [stdout]     |                  the lifetime is elided here
[INFO] [stdout]     |
[INFO] [stdout]     = help: the same lifetime is referred to in inconsistent ways, making the signature confusing
[INFO] [stdout]     = note: `#[warn(mismatched_lifetime_syntaxes)]` on by default
[INFO] [stdout] help: use `'_` for type paths
[INFO] [stdout]     |
[INFO] [stdout] 105 |     pub fn unref(&self) -> Ref<'_, Value> {
[INFO] [stdout]     |                                +++
[INFO] [stdout] 
[INFO] [stdout] 
[INFO] [stderr]     Finished `release` profile [optimized] target(s) in 17.18s
[INFO] running `Command { std: "docker" "inspect" "71a0d279f6784499378028930a2ff8d5b0161b2b3e282a5cf34a1533c744f85f", kill_on_drop: false }`
[INFO] running `Command { std: "docker" "exec" "-e" "SOURCE_DIR=/opt/rustwide/workdir" "-e" "CARGO_HOME=/opt/rustwide/cargo-home" "-e" "RUSTUP_HOME=/opt/rustwide/rustup-home" "-e" "CARGO_TARGET_DIR=/opt/rustwide/target" "-e" "CARGO_INCREMENTAL=0" "-e" "RUST_BACKTRACE=full" "-e" "RUSTFLAGS=--cap-lints=warn" "-e" "RUSTDOCFLAGS=--cap-lints=warn" "-w" "/opt/rustwide/workdir" "--user" "0:0" "71a0d279f6784499378028930a2ff8d5b0161b2b3e282a5cf34a1533c744f85f" "/opt/rustwide/cargo-home/bin/cargo" "+1.100.0-beta.1" "test" "--frozen" "--no-run" "--message-format=json" "--release", kill_on_drop: false }`
[INFO] [stderr]    Compiling tracing-core v0.1.33
[INFO] [stderr]    Compiling log v0.4.26
[INFO] [stderr]    Compiling regex-syntax v0.8.5
[INFO] [stderr]    Compiling colorchoice v1.0.3
[INFO] [stderr]    Compiling is_terminal_polyfill v1.70.1
[INFO] [stderr]    Compiling anstyle v1.0.10
[INFO] [stderr]    Compiling anstyle-query v1.1.2
[INFO] [stderr]    Compiling anstyle-parse v0.2.6
[INFO] [stderr]    Compiling overload v0.1.1
[INFO] [stderr]    Compiling test-log-macros v0.2.17
[INFO] [stderr]    Compiling thread_local v1.1.8
[INFO] [stderr]    Compiling matchers v0.1.0
[INFO] [stderr]    Compiling nu-ansi-term v0.46.0
[INFO] [stderr]    Compiling anstream v0.6.18
[INFO] [stderr]    Compiling env_filter v0.1.3
[INFO] [stderr]    Compiling tracing v0.1.41
[INFO] [stderr]    Compiling tracing-log v0.2.0
[INFO] [stderr]    Compiling env_logger v0.11.6
[INFO] [stderr]    Compiling swamp-semantic v0.1.16
[INFO] [stderr]    Compiling swamp-core-extra v0.1.16
[INFO] [stderr]    Compiling swamp-eval v0.1.16 (/opt/rustwide/workdir)
[INFO] [stderr]    Compiling regex-automata v0.4.9
[INFO] [stdout] warning: unreachable pattern
[INFO] [stdout]     --> src/lib.rs:1777:13
[INFO] [stdout]      |
[INFO] [stdout] 1638 |             IntrinsicFunction::VecFindMap => {
[INFO] [stdout]      |             ----------------------------- matches all the relevant values
[INFO] [stdout] ...
[INFO] [stdout] 1777 |             IntrinsicFunction::VecFindMap => {
[INFO] [stdout]      |             ^^^^^^^^^^^^^^^^^^^^^^^^^^^^^ no value can reach this
[INFO] [stdout]      |
[INFO] [stdout]      = note: `#[warn(unreachable_patterns)]` (part of `#[warn(unused)]`) on by default
[INFO] [stdout] 
[INFO] [stdout] 
[INFO] [stdout] warning: methods `overwrite_existing_var_ref` and `overwrite_existing_var_mem` are never used
[INFO] [stdout]    --> src/block.rs:261:12
[INFO] [stdout]     |
[INFO] [stdout]  76 | impl BlockScopes {
[INFO] [stdout]     | ---------------- methods in this implementation
[INFO] [stdout] ...
[INFO] [stdout] 261 |     pub fn overwrite_existing_var_ref(
[INFO] [stdout]     |            ^^^^^^^^^^^^^^^^^^^^^^^^^^
[INFO] [stdout] ...
[INFO] [stdout] 303 |     pub fn overwrite_existing_var_mem(
[INFO] [stdout]     |            ^^^^^^^^^^^^^^^^^^^^^^^^^^
[INFO] [stdout]     |
[INFO] [stdout]     = note: `#[warn(dead_code)]` (part of `#[warn(unused)]`) on by default
[INFO] [stdout] 
[INFO] [stdout] 
[INFO] [stdout] warning: hiding a lifetime that's elided elsewhere is confusing
[INFO] [stdout]    --> src/value_ref.rs:105:18
[INFO] [stdout]     |
[INFO] [stdout] 105 |     pub fn unref(&self) -> Ref<Value> {
[INFO] [stdout]     |                  ^^^^^     ^^^^^^^^^^ the same lifetime is hidden here
[INFO] [stdout]     |                  |
[INFO] [stdout]     |                  the lifetime is elided here
[INFO] [stdout]     |
[INFO] [stdout]     = help: the same lifetime is referred to in inconsistent ways, making the signature confusing
[INFO] [stdout]     = note: `#[warn(mismatched_lifetime_syntaxes)]` on by default
[INFO] [stdout] help: use `'_` for type paths
[INFO] [stdout]     |
[INFO] [stdout] 105 |     pub fn unref(&self) -> Ref<'_, Value> {
[INFO] [stdout]     |                                +++
[INFO] [stdout] 
[INFO] [stdout] 
[INFO] [stderr]    Compiling regex v1.11.1
[INFO] [stderr]    Compiling tracing-subscriber v0.3.19
[INFO] [stderr]    Compiling test-log v0.2.17
[INFO] [stdout] warning: unused variable: `script`
[INFO] [stdout]   --> tests/util.rs:13:14
[INFO] [stdout]    |
[INFO] [stdout] 13 | pub fn check(script: &str, expected_result: &str) {
[INFO] [stdout]    |              ^^^^^^ help: if this is intentional, prefix it with an underscore: `_script`
[INFO] [stdout]    |
[INFO] [stdout]    = note: `#[warn(unused_variables)]` (part of `#[warn(unused)]`) on by default
[INFO] [stdout] 
[INFO] [stdout] 
[INFO] [stdout] warning: unused variable: `expected_result`
[INFO] [stdout]   --> tests/util.rs:13:28
[INFO] [stdout]    |
[INFO] [stdout] 13 | pub fn check(script: &str, expected_result: &str) {
[INFO] [stdout]    |                            ^^^^^^^^^^^^^^^ help: if this is intentional, prefix it with an underscore: `_expected_result`
[INFO] [stdout] 
[INFO] [stdout] 
[INFO] [stdout] warning: unused variable: `script`
[INFO] [stdout]   --> tests/util.rs:18:19
[INFO] [stdout]    |
[INFO] [stdout] 18 | pub fn check_fail(script: &str, expected_err: &str) {
[INFO] [stdout]    |                   ^^^^^^ help: if this is intentional, prefix it with an underscore: `_script`
[INFO] [stdout] 
[INFO] [stdout] 
[INFO] [stdout] warning: unused variable: `expected_err`
[INFO] [stdout]   --> tests/util.rs:18:33
[INFO] [stdout]    |
[INFO] [stdout] 18 | pub fn check_fail(script: &str, expected_err: &str) {
[INFO] [stdout]    |                                 ^^^^^^^^^^^^ help: if this is intentional, prefix it with an underscore: `_expected_err`
[INFO] [stdout] 
[INFO] [stdout] 
[INFO] [stdout] warning: unused variable: `script`
[INFO] [stdout]   --> tests/util.rs:23:20
[INFO] [stdout]    |
[INFO] [stdout] 23 | pub fn check_value(script: &str, expected_value: Value) {
[INFO] [stdout]    |                    ^^^^^^ help: if this is intentional, prefix it with an underscore: `_script`
[INFO] [stdout] 
[INFO] [stdout] 
[INFO] [stdout] warning: unused variable: `expected_value`
[INFO] [stdout]   --> tests/util.rs:23:34
[INFO] [stdout]    |
[INFO] [stdout] 23 | pub fn check_value(script: &str, expected_value: Value) {
[INFO] [stdout]    |                                  ^^^^^^^^^^^^^^ help: if this is intentional, prefix it with an underscore: `_expected_value`
[INFO] [stdout] 
[INFO] [stdout] 
[INFO] [stdout] warning: unused variable: `script`
[INFO] [stdout]   --> tests/util.rs:28:13
[INFO] [stdout]    |
[INFO] [stdout] 28 | pub fn eval(script: &str) -> Value {
[INFO] [stdout]    |             ^^^^^^ help: if this is intentional, prefix it with an underscore: `_script`
[INFO] [stdout] 
[INFO] [stdout] 
[INFO] [stdout] warning: unused variable: `script`
[INFO] [stdout]   --> tests/util.rs:33:20
[INFO] [stdout]    |
[INFO] [stdout] 33 | pub fn eval_string(script: &str, expected_string: &str) {
[INFO] [stdout]    |                    ^^^^^^ help: if this is intentional, prefix it with an underscore: `_script`
[INFO] [stdout] 
[INFO] [stdout] 
[INFO] [stdout] warning: unused variable: `expected_string`
[INFO] [stdout]   --> tests/util.rs:33:34
[INFO] [stdout]    |
[INFO] [stdout] 33 | pub fn eval_string(script: &str, expected_string: &str) {
[INFO] [stdout]    |                                  ^^^^^^^^^^^^^^^ help: if this is intentional, prefix it with an underscore: `_expected_string`
[INFO] [stdout] 
[INFO] [stdout] 
[INFO] [stdout] warning: struct `TestContext` is never constructed
[INFO] [stdout]  --> tests/util.rs:7:12
[INFO] [stdout]   |
[INFO] [stdout] 7 | pub struct TestContext {
[INFO] [stdout]   |            ^^^^^^^^^^^
[INFO] [stdout]   |
[INFO] [stdout]   = note: `#[warn(dead_code)]` (part of `#[warn(unused)]`) on by default
[INFO] [stdout] 
[INFO] [stdout] 
[INFO] [stdout] warning: unused variable: `script`
[INFO] [stdout]   --> tests/util.rs:13:14
[INFO] [stdout]    |
[INFO] [stdout] 13 | pub fn check(script: &str, expected_result: &str) {
[INFO] [stdout]    |              ^^^^^^ help: if this is intentional, prefix it with an underscore: `_script`
[INFO] [stdout]    |
[INFO] [stdout]    = note: `#[warn(unused_variables)]` (part of `#[warn(unused)]`) on by default
[INFO] [stdout] 
[INFO] [stdout] 
[INFO] [stdout] warning: unused variable: `expected_result`
[INFO] [stdout]   --> tests/util.rs:13:28
[INFO] [stdout]    |
[INFO] [stdout] 13 | pub fn check(script: &str, expected_result: &str) {
[INFO] [stdout]    |                            ^^^^^^^^^^^^^^^ help: if this is intentional, prefix it with an underscore: `_expected_result`
[INFO] [stdout] 
[INFO] [stdout] 
[INFO] [stdout] warning: unused variable: `script`
[INFO] [stdout]   --> tests/util.rs:18:19
[INFO] [stdout]    |
[INFO] [stdout] 18 | pub fn check_fail(script: &str, expected_err: &str) {
[INFO] [stdout]    |                   ^^^^^^ help: if this is intentional, prefix it with an underscore: `_script`
[INFO] [stdout] 
[INFO] [stdout] 
[INFO] [stdout] warning: unused variable: `expected_err`
[INFO] [stdout]   --> tests/util.rs:18:33
[INFO] [stdout]    |
[INFO] [stdout] 18 | pub fn check_fail(script: &str, expected_err: &str) {
[INFO] [stdout]    |                                 ^^^^^^^^^^^^ help: if this is intentional, prefix it with an underscore: `_expected_err`
[INFO] [stdout] 
[INFO] [stdout] 
[INFO] [stdout] warning: unused variable: `script`
[INFO] [stdout]   --> tests/util.rs:23:20
[INFO] [stdout]    |
[INFO] [stdout] 23 | pub fn check_value(script: &str, expected_value: Value) {
[INFO] [stdout]    |                    ^^^^^^ help: if this is intentional, prefix it with an underscore: `_script`
[INFO] [stdout] 
[INFO] [stdout] 
[INFO] [stdout] warning: unused variable: `expected_value`
[INFO] [stdout]   --> tests/util.rs:23:34
[INFO] [stdout]    |
[INFO] [stdout] 23 | pub fn check_value(script: &str, expected_value: Value) {
[INFO] [stdout]    |                                  ^^^^^^^^^^^^^^ help: if this is intentional, prefix it with an underscore: `_expected_value`
[INFO] [stdout] 
[INFO] [stdout] 
[INFO] [stdout] warning: unused variable: `script`
[INFO] [stdout]   --> tests/util.rs:28:13
[INFO] [stdout]    |
[INFO] [stdout] 28 | pub fn eval(script: &str) -> Value {
[INFO] [stdout]    |             ^^^^^^ help: if this is intentional, prefix it with an underscore: `_script`
[INFO] [stdout] 
[INFO] [stdout] 
[INFO] [stdout] warning: unused variable: `script`
[INFO] [stdout]   --> tests/util.rs:33:20
[INFO] [stdout]    |
[INFO] [stdout] 33 | pub fn eval_string(script: &str, expected_string: &str) {
[INFO] [stdout]    |                    ^^^^^^ help: if this is intentional, prefix it with an underscore: `_script`
[INFO] [stdout] 
[INFO] [stdout] 
[INFO] [stdout] warning: unused variable: `expected_string`
[INFO] [stdout]   --> tests/util.rs:33:34
[INFO] [stdout]    |
[INFO] [stdout] 33 | pub fn eval_string(script: &str, expected_string: &str) {
[INFO] [stdout]    |                                  ^^^^^^^^^^^^^^^ help: if this is intentional, prefix it with an underscore: `_expected_string`
[INFO] [stdout] 
[INFO] [stdout] 
[INFO] [stdout] warning: struct `TestContext` is never constructed
[INFO] [stdout]  --> tests/util.rs:7:12
[INFO] [stdout]   |
[INFO] [stdout] 7 | pub struct TestContext {
[INFO] [stdout]   |            ^^^^^^^^^^^
[INFO] [stdout]   |
[INFO] [stdout]   = note: `#[warn(dead_code)]` (part of `#[warn(unused)]`) on by default
[INFO] [stdout] 
[INFO] [stdout] 
[INFO] [stdout] warning: unused variable: `script`
[INFO] [stdout]   --> tests/util.rs:13:14
[INFO] [stdout]    |
[INFO] [stdout] 13 | pub fn check(script: &str, expected_result: &str) {
[INFO] [stdout]    |              ^^^^^^ help: if this is intentional, prefix it with an underscore: `_script`
[INFO] [stdout]    |
[INFO] [stdout]    = note: `#[warn(unused_variables)]` (part of `#[warn(unused)]`) on by default
[INFO] [stdout] 
[INFO] [stdout] 
[INFO] [stdout] warning: unused variable: `expected_result`
[INFO] [stdout]   --> tests/util.rs:13:28
[INFO] [stdout]    |
[INFO] [stdout] 13 | pub fn check(script: &str, expected_result: &str) {
[INFO] [stdout]    |                            ^^^^^^^^^^^^^^^ help: if this is intentional, prefix it with an underscore: `_expected_result`
[INFO] [stdout] 
[INFO] [stdout] 
[INFO] [stdout] warning: unused variable: `script`
[INFO] [stdout]   --> tests/util.rs:18:19
[INFO] [stdout]    |
[INFO] [stdout] 18 | pub fn check_fail(script: &str, expected_err: &str) {
[INFO] [stdout]    |                   ^^^^^^ help: if this is intentional, prefix it with an underscore: `_script`
[INFO] [stdout] 
[INFO] [stdout] 
[INFO] [stdout] warning: unused variable: `expected_err`
[INFO] [stdout]   --> tests/util.rs:18:33
[INFO] [stdout]    |
[INFO] [stdout] 18 | pub fn check_fail(script: &str, expected_err: &str) {
[INFO] [stdout]    |                                 ^^^^^^^^^^^^ help: if this is intentional, prefix it with an underscore: `_expected_err`
[INFO] [stdout] 
[INFO] [stdout] 
[INFO] [stdout] warning: unused variable: `script`
[INFO] [stdout]   --> tests/util.rs:23:20
[INFO] [stdout]    |
[INFO] [stdout] 23 | pub fn check_value(script: &str, expected_value: Value) {
[INFO] [stdout]    |                    ^^^^^^ help: if this is intentional, prefix it with an underscore: `_script`
[INFO] [stdout] 
[INFO] [stdout] 
[INFO] [stdout] warning: unused variable: `expected_value`
[INFO] [stdout]   --> tests/util.rs:23:34
[INFO] [stdout]    |
[INFO] [stdout] 23 | pub fn check_value(script: &str, expected_value: Value) {
[INFO] [stdout]    |                                  ^^^^^^^^^^^^^^ help: if this is intentional, prefix it with an underscore: `_expected_value`
[INFO] [stdout] 
[INFO] [stdout] 
[INFO] [stdout] warning: unused variable: `script`
[INFO] [stdout]   --> tests/util.rs:28:13
[INFO] [stdout]    |
[INFO] [stdout] 28 | pub fn eval(script: &str) -> Value {
[INFO] [stdout]    |             ^^^^^^ help: if this is intentional, prefix it with an underscore: `_script`
[INFO] [stdout] 
[INFO] [stdout] 
[INFO] [stdout] warning: unused variable: `script`
[INFO] [stdout]   --> tests/util.rs:33:20
[INFO] [stdout]    |
[INFO] [stdout] 33 | pub fn eval_string(script: &str, expected_string: &str) {
[INFO] [stdout]    |                    ^^^^^^ help: if this is intentional, prefix it with an underscore: `_script`
[INFO] [stdout] 
[INFO] [stdout] 
[INFO] [stdout] warning: unused variable: `expected_string`
[INFO] [stdout]   --> tests/util.rs:33:34
[INFO] [stdout]    |
[INFO] [stdout] 33 | pub fn eval_string(script: &str, expected_string: &str) {
[INFO] [stdout]    |                                  ^^^^^^^^^^^^^^^ help: if this is intentional, prefix it with an underscore: `_expected_string`
[INFO] [stdout] 
[INFO] [stdout] 
[INFO] [stdout] warning: unused variable: `script`
[INFO] [stdout]   --> tests/util.rs:13:14
[INFO] [stdout]    |
[INFO] [stdout] 13 | pub fn check(script: &str, expected_result: &str) {
[INFO] [stdout]    |              ^^^^^^ help: if this is intentional, prefix it with an underscore: `_script`
[INFO] [stdout]    |
[INFO] [stdout]    = note: `#[warn(unused_variables)]` (part of `#[warn(unused)]`) on by default
[INFO] [stdout] 
[INFO] [stdout] 
[INFO] [stdout] warning: unused variable: `expected_result`
[INFO] [stdout]   --> tests/util.rs:13:28
[INFO] [stdout]    |
[INFO] [stdout] 13 | pub fn check(script: &str, expected_result: &str) {
[INFO] [stdout]    |                            ^^^^^^^^^^^^^^^ help: if this is intentional, prefix it with an underscore: `_expected_result`
[INFO] [stdout] 
[INFO] [stdout] 
[INFO] [stdout] warning: unused variable: `script`
[INFO] [stdout]   --> tests/util.rs:18:19
[INFO] [stdout]    |
[INFO] [stdout] 18 | pub fn check_fail(script: &str, expected_err: &str) {
[INFO] [stdout]    |                   ^^^^^^ help: if this is intentional, prefix it with an underscore: `_script`
[INFO] [stdout] 
[INFO] [stdout] 
[INFO] [stdout] warning: unused variable: `expected_err`
[INFO] [stdout]   --> tests/util.rs:18:33
[INFO] [stdout]    |
[INFO] [stdout] 18 | pub fn check_fail(script: &str, expected_err: &str) {
[INFO] [stdout]    |                                 ^^^^^^^^^^^^ help: if this is intentional, prefix it with an underscore: `_expected_err`
[INFO] [stdout] 
[INFO] [stdout] 
[INFO] [stdout] warning: unused variable: `script`
[INFO] [stdout]   --> tests/util.rs:23:20
[INFO] [stdout]    |
[INFO] [stdout] 23 | pub fn check_value(script: &str, expected_value: Value) {
[INFO] [stdout]    |                    ^^^^^^ help: if this is intentional, prefix it with an underscore: `_script`
[INFO] [stdout] 
[INFO] [stdout] 
[INFO] [stdout] warning: unused variable: `expected_value`
[INFO] [stdout]   --> tests/util.rs:23:34
[INFO] [stdout]    |
[INFO] [stdout] 23 | pub fn check_value(script: &str, expected_value: Value) {
[INFO] [stdout]    |                                  ^^^^^^^^^^^^^^ help: if this is intentional, prefix it with an underscore: `_expected_value`
[INFO] [stdout] 
[INFO] [stdout] 
[INFO] [stdout] warning: unused variable: `script`
[INFO] [stdout]   --> tests/util.rs:28:13
[INFO] [stdout]    |
[INFO] [stdout] 28 | pub fn eval(script: &str) -> Value {
[INFO] [stdout]    |             ^^^^^^ help: if this is intentional, prefix it with an underscore: `_script`
[INFO] [stdout] 
[INFO] [stdout] 
[INFO] [stdout] warning: struct `TestContext` is never constructed
[INFO] [stdout]  --> tests/util.rs:7:12
[INFO] [stdout]   |
[INFO] [stdout] 7 | pub struct TestContext {
[INFO] [stdout]   |            ^^^^^^^^^^^
[INFO] [stdout]   |
[INFO] [stdout]   = note: `#[warn(dead_code)]` (part of `#[warn(unused)]`) on by default
[INFO] [stdout] 
[INFO] [stdout] 
[INFO] [stdout] warning: unused variable: `script`
[INFO] [stdout]   --> tests/util.rs:33:20
[INFO] [stdout]    |
[INFO] [stdout] 33 | pub fn eval_string(script: &str, expected_string: &str) {
[INFO] [stdout]    |                    ^^^^^^ help: if this is intentional, prefix it with an underscore: `_script`
[INFO] [stdout] 
[INFO] [stdout] 
[INFO] [stdout] warning: unused variable: `expected_string`
[INFO] [stdout]   --> tests/util.rs:33:34
[INFO] [stdout]    |
[INFO] [stdout] 33 | pub fn eval_string(script: &str, expected_string: &str) {
[INFO] [stdout]    |                                  ^^^^^^^^^^^^^^^ help: if this is intentional, prefix it with an underscore: `_expected_string`
[INFO] [stdout] 
[INFO] [stdout] 
[INFO] [stdout] warning: struct `TestContext` is never constructed
[INFO] [stdout]  --> tests/util.rs:7:12
[INFO] [stdout]   |
[INFO] [stdout] 7 | pub struct TestContext {
[INFO] [stdout]   |            ^^^^^^^^^^^
[INFO] [stdout]   |
[INFO] [stdout]   = note: `#[warn(dead_code)]` (part of `#[warn(unused)]`) on by default
[INFO] [stdout] 
[INFO] [stdout] 
[INFO] [stdout] warning: unused variable: `script`
[INFO] [stdout]   --> tests/util.rs:13:14
[INFO] [stdout]    |
[INFO] [stdout] 13 | pub fn check(script: &str, expected_result: &str) {
[INFO] [stdout]    |              ^^^^^^ help: if this is intentional, prefix it with an underscore: `_script`
[INFO] [stdout]    |
[INFO] [stdout]    = note: `#[warn(unused_variables)]` (part of `#[warn(unused)]`) on by default
[INFO] [stdout] 
[INFO] [stdout] 
[INFO] [stdout] warning: unused variable: `expected_result`
[INFO] [stdout]   --> tests/util.rs:13:28
[INFO] [stdout]    |
[INFO] [stdout] 13 | pub fn check(script: &str, expected_result: &str) {
[INFO] [stdout]    |                            ^^^^^^^^^^^^^^^ help: if this is intentional, prefix it with an underscore: `_expected_result`
[INFO] [stdout] 
[INFO] [stdout] 
[INFO] [stdout] warning: unused variable: `script`
[INFO] [stdout]   --> tests/util.rs:18:19
[INFO] [stdout]    |
[INFO] [stdout] 18 | pub fn check_fail(script: &str, expected_err: &str) {
[INFO] [stdout]    |                   ^^^^^^ help: if this is intentional, prefix it with an underscore: `_script`
[INFO] [stdout] 
[INFO] [stdout] 
[INFO] [stdout] warning: unused variable: `expected_err`
[INFO] [stdout]   --> tests/util.rs:18:33
[INFO] [stdout]    |
[INFO] [stdout] 18 | pub fn check_fail(script: &str, expected_err: &str) {
[INFO] [stdout]    |                                 ^^^^^^^^^^^^ help: if this is intentional, prefix it with an underscore: `_expected_err`
[INFO] [stdout] 
[INFO] [stdout] 
[INFO] [stdout] warning: unused variable: `script`
[INFO] [stdout]   --> tests/util.rs:13:14
[INFO] [stdout]    |
[INFO] [stdout] 13 | pub fn check(script: &str, expected_result: &str) {
[INFO] [stdout]    |              ^^^^^^ help: if this is intentional, prefix it with an underscore: `_script`
[INFO] [stdout]    |
[INFO] [stdout]    = note: `#[warn(unused_variables)]` (part of `#[warn(unused)]`) on by default
[INFO] [stdout] 
[INFO] [stdout] 
[INFO] [stdout] warning: unused variable: `expected_result`
[INFO] [stdout]   --> tests/util.rs:13:28
[INFO] [stdout]    |
[INFO] [stdout] 13 | pub fn check(script: &str, expected_result: &str) {
[INFO] [stdout]    |                            ^^^^^^^^^^^^^^^ help: if this is intentional, prefix it with an underscore: `_expected_result`
[INFO] [stdout] 
[INFO] [stdout] 
[INFO] [stdout] warning: unused variable: `script`
[INFO] [stdout]   --> tests/util.rs:23:20
[INFO] [stdout]    |
[INFO] [stdout] 23 | pub fn check_value(script: &str, expected_value: Value) {
[INFO] [stdout]    |                    ^^^^^^ help: if this is intentional, prefix it with an underscore: `_script`
[INFO] [stdout] 
[INFO] [stdout] 
[INFO] [stdout] warning: unused variable: `expected_value`
[INFO] [stdout]   --> tests/util.rs:23:34
[INFO] [stdout]    |
[INFO] [stdout] 23 | pub fn check_value(script: &str, expected_value: Value) {
[INFO] [stdout]    |                                  ^^^^^^^^^^^^^^ help: if this is intentional, prefix it with an underscore: `_expected_value`
[INFO] [stdout] 
[INFO] [stdout] 
[INFO] [stdout] warning: unused variable: `script`
[INFO] [stdout]   --> tests/util.rs:28:13
[INFO] [stdout]    |
[INFO] [stdout] 28 | pub fn eval(script: &str) -> Value {
[INFO] [stdout]    |             ^^^^^^ help: if this is intentional, prefix it with an underscore: `_script`
[INFO] [stdout] 
[INFO] [stdout] 
[INFO] [stdout] warning: unused variable: `script`
[INFO] [stdout]   --> tests/util.rs:33:20
[INFO] [stdout]    |
[INFO] [stdout] 33 | pub fn eval_string(script: &str, expected_string: &str) {
[INFO] [stdout]    |                    ^^^^^^ help: if this is intentional, prefix it with an underscore: `_script`
[INFO] [stdout] 
[INFO] [stdout] 
[INFO] [stdout] warning: unused variable: `expected_string`
[INFO] [stdout]   --> tests/util.rs:33:34
[INFO] [stdout]    |
[INFO] [stdout] 33 | pub fn eval_string(script: &str, expected_string: &str) {
[INFO] [stdout]    |                                  ^^^^^^^^^^^^^^^ help: if this is intentional, prefix it with an underscore: `_expected_string`
[INFO] [stdout] 
[INFO] [stdout] 
[INFO] [stdout] warning: unused variable: `script`
[INFO] [stdout]   --> tests/util.rs:18:19
[INFO] [stdout]    |
[INFO] [stdout] 18 | pub fn check_fail(script: &str, expected_err: &str) {
[INFO] [stdout]    |                   ^^^^^^ help: if this is intentional, prefix it with an underscore: `_script`
[INFO] [stdout] 
[INFO] [stdout] 
[INFO] [stdout] warning: unused variable: `expected_err`
[INFO] [stdout]   --> tests/util.rs:18:33
[INFO] [stdout]    |
[INFO] [stdout] 18 | pub fn check_fail(script: &str, expected_err: &str) {
[INFO] [stdout]    |                                 ^^^^^^^^^^^^ help: if this is intentional, prefix it with an underscore: `_expected_err`
[INFO] [stdout] 
[INFO] [stdout] 
[INFO] [stdout] warning: unused variable: `script`
[INFO] [stdout]   --> tests/util.rs:23:20
[INFO] [stdout]    |
[INFO] [stdout] 23 | pub fn check_value(script: &str, expected_value: Value) {
[INFO] [stdout]    |                    ^^^^^^ help: if this is intentional, prefix it with an underscore: `_script`
[INFO] [stdout] 
[INFO] [stdout] 
[INFO] [stdout] warning: unused variable: `expected_value`
[INFO] [stdout]   --> tests/util.rs:23:34
[INFO] [stdout]    |
[INFO] [stdout] 23 | pub fn check_value(script: &str, expected_value: Value) {
[INFO] [stdout]    |                                  ^^^^^^^^^^^^^^ help: if this is intentional, prefix it with an underscore: `_expected_value`
[INFO] [stdout] 
[INFO] [stdout] 
[INFO] [stdout] warning: unused variable: `script`
[INFO] [stdout]   --> tests/util.rs:28:13
[INFO] [stdout]    |
[INFO] [stdout] 28 | pub fn eval(script: &str) -> Value {
[INFO] [stdout]    |             ^^^^^^ help: if this is intentional, prefix it with an underscore: `_script`
[INFO] [stdout] 
[INFO] [stdout] 
[INFO] [stdout] warning: unused variable: `script`
[INFO] [stdout]   --> tests/util.rs:33:20
[INFO] [stdout]    |
[INFO] [stdout] 33 | pub fn eval_string(script: &str, expected_string: &str) {
[INFO] [stdout]    |                    ^^^^^^ help: if this is intentional, prefix it with an underscore: `_script`
[INFO] [stdout] 
[INFO] [stdout] 
[INFO] [stdout] warning: unused variable: `expected_string`
[INFO] [stdout]   --> tests/util.rs:33:34
[INFO] [stdout]    |
[INFO] [stdout] 33 | pub fn eval_string(script: &str, expected_string: &str) {
[INFO] [stdout]    |                                  ^^^^^^^^^^^^^^^ help: if this is intentional, prefix it with an underscore: `_expected_string`
[INFO] [stdout] 
[INFO] [stdout] 
[INFO] [stdout] warning: unused variable: `script`
[INFO] [stdout]   --> tests/util.rs:13:14
[INFO] [stdout]    |
[INFO] [stdout] 13 | pub fn check(script: &str, expected_result: &str) {
[INFO] [stdout]    |              ^^^^^^ help: if this is intentional, prefix it with an underscore: `_script`
[INFO] [stdout]    |
[INFO] [stdout]    = note: `#[warn(unused_variables)]` (part of `#[warn(unused)]`) on by default
[INFO] [stdout] 
[INFO] [stdout] 
[INFO] [stdout] warning: unused variable: `expected_result`
[INFO] [stdout]   --> tests/util.rs:13:28
[INFO] [stdout]    |
[INFO] [stdout] 13 | pub fn check(script: &str, expected_result: &str) {
[INFO] [stdout]    |                            ^^^^^^^^^^^^^^^ help: if this is intentional, prefix it with an underscore: `_expected_result`
[INFO] [stdout] 
[INFO] [stdout] 
[INFO] [stdout] warning: unused variable: `script`
[INFO] [stdout]   --> tests/util.rs:18:19
[INFO] [stdout]    |
[INFO] [stdout] 18 | pub fn check_fail(script: &str, expected_err: &str) {
[INFO] [stdout]    |                   ^^^^^^ help: if this is intentional, prefix it with an underscore: `_script`
[INFO] [stdout] 
[INFO] [stdout] 
[INFO] [stdout] warning: unused variable: `expected_err`
[INFO] [stdout]   --> tests/util.rs:18:33
[INFO] [stdout]    |
[INFO] [stdout] 18 | pub fn check_fail(script: &str, expected_err: &str) {
[INFO] [stdout]    |                                 ^^^^^^^^^^^^ help: if this is intentional, prefix it with an underscore: `_expected_err`
[INFO] [stdout] 
[INFO] [stdout] 
[INFO] [stdout] warning: unused variable: `script`
[INFO] [stdout]   --> tests/util.rs:23:20
[INFO] [stdout]    |
[INFO] [stdout] 23 | pub fn check_value(script: &str, expected_value: Value) {
[INFO] [stdout]    |                    ^^^^^^ help: if this is intentional, prefix it with an underscore: `_script`
[INFO] [stdout] 
[INFO] [stdout] 
[INFO] [stdout] warning: unused variable: `expected_value`
[INFO] [stdout]   --> tests/util.rs:23:34
[INFO] [stdout]    |
[INFO] [stdout] 23 | pub fn check_value(script: &str, expected_value: Value) {
[INFO] [stdout]    |                                  ^^^^^^^^^^^^^^ help: if this is intentional, prefix it with an underscore: `_expected_value`
[INFO] [stdout] 
[INFO] [stdout] 
[INFO] [stdout] warning: unused variable: `script`
[INFO] [stdout]   --> tests/util.rs:28:13
[INFO] [stdout]    |
[INFO] [stdout] 28 | pub fn eval(script: &str) -> Value {
[INFO] [stdout]    |             ^^^^^^ help: if this is intentional, prefix it with an underscore: `_script`
[INFO] [stdout] 
[INFO] [stdout] 
[INFO] [stdout] warning: unused variable: `script`
[INFO] [stdout]   --> tests/util.rs:33:20
[INFO] [stdout]    |
[INFO] [stdout] 33 | pub fn eval_string(script: &str, expected_string: &str) {
[INFO] [stdout]    |                    ^^^^^^ help: if this is intentional, prefix it with an underscore: `_script`
[INFO] [stdout] 
[INFO] [stdout] 
[INFO] [stdout] warning: unused variable: `expected_string`
[INFO] [stdout]   --> tests/util.rs:33:34
[INFO] [stdout]    |
[INFO] [stdout] 33 | pub fn eval_string(script: &str, expected_string: &str) {
[INFO] [stdout]    |                                  ^^^^^^^^^^^^^^^ help: if this is intentional, prefix it with an underscore: `_expected_string`
[INFO] [stdout] 
[INFO] [stdout] 
[INFO] [stdout] warning: unused variable: `script`
[INFO] [stdout]   --> tests/util.rs:13:14
[INFO] [stdout]    |
[INFO] [stdout] 13 | pub fn check(script: &str, expected_result: &str) {
[INFO] [stdout]    |              ^^^^^^ help: if this is intentional, prefix it with an underscore: `_script`
[INFO] [stdout]    |
[INFO] [stdout]    = note: `#[warn(unused_variables)]` (part of `#[warn(unused)]`) on by default
[INFO] [stdout] 
[INFO] [stdout] 
[INFO] [stdout] warning: unused variable: `expected_result`
[INFO] [stdout]   --> tests/util.rs:13:28
[INFO] [stdout]    |
[INFO] [stdout] 13 | pub fn check(script: &str, expected_result: &str) {
[INFO] [stdout]    |                            ^^^^^^^^^^^^^^^ help: if this is intentional, prefix it with an underscore: `_expected_result`
[INFO] [stdout] 
[INFO] [stdout] 
[INFO] [stdout] warning: unused variable: `script`
[INFO] [stdout]   --> tests/util.rs:18:19
[INFO] [stdout]    |
[INFO] [stdout] 18 | pub fn check_fail(script: &str, expected_err: &str) {
[INFO] [stdout]    |                   ^^^^^^ help: if this is intentional, prefix it with an underscore: `_script`
[INFO] [stdout] 
[INFO] [stdout] 
[INFO] [stdout] warning: unused variable: `expected_err`
[INFO] [stdout]   --> tests/util.rs:18:33
[INFO] [stdout]    |
[INFO] [stdout] 18 | pub fn check_fail(script: &str, expected_err: &str) {
[INFO] [stdout]    |                                 ^^^^^^^^^^^^ help: if this is intentional, prefix it with an underscore: `_expected_err`
[INFO] [stdout] 
[INFO] [stdout] 
[INFO] [stdout] warning: unused variable: `script`
[INFO] [stdout]   --> tests/util.rs:23:20
[INFO] [stdout]    |
[INFO] [stdout] 23 | pub fn check_value(script: &str, expected_value: Value) {
[INFO] [stdout]    |                    ^^^^^^ help: if this is intentional, prefix it with an underscore: `_script`
[INFO] [stdout] 
[INFO] [stdout] 
[INFO] [stdout] warning: unused variable: `expected_value`
[INFO] [stdout]   --> tests/util.rs:23:34
[INFO] [stdout]    |
[INFO] [stdout] 23 | pub fn check_value(script: &str, expected_value: Value) {
[INFO] [stdout]    |                                  ^^^^^^^^^^^^^^ help: if this is intentional, prefix it with an underscore: `_expected_value`
[INFO] [stdout] 
[INFO] [stdout] 
[INFO] [stdout] warning: unused variable: `script`
[INFO] [stdout]   --> tests/util.rs:28:13
[INFO] [stdout]    |
[INFO] [stdout] 28 | pub fn eval(script: &str) -> Value {
[INFO] [stdout]    |             ^^^^^^ help: if this is intentional, prefix it with an underscore: `_script`
[INFO] [stdout] 
[INFO] [stdout] 
[INFO] [stdout] warning: unused variable: `script`
[INFO] [stdout]   --> tests/util.rs:13:14
[INFO] [stdout]    |
[INFO] [stdout] 13 | pub fn check(script: &str, expected_result: &str) {
[INFO] [stdout]    |              ^^^^^^ help: if this is intentional, prefix it with an underscore: `_script`
[INFO] [stdout]    |
[INFO] [stdout]    = note: `#[warn(unused_variables)]` (part of `#[warn(unused)]`) on by default
[INFO] [stdout] 
[INFO] [stdout] 
[INFO] [stdout] warning: unused variable: `expected_result`
[INFO] [stdout]   --> tests/util.rs:13:28
[INFO] [stdout]    |
[INFO] [stdout] 13 | pub fn check(script: &str, expected_result: &str) {
[INFO] [stdout]    |                            ^^^^^^^^^^^^^^^ help: if this is intentional, prefix it with an underscore: `_expected_result`
[INFO] [stdout] 
[INFO] [stdout] 
[INFO] [stdout] warning: unused variable: `script`
[INFO] [stdout]   --> tests/util.rs:18:19
[INFO] [stdout]    |
[INFO] [stdout] 18 | pub fn check_fail(script: &str, expected_err: &str) {
[INFO] [stdout]    |                   ^^^^^^ help: if this is intentional, prefix it with an underscore: `_script`
[INFO] [stdout] 
[INFO] [stdout] 
[INFO] [stdout] warning: unused variable: `expected_err`
[INFO] [stdout]   --> tests/util.rs:18:33
[INFO] [stdout]    |
[INFO] [stdout] 18 | pub fn check_fail(script: &str, expected_err: &str) {
[INFO] [stdout]    |                                 ^^^^^^^^^^^^ help: if this is intentional, prefix it with an underscore: `_expected_err`
[INFO] [stdout] 
[INFO] [stdout] 
[INFO] [stdout] warning: unused variable: `script`
[INFO] [stdout]   --> tests/util.rs:23:20
[INFO] [stdout]    |
[INFO] [stdout] 23 | pub fn check_value(script: &str, expected_value: Value) {
[INFO] [stdout]    |                    ^^^^^^ help: if this is intentional, prefix it with an underscore: `_script`
[INFO] [stdout] 
[INFO] [stdout] 
[INFO] [stdout] warning: unused variable: `script`
[INFO] [stdout]   --> tests/util.rs:33:20
[INFO] [stdout]    |
[INFO] [stdout] 33 | pub fn eval_string(script: &str, expected_string: &str) {
[INFO] [stdout]    |                    ^^^^^^ help: if this is intentional, prefix it with an underscore: `_script`
[INFO] [stdout] 
[INFO] [stdout] 
[INFO] [stdout] warning: unused variable: `expected_string`
[INFO] [stdout]   --> tests/util.rs:33:34
[INFO] [stdout]    |
[INFO] [stdout] 33 | pub fn eval_string(script: &str, expected_string: &str) {
[INFO] [stdout]    |                                  ^^^^^^^^^^^^^^^ help: if this is intentional, prefix it with an underscore: `_expected_string`
[INFO] [stdout] 
[INFO] [stdout] 
[INFO] [stdout] warning: struct `TestContext` is never constructed
[INFO] [stdout]  --> tests/util.rs:7:12
[INFO] [stdout]   |
[INFO] [stdout] 7 | pub struct TestContext {
[INFO] [stdout]   |            ^^^^^^^^^^^
[INFO] [stdout]   |
[INFO] [stdout]   = note: `#[warn(dead_code)]` (part of `#[warn(unused)]`) on by default
[INFO] [stdout] 
[INFO] [stdout] 
[INFO] [stdout] warning: unused variable: `expected_value`
[INFO] [stdout]   --> tests/util.rs:23:34
[INFO] [stdout]    |
[INFO] [stdout] 23 | pub fn check_value(script: &str, expected_value: Value) {
[INFO] [stdout]    |                                  ^^^^^^^^^^^^^^ help: if this is intentional, prefix it with an underscore: `_expected_value`
[INFO] [stdout] 
[INFO] [stdout] 
[INFO] [stdout] warning: unused variable: `script`
[INFO] [stdout]   --> tests/util.rs:28:13
[INFO] [stdout]    |
[INFO] [stdout] 28 | pub fn eval(script: &str) -> Value {
[INFO] [stdout]    |             ^^^^^^ help: if this is intentional, prefix it with an underscore: `_script`
[INFO] [stdout] 
[INFO] [stdout] 
[INFO] [stdout] warning: unused variable: `script`
[INFO] [stdout]   --> tests/util.rs:33:20
[INFO] [stdout]    |
[INFO] [stdout] 33 | pub fn eval_string(script: &str, expected_string: &str) {
[INFO] [stdout]    |                    ^^^^^^ help: if this is intentional, prefix it with an underscore: `_script`
[INFO] [stdout] 
[INFO] [stdout] 
[INFO] [stdout] warning: unused variable: `expected_string`
[INFO] [stdout]   --> tests/util.rs:33:34
[INFO] [stdout]    |
[INFO] [stdout] 33 | pub fn eval_string(script: &str, expected_string: &str) {
[INFO] [stdout]    |                                  ^^^^^^^^^^^^^^^ help: if this is intentional, prefix it with an underscore: `_expected_string`
[INFO] [stdout] 
[INFO] [stdout] 
[INFO] [stdout] warning: struct `TestContext` is never constructed
[INFO] [stdout]  --> tests/util.rs:7:12
[INFO] [stdout]   |
[INFO] [stdout] 7 | pub struct TestContext {
[INFO] [stdout]   |            ^^^^^^^^^^^
[INFO] [stdout]   |
[INFO] [stdout]   = note: `#[warn(dead_code)]` (part of `#[warn(unused)]`) on by default
[INFO] [stdout] 
[INFO] [stdout] 
[INFO] [stdout] warning: struct `TestContext` is never constructed
[INFO] [stdout]  --> tests/util.rs:7:12
[INFO] [stdout]   |
[INFO] [stdout] 7 | pub struct TestContext {
[INFO] [stdout]   |            ^^^^^^^^^^^
[INFO] [stdout]   |
[INFO] [stdout]   = note: `#[warn(dead_code)]` (part of `#[warn(unused)]`) on by default
[INFO] [stdout] 
[INFO] [stdout] 
[INFO] [stdout] warning: struct `TestContext` is never constructed
[INFO] [stdout]  --> tests/util.rs:7:12
[INFO] [stdout]   |
[INFO] [stdout] 7 | pub struct TestContext {
[INFO] [stdout]   |            ^^^^^^^^^^^
[INFO] [stdout]   |
[INFO] [stdout]   = note: `#[warn(dead_code)]` (part of `#[warn(unused)]`) on by default
[INFO] [stdout] 
[INFO] [stdout] 
[INFO] [stdout] warning: unused variable: `script`
[INFO] [stdout]   --> tests/util.rs:13:14
[INFO] [stdout]    |
[INFO] [stdout] 13 | pub fn check(script: &str, expected_result: &str) {
[INFO] [stdout]    |              ^^^^^^ help: if this is intentional, prefix it with an underscore: `_script`
[INFO] [stdout]    |
[INFO] [stdout]    = note: `#[warn(unused_variables)]` (part of `#[warn(unused)]`) on by default
[INFO] [stdout] 
[INFO] [stdout] 
[INFO] [stdout] warning: unused variable: `expected_result`
[INFO] [stdout]   --> tests/util.rs:13:28
[INFO] [stdout]    |
[INFO] [stdout] 13 | pub fn check(script: &str, expected_result: &str) {
[INFO] [stdout]    |                            ^^^^^^^^^^^^^^^ help: if this is intentional, prefix it with an underscore: `_expected_result`
[INFO] [stdout] 
[INFO] [stdout] 
[INFO] [stdout] warning: unused variable: `script`
[INFO] [stdout]   --> tests/util.rs:18:19
[INFO] [stdout]    |
[INFO] [stdout] 18 | pub fn check_fail(script: &str, expected_err: &str) {
[INFO] [stdout]    |                   ^^^^^^ help: if this is intentional, prefix it with an underscore: `_script`
[INFO] [stdout] 
[INFO] [stdout] 
[INFO] [stdout] warning: unused variable: `expected_err`
[INFO] [stdout]   --> tests/util.rs:18:33
[INFO] [stdout]    |
[INFO] [stdout] 18 | pub fn check_fail(script: &str, expected_err: &str) {
[INFO] [stdout]    |                                 ^^^^^^^^^^^^ help: if this is intentional, prefix it with an underscore: `_expected_err`
[INFO] [stdout] 
[INFO] [stdout] 
[INFO] [stdout] warning: unused variable: `script`
[INFO] [stdout]   --> tests/util.rs:23:20
[INFO] [stdout]    |
[INFO] [stdout] 23 | pub fn check_value(script: &str, expected_value: Value) {
[INFO] [stdout]    |                    ^^^^^^ help: if this is intentional, prefix it with an underscore: `_script`
[INFO] [stdout] 
[INFO] [stdout] 
[INFO] [stdout] warning: unused variable: `expected_value`
[INFO] [stdout]   --> tests/util.rs:23:34
[INFO] [stdout]    |
[INFO] [stdout] 23 | pub fn check_value(script: &str, expected_value: Value) {
[INFO] [stdout]    |                                  ^^^^^^^^^^^^^^ help: if this is intentional, prefix it with an underscore: `_expected_value`
[INFO] [stdout] 
[INFO] [stdout] 
[INFO] [stdout] warning: unused variable: `script`
[INFO] [stdout]   --> tests/util.rs:28:13
[INFO] [stdout]    |
[INFO] [stdout] 28 | pub fn eval(script: &str) -> Value {
[INFO] [stdout]    |             ^^^^^^ help: if this is intentional, prefix it with an underscore: `_script`
[INFO] [stdout] 
[INFO] [stdout] 
[INFO] [stdout] warning: unused variable: `script`
[INFO] [stdout]   --> tests/util.rs:33:20
[INFO] [stdout]    |
[INFO] [stdout] 33 | pub fn eval_string(script: &str, expected_string: &str) {
[INFO] [stdout]    |                    ^^^^^^ help: if this is intentional, prefix it with an underscore: `_script`
[INFO] [stdout] 
[INFO] [stdout] 
[INFO] [stdout] warning: unused variable: `expected_string`
[INFO] [stdout]   --> tests/util.rs:33:34
[INFO] [stdout]    |
[INFO] [stdout] 33 | pub fn eval_string(script: &str, expected_string: &str) {
[INFO] [stdout]    |                                  ^^^^^^^^^^^^^^^ help: if this is intentional, prefix it with an underscore: `_expected_string`
[INFO] [stdout] 
[INFO] [stdout] 
[INFO] [stdout] warning: unused variable: `script`
[INFO] [stdout]   --> tests/util.rs:13:14
[INFO] [stdout]    |
[INFO] [stdout] 13 | pub fn check(script: &str, expected_result: &str) {
[INFO] [stdout]    |              ^^^^^^ help: if this is intentional, prefix it with an underscore: `_script`
[INFO] [stdout]    |
[INFO] [stdout]    = note: `#[warn(unused_variables)]` (part of `#[warn(unused)]`) on by default
[INFO] [stdout] 
[INFO] [stdout] 
[INFO] [stdout] warning: unused variable: `expected_result`
[INFO] [stdout]   --> tests/util.rs:13:28
[INFO] [stdout]    |
[INFO] [stdout] 13 | pub fn check(script: &str, expected_result: &str) {
[INFO] [stdout]    |                            ^^^^^^^^^^^^^^^ help: if this is intentional, prefix it with an underscore: `_expected_result`
[INFO] [stdout] 
[INFO] [stdout] 
[INFO] [stdout] warning: unused variable: `script`
[INFO] [stdout]   --> tests/util.rs:18:19
[INFO] [stdout]    |
[INFO] [stdout] 18 | pub fn check_fail(script: &str, expected_err: &str) {
[INFO] [stdout]    |                   ^^^^^^ help: if this is intentional, prefix it with an underscore: `_script`
[INFO] [stdout] 
[INFO] [stdout] 
[INFO] [stdout] warning: unused variable: `expected_err`
[INFO] [stdout]   --> tests/util.rs:18:33
[INFO] [stdout]    |
[INFO] [stdout] 18 | pub fn check_fail(script: &str, expected_err: &str) {
[INFO] [stdout]    |                                 ^^^^^^^^^^^^ help: if this is intentional, prefix it with an underscore: `_expected_err`
[INFO] [stdout] 
[INFO] [stdout] 
[INFO] [stdout] warning: unused variable: `script`
[INFO] [stdout]   --> tests/util.rs:23:20
[INFO] [stdout]    |
[INFO] [stdout] 23 | pub fn check_value(script: &str, expected_value: Value) {
[INFO] [stdout]    |                    ^^^^^^ help: if this is intentional, prefix it with an underscore: `_script`
[INFO] [stdout] 
[INFO] [stdout] 
[INFO] [stdout] warning: unused variable: `expected_value`
[INFO] [stdout]   --> tests/util.rs:23:34
[INFO] [stdout]    |
[INFO] [stdout] 23 | pub fn check_value(script: &str, expected_value: Value) {
[INFO] [stdout]    |                                  ^^^^^^^^^^^^^^ help: if this is intentional, prefix it with an underscore: `_expected_value`
[INFO] [stdout] 
[INFO] [stdout] 
[INFO] [stdout] warning: unused variable: `script`
[INFO] [stdout]   --> tests/util.rs:28:13
[INFO] [stdout]    |
[INFO] [stdout] 28 | pub fn eval(script: &str) -> Value {
[INFO] [stdout]    |             ^^^^^^ help: if this is intentional, prefix it with an underscore: `_script`
[INFO] [stdout] 
[INFO] [stdout] 
[INFO] [stdout] warning: unused variable: `script`
[INFO] [stdout]   --> tests/util.rs:33:20
[INFO] [stdout]    |
[INFO] [stdout] 33 | pub fn eval_string(script: &str, expected_string: &str) {
[INFO] [stdout]    |                    ^^^^^^ help: if this is intentional, prefix it with an underscore: `_script`
[INFO] [stdout] 
[INFO] [stdout] 
[INFO] [stdout] warning: unused variable: `expected_string`
[INFO] [stdout]   --> tests/util.rs:33:34
[INFO] [stdout]    |
[INFO] [stdout] 33 | pub fn eval_string(script: &str, expected_string: &str) {
[INFO] [stdout]    |                                  ^^^^^^^^^^^^^^^ help: if this is intentional, prefix it with an underscore: `_expected_string`
[INFO] [stdout] 
[INFO] [stdout] 
[INFO] [stdout] warning: struct `TestContext` is never constructed
[INFO] [stdout]  --> tests/util.rs:7:12
[INFO] [stdout]   |
[INFO] [stdout] 7 | pub struct TestContext {
[INFO] [stdout]   |            ^^^^^^^^^^^
[INFO] [stdout]   |
[INFO] [stdout]   = note: `#[warn(dead_code)]` (part of `#[warn(unused)]`) on by default
[INFO] [stdout] 
[INFO] [stdout] 
[INFO] [stdout] warning: struct `TestContext` is never constructed
[INFO] [stdout]  --> tests/util.rs:7:12
[INFO] [stdout]   |
[INFO] [stdout] 7 | pub struct TestContext {
[INFO] [stdout]   |            ^^^^^^^^^^^
[INFO] [stdout]   |
[INFO] [stdout]   = note: `#[warn(dead_code)]` (part of `#[warn(unused)]`) on by default
[INFO] [stdout] 
[INFO] [stdout] 
[INFO] [stdout] warning: struct `TestContext` is never constructed
[INFO] [stdout]  --> tests/util.rs:7:12
[INFO] [stdout]   |
[INFO] [stdout] 7 | pub struct TestContext {
[INFO] [stdout]   |            ^^^^^^^^^^^
[INFO] [stdout]   |
[INFO] [stdout]   = note: `#[warn(dead_code)]` (part of `#[warn(unused)]`) on by default
[INFO] [stdout] 
[INFO] [stdout] 
[INFO] [stdout] warning: unused variable: `script`
[INFO] [stdout]   --> tests/util.rs:13:14
[INFO] [stdout]    |
[INFO] [stdout] 13 | pub fn check(script: &str, expected_result: &str) {
[INFO] [stdout]    |              ^^^^^^ help: if this is intentional, prefix it with an underscore: `_script`
[INFO] [stdout]    |
[INFO] [stdout]    = note: `#[warn(unused_variables)]` (part of `#[warn(unused)]`) on by default
[INFO] [stdout] 
[INFO] [stdout] 
[INFO] [stdout] warning: unused variable: `expected_result`
[INFO] [stdout]   --> tests/util.rs:13:28
[INFO] [stdout]    |
[INFO] [stdout] 13 | pub fn check(script: &str, expected_result: &str) {
[INFO] [stdout]    |                            ^^^^^^^^^^^^^^^ help: if this is intentional, prefix it with an underscore: `_expected_result`
[INFO] [stdout] 
[INFO] [stdout] 
[INFO] [stdout] warning: unused variable: `script`
[INFO] [stdout]   --> tests/util.rs:18:19
[INFO] [stdout]    |
[INFO] [stdout] 18 | pub fn check_fail(script: &str, expected_err: &str) {
[INFO] [stdout]    |                   ^^^^^^ help: if this is intentional, prefix it with an underscore: `_script`
[INFO] [stdout] 
[INFO] [stdout] 
[INFO] [stdout] warning: unused variable: `expected_err`
[INFO] [stdout]   --> tests/util.rs:18:33
[INFO] [stdout]    |
[INFO] [stdout] 18 | pub fn check_fail(script: &str, expected_err: &str) {
[INFO] [stdout]    |                                 ^^^^^^^^^^^^ help: if this is intentional, prefix it with an underscore: `_expected_err`
[INFO] [stdout] 
[INFO] [stdout] 
[INFO] [stdout] warning: unused variable: `script`
[INFO] [stdout]   --> tests/util.rs:23:20
[INFO] [stdout]    |
[INFO] [stdout] 23 | pub fn check_value(script: &str, expected_value: Value) {
[INFO] [stdout]    |                    ^^^^^^ help: if this is intentional, prefix it with an underscore: `_script`
[INFO] [stdout] 
[INFO] [stdout] 
[INFO] [stdout] warning: unused variable: `expected_value`
[INFO] [stdout]   --> tests/util.rs:23:34
[INFO] [stdout]    |
[INFO] [stdout] 23 | pub fn check_value(script: &str, expected_value: Value) {
[INFO] [stdout]    |                                  ^^^^^^^^^^^^^^ help: if this is intentional, prefix it with an underscore: `_expected_value`
[INFO] [stdout] 
[INFO] [stdout] 
[INFO] [stdout] warning: unused variable: `script`
[INFO] [stdout]   --> tests/util.rs:28:13
[INFO] [stdout]    |
[INFO] [stdout] 28 | pub fn eval(script: &str) -> Value {
[INFO] [stdout]    |             ^^^^^^ help: if this is intentional, prefix it with an underscore: `_script`
[INFO] [stdout] 
[INFO] [stdout] 
[INFO] [stdout] warning: unused variable: `script`
[INFO] [stdout]   --> tests/util.rs:33:20
[INFO] [stdout]    |
[INFO] [stdout] 33 | pub fn eval_string(script: &str, expected_string: &str) {
[INFO] [stdout]    |                    ^^^^^^ help: if this is intentional, prefix it with an underscore: `_script`
[INFO] [stdout] 
[INFO] [stdout] 
[INFO] [stdout] warning: unused variable: `expected_string`
[INFO] [stdout]   --> tests/util.rs:33:34
[INFO] [stdout]    |
[INFO] [stdout] 33 | pub fn eval_string(script: &str, expected_string: &str) {
[INFO] [stdout]    |                                  ^^^^^^^^^^^^^^^ help: if this is intentional, prefix it with an underscore: `_expected_string`
[INFO] [stdout] 
[INFO] [stdout] 
[INFO] [stdout] warning: struct `TestContext` is never constructed
[INFO] [stdout]  --> tests/util.rs:7:12
[INFO] [stdout]   |
[INFO] [stdout] 7 | pub struct TestContext {
[INFO] [stdout]   |            ^^^^^^^^^^^
[INFO] [stdout]   |
[INFO] [stdout]   = note: `#[warn(dead_code)]` (part of `#[warn(unused)]`) on by default
[INFO] [stdout] 
[INFO] [stdout] 
[INFO] [stdout] warning: unused variable: `script`
[INFO] [stdout]   --> tests/util.rs:13:14
[INFO] [stdout]    |
[INFO] [stdout] 13 | pub fn check(script: &str, expected_result: &str) {
[INFO] [stdout]    |              ^^^^^^ help: if this is intentional, prefix it with an underscore: `_script`
[INFO] [stdout]    |
[INFO] [stdout]    = note: `#[warn(unused_variables)]` (part of `#[warn(unused)]`) on by default
[INFO] [stdout] 
[INFO] [stdout] 
[INFO] [stdout] warning: unused variable: `expected_result`
[INFO] [stdout]   --> tests/util.rs:13:28
[INFO] [stdout]    |
[INFO] [stdout] 13 | pub fn check(script: &str, expected_result: &str) {
[INFO] [stdout]    |                            ^^^^^^^^^^^^^^^ help: if this is intentional, prefix it with an underscore: `_expected_result`
[INFO] [stdout] 
[INFO] [stdout] 
[INFO] [stdout] warning: unused variable: `script`
[INFO] [stdout]   --> tests/util.rs:18:19
[INFO] [stdout]    |
[INFO] [stdout] 18 | pub fn check_fail(script: &str, expected_err: &str) {
[INFO] [stdout]    |                   ^^^^^^ help: if this is intentional, prefix it with an underscore: `_script`
[INFO] [stdout] 
[INFO] [stdout] 
[INFO] [stdout] warning: unused variable: `expected_err`
[INFO] [stdout]   --> tests/util.rs:18:33
[INFO] [stdout]    |
[INFO] [stdout] 18 | pub fn check_fail(script: &str, expected_err: &str) {
[INFO] [stdout]    |                                 ^^^^^^^^^^^^ help: if this is intentional, prefix it with an underscore: `_expected_err`
[INFO] [stdout] 
[INFO] [stdout] 
[INFO] [stdout] warning: unused variable: `script`
[INFO] [stdout]   --> tests/util.rs:23:20
[INFO] [stdout]    |
[INFO] [stdout] 23 | pub fn check_value(script: &str, expected_value: Value) {
[INFO] [stdout]    |                    ^^^^^^ help: if this is intentional, prefix it with an underscore: `_script`
[INFO] [stdout] 
[INFO] [stdout] 
[INFO] [stdout] warning: unused variable: `expected_value`
[INFO] [stdout]   --> tests/util.rs:23:34
[INFO] [stdout]    |
[INFO] [stdout] 23 | pub fn check_value(script: &str, expected_value: Value) {
[INFO] [stdout]    |                                  ^^^^^^^^^^^^^^ help: if this is intentional, prefix it with an underscore: `_expected_value`
[INFO] [stdout] 
[INFO] [stdout] 
[INFO] [stdout] warning: unused variable: `script`
[INFO] [stdout]   --> tests/util.rs:28:13
[INFO] [stdout]    |
[INFO] [stdout] 28 | pub fn eval(script: &str) -> Value {
[INFO] [stdout]    |             ^^^^^^ help: if this is intentional, prefix it with an underscore: `_script`
[INFO] [stdout] 
[INFO] [stdout] 
[INFO] [stdout] warning: unused variable: `script`
[INFO] [stdout]   --> tests/util.rs:33:20
[INFO] [stdout]    |
[INFO] [stdout] 33 | pub fn eval_string(script: &str, expected_string: &str) {
[INFO] [stdout]    |                    ^^^^^^ help: if this is intentional, prefix it with an underscore: `_script`
[INFO] [stdout] 
[INFO] [stdout] 
[INFO] [stdout] warning: unused variable: `expected_string`
[INFO] [stdout]   --> tests/util.rs:33:34
[INFO] [stdout]    |
[INFO] [stdout] 33 | pub fn eval_string(script: &str, expected_string: &str) {
[INFO] [stdout]    |                                  ^^^^^^^^^^^^^^^ help: if this is intentional, prefix it with an underscore: `_expected_string`
[INFO] [stdout] 
[INFO] [stdout] 
[INFO] [stdout] warning: unused variable: `script`
[INFO] [stdout]   --> tests/util.rs:13:14
[INFO] [stdout]    |
[INFO] [stdout] 13 | pub fn check(script: &str, expected_result: &str) {
[INFO] [stdout]    |              ^^^^^^ help: if this is intentional, prefix it with an underscore: `_script`
[INFO] [stdout]    |
[INFO] [stdout]    = note: `#[warn(unused_variables)]` (part of `#[warn(unused)]`) on by default
[INFO] [stdout] 
[INFO] [stdout] 
[INFO] [stdout] warning: unused variable: `expected_result`
[INFO] [stdout]   --> tests/util.rs:13:28
[INFO] [stdout]    |
[INFO] [stdout] 13 | pub fn check(script: &str, expected_result: &str) {
[INFO] [stdout]    |                            ^^^^^^^^^^^^^^^ help: if this is intentional, prefix it with an underscore: `_expected_result`
[INFO] [stdout] 
[INFO] [stdout] 
[INFO] [stdout] warning: unused variable: `script`
[INFO] [stdout]   --> tests/util.rs:18:19
[INFO] [stdout]    |
[INFO] [stdout] 18 | pub fn check_fail(script: &str, expected_err: &str) {
[INFO] [stdout]    |                   ^^^^^^ help: if this is intentional, prefix it with an underscore: `_script`
[INFO] [stdout] 
[INFO] [stdout] 
[INFO] [stdout] warning: unused variable: `expected_err`
[INFO] [stdout]   --> tests/util.rs:18:33
[INFO] [stdout]    |
[INFO] [stdout] 18 | pub fn check_fail(script: &str, expected_err: &str) {
[INFO] [stdout]    |                                 ^^^^^^^^^^^^ help: if this is intentional, prefix it with an underscore: `_expected_err`
[INFO] [stdout] 
[INFO] [stdout] 
[INFO] [stdout] warning: unused variable: `script`
[INFO] [stdout]   --> tests/util.rs:23:20
[INFO] [stdout]    |
[INFO] [stdout] 23 | pub fn check_value(script: &str, expected_value: Value) {
[INFO] [stdout]    |                    ^^^^^^ help: if this is intentional, prefix it with an underscore: `_script`
[INFO] [stdout] 
[INFO] [stdout] 
[INFO] [stdout] warning: unused variable: `expected_value`
[INFO] [stdout]   --> tests/util.rs:23:34
[INFO] [stdout]    |
[INFO] [stdout] 23 | pub fn check_value(script: &str, expected_value: Value) {
[INFO] [stdout]    |                                  ^^^^^^^^^^^^^^ help: if this is intentional, prefix it with an underscore: `_expected_value`
[INFO] [stdout] 
[INFO] [stdout] 
[INFO] [stdout] warning: unused variable: `script`
[INFO] [stdout]   --> tests/util.rs:28:13
[INFO] [stdout]    |
[INFO] [stdout] 28 | pub fn eval(script: &str) -> Value {
[INFO] [stdout]    |             ^^^^^^ help: if this is intentional, prefix it with an underscore: `_script`
[INFO] [stdout] 
[INFO] [stdout] 
[INFO] [stdout] warning: unused variable: `script`
[INFO] [stdout]   --> tests/util.rs:33:20
[INFO] [stdout]    |
[INFO] [stdout] 33 | pub fn eval_string(script: &str, expected_string: &str) {
[INFO] [stdout]    |                    ^^^^^^ help: if this is intentional, prefix it with an underscore: `_script`
[INFO] [stdout] 
[INFO] [stdout] 
[INFO] [stdout] warning: unused variable: `expected_string`
[INFO] [stdout]   --> tests/util.rs:33:34
[INFO] [stdout]    |
[INFO] [stdout] 33 | pub fn eval_string(script: &str, expected_string: &str) {
[INFO] [stdout]    |                                  ^^^^^^^^^^^^^^^ help: if this is intentional, prefix it with an underscore: `_expected_string`
[INFO] [stdout] 
[INFO] [stdout] 
[INFO] [stdout] warning: struct `TestContext` is never constructed
[INFO] [stdout]  --> tests/util.rs:7:12
[INFO] [stdout]   |
[INFO] [stdout] 7 | pub struct TestContext {
[INFO] [stdout]   |            ^^^^^^^^^^^
[INFO] [stdout]   |
[INFO] [stdout]   = note: `#[warn(dead_code)]` (part of `#[warn(unused)]`) on by default
[INFO] [stdout] 
[INFO] [stdout] 
[INFO] [stdout] warning: struct `TestContext` is never constructed
[INFO] [stdout]  --> tests/util.rs:7:12
[INFO] [stdout]   |
[INFO] [stdout] 7 | pub struct TestContext {
[INFO] [stdout]   |            ^^^^^^^^^^^
[INFO] [stdout]   |
[INFO] [stdout]   = note: `#[warn(dead_code)]` (part of `#[warn(unused)]`) on by default
[INFO] [stdout] 
[INFO] [stdout] 
[INFO] [stdout] warning: unused variable: `script`
[INFO] [stdout]   --> tests/util.rs:13:14
[INFO] [stdout]    |
[INFO] [stdout] 13 | pub fn check(script: &str, expected_result: &str) {
[INFO] [stdout]    |              ^^^^^^ help: if this is intentional, prefix it with an underscore: `_script`
[INFO] [stdout]    |
[INFO] [stdout]    = note: `#[warn(unused_variables)]` (part of `#[warn(unused)]`) on by default
[INFO] [stdout] 
[INFO] [stdout] 
[INFO] [stdout] warning: unused variable: `expected_result`
[INFO] [stdout]   --> tests/util.rs:13:28
[INFO] [stdout]    |
[INFO] [stdout] 13 | pub fn check(script: &str, expected_result: &str) {
[INFO] [stdout]    |                            ^^^^^^^^^^^^^^^ help: if this is intentional, prefix it with an underscore: `_expected_result`
[INFO] [stdout] 
[INFO] [stdout] 
[INFO] [stdout] warning: unused variable: `script`
[INFO] [stdout]   --> tests/util.rs:18:19
[INFO] [stdout]    |
[INFO] [stdout] 18 | pub fn check_fail(script: &str, expected_err: &str) {
[INFO] [stdout]    |                   ^^^^^^ help: if this is intentional, prefix it with an underscore: `_script`
[INFO] [stdout] 
[INFO] [stdout] 
[INFO] [stdout] warning: unused variable: `expected_err`
[INFO] [stdout]   --> tests/util.rs:18:33
[INFO] [stdout]    |
[INFO] [stdout] 18 | pub fn check_fail(script: &str, expected_err: &str) {
[INFO] [stdout]    |                                 ^^^^^^^^^^^^ help: if this is intentional, prefix it with an underscore: `_expected_err`
[INFO] [stdout] 
[INFO] [stdout] 
[INFO] [stdout] warning: unused variable: `script`
[INFO] [stdout]   --> tests/util.rs:23:20
[INFO] [stdout]    |
[INFO] [stdout] 23 | pub fn check_value(script: &str, expected_value: Value) {
[INFO] [stdout]    |                    ^^^^^^ help: if this is intentional, prefix it with an underscore: `_script`
[INFO] [stdout] 
[INFO] [stdout] 
[INFO] [stdout] warning: unused variable: `expected_value`
[INFO] [stdout]   --> tests/util.rs:23:34
[INFO] [stdout]    |
[INFO] [stdout] 23 | pub fn check_value(script: &str, expected_value: Value) {
[INFO] [stdout]    |                                  ^^^^^^^^^^^^^^ help: if this is intentional, prefix it with an underscore: `_expected_value`
[INFO] [stdout] 
[INFO] [stdout] 
[INFO] [stdout] warning: unused variable: `script`
[INFO] [stdout]   --> tests/util.rs:28:13
[INFO] [stdout]    |
[INFO] [stdout] 28 | pub fn eval(script: &str) -> Value {
[INFO] [stdout]    |             ^^^^^^ help: if this is intentional, prefix it with an underscore: `_script`
[INFO] [stdout] 
[INFO] [stdout] 
[INFO] [stdout] warning: unused variable: `script`
[INFO] [stdout]   --> tests/util.rs:33:20
[INFO] [stdout]    |
[INFO] [stdout] 33 | pub fn eval_string(script: &str, expected_string: &str) {
[INFO] [stdout]    |                    ^^^^^^ help: if this is intentional, prefix it with an underscore: `_script`
[INFO] [stdout] 
[INFO] [stdout] 
[INFO] [stdout] warning: unused variable: `expected_string`
[INFO] [stdout]   --> tests/util.rs:33:34
[INFO] [stdout]    |
[INFO] [stdout] 33 | pub fn eval_string(script: &str, expected_string: &str) {
[INFO] [stdout]    |                                  ^^^^^^^^^^^^^^^ help: if this is intentional, prefix it with an underscore: `_expected_string`
[INFO] [stdout] 
[INFO] [stdout] 
[INFO] [stdout] warning: struct `TestContext` is never constructed
[INFO] [stdout]  --> tests/util.rs:7:12
[INFO] [stdout]   |
[INFO] [stdout] 7 | pub struct TestContext {
[INFO] [stdout]   |            ^^^^^^^^^^^
[INFO] [stdout]   |
[INFO] [stdout]   = note: `#[warn(dead_code)]` (part of `#[warn(unused)]`) on by default
[INFO] [stdout] 
[INFO] [stdout] 
[INFO] [stdout] warning: unreachable pattern
[INFO] [stdout]     --> src/lib.rs:1777:13
[INFO] [stdout]      |
[INFO] [stdout] 1638 |             IntrinsicFunction::VecFindMap => {
[INFO] [stdout]      |             ----------------------------- matches all the relevant values
[INFO] [stdout] ...
[INFO] [stdout] 1777 |             IntrinsicFunction::VecFindMap => {
[INFO] [stdout]      |             ^^^^^^^^^^^^^^^^^^^^^^^^^^^^^ no value can reach this
[INFO] [stdout]      |
[INFO] [stdout]      = note: `#[warn(unreachable_patterns)]` (part of `#[warn(unused)]`) on by default
[INFO] [stdout] 
[INFO] [stdout] 
[INFO] [stdout] warning: methods `overwrite_existing_var_ref` and `overwrite_existing_var_mem` are never used
[INFO] [stdout]    --> src/block.rs:261:12
[INFO] [stdout]     |
[INFO] [stdout]  76 | impl BlockScopes {
[INFO] [stdout]     | ---------------- methods in this implementation
[INFO] [stdout] ...
[INFO] [stdout] 261 |     pub fn overwrite_existing_var_ref(
[INFO] [stdout]     |            ^^^^^^^^^^^^^^^^^^^^^^^^^^
[INFO] [stdout] ...
[INFO] [stdout] 303 |     pub fn overwrite_existing_var_mem(
[INFO] [stdout]     |            ^^^^^^^^^^^^^^^^^^^^^^^^^^
[INFO] [stdout]     |
[INFO] [stdout]     = note: `#[warn(dead_code)]` (part of `#[warn(unused)]`) on by default
[INFO] [stdout] 
[INFO] [stdout] 
[INFO] [stdout] warning: hiding a lifetime that's elided elsewhere is confusing
[INFO] [stdout]    --> src/value_ref.rs:105:18
[INFO] [stdout]     |
[INFO] [stdout] 105 |     pub fn unref(&self) -> Ref<Value> {
[INFO] [stdout]     |                  ^^^^^     ^^^^^^^^^^ the same lifetime is hidden here
[INFO] [stdout]     |                  |
[INFO] [stdout]     |                  the lifetime is elided here
[INFO] [stdout]     |
[INFO] [stdout]     = help: the same lifetime is referred to in inconsistent ways, making the signature confusing
[INFO] [stdout]     = note: `#[warn(mismatched_lifetime_syntaxes)]` on by default
[INFO] [stdout] help: use `'_` for type paths
[INFO] [stdout]     |
[INFO] [stdout] 105 |     pub fn unref(&self) -> Ref<'_, Value> {
[INFO] [stdout]     |                                +++
[INFO] [stdout] 
[INFO] [stdout] 
[INFO] [stdout] warning: unused variable: `script`
[INFO] [stdout]   --> tests/util.rs:13:14
[INFO] [stdout]    |
[INFO] [stdout] 13 | pub fn check(script: &str, expected_result: &str) {
[INFO] [stdout]    |              ^^^^^^ help: if this is intentional, prefix it with an underscore: `_script`
[INFO] [stdout]    |
[INFO] [stdout]    = note: `#[warn(unused_variables)]` (part of `#[warn(unused)]`) on by default
[INFO] [stdout] 
[INFO] [stdout] 
[INFO] [stdout] warning: unused variable: `expected_result`
[INFO] [stdout]   --> tests/util.rs:13:28
[INFO] [stdout]    |
[INFO] [stdout] 13 | pub fn check(script: &str, expected_result: &str) {
[INFO] [stdout]    |                            ^^^^^^^^^^^^^^^ help: if this is intentional, prefix it with an underscore: `_expected_result`
[INFO] [stdout] 
[INFO] [stdout] 
[INFO] [stdout] warning: unused variable: `script`
[INFO] [stdout]   --> tests/util.rs:18:19
[INFO] [stdout]    |
[INFO] [stdout] 18 | pub fn check_fail(script: &str, expected_err: &str) {
[INFO] [stdout]    |                   ^^^^^^ help: if this is intentional, prefix it with an underscore: `_script`
[INFO] [stdout] 
[INFO] [stdout] 
[INFO] [stdout] warning: unused variable: `expected_err`
[INFO] [stdout]   --> tests/util.rs:18:33
[INFO] [stdout]    |
[INFO] [stdout] 18 | pub fn check_fail(script: &str, expected_err: &str) {
[INFO] [stdout]    |                                 ^^^^^^^^^^^^ help: if this is intentional, prefix it with an underscore: `_expected_err`
[INFO] [stdout] 
[INFO] [stdout] 
[INFO] [stdout] warning: unused variable: `script`
[INFO] [stdout]   --> tests/util.rs:23:20
[INFO] [stdout]    |
[INFO] [stdout] 23 | pub fn check_value(script: &str, expected_value: Value) {
[INFO] [stdout]    |                    ^^^^^^ help: if this is intentional, prefix it with an underscore: `_script`
[INFO] [stdout] 
[INFO] [stdout] 
[INFO] [stdout] warning: unused variable: `expected_value`
[INFO] [stdout]   --> tests/util.rs:23:34
[INFO] [stdout]    |
[INFO] [stdout] 23 | pub fn check_value(script: &str, expected_value: Value) {
[INFO] [stdout]    |                                  ^^^^^^^^^^^^^^ help: if this is intentional, prefix it with an underscore: `_expected_value`
[INFO] [stdout] 
[INFO] [stdout] 
[INFO] [stdout] warning: unused variable: `script`
[INFO] [stdout]   --> tests/util.rs:28:13
[INFO] [stdout]    |
[INFO] [stdout] 28 | pub fn eval(script: &str) -> Value {
[INFO] [stdout]    |             ^^^^^^ help: if this is intentional, prefix it with an underscore: `_script`
[INFO] [stdout] 
[INFO] [stdout] 
[INFO] [stdout] warning: unused variable: `script`
[INFO] [stdout]   --> tests/util.rs:33:20
[INFO] [stdout]    |
[INFO] [stdout] 33 | pub fn eval_string(script: &str, expected_string: &str) {
[INFO] [stdout]    |                    ^^^^^^ help: if this is intentional, prefix it with an underscore: `_script`
[INFO] [stdout] 
[INFO] [stdout] 
[INFO] [stdout] warning: unused variable: `expected_string`
[INFO] [stdout]   --> tests/util.rs:33:34
[INFO] [stdout]    |
[INFO] [stdout] 33 | pub fn eval_string(script: &str, expected_string: &str) {
[INFO] [stdout]    |                                  ^^^^^^^^^^^^^^^ help: if this is intentional, prefix it with an underscore: `_expected_string`
[INFO] [stdout] 
[INFO] [stdout] 
[INFO] [stdout] warning: struct `TestContext` is never constructed
[INFO] [stdout]  --> tests/util.rs:7:12
[INFO] [stdout]   |
[INFO] [stdout] 7 | pub struct TestContext {
[INFO] [stdout]   |            ^^^^^^^^^^^
[INFO] [stdout]   |
[INFO] [stdout]   = note: `#[warn(dead_code)]` (part of `#[warn(unused)]`) on by default
[INFO] [stdout] 
[INFO] [stdout] 
[INFO] [stdout] warning: unused variable: `script`
[INFO] [stdout]   --> tests/util.rs:13:14
[INFO] [stdout]    |
[INFO] [stdout] 13 | pub fn check(script: &str, expected_result: &str) {
[INFO] [stdout]    |              ^^^^^^ help: if this is intentional, prefix it with an underscore: `_script`
[INFO] [stdout]    |
[INFO] [stdout]    = note: `#[warn(unused_variables)]` (part of `#[warn(unused)]`) on by default
[INFO] [stdout] 
[INFO] [stdout] 
[INFO] [stdout] warning: unused variable: `expected_result`
[INFO] [stdout]   --> tests/util.rs:13:28
[INFO] [stdout]    |
[INFO] [stdout] 13 | pub fn check(script: &str, expected_result: &str) {
[INFO] [stdout]    |                            ^^^^^^^^^^^^^^^ help: if this is intentional, prefix it with an underscore: `_expected_result`
[INFO] [stdout] 
[INFO] [stdout] 
[INFO] [stdout] warning: unused variable: `script`
[INFO] [stdout]   --> tests/util.rs:18:19
[INFO] [stdout]    |
[INFO] [stdout] 18 | pub fn check_fail(script: &str, expected_err: &str) {
[INFO] [stdout]    |                   ^^^^^^ help: if this is intentional, prefix it with an underscore: `_script`
[INFO] [stdout] 
[INFO] [stdout] 
[INFO] [stdout] warning: unused variable: `expected_err`
[INFO] [stdout]   --> tests/util.rs:18:33
[INFO] [stdout]    |
[INFO] [stdout] 18 | pub fn check_fail(script: &str, expected_err: &str) {
[INFO] [stdout]    |                                 ^^^^^^^^^^^^ help: if this is intentional, prefix it with an underscore: `_expected_err`
[INFO] [stdout] 
[INFO] [stdout] 
[INFO] [stdout] warning: unused variable: `script`
[INFO] [stdout]   --> tests/util.rs:23:20
[INFO] [stdout]    |
[INFO] [stdout] 23 | pub fn check_value(script: &str, expected_value: Value) {
[INFO] [stdout]    |                    ^^^^^^ help: if this is intentional, prefix it with an underscore: `_script`
[INFO] [stdout] 
[INFO] [stdout] 
[INFO] [stdout] warning: unused variable: `expected_value`
[INFO] [stdout]   --> tests/util.rs:23:34
[INFO] [stdout]    |
[INFO] [stdout] 23 | pub fn check_value(script: &str, expected_value: Value) {
[INFO] [stdout]    |                                  ^^^^^^^^^^^^^^ help: if this is intentional, prefix it with an underscore: `_expected_value`
[INFO] [stdout] 
[INFO] [stdout] 
[INFO] [stdout] warning: unused variable: `script`
[INFO] [stdout]   --> tests/util.rs:28:13
[INFO] [stdout]    |
[INFO] [stdout] 28 | pub fn eval(script: &str) -> Value {
[INFO] [stdout]    |             ^^^^^^ help: if this is intentional, prefix it with an underscore: `_script`
[INFO] [stdout] 
[INFO] [stdout] 
[INFO] [stdout] warning: unused variable: `script`
[INFO] [stdout]   --> tests/util.rs:33:20
[INFO] [stdout]    |
[INFO] [stdout] 33 | pub fn eval_string(script: &str, expected_string: &str) {
[INFO] [stdout]    |                    ^^^^^^ help: if this is intentional, prefix it with an underscore: `_script`
[INFO] [stdout] 
[INFO] [stdout] 
[INFO] [stdout] warning: unused variable: `expected_string`
[INFO] [stdout]   --> tests/util.rs:33:34
[INFO] [stdout]    |
[INFO] [stdout] 33 | pub fn eval_string(script: &str, expected_string: &str) {
[INFO] [stdout]    |                                  ^^^^^^^^^^^^^^^ help: if this is intentional, prefix it with an underscore: `_expected_string`
[INFO] [stdout] 
[INFO] [stdout] 
[INFO] [stdout] warning: struct `TestContext` is never constructed
[INFO] [stdout]  --> tests/util.rs:7:12
[INFO] [stdout]   |
[INFO] [stdout] 7 | pub struct TestContext {
[INFO] [stdout]   |            ^^^^^^^^^^^
[INFO] [stdout]   |
[INFO] [stdout]   = note: `#[warn(dead_code)]` (part of `#[warn(unused)]`) on by default
[INFO] [stdout] 
[INFO] [stdout] 
[INFO] [stdout] warning: unused imports: `check_value`, `check`, and `eval_string`
[INFO] [stdout]  --> tests/with.rs:7:19
[INFO] [stdout]   |
[INFO] [stdout] 7 | use crate::util::{check, check_fail, check_value, eval, eval_string};
[INFO] [stdout]   |                   ^^^^^              ^^^^^^^^^^^        ^^^^^^^^^^^
[INFO] [stdout]   |
[INFO] [stdout]   = note: `#[warn(unused_imports)]` (part of `#[warn(unused)]`) on by default
[INFO] [stdout] 
[INFO] [stdout] 
[INFO] [stdout] warning: unused variable: `script`
[INFO] [stdout]   --> tests/util.rs:13:14
[INFO] [stdout]    |
[INFO] [stdout] 13 | pub fn check(script: &str, expected_result: &str) {
[INFO] [stdout]    |              ^^^^^^ help: if this is intentional, prefix it with an underscore: `_script`
[INFO] [stdout]    |
[INFO] [stdout]    = note: `#[warn(unused_variables)]` (part of `#[warn(unused)]`) on by default
[INFO] [stdout] 
[INFO] [stdout] 
[INFO] [stdout] warning: unused variable: `expected_result`
[INFO] [stdout]   --> tests/util.rs:13:28
[INFO] [stdout]    |
[INFO] [stdout] 13 | pub fn check(script: &str, expected_result: &str) {
[INFO] [stdout]    |                            ^^^^^^^^^^^^^^^ help: if this is intentional, prefix it with an underscore: `_expected_result`
[INFO] [stdout] 
[INFO] [stdout] 
[INFO] [stdout] warning: unused variable: `script`
[INFO] [stdout]   --> tests/util.rs:18:19
[INFO] [stdout]    |
[INFO] [stdout] 18 | pub fn check_fail(script: &str, expected_err: &str) {
[INFO] [stdout]    |                   ^^^^^^ help: if this is intentional, prefix it with an underscore: `_script`
[INFO] [stdout] 
[INFO] [stdout] 
[INFO] [stdout] warning: unused variable: `expected_err`
[INFO] [stdout]   --> tests/util.rs:18:33
[INFO] [stdout]    |
[INFO] [stdout] 18 | pub fn check_fail(script: &str, expected_err: &str) {
[INFO] [stdout]    |                                 ^^^^^^^^^^^^ help: if this is intentional, prefix it with an underscore: `_expected_err`
[INFO] [stdout] 
[INFO] [stdout] 
[INFO] [stdout] warning: unused variable: `script`
[INFO] [stdout]   --> tests/util.rs:23:20
[INFO] [stdout]    |
[INFO] [stdout] 23 | pub fn check_value(script: &str, expected_value: Value) {
[INFO] [stdout]    |                    ^^^^^^ help: if this is intentional, prefix it with an underscore: `_script`
[INFO] [stdout] 
[INFO] [stdout] 
[INFO] [stdout] warning: unused variable: `expected_value`
[INFO] [stdout]   --> tests/util.rs:23:34
[INFO] [stdout]    |
[INFO] [stdout] 23 | pub fn check_value(script: &str, expected_value: Value) {
[INFO] [stdout]    |                                  ^^^^^^^^^^^^^^ help: if this is intentional, prefix it with an underscore: `_expected_value`
[INFO] [stdout] 
[INFO] [stdout] 
[INFO] [stdout] warning: unused variable: `script`
[INFO] [stdout]   --> tests/util.rs:28:13
[INFO] [stdout]    |
[INFO] [stdout] 28 | pub fn eval(script: &str) -> Value {
[INFO] [stdout]    |             ^^^^^^ help: if this is intentional, prefix it with an underscore: `_script`
[INFO] [stdout] 
[INFO] [stdout] 
[INFO] [stdout] warning: unused variable: `script`
[INFO] [stdout]   --> tests/util.rs:33:20
[INFO] [stdout]    |
[INFO] [stdout] 33 | pub fn eval_string(script: &str, expected_string: &str) {
[INFO] [stdout]    |                    ^^^^^^ help: if this is intentional, prefix it with an underscore: `_script`
[INFO] [stdout] 
[INFO] [stdout] 
[INFO] [stdout] warning: unused variable: `expected_string`
[INFO] [stdout]   --> tests/util.rs:33:34
[INFO] [stdout]    |
[INFO] [stdout] 33 | pub fn eval_string(script: &str, expected_string: &str) {
[INFO] [stdout]    |                                  ^^^^^^^^^^^^^^^ help: if this is intentional, prefix it with an underscore: `_expected_string`
[INFO] [stdout] 
[INFO] [stdout] 
[INFO] [stdout] warning: struct `TestContext` is never constructed
[INFO] [stdout]  --> tests/util.rs:7:12
[INFO] [stdout]   |
[INFO] [stdout] 7 | pub struct TestContext {
[INFO] [stdout]   |            ^^^^^^^^^^^
[INFO] [stdout]   |
[INFO] [stdout]   = note: `#[warn(dead_code)]` (part of `#[warn(unused)]`) on by default
[INFO] [stdout] 
[INFO] [stdout] 
[INFO] [stdout] warning: unused variable: `script`
[INFO] [stdout]   --> tests/util.rs:13:14
[INFO] [stdout]    |
[INFO] [stdout] 13 | pub fn check(script: &str, expected_result: &str) {
[INFO] [stdout]    |              ^^^^^^ help: if this is intentional, prefix it with an underscore: `_script`
[INFO] [stdout]    |
[INFO] [stdout]    = note: `#[warn(unused_variables)]` (part of `#[warn(unused)]`) on by default
[INFO] [stdout] 
[INFO] [stdout] 
[INFO] [stdout] warning: unused variable: `expected_result`
[INFO] [stdout]   --> tests/util.rs:13:28
[INFO] [stdout]    |
[INFO] [stdout] 13 | pub fn check(script: &str, expected_result: &str) {
[INFO] [stdout]    |                            ^^^^^^^^^^^^^^^ help: if this is intentional, prefix it with an underscore: `_expected_result`
[INFO] [stdout] 
[INFO] [stdout] 
[INFO] [stdout] warning: unused variable: `script`
[INFO] [stdout]   --> tests/util.rs:18:19
[INFO] [stdout]    |
[INFO] [stdout] 18 | pub fn check_fail(script: &str, expected_err: &str) {
[INFO] [stdout]    |                   ^^^^^^ help: if this is intentional, prefix it with an underscore: `_script`
[INFO] [stdout] 
[INFO] [stdout] 
[INFO] [stdout] warning: unused variable: `expected_err`
[INFO] [stdout]   --> tests/util.rs:18:33
[INFO] [stdout]    |
[INFO] [stdout] 18 | pub fn check_fail(script: &str, expected_err: &str) {
[INFO] [stdout]    |                                 ^^^^^^^^^^^^ help: if this is intentional, prefix it with an underscore: `_expected_err`
[INFO] [stdout] 
[INFO] [stdout] 
[INFO] [stdout] warning: unused variable: `script`
[INFO] [stdout]   --> tests/util.rs:23:20
[INFO] [stdout]    |
[INFO] [stdout] 23 | pub fn check_value(script: &str, expected_value: Value) {
[INFO] [stdout]    |                    ^^^^^^ help: if this is intentional, prefix it with an underscore: `_script`
[INFO] [stdout] 
[INFO] [stdout] 
[INFO] [stdout] warning: unused variable: `expected_value`
[INFO] [stdout]   --> tests/util.rs:23:34
[INFO] [stdout]    |
[INFO] [stdout] 23 | pub fn check_value(script: &str, expected_value: Value) {
[INFO] [stdout]    |                                  ^^^^^^^^^^^^^^ help: if this is intentional, prefix it with an underscore: `_expected_value`
[INFO] [stdout] 
[INFO] [stdout] 
[INFO] [stdout] warning: unused variable: `script`
[INFO] [stdout]   --> tests/util.rs:28:13
[INFO] [stdout]    |
[INFO] [stdout] 28 | pub fn eval(script: &str) -> Value {
[INFO] [stdout]    |             ^^^^^^ help: if this is intentional, prefix it with an underscore: `_script`
[INFO] [stdout] 
[INFO] [stdout] 
[INFO] [stdout] warning: unused variable: `script`
[INFO] [stdout]   --> tests/util.rs:33:20
[INFO] [stdout]    |
[INFO] [stdout] 33 | pub fn eval_string(script: &str, expected_string: &str) {
[INFO] [stdout]    |                    ^^^^^^ help: if this is intentional, prefix it with an underscore: `_script`
[INFO] [stdout] 
[INFO] [stdout] 
[INFO] [stdout] warning: unused variable: `expected_string`
[INFO] [stdout]   --> tests/util.rs:33:34
[INFO] [stdout]    |
[INFO] [stdout] 33 | pub fn eval_string(script: &str, expected_string: &str) {
[INFO] [stdout]    |                                  ^^^^^^^^^^^^^^^ help: if this is intentional, prefix it with an underscore: `_expected_string`
[INFO] [stdout] 
[INFO] [stdout] 
[INFO] [stdout] warning: struct `TestContext` is never constructed
[INFO] [stdout]  --> tests/util.rs:7:12
[INFO] [stdout]   |
[INFO] [stdout] 7 | pub struct TestContext {
[INFO] [stdout]   |            ^^^^^^^^^^^
[INFO] [stdout]   |
[INFO] [stdout]   = note: `#[warn(dead_code)]` (part of `#[warn(unused)]`) on by default
[INFO] [stdout] 
[INFO] [stdout] 
[INFO] [stdout] warning: unused variable: `script`
[INFO] [stdout]   --> tests/util.rs:13:14
[INFO] [stdout]    |
[INFO] [stdout] 13 | pub fn check(script: &str, expected_result: &str) {
[INFO] [stdout]    |              ^^^^^^ help: if this is intentional, prefix it with an underscore: `_script`
[INFO] [stdout]    |
[INFO] [stdout]    = note: `#[warn(unused_variables)]` (part of `#[warn(unused)]`) on by default
[INFO] [stdout] 
[INFO] [stdout] 
[INFO] [stdout] warning: unused variable: `expected_result`
[INFO] [stdout]   --> tests/util.rs:13:28
[INFO] [stdout]    |
[INFO] [stdout] 13 | pub fn check(script: &str, expected_result: &str) {
[INFO] [stdout]    |                            ^^^^^^^^^^^^^^^ help: if this is intentional, prefix it with an underscore: `_expected_result`
[INFO] [stdout] 
[INFO] [stdout] 
[INFO] [stdout] warning: unused variable: `script`
[INFO] [stdout]   --> tests/util.rs:18:19
[INFO] [stdout]    |
[INFO] [stdout] 18 | pub fn check_fail(script: &str, expected_err: &str) {
[INFO] [stdout]    |                   ^^^^^^ help: if this is intentional, prefix it with an underscore: `_script`
[INFO] [stdout] 
[INFO] [stdout] 
[INFO] [stdout] warning: unused variable: `expected_err`
[INFO] [stdout]   --> tests/util.rs:18:33
[INFO] [stdout]    |
[INFO] [stdout] 18 | pub fn check_fail(script: &str, expected_err: &str) {
[INFO] [stdout]    |                                 ^^^^^^^^^^^^ help: if this is intentional, prefix it with an underscore: `_expected_err`
[INFO] [stdout] 
[INFO] [stdout] 
[INFO] [stdout] warning: unused variable: `script`
[INFO] [stdout]   --> tests/util.rs:23:20
[INFO] [stdout]    |
[INFO] [stdout] 23 | pub fn check_value(script: &str, expected_value: Value) {
[INFO] [stdout]    |                    ^^^^^^ help: if this is intentional, prefix it with an underscore: `_script`
[INFO] [stdout] 
[INFO] [stdout] 
[INFO] [stdout] warning: unused variable: `expected_value`
[INFO] [stdout]   --> tests/util.rs:23:34
[INFO] [stdout]    |
[INFO] [stdout] 23 | pub fn check_value(script: &str, expected_value: Value) {
[INFO] [stdout]    |                                  ^^^^^^^^^^^^^^ help: if this is intentional, prefix it with an underscore: `_expected_value`
[INFO] [stdout] 
[INFO] [stdout] 
[INFO] [stdout] warning: unused variable: `script`
[INFO] [stdout]   --> tests/util.rs:28:13
[INFO] [stdout]    |
[INFO] [stdout] 28 | pub fn eval(script: &str) -> Value {
[INFO] [stdout]    |             ^^^^^^ help: if this is intentional, prefix it with an underscore: `_script`
[INFO] [stdout] 
[INFO] [stdout] 
[INFO] [stdout] warning: unused variable: `script`
[INFO] [stdout]   --> tests/util.rs:33:20
[INFO] [stdout]    |
[INFO] [stdout] 33 | pub fn eval_string(script: &str, expected_string: &str) {
[INFO] [stdout]    |                    ^^^^^^ help: if this is intentional, prefix it with an underscore: `_script`
[INFO] [stdout] 
[INFO] [stdout] 
[INFO] [stdout] warning: unused variable: `expected_string`
[INFO] [stdout]   --> tests/util.rs:33:34
[INFO] [stdout]    |
[INFO] [stdout] 33 | pub fn eval_string(script: &str, expected_string: &str) {
[INFO] [stdout]    |                                  ^^^^^^^^^^^^^^^ help: if this is intentional, prefix it with an underscore: `_expected_string`
[INFO] [stdout] 
[INFO] [stdout] 
[INFO] [stderr]     Finished `release` profile [optimized] target(s) in 1m 01s
[INFO] running `Command { std: "docker" "inspect" "71a0d279f6784499378028930a2ff8d5b0161b2b3e282a5cf34a1533c744f85f", kill_on_drop: false }`
[INFO] running `Command { std: "docker" "exec" "-e" "SOURCE_DIR=/opt/rustwide/workdir" "-e" "CARGO_HOME=/opt/rustwide/cargo-home" "-e" "RUSTUP_HOME=/opt/rustwide/rustup-home" "-e" "CARGO_TARGET_DIR=/opt/rustwide/target" "-e" "CARGO_INCREMENTAL=0" "-e" "RUST_BACKTRACE=full" "-e" "RUSTFLAGS=--cap-lints=warn" "-e" "RUSTDOCFLAGS=--cap-lints=warn" "-w" "/opt/rustwide/workdir" "--user" "0:0" "71a0d279f6784499378028930a2ff8d5b0161b2b3e282a5cf34a1533c744f85f" "/opt/rustwide/cargo-home/bin/cargo" "+1.100.0-beta.1" "test" "--frozen" "--release", kill_on_drop: false }`
[INFO] [stderr] warning: unreachable pattern
[INFO] [stderr]     --> src/lib.rs:1777:13
[INFO] [stderr]      |
[INFO] [stderr] 1638 |             IntrinsicFunction::VecFindMap => {
[INFO] [stderr]      |             ----------------------------- matches all the relevant values
[INFO] [stderr] ...
[INFO] [stderr] 1777 |             IntrinsicFunction::VecFindMap => {
[INFO] [stderr]      |             ^^^^^^^^^^^^^^^^^^^^^^^^^^^^^ no value can reach this
[INFO] [stderr]      |
[INFO] [stderr]      = note: `#[warn(unreachable_patterns)]` (part of `#[warn(unused)]`) on by default
[INFO] [stderr] 
[INFO] [stderr] warning: methods `overwrite_existing_var_ref` and `overwrite_existing_var_mem` are never used
[INFO] [stderr]    --> src/block.rs:261:12
[INFO] [stderr]     |
[INFO] [stderr]  76 | impl BlockScopes {
[INFO] [stderr]     | ---------------- methods in this implementation
[INFO] [stderr] ...
[INFO] [stderr] 261 |     pub fn overwrite_existing_var_ref(
[INFO] [stderr]     |            ^^^^^^^^^^^^^^^^^^^^^^^^^^
[INFO] [stderr] ...
[INFO] [stderr] 303 |     pub fn overwrite_existing_var_mem(
[INFO] [stderr]     |            ^^^^^^^^^^^^^^^^^^^^^^^^^^
[INFO] [stderr]     |
[INFO] [stderr]     = note: `#[warn(dead_code)]` (part of `#[warn(unused)]`) on by default
[INFO] [stderr] 
[INFO] [stderr] warning: hiding a lifetime that's elided elsewhere is confusing
[INFO] [stderr]    --> src/value_ref.rs:105:18
[INFO] [stderr]     |
[INFO] [stderr] 105 |     pub fn unref(&self) -> Ref<Value> {
[INFO] [stderr]     |                  ^^^^^     ^^^^^^^^^^ the same lifetime is hidden here
[INFO] [stderr]     |                  |
[INFO] [stderr]     |                  the lifetime is elided here
[INFO] [stderr]     |
[INFO] [stderr]     = help: the same lifetime is referred to in inconsistent ways, making the signature confusing
[INFO] [stderr]     = note: `#[warn(mismatched_lifetime_syntaxes)]` on by default
[INFO] [stderr] help: use `'_` for type paths
[INFO] [stderr]     |
[INFO] [stderr] 105 |     pub fn unref(&self) -> Ref<'_, Value> {
[INFO] [stderr]     |                                +++
[INFO] [stderr] 
[INFO] [stderr] warning: `swamp-eval` (lib) generated 3 warnings (run `cargo fix --lib -p swamp-eval` to apply 1 suggestion)
[INFO] [stderr] warning: unused variable: `script`
[INFO] [stderr]   --> tests/util.rs:13:14
[INFO] [stderr]    |
[INFO] [stderr] 13 | pub fn check(script: &str, expected_result: &str) {
[INFO] [stderr]    |              ^^^^^^ help: if this is intentional, prefix it with an underscore: `_script`
[INFO] [stderr]    |
[INFO] [stderr]    = note: `#[warn(unused_variables)]` (part of `#[warn(unused)]`) on by default
[INFO] [stderr] 
[INFO] [stderr] warning: unused variable: `expected_result`
[INFO] [stderr]   --> tests/util.rs:13:28
[INFO] [stderr]    |
[INFO] [stderr] 13 | pub fn check(script: &str, expected_result: &str) {
[INFO] [stderr]    |                            ^^^^^^^^^^^^^^^ help: if this is intentional, prefix it with an underscore: `_expected_result`
[INFO] [stderr] 
[INFO] [stderr] warning: unused variable: `script`
[INFO] [stderr]   --> tests/util.rs:18:19
[INFO] [stderr]    |
[INFO] [stderr] 18 | pub fn check_fail(script: &str, expected_err: &str) {
[INFO] [stderr]    |                   ^^^^^^ help: if this is intentional, prefix it with an underscore: `_script`
[INFO] [stderr] 
[INFO] [stderr] warning: unused variable: `expected_err`
[INFO] [stderr]   --> tests/util.rs:18:33
[INFO] [stderr]    |
[INFO] [stderr] 18 | pub fn check_fail(script: &str, expected_err: &str) {
[INFO] [stderr]    |                                 ^^^^^^^^^^^^ help: if this is intentional, prefix it with an underscore: `_expected_err`
[INFO] [stderr] 
[INFO] [stderr] warning: unused variable: `script`
[INFO] [stderr]   --> tests/util.rs:23:20
[INFO] [stderr]    |
[INFO] [stderr] 23 | pub fn check_value(script: &str, expected_value: Value) {
[INFO] [stderr]    |                    ^^^^^^ help: if this is intentional, prefix it with an underscore: `_script`
[INFO] [stderr] 
[INFO] [stderr] warning: unused variable: `expected_value`
[INFO] [stderr]   --> tests/util.rs:23:34
[INFO] [stderr]    |
[INFO] [stderr] 23 | pub fn check_value(script: &str, expected_value: Value) {
[INFO] [stderr]    |                                  ^^^^^^^^^^^^^^ help: if this is intentional, prefix it with an underscore: `_expected_value`
[INFO] [stderr] 
[INFO] [stderr] warning: unused variable: `script`
[INFO] [stderr]   --> tests/util.rs:28:13
[INFO] [stderr]    |
[INFO] [stderr] 28 | pub fn eval(script: &str) -> Value {
[INFO] [stderr]    |             ^^^^^^ help: if this is intentional, prefix it with an underscore: `_script`
[INFO] [stderr] 
[INFO] [stderr] warning: unused variable: `script`
[INFO] [stderr]   --> tests/util.rs:33:20
[INFO] [stderr]    |
[INFO] [stderr] 33 | pub fn eval_string(script: &str, expected_string: &str) {
[INFO] [stderr]    |                    ^^^^^^ help: if this is intentional, prefix it with an underscore: `_script`
[INFO] [stderr] 
[INFO] [stderr] warning: unused variable: `expected_string`
[INFO] [stderr]   --> tests/util.rs:33:34
[INFO] [stderr]    |
[INFO] [stderr] 33 | pub fn eval_string(script: &str, expected_string: &str) {
[INFO] [stderr]    |                                  ^^^^^^^^^^^^^^^ help: if this is intentional, prefix it with an underscore: `_expected_string`
[INFO] [stderr] 
[INFO] [stderr] warning: struct `TestContext` is never constructed
[INFO] [stderr]  --> tests/util.rs:7:12
[INFO] [stderr]   |
[INFO] [stderr] 7 | pub struct TestContext {
[INFO] [stderr]   |            ^^^^^^^^^^^
[INFO] [stderr]   |
[INFO] [stderr]   = note: `#[warn(dead_code)]` (part of `#[warn(unused)]`) on by default
[INFO] [stderr] 
[INFO] [stderr] warning: unused imports: `check_value`, `check`, and `eval_string`
[INFO] [stderr]  --> tests/with.rs:7:19
[INFO] [stderr]   |
[INFO] [stderr] 7 | use crate::util::{check, check_fail, check_value, eval, eval_string};
[INFO] [stderr]   |                   ^^^^^              ^^^^^^^^^^^        ^^^^^^^^^^^
[INFO] [stderr]   |
[INFO] [stderr]   = note: `#[warn(unused_imports)]` (part of `#[warn(unused)]`) on by default
[INFO] [stderr] 
[INFO] [stderr] warning: `swamp-eval` (test "destructuring") generated 10 warnings (run `cargo fix --test "destructuring" -p swamp-eval` to apply 9 suggestions)
[INFO] [stderr] warning: `swamp-eval` (test "constant") generated 10 warnings (10 duplicates)
[INFO] [stderr] warning: `swamp-eval` (test "basic_eval") generated 10 warnings (10 duplicates)
[INFO] [stderr] warning: `swamp-eval` (test "assign_mut") generated 10 warnings (10 duplicates)
[INFO] [stderr] warning: `swamp-eval` (test "with") generated 11 warnings (10 duplicates) (run `cargo fix --test "with" -p swamp-eval` to apply 1 suggestion)
[INFO] [stderr] warning: `swamp-eval` (test "array") generated 10 warnings (10 duplicates)
[INFO] [stderr] warning: `swamp-eval` (test "util") generated 9 warnings (9 duplicates)
[INFO] [stderr] warning: `swamp-eval` (test "tuple_floats") generated 10 warnings (10 duplicates)
[INFO] [stderr] warning: `swamp-eval` (test "for_expr") generated 10 warnings (10 duplicates)
[INFO] [stderr] warning: `swamp-eval` (test "string") generated 10 warnings (10 duplicates)
[INFO] [stderr] warning: `swamp-eval` (test "sparse") generated 10 warnings (10 duplicates)
[INFO] [stderr] warning: `swamp-eval` (test "rest") generated 10 warnings (10 duplicates)
[INFO] [stderr] warning: `swamp-eval` (test "option") generated 10 warnings (10 duplicates)
[INFO] [stderr] warning: `swamp-eval` (test "match_expr") generated 10 warnings (10 duplicates)
[INFO] [stderr] warning: `swamp-eval` (test "float") generated 10 warnings (10 duplicates)
[INFO] [stderr] warning: `swamp-eval` (test "map") generated 10 warnings (10 duplicates)
[INFO] [stderr] warning: `swamp-eval` (test "location") generated 10 warnings (10 duplicates)
[INFO] [stderr] warning: `swamp-eval` (test "interpreter") generated 10 warnings (10 duplicates)
[INFO] [stderr] warning: `swamp-eval` (test "func_ref") generated 10 warnings (10 duplicates)
[INFO] [stderr] warning: `swamp-eval` (test "int") generated 10 warnings (10 duplicates)
[INFO] [stderr] warning: `swamp-eval` (lib test) generated 3 warnings (3 duplicates)
[INFO] [stderr]     Finished `release` profile [optimized] target(s) in 0.07s
[INFO] [stderr]      Running unittests src/lib.rs (/opt/rustwide/target/release/build/swamp-eval/706b56fa34375bda/out/swamp_eval-706b56fa34375bda)
[INFO] [stderr]      Running tests/array.rs (/opt/rustwide/target/release/build/swamp-eval/7508dcaf4528cc94/out/array-7508dcaf4528cc94)
[INFO] [stdout] 
[INFO] [stdout] running 0 tests
[INFO] [stdout] 
[INFO] [stdout] test result: ok. 0 passed; 0 failed; 0 ignored; 0 measured; 0 filtered out; finished in 0.00s
[INFO] [stdout] 
[INFO] [stdout] 
[INFO] [stdout] running 8 tests
[INFO] [stdout] test array_push ... FAILED
[INFO] [stdout] test array_clear ... FAILED
[INFO] [stdout] test array_range_assignment ... FAILED
[INFO] [stdout] test array_extend ... FAILED
[INFO] [stdout] test array_range_access ... FAILED
[INFO] [stderr] error: test failed, to rerun pass `--test array`
[INFO] [stdout] test array_access ... FAILED
[INFO] [stdout] test array_remove_fail ... FAILED
[INFO] [stdout] test array_remove ... FAILED
[INFO] [stdout] 
[INFO] [stdout] failures:
[INFO] [stdout] 
[INFO] [stdout] ---- array_push stdout ----
[INFO] [stdout] 
[INFO] [stdout] thread 'array_push' (1657) panicked at tests/util.rs:34:5:
[INFO] [stdout] not yet implemented
[INFO] [stdout] stack backtrace:
[INFO] [stdout]    0:     0x62c4d4580371 - <<std[617be2ca0a6fd877]::sys::backtrace::BacktraceLock>::print::DisplayBacktrace as core[a373ad73a504971]::fmt::Display>::fmt
[INFO] [stdout]    1:     0x62c4d4595c3a - core[a373ad73a504971]::fmt::write
[INFO] [stdout]    2:     0x62c4d458463c - <alloc[2e1b2a31b91974c5]::vec::Vec<u8> as core[a373ad73a504971]::io::write::Write>::write_fmt
[INFO] [stdout]    3:     0x62c4d455c606 - std[617be2ca0a6fd877]::panicking::default_hook::{closure#0}
[INFO] [stdout]    4:     0x62c4d4578879 - std[617be2ca0a6fd877]::panicking::default_hook
[INFO] [stdout]    5:     0x62c4d4463aa0 - test[aada8e7e76ba119b]::test_main_inner::{closure#0}
[INFO] [stdout]    6:     0x62c4d4578a32 - std[617be2ca0a6fd877]::panicking::panic_with_hook
[INFO] [stdout]    7:     0x62c4d455c6e4 - std[617be2ca0a6fd877]::panicking::panic_handler::{closure#0}
[INFO] [stdout]    8:     0x62c4d4555399 - std[617be2ca0a6fd877]::sys::backtrace::__rust_end_short_backtrace::<std[617be2ca0a6fd877]::panicking::panic_handler::{closure#0}, !>
[INFO] [stdout]    9:     0x62c4d455d2bd - __rustc[ea4f61d10b84890b]::rust_begin_unwind
[INFO] [stdout]   10:     0x62c4d459641c - core[a373ad73a504971]::panicking::panic_fmt
[INFO] [stdout]   11:     0x62c4d45963e2 - core[a373ad73a504971]::panicking::panic
[INFO] [stdout]   12:     0x62c4d4447a88 - <array[568a78bd26ef6867]::array_push::{closure#0} as core[a373ad73a504971]::ops::function::FnOnce<()>>::call_once
[INFO] [stdout]   13:     0x62c4d4456eeb - test[aada8e7e76ba119b]::__rust_begin_short_backtrace::<core[a373ad73a504971]::result::Result<(), alloc[2e1b2a31b91974c5]::string::String>, fn() -> core[a373ad73a504971]::result::Result<(), alloc[2e1b2a31b91974c5]::string::String>>
[INFO] [stdout]   14:     0x62c4d44640c5 - test[aada8e7e76ba119b]::run_test::{closure#0}
[INFO] [stdout]   15:     0x62c4d445d9b4 - std[617be2ca0a6fd877]::sys::backtrace::__rust_begin_short_backtrace::<test[aada8e7e76ba119b]::run_test::{closure#1}, ()>
[INFO] [stdout]   16:     0x62c4d4467152 - <std[617be2ca0a6fd877]::thread::lifecycle::spawn_unchecked<test[aada8e7e76ba119b]::run_test::{closure#1}, ()>::{closure#1} as core[a373ad73a504971]::ops::function::FnOnce<()>>::call_once::{shim:vtable#0}
[INFO] [stdout]   17:     0x62c4d457fb9f - <std[617be2ca0a6fd877]::sys::thread::unix::Thread>::new::thread_start
[INFO] [stdout]   18:     0x7d84bed36dfa - <unknown>
[INFO] [stdout]   19:     0x7d84bedca3d4 - clone
[INFO] [stdout]   20:                0x0 - <unknown>
[INFO] [stdout] 
[INFO] [stdout] ---- array_clear stdout ----
[INFO] [stdout] 
[INFO] [stdout] thread 'array_clear' (1655) panicked at tests/util.rs:34:5:
[INFO] [stdout] not yet implemented
[INFO] [stdout] stack backtrace:
[INFO] [stdout]    0:     0x62c4d4580371 - <<std[617be2ca0a6fd877]::sys::backtrace::BacktraceLock>::print::DisplayBacktrace as core[a373ad73a504971]::fmt::Display>::fmt
[INFO] [stdout]    1:     0x62c4d4595c3a - core[a373ad73a504971]::fmt::write
[INFO] [stdout]    2:     0x62c4d458463c - <alloc[2e1b2a31b91974c5]::vec::Vec<u8> as core[a373ad73a504971]::io::write::Write>::write_fmt
[INFO] [stdout]    3:     0x62c4d455c606 - std[617be2ca0a6fd877]::panicking::default_hook::{closure#0}
[INFO] [stdout]    4:     0x62c4d4578879 - std[617be2ca0a6fd877]::panicking::default_hook
[INFO] [stdout]    5:     0x62c4d4463aa0 - test[aada8e7e76ba119b]::test_main_inner::{closure#0}
[INFO] [stdout]    6:     0x62c4d4578a32 - std[617be2ca0a6fd877]::panicking::panic_with_hook
[INFO] [stdout]    7:     0x62c4d455c6e4 - std[617be2ca0a6fd877]::panicking::panic_handler::{closure#0}
[INFO] [stdout]    8:     0x62c4d4555399 - std[617be2ca0a6fd877]::sys::backtrace::__rust_end_short_backtrace::<std[617be2ca0a6fd877]::panicking::panic_handler::{closure#0}, !>
[INFO] [stdout]    9:     0x62c4d455d2bd - __rustc[ea4f61d10b84890b]::rust_begin_unwind
[INFO] [stdout]   10:     0x62c4d459641c - core[a373ad73a504971]::panicking::panic_fmt
[INFO] [stdout]   11:     0x62c4d45963e2 - core[a373ad73a504971]::panicking::panic
[INFO] [stdout]   12:     0x62c4d4448028 - <array[568a78bd26ef6867]::array_clear::{closure#0} as core[a373ad73a504971]::ops::function::FnOnce<()>>::call_once
[INFO] [stdout]   13:     0x62c4d4456eeb - test[aada8e7e76ba119b]::__rust_begin_short_backtrace::<core[a373ad73a504971]::result::Result<(), alloc[2e1b2a31b91974c5]::string::String>, fn() -> core[a373ad73a504971]::result::Result<(), alloc[2e1b2a31b91974c5]::string::String>>
[INFO] [stdout]   14:     0x62c4d44640c5 - test[aada8e7e76ba119b]::run_test::{closure#0}
[INFO] [stdout]   15:     0x62c4d445d9b4 - std[617be2ca0a6fd877]::sys::backtrace::__rust_begin_short_backtrace::<test[aada8e7e76ba119b]::run_test::{closure#1}, ()>
[INFO] [stdout]   16:     0x62c4d4467152 - <std[617be2ca0a6fd877]::thread::lifecycle::spawn_unchecked<test[aada8e7e76ba119b]::run_test::{closure#1}, ()>::{closure#1} as core[a373ad73a504971]::ops::function::FnOnce<()>>::call_once::{shim:vtable#0}
[INFO] [stdout]   17:     0x62c4d457fb9f - <std[617be2ca0a6fd877]::sys::thread::unix::Thread>::new::thread_start
[INFO] [stdout]   18:     0x7d84bed36dfa - <unknown>
[INFO] [stdout]   19:     0x7d84bedca3d4 - clone
[INFO] [stdout]   20:                0x0 - <unknown>
[INFO] [stdout] 
[INFO] [stdout] ---- array_range_assignment stdout ----
[INFO] [stdout] 
[INFO] [stdout] thread 'array_range_assignment' (1659) panicked at tests/util.rs:14:5:
[INFO] [stdout] not yet implemented
[INFO] [stdout] stack backtrace:
[INFO] [stdout]    0:     0x62c4d4580371 - <<std[617be2ca0a6fd877]::sys::backtrace::BacktraceLock>::print::DisplayBacktrace as core[a373ad73a504971]::fmt::Display>::fmt
[INFO] [stdout]    1:     0x62c4d4595c3a - core[a373ad73a504971]::fmt::write
[INFO] [stdout]    2:     0x62c4d458463c - <alloc[2e1b2a31b91974c5]::vec::Vec<u8> as core[a373ad73a504971]::io::write::Write>::write_fmt
[INFO] [stdout]    3:     0x62c4d455c606 - std[617be2ca0a6fd877]::panicking::default_hook::{closure#0}
[INFO] [stdout]    4:     0x62c4d4578879 - std[617be2ca0a6fd877]::panicking::default_hook
[INFO] [stdout]    5:     0x62c4d4463aa0 - test[aada8e7e76ba119b]::test_main_inner::{closure#0}
[INFO] [stdout]    6:     0x62c4d4578a32 - std[617be2ca0a6fd877]::panicking::panic_with_hook
[INFO] [stdout]    7:     0x62c4d455c6e4 - std[617be2ca0a6fd877]::panicking::panic_handler::{closure#0}
[INFO] [stdout]    8:     0x62c4d4555399 - std[617be2ca0a6fd877]::sys::backtrace::__rust_end_short_backtrace::<std[617be2ca0a6fd877]::panicking::panic_handler::{closure#0}, !>
[INFO] [stdout]    9:     0x62c4d455d2bd - __rustc[ea4f61d10b84890b]::rust_begin_unwind
[INFO] [stdout]   10:     0x62c4d459641c - core[a373ad73a504971]::panicking::panic_fmt
[INFO] [stdout]   11:     0x62c4d45963e2 - core[a373ad73a504971]::panicking::panic
[INFO] [stdout]   12:     0x62c4d444a1e8 - <array[568a78bd26ef6867]::array_range_assignment::{closure#0} as core[a373ad73a504971]::ops::function::FnOnce<()>>::call_once
[INFO] [stdout]   13:     0x62c4d4456eeb - test[aada8e7e76ba119b]::__rust_begin_short_backtrace::<core[a373ad73a504971]::result::Result<(), alloc[2e1b2a31b91974c5]::string::String>, fn() -> core[a373ad73a504971]::result::Result<(), alloc[2e1b2a31b91974c5]::string::String>>
[INFO] [stdout]   14:     0x62c4d44640c5 - test[aada8e7e76ba119b]::run_test::{closure#0}
[INFO] [stdout]   15:     0x62c4d445d9b4 - std[617be2ca0a6fd877]::sys::backtrace::__rust_begin_short_backtrace::<test[aada8e7e76ba119b]::run_test::{closure#1}, ()>
[INFO] [stdout]   16:     0x62c4d4467152 - <std[617be2ca0a6fd877]::thread::lifecycle::spawn_unchecked<test[aada8e7e76ba119b]::run_test::{closure#1}, ()>::{closure#1} as core[a373ad73a504971]::ops::function::FnOnce<()>>::call_once::{shim:vtable#0}
[INFO] [stdout]   17:     0x62c4d457fb9f - <std[617be2ca0a6fd877]::sys::thread::unix::Thread>::new::thread_start
[INFO] [stdout]   18:     0x7d84bed36dfa - <unknown>
[INFO] [stdout]   19:     0x7d84bedca3d4 - clone
[INFO] [stdout]   20:                0x0 - <unknown>
[INFO] [stdout] 
[INFO] [stdout] ---- array_extend stdout ----
[INFO] [stdout] 
[INFO] [stdout] thread 'array_extend' (1656) panicked at tests/util.rs:34:5:
[INFO] [stdout] not yet implemented
[INFO] [stdout] stack backtrace:
[INFO] [stdout]    0:     0x62c4d4580371 - <<std[617be2ca0a6fd877]::sys::backtrace::BacktraceLock>::print::DisplayBacktrace as core[a373ad73a504971]::fmt::Display>::fmt
[INFO] [stdout]    1:     0x62c4d4595c3a - core[a373ad73a504971]::fmt::write
[INFO] [stdout]    2:     0x62c4d458463c - <alloc[2e1b2a31b91974c5]::vec::Vec<u8> as core[a373ad73a504971]::io::write::Write>::write_fmt
[INFO] [stdout]    3:     0x62c4d455c606 - std[617be2ca0a6fd877]::panicking::default_hook::{closure#0}
[INFO] [stdout]    4:     0x62c4d4578879 - std[617be2ca0a6fd877]::panicking::default_hook
[INFO] [stdout]    5:     0x62c4d4463aa0 - test[aada8e7e76ba119b]::test_main_inner::{closure#0}
[INFO] [stdout]    6:     0x62c4d4578a32 - std[617be2ca0a6fd877]::panicking::panic_with_hook
[INFO] [stdout]    7:     0x62c4d455c6e4 - std[617be2ca0a6fd877]::panicking::panic_handler::{closure#0}
[INFO] [stdout]    8:     0x62c4d4555399 - std[617be2ca0a6fd877]::sys::backtrace::__rust_end_short_backtrace::<std[617be2ca0a6fd877]::panicking::panic_handler::{closure#0}, !>
[INFO] [stdout]    9:     0x62c4d455d2bd - __rustc[ea4f61d10b84890b]::rust_begin_unwind
[INFO] [stdout]   10:     0x62c4d459641c - core[a373ad73a504971]::panicking::panic_fmt
[INFO] [stdout]   11:     0x62c4d45963e2 - core[a373ad73a504971]::panicking::panic
[INFO] [stdout]   12:     0x62c4d4448b68 - <array[568a78bd26ef6867]::array_extend::{closure#0} as core[a373ad73a504971]::ops::function::FnOnce<()>>::call_once
[INFO] [stdout]   13:     0x62c4d4456eeb - test[aada8e7e76ba119b]::__rust_begin_short_backtrace::<core[a373ad73a504971]::result::Result<(), alloc[2e1b2a31b91974c5]::string::String>, fn() -> core[a373ad73a504971]::result::Result<(), alloc[2e1b2a31b91974c5]::string::String>>
[INFO] [stdout]   14:     0x62c4d44640c5 - test[aada8e7e76ba119b]::run_test::{closure#0}
[INFO] [stdout]   15:     0x62c4d445d9b4 - std[617be2ca0a6fd877]::sys::backtrace::__rust_begin_short_backtrace::<test[aada8e7e76ba119b]::run_test::{closure#1}, ()>
[INFO] [stdout]   16:     0x62c4d4467152 - <std[617be2ca0a6fd877]::thread::lifecycle::spawn_unchecked<test[aada8e7e76ba119b]::run_test::{closure#1}, ()>::{closure#1} as core[a373ad73a504971]::ops::function::FnOnce<()>>::call_once::{shim:vtable#0}
[INFO] [stdout]   17:     0x62c4d457fb9f - <std[617be2ca0a6fd877]::sys::thread::unix::Thread>::new::thread_start
[INFO] [stdout]   18:     0x7d84bed36dfa - <unknown>
[INFO] [stdout]   19:     0x7d84bedca3d4 - clone
[INFO] [stdout]   20:                0x0 - <unknown>
[INFO] [stdout] 
[INFO] [stdout] ---- array_range_access stdout ----
[INFO] [stdout] 
[INFO] [stdout] thread 'array_range_access' (1658) panicked at tests/util.rs:14:5:
[INFO] [stdout] not yet implemented
[INFO] [stdout] stack backtrace:
[INFO] [stdout]    0:     0x62c4d4580371 - <<std[617be2ca0a6fd877]::sys::backtrace::BacktraceLock>::print::DisplayBacktrace as core[a373ad73a504971]::fmt::Display>::fmt
[INFO] [stdout]    1:     0x62c4d4595c3a - core[a373ad73a504971]::fmt::write
[INFO] [stdout]    2:     0x62c4d458463c - <alloc[2e1b2a31b91974c5]::vec::Vec<u8> as core[a373ad73a504971]::io::write::Write>::write_fmt
[INFO] [stdout]    3:     0x62c4d455c606 - std[617be2ca0a6fd877]::panicking::default_hook::{closure#0}
[INFO] [stdout]    4:     0x62c4d4578879 - std[617be2ca0a6fd877]::panicking::default_hook
[INFO] [stdout]    5:     0x62c4d4463aa0 - test[aada8e7e76ba119b]::test_main_inner::{closure#0}
[INFO] [stdout]    6:     0x62c4d4578a32 - std[617be2ca0a6fd877]::panicking::panic_with_hook
[INFO] [stdout]    7:     0x62c4d455c6e4 - std[617be2ca0a6fd877]::panicking::panic_handler::{closure#0}
[INFO] [stdout]    8:     0x62c4d4555399 - std[617be2ca0a6fd877]::sys::backtrace::__rust_end_short_backtrace::<std[617be2ca0a6fd877]::panicking::panic_handler::{closure#0}, !>
[INFO] [stdout]    9:     0x62c4d455d2bd - __rustc[ea4f61d10b84890b]::rust_begin_unwind
[INFO] [stdout]   10:     0x62c4d459641c - core[a373ad73a504971]::panicking::panic_fmt
[INFO] [stdout]   11:     0x62c4d45963e2 - core[a373ad73a504971]::panicking::panic
[INFO] [stdout]   12:     0x62c4d4449c48 - <array[568a78bd26ef6867]::array_range_access::{closure#0} as core[a373ad73a504971]::ops::function::FnOnce<()>>::call_once
[INFO] [stdout]   13:     0x62c4d4456eeb - test[aada8e7e76ba119b]::__rust_begin_short_backtrace::<core[a373ad73a504971]::result::Result<(), alloc[2e1b2a31b91974c5]::string::String>, fn() -> core[a373ad73a504971]::result::Result<(), alloc[2e1b2a31b91974c5]::string::String>>
[INFO] [stdout]   14:     0x62c4d44640c5 - test[aada8e7e76ba119b]::run_test::{closure#0}
[INFO] [stdout]   15:     0x62c4d445d9b4 - std[617be2ca0a6fd877]::sys::backtrace::__rust_begin_short_backtrace::<test[aada8e7e76ba119b]::run_test::{closure#1}, ()>
[INFO] [stdout]   16:     0x62c4d4467152 - <std[617be2ca0a6fd877]::thread::lifecycle::spawn_unchecked<test[aada8e7e76ba119b]::run_test::{closure#1}, ()>::{closure#1} as core[a373ad73a504971]::ops::function::FnOnce<()>>::call_once::{shim:vtable#0}
[INFO] [stdout]   17:     0x62c4d457fb9f - <std[617be2ca0a6fd877]::sys::thread::unix::Thread>::new::thread_start
[INFO] [stdout]   18:     0x7d84bed36dfa - <unknown>
[INFO] [stdout]   19:     0x7d84bedca3d4 - clone
[INFO] [stdout]   20:                0x0 - <unknown>
[INFO] [stdout] 
[INFO] [stdout] ---- array_access stdout ----
[INFO] [stdout] 
[INFO] [stdout] thread 'array_access' (1654) panicked at tests/util.rs:29:5:
[INFO] [stdout] not yet implemented
[INFO] [stdout] stack backtrace:
[INFO] [stdout]    0:     0x62c4d4580371 - <<std[617be2ca0a6fd877]::sys::backtrace::BacktraceLock>::print::DisplayBacktrace as core[a373ad73a504971]::fmt::Display>::fmt
[INFO] [stdout]    1:     0x62c4d4595c3a - core[a373ad73a504971]::fmt::write
[INFO] [stdout]    2:     0x62c4d458463c - <alloc[2e1b2a31b91974c5]::vec::Vec<u8> as core[a373ad73a504971]::io::write::Write>::write_fmt
[INFO] [stdout]    3:     0x62c4d455c606 - std[617be2ca0a6fd877]::panicking::default_hook::{closure#0}
[INFO] [stdout]    4:     0x62c4d4578879 - std[617be2ca0a6fd877]::panicking::default_hook
[INFO] [stdout]    5:     0x62c4d4463aa0 - test[aada8e7e76ba119b]::test_main_inner::{closure#0}
[INFO] [stdout]    6:     0x62c4d4578a32 - std[617be2ca0a6fd877]::panicking::panic_with_hook
[INFO] [stdout]    7:     0x62c4d455c6e4 - std[617be2ca0a6fd877]::panicking::panic_handler::{closure#0}
[INFO] [stdout]    8:     0x62c4d4555399 - std[617be2ca0a6fd877]::sys::backtrace::__rust_end_short_backtrace::<std[617be2ca0a6fd877]::panicking::panic_handler::{closure#0}, !>
[INFO] [stdout]    9:     0x62c4d455d2bd - __rustc[ea4f61d10b84890b]::rust_begin_unwind
[INFO] [stdout]   10:     0x62c4d459641c - core[a373ad73a504971]::panicking::panic_fmt
[INFO] [stdout]   11:     0x62c4d45963e2 - core[a373ad73a504971]::panicking::panic
[INFO] [stdout]   12:     0x62c4d4456c1a - array[568a78bd26ef6867]::util::eval
[INFO] [stdout]   13:     0x62c4d44485c8 - <array[568a78bd26ef6867]::array_access::{closure#0} as core[a373ad73a504971]::ops::function::FnOnce<()>>::call_once
[INFO] [stdout]   14:     0x62c4d4456eeb - test[aada8e7e76ba119b]::__rust_begin_short_backtrace::<core[a373ad73a504971]::result::Result<(), alloc[2e1b2a31b91974c5]::string::String>, fn() -> core[a373ad73a504971]::result::Result<(), alloc[2e1b2a31b91974c5]::string::String>>
[INFO] [stdout]   15:     0x62c4d44640c5 - test[aada8e7e76ba119b]::run_test::{closure#0}
[INFO] [stdout]   16:     0x62c4d445d9b4 - std[617be2ca0a6fd877]::sys::backtrace::__rust_begin_short_backtrace::<test[aada8e7e76ba119b]::run_test::{closure#1}, ()>
[INFO] [stdout]   17:     0x62c4d4467152 - <std[617be2ca0a6fd877]::thread::lifecycle::spawn_unchecked<test[aada8e7e76ba119b]::run_test::{closure#1}, ()>::{closure#1} as core[a373ad73a504971]::ops::function::FnOnce<()>>::call_once::{shim:vtable#0}
[INFO] [stdout]   18:     0x62c4d457fb9f - <std[617be2ca0a6fd877]::sys::thread::unix::Thread>::new::thread_start
[INFO] [stdout]   19:     0x7d84bed36dfa - <unknown>
[INFO] [stdout]   20:     0x7d84bedca3d4 - clone
[INFO] [stdout]   21:                0x0 - <unknown>
[INFO] [stdout] 
[INFO] [stdout] ---- array_remove_fail stdout ----
[INFO] [stdout] 
[INFO] [stdout] thread 'array_remove_fail' (1661) panicked at tests/util.rs:19:5:
[INFO] [stdout] not yet implemented
[INFO] [stdout] stack backtrace:
[INFO] [stdout]    0:     0x62c4d4580371 - <<std[617be2ca0a6fd877]::sys::backtrace::BacktraceLock>::print::DisplayBacktrace as core[a373ad73a504971]::fmt::Display>::fmt
[INFO] [stdout]    1:     0x62c4d4595c3a - core[a373ad73a504971]::fmt::write
[INFO] [stdout]    2:     0x62c4d458463c - <alloc[2e1b2a31b91974c5]::vec::Vec<u8> as core[a373ad73a504971]::io::write::Write>::write_fmt
[INFO] [stdout]    3:     0x62c4d455c606 - std[617be2ca0a6fd877]::panicking::default_hook::{closure#0}
[INFO] [stdout]    4:     0x62c4d4578879 - std[617be2ca0a6fd877]::panicking::default_hook
[INFO] [stdout]    5:     0x62c4d4463aa0 - test[aada8e7e76ba119b]::test_main_inner::{closure#0}
[INFO] [stdout]    6:     0x62c4d4578a32 - std[617be2ca0a6fd877]::panicking::panic_with_hook
[INFO] [stdout]    7:     0x62c4d455c6e4 - std[617be2ca0a6fd877]::panicking::panic_handler::{closure#0}
[INFO] [stdout]    8:     0x62c4d4555399 - std[617be2ca0a6fd877]::sys::backtrace::__rust_end_short_backtrace::<std[617be2ca0a6fd877]::panicking::panic_handler::{closure#0}, !>
[INFO] [stdout]    9:     0x62c4d455d2bd - __rustc[ea4f61d10b84890b]::rust_begin_unwind
[INFO] [stdout]   10:     0x62c4d459641c - core[a373ad73a504971]::panicking::panic_fmt
[INFO] [stdout]   11:     0x62c4d45963e2 - core[a373ad73a504971]::panicking::panic
[INFO] [stdout]   12:     0x62c4d44496a8 - <array[568a78bd26ef6867]::array_remove_fail::{closure#0} as core[a373ad73a504971]::ops::function::FnOnce<()>>::call_once
[INFO] [stdout]   13:     0x62c4d4456eeb - test[aada8e7e76ba119b]::__rust_begin_short_backtrace::<core[a373ad73a504971]::result::Result<(), alloc[2e1b2a31b91974c5]::string::String>, fn() -> core[a373ad73a504971]::result::Result<(), alloc[2e1b2a31b91974c5]::string::String>>
[INFO] [stdout]   14:     0x62c4d44640c5 - test[aada8e7e76ba119b]::run_test::{closure#0}
[INFO] [stdout]   15:     0x62c4d445d9b4 - std[617be2ca0a6fd877]::sys::backtrace::__rust_begin_short_backtrace::<test[aada8e7e76ba119b]::run_test::{closure#1}, ()>
[INFO] [stdout]   16:     0x62c4d4467152 - <std[617be2ca0a6fd877]::thread::lifecycle::spawn_unchecked<test[aada8e7e76ba119b]::run_test::{closure#1}, ()>::{closure#1} as core[a373ad73a504971]::ops::function::FnOnce<()>>::call_once::{shim:vtable#0}
[INFO] [stdout]   17:     0x62c4d457fb9f - <std[617be2ca0a6fd877]::sys::thread::unix::Thread>::new::thread_start
[INFO] [stdout]   18:     0x7d84bed36dfa - <unknown>
[INFO] [stdout]   19:     0x7d84bedca3d4 - clone
[INFO] [stdout]   20:                0x0 - <unknown>
[INFO] [stdout] 
[INFO] [stdout] ---- array_remove stdout ----
[INFO] [stdout] 
[INFO] [stdout] thread 'array_remove' (1660) panicked at tests/util.rs:14:5:
[INFO] [stdout] not yet implemented
[INFO] [stdout] stack backtrace:
[INFO] [stdout]    0:     0x62c4d4580371 - <<std[617be2ca0a6fd877]::sys::backtrace::BacktraceLock>::print::DisplayBacktrace as core[a373ad73a504971]::fmt::Display>::fmt
[INFO] [stdout]    1:     0x62c4d4595c3a - core[a373ad73a504971]::fmt::write
[INFO] [stdout]    2:     0x62c4d458463c - <alloc[2e1b2a31b91974c5]::vec::Vec<u8> as core[a373ad73a504971]::io::write::Write>::write_fmt
[INFO] [stdout]    3:     0x62c4d455c606 - std[617be2ca0a6fd877]::panicking::default_hook::{closure#0}
[INFO] [stdout]    4:     0x62c4d4578879 - std[617be2ca0a6fd877]::panicking::default_hook
[INFO] [stdout]    5:     0x62c4d4463aa0 - test[aada8e7e76ba119b]::test_main_inner::{closure#0}
[INFO] [stdout]    6:     0x62c4d4578a32 - std[617be2ca0a6fd877]::panicking::panic_with_hook
[INFO] [stdout]    7:     0x62c4d455c6e4 - std[617be2ca0a6fd877]::panicking::panic_handler::{closure#0}
[INFO] [stdout]    8:     0x62c4d4555399 - std[617be2ca0a6fd877]::sys::backtrace::__rust_end_short_backtrace::<std[617be2ca0a6fd877]::panicking::panic_handler::{closure#0}, !>
[INFO] [stdout]    9:     0x62c4d455d2bd - __rustc[ea4f61d10b84890b]::rust_begin_unwind
[INFO] [stdout]   10:     0x62c4d459641c - core[a373ad73a504971]::panicking::panic_fmt
[INFO] [stdout]   11:     0x62c4d45963e2 - core[a373ad73a504971]::panicking::panic
[INFO] [stdout]   12:     0x62c4d4449108 - <array[568a78bd26ef6867]::array_remove::{closure#0} as core[a373ad73a504971]::ops::function::FnOnce<()>>::call_once
[INFO] [stdout]   13:     0x62c4d4456eeb - test[aada8e7e76ba119b]::__rust_begin_short_backtrace::<core[a373ad73a504971]::result::Result<(), alloc[2e1b2a31b91974c5]::string::String>, fn() -> core[a373ad73a504971]::result::Result<(), alloc[2e1b2a31b91974c5]::string::String>>
[INFO] [stdout]   14:     0x62c4d44640c5 - test[aada8e7e76ba119b]::run_test::{closure#0}
[INFO] [stdout]   15:     0x62c4d445d9b4 - std[617be2ca0a6fd877]::sys::backtrace::__rust_begin_short_backtrace::<test[aada8e7e76ba119b]::run_test::{closure#1}, ()>
[INFO] [stdout]   16:     0x62c4d4467152 - <std[617be2ca0a6fd877]::thread::lifecycle::spawn_unchecked<test[aada8e7e76ba119b]::run_test::{closure#1}, ()>::{closure#1} as core[a373ad73a504971]::ops::function::FnOnce<()>>::call_once::{shim:vtable#0}
[INFO] [stdout]   17:     0x62c4d457fb9f - <std[617be2ca0a6fd877]::sys::thread::unix::Thread>::new::thread_start
[INFO] [stdout]   18:     0x7d84bed36dfa - <unknown>
[INFO] [stdout]   19:     0x7d84bedca3d4 - clone
[INFO] [stdout]   20:                0x0 - <unknown>
[INFO] [stdout] 
[INFO] [stdout] 
[INFO] [stdout] failures:
[INFO] [stdout]     array_access
[INFO] [stdout]     array_clear
[INFO] [stdout]     array_extend
[INFO] [stdout]     array_push
[INFO] [stdout]     array_range_access
[INFO] [stdout]     array_range_assignment
[INFO] [stdout]     array_remove
[INFO] [stdout]     array_remove_fail
[INFO] [stdout] 
[INFO] [stdout] test result: FAILED. 0 passed; 8 failed; 0 ignored; 0 measured; 0 filtered out; finished in 0.00s
[INFO] [stdout] 
[INFO] running `Command { std: "docker" "inspect" "71a0d279f6784499378028930a2ff8d5b0161b2b3e282a5cf34a1533c744f85f", kill_on_drop: false }`
[INFO] running `Command { std: "docker" "rm" "-f" "71a0d279f6784499378028930a2ff8d5b0161b2b3e282a5cf34a1533c744f85f", kill_on_drop: false }`
[INFO] [stdout] 71a0d279f6784499378028930a2ff8d5b0161b2b3e282a5cf34a1533c744f85f
