[INFO] fetching crate swage-blacksmith 0.2.0...
[INFO] testing swage-blacksmith-0.2.0 against 1.99.0-beta.8+cargoflags=--release for beta-release-1.100-2
[INFO] extracting crate swage-blacksmith 0.2.0 into /workspace/builds/worker-3-tc1/source
[INFO] started tweaking crates.io crate swage-blacksmith 0.2.0
[INFO] removed 0 missing examples
[INFO] finished tweaking crates.io crate swage-blacksmith 0.2.0
[INFO] tweaked toml for crates.io crate swage-blacksmith 0.2.0 written to /workspace/builds/worker-3-tc1/source/Cargo.toml
[INFO] validating manifest of crates.io crate swage-blacksmith 0.2.0 on toolchain 1.99.0-beta.8
[INFO] running `Command { std: CARGO_HOME="/workspace/cargo-home" RUSTUP_HOME="/workspace/rustup-home" "/workspace/cargo-home/bin/cargo" "+1.99.0-beta.8" "metadata" "--manifest-path" "Cargo.toml" "--no-deps", kill_on_drop: false }`
[INFO] crate crates.io crate swage-blacksmith 0.2.0 already has a lockfile, it will not be regenerated
[INFO] running `Command { std: CARGO_HOME="/workspace/cargo-home" RUSTUP_HOME="/workspace/rustup-home" "/workspace/cargo-home/bin/cargo" "+1.99.0-beta.8" "fetch" "--manifest-path" "Cargo.toml", kill_on_drop: false }`
[INFO] [stderr]     Updating crates.io index
[INFO] [stderr]  Downloading crates ...
[INFO] [stderr]   Downloaded zmij v1.0.14
[INFO] [stderr]   Downloaded phf_shared v0.9.0
[INFO] [stderr]   Downloaded pagemap2 v0.1.1
[INFO] [stderr]   Downloaded mmap v0.1.1
[INFO] [stderr]   Downloaded phf v0.9.0
[INFO] [stderr]   Downloaded phf_codegen v0.9.0
[INFO] [stderr]   Downloaded phf_generator v0.9.1
[INFO] [stderr]   Downloaded time-macros v0.2.25
[INFO] [stderr]   Downloaded libc v0.1.12
[INFO] [stderr]   Downloaded time-core v0.1.7
[INFO] [stderr]   Downloaded swage-core v0.2.0
[INFO] [stderr]   Downloaded perfcnt v0.8.0
[INFO] [stderr]   Downloaded time v0.3.45
[INFO] [stderr]   Downloaded schemars v1.2.0
[INFO] [stderr]   Downloaded nom v4.2.3
[INFO] [stderr]   Downloaded nalgebra v0.34.1
[INFO] [stderr]   Downloaded iced-x86 v1.21.0
[INFO] [stderr]   Downloaded x86 v0.47.0
[INFO] running `Command { std: "docker" "create" "-v" "/var/lib/crater-agent-workspace/builds/worker-3-tc1/source:/opt/rustwide/workdir:ro,Z" "-v" "/var/lib/crater-agent-workspace/builds/worker-3-tc1/target:/opt/rustwide/target:rw,Z" "-v" "/var/lib/crater-agent-workspace/cargo-home:/opt/rustwide/cargo-home:ro,Z" "-v" "/var/lib/crater-agent-workspace/rustup-home:/opt/rustwide/rustup-home:ro,Z" "-m" "1610612736" "--network" "none" "ghcr.io/rust-lang/crates-build-env/linux@sha256:77db811e55d90add9212f6832c23229e3de5f1c1f9905e8cb07319ea15df73ac" "sleep" "infinity", kill_on_drop: false }`
[INFO] [stdout] f0a1fb53bd708af677249496dd0db79683a410ca1ef439c68ad6916afe446617
[INFO] running `Command { std: "docker" "start" "f0a1fb53bd708af677249496dd0db79683a410ca1ef439c68ad6916afe446617", kill_on_drop: false }`
[INFO] running `Command { std: "docker" "inspect" "f0a1fb53bd708af677249496dd0db79683a410ca1ef439c68ad6916afe446617", kill_on_drop: false }`
[INFO] running `Command { std: "docker" "exec" "-e" "SOURCE_DIR=/opt/rustwide/workdir" "-e" "CARGO_HOME=/opt/rustwide/cargo-home" "-e" "RUSTUP_HOME=/opt/rustwide/rustup-home" "-e" "CARGO_TARGET_DIR=/opt/rustwide/target" "-w" "/opt/rustwide/workdir" "--user" "0:0" "f0a1fb53bd708af677249496dd0db79683a410ca1ef439c68ad6916afe446617" "/opt/rustwide/cargo-home/bin/cargo" "+1.99.0-beta.8" "metadata" "--no-deps" "--format-version=1", kill_on_drop: false }`
[INFO] running `Command { std: "docker" "inspect" "f0a1fb53bd708af677249496dd0db79683a410ca1ef439c68ad6916afe446617", kill_on_drop: false }`
[INFO] running `Command { std: "docker" "exec" "-e" "SOURCE_DIR=/opt/rustwide/workdir" "-e" "CARGO_HOME=/opt/rustwide/cargo-home" "-e" "RUSTUP_HOME=/opt/rustwide/rustup-home" "-e" "CARGO_TARGET_DIR=/opt/rustwide/target" "-e" "CARGO_INCREMENTAL=0" "-e" "RUST_BACKTRACE=full" "-e" "RUSTFLAGS=--cap-lints=warn" "-e" "RUSTDOCFLAGS=--cap-lints=warn" "-w" "/opt/rustwide/workdir" "--user" "0:0" "f0a1fb53bd708af677249496dd0db79683a410ca1ef439c68ad6916afe446617" "/opt/rustwide/cargo-home/bin/cargo" "+1.99.0-beta.8" "build" "--frozen" "--message-format=json" "--release", kill_on_drop: false }`
[INFO] [stderr]    Compiling proc-macro2 v1.0.105
[INFO] [stderr]    Compiling quote v1.0.43
[INFO] [stderr]    Compiling libc v0.2.180
[INFO] [stderr]    Compiling zerocopy v0.8.33
[INFO] [stderr]    Compiling zmij v1.0.14
[INFO] [stderr]    Compiling portable-atomic v1.13.0
[INFO] [stderr]    Compiling thiserror v2.0.17
[INFO] [stderr]    Compiling num-traits v0.2.19
[INFO] [stderr]    Compiling bytemuck v1.24.0
[INFO] [stderr]    Compiling matrixmultiply v0.3.10
[INFO] [stderr]    Compiling typenum v1.19.0
[INFO] [stderr]    Compiling either v1.15.0
[INFO] [stderr]    Compiling unit-prefix v0.5.2
[INFO] [stderr]    Compiling rawpointer v0.2.1
[INFO] [stderr]    Compiling memchr v2.7.6
[INFO] [stderr]    Compiling log v0.4.29
[INFO] [stderr]    Compiling iced-x86 v1.21.0
[INFO] [stderr]    Compiling safe_arch v0.7.4
[INFO] [stderr]    Compiling itertools v0.14.0
[INFO] [stderr]    Compiling wide v0.7.33
[INFO] [stderr]    Compiling serde_json v1.0.149
[INFO] [stderr]    Compiling syn v2.0.114
[INFO] [stderr]    Compiling approx v0.5.1
[INFO] [stderr]    Compiling num-integer v0.1.46
[INFO] [stderr]    Compiling num-complex v0.4.6
[INFO] [stderr]    Compiling chrono v0.4.43
[INFO] [stderr]    Compiling getrandom v0.3.4
[INFO] [stderr]    Compiling console v0.16.2
[INFO] [stderr]    Compiling memmap2 v0.9.9
[INFO] [stderr]    Compiling rand_core v0.9.5
[INFO] [stderr]    Compiling num-rational v0.4.2
[INFO] [stderr]    Compiling indicatif v0.18.3
[INFO] [stderr]    Compiling ppv-lite86 v0.2.21
[INFO] [stderr]    Compiling simba v0.9.1
[INFO] [stderr]    Compiling rand_chacha v0.9.0
[INFO] [stderr]    Compiling rand v0.9.2
[INFO] [stderr]    Compiling darling_core v0.21.3
[INFO] [stderr]    Compiling thiserror-impl v2.0.17
[INFO] [stderr]    Compiling serde_derive v1.0.228
[INFO] [stderr]    Compiling nalgebra-macros v0.3.0
[INFO] [stderr]    Compiling pagemap2 v0.1.1
[INFO] [stderr]    Compiling darling_macro v0.21.3
[INFO] [stderr]    Compiling darling v0.21.3
[INFO] [stderr]    Compiling serde_with_macros v3.16.1
[INFO] [stderr]    Compiling serde v1.0.228
[INFO] [stderr]    Compiling serde_with v3.16.1
[INFO] [stderr]    Compiling swage-core v0.2.0
[INFO] [stderr]    Compiling nalgebra v0.34.1
[INFO] [stderr]    Compiling swage-blacksmith v0.2.0 (/opt/rustwide/workdir)
[INFO] [stderr]     Finished `release` profile [optimized] target(s) in 1m 02s
[INFO] running `Command { std: "docker" "inspect" "f0a1fb53bd708af677249496dd0db79683a410ca1ef439c68ad6916afe446617", kill_on_drop: false }`
[INFO] running `Command { std: "docker" "exec" "-e" "SOURCE_DIR=/opt/rustwide/workdir" "-e" "CARGO_HOME=/opt/rustwide/cargo-home" "-e" "RUSTUP_HOME=/opt/rustwide/rustup-home" "-e" "CARGO_TARGET_DIR=/opt/rustwide/target" "-e" "CARGO_INCREMENTAL=0" "-e" "RUST_BACKTRACE=full" "-e" "RUSTFLAGS=--cap-lints=warn" "-e" "RUSTDOCFLAGS=--cap-lints=warn" "-w" "/opt/rustwide/workdir" "--user" "0:0" "f0a1fb53bd708af677249496dd0db79683a410ca1ef439c68ad6916afe446617" "/opt/rustwide/cargo-home/bin/cargo" "+1.99.0-beta.8" "test" "--frozen" "--no-run" "--message-format=json" "--release", kill_on_drop: false }`
[INFO] [stderr]    Compiling aho-corasick v1.1.4
[INFO] [stderr]    Compiling regex-syntax v0.8.8
[INFO] [stderr]    Compiling clap_lex v0.7.7
[INFO] [stderr]    Compiling jiff v0.2.18
[INFO] [stderr]    Compiling clap_derive v4.5.49
[INFO] [stderr]    Compiling swage-core v0.2.0
[INFO] [stderr]    Compiling clap_builder v4.5.54
[INFO] [stderr]    Compiling swage-blacksmith v0.2.0 (/opt/rustwide/workdir)
[INFO] [stderr]    Compiling regex-automata v0.4.13
[INFO] [stderr]    Compiling clap v4.5.54
[INFO] [stderr]    Compiling regex v1.12.2
[INFO] [stderr]    Compiling env_filter v0.1.4
[INFO] [stderr]    Compiling env_logger v0.11.8
[INFO] [stderr]     Finished `release` profile [optimized] target(s) in 35.73s
[INFO] running `Command { std: "docker" "inspect" "f0a1fb53bd708af677249496dd0db79683a410ca1ef439c68ad6916afe446617", kill_on_drop: false }`
[INFO] running `Command { std: "docker" "exec" "-e" "SOURCE_DIR=/opt/rustwide/workdir" "-e" "CARGO_HOME=/opt/rustwide/cargo-home" "-e" "RUSTUP_HOME=/opt/rustwide/rustup-home" "-e" "CARGO_TARGET_DIR=/opt/rustwide/target" "-e" "CARGO_INCREMENTAL=0" "-e" "RUST_BACKTRACE=full" "-e" "RUSTFLAGS=--cap-lints=warn" "-e" "RUSTDOCFLAGS=--cap-lints=warn" "-w" "/opt/rustwide/workdir" "--user" "0:0" "f0a1fb53bd708af677249496dd0db79683a410ca1ef439c68ad6916afe446617" "/opt/rustwide/cargo-home/bin/cargo" "+1.99.0-beta.8" "test" "--frozen" "--release", kill_on_drop: false }`
[INFO] [stderr]     Finished `release` profile [optimized] target(s) in 0.15s
[INFO] [stderr]      Running unittests src/lib.rs (/opt/rustwide/target/release/deps/swage_blacksmith-9a258b83e8e5cc7a)
[INFO] [stdout] 
[INFO] [stdout] running 1 test
[INFO] [stdout] test blacksmith_config::tests::test_bank_function_period ... FAILED
[INFO] [stdout] 
[INFO] [stdout] failures:
[INFO] [stdout] 
[INFO] [stdout] ---- blacksmith_config::tests::test_bank_function_period stdout ----
[INFO] [stdout] 
[INFO] [stdout] thread 'blacksmith_config::tests::test_bank_function_period' (1586) panicked at src/blacksmith_config.rs:106:14:
[INFO] [stdout] failed to read config file: IoError(Os { code: 2, kind: NotFound, message: "No such file or directory" })
[INFO] [stdout] stack backtrace:
[INFO] [stdout]    0:     0x57dfa3ac30c1 - <<std[70759c8f55707aa4]::sys::backtrace::BacktraceLock>::print::DisplayBacktrace as core[df12db4294e9bfd3]::fmt::Display>::fmt
[INFO] [stdout]    1:     0x57dfa3ad79ea - core[df12db4294e9bfd3]::fmt::write
[INFO] [stdout]    2:     0x57dfa3ac757c - <alloc[2182bb758b4b3781]::vec::Vec<u8> as core[df12db4294e9bfd3]::io::write::Write>::write_fmt
[INFO] [stdout]    3:     0x57dfa3a9f6b6 - std[70759c8f55707aa4]::panicking::default_hook::{closure#0}
[INFO] [stdout]    4:     0x57dfa3abb829 - std[70759c8f55707aa4]::panicking::default_hook
[INFO] [stdout]    5:     0x57dfa3a52680 - test[9d35eded1c95d3be]::test_main_inner::<test[9d35eded1c95d3be]::test_main_static::{closure#0}>::{closure#0}
[INFO] [stdout]    6:     0x57dfa3abb9e2 - std[70759c8f55707aa4]::panicking::panic_with_hook
[INFO] [stdout]    7:     0x57dfa3a9f762 - std[70759c8f55707aa4]::panicking::panic_handler::{closure#0}
[INFO] [stdout]    8:     0x57dfa3a984e9 - std[70759c8f55707aa4]::sys::backtrace::__rust_end_short_backtrace::<std[70759c8f55707aa4]::panicking::panic_handler::{closure#0}, !>
[INFO] [stdout]    9:     0x57dfa3aa035d - __rustc[8fa7c3cbc660c2b3]::rust_begin_unwind
[INFO] [stdout]   10:     0x57dfa3ad811c - core[df12db4294e9bfd3]::panicking::panic_fmt
[INFO] [stdout]   11:     0x57dfa3ad7ef2 - core[df12db4294e9bfd3]::result::unwrap_failed
[INFO] [stdout]   12:     0x57dfa3a45861 - <swage_blacksmith[6163b616758b7fcb]::blacksmith_config::tests::test_bank_function_period::{closure#0} as core[df12db4294e9bfd3]::ops::function::FnOnce<()>>::call_once
[INFO] [stdout]   13:     0x57dfa3a4596b - test[9d35eded1c95d3be]::__rust_begin_short_backtrace::<core[df12db4294e9bfd3]::result::Result<(), alloc[2182bb758b4b3781]::string::String>, fn() -> core[df12db4294e9bfd3]::result::Result<(), alloc[2182bb758b4b3781]::string::String>>
[INFO] [stdout]   14:     0x57dfa3a52fd5 - test[9d35eded1c95d3be]::run_test::{closure#0}
[INFO] [stdout]   15:     0x57dfa3a4c894 - std[70759c8f55707aa4]::sys::backtrace::__rust_begin_short_backtrace::<test[9d35eded1c95d3be]::run_test::{closure#1}, ()>
[INFO] [stdout]   16:     0x57dfa3a56132 - <std[70759c8f55707aa4]::thread::lifecycle::spawn_unchecked<test[9d35eded1c95d3be]::run_test::{closure#1}, ()>::{closure#1} as core[df12db4294e9bfd3]::ops::function::FnOnce<()>>::call_once::{shim:vtable#0}
[INFO] [stdout]   17:     0x57dfa3ac2999 - <std[70759c8f55707aa4]::sys::thread::unix::Thread>::new::thread_start
[INFO] [stdout]   18:     0x7991ae71fdfa - <unknown>
[INFO] [stdout]   19:     0x7991ae7b33d4 - clone
[INFO] [stdout]   20:                0x0 - <unknown>
[INFO] [stdout] 
[INFO] [stdout] 
[INFO] [stdout] failures:
[INFO] [stdout]     blacksmith_config::tests::test_bank_function_period
[INFO] [stdout] 
[INFO] [stdout] test result: FAILED. 0 passed; 1 failed; 0 ignored; 0 measured; 0 filtered out; finished in 0.00s
[INFO] [stdout] 
[INFO] [stderr] error: test failed, to rerun pass `--lib`
[INFO] running `Command { std: "docker" "inspect" "f0a1fb53bd708af677249496dd0db79683a410ca1ef439c68ad6916afe446617", kill_on_drop: false }`
[INFO] running `Command { std: "docker" "rm" "-f" "f0a1fb53bd708af677249496dd0db79683a410ca1ef439c68ad6916afe446617", kill_on_drop: false }`
[INFO] [stdout] f0a1fb53bd708af677249496dd0db79683a410ca1ef439c68ad6916afe446617
