[INFO] fetching crate sw4rm-rs 0.2.0...
[INFO] testing sw4rm-rs-0.2.0 against 1.100.0-beta.1+cargoflags=--release for beta-release-1.100-2
[INFO] extracting crate sw4rm-rs 0.2.0 into /workspace/builds/worker-6-tc2/source
[INFO] started tweaking crates.io crate sw4rm-rs 0.2.0
[INFO] finished tweaking crates.io crate sw4rm-rs 0.2.0
[INFO] tweaked toml for crates.io crate sw4rm-rs 0.2.0 written to /workspace/builds/worker-6-tc2/source/Cargo.toml
[INFO] validating manifest of crates.io crate sw4rm-rs 0.2.0 on toolchain 1.100.0-beta.1
[INFO] running `Command { std: CARGO_HOME="/workspace/cargo-home" RUSTUP_HOME="/workspace/rustup-home" "/workspace/cargo-home/bin/cargo" "+1.100.0-beta.1" "metadata" "--manifest-path" "Cargo.toml" "--no-deps", kill_on_drop: false }`
[INFO] running `Command { std: CARGO_HOME="/workspace/cargo-home" RUSTUP_HOME="/workspace/rustup-home" "/workspace/cargo-home/bin/cargo" "+1.100.0-beta.1" "generate-lockfile" "--manifest-path" "Cargo.toml", kill_on_drop: false }`
[INFO] [stderr]     Updating crates.io index
[INFO] [stderr]      Locking 23 packages to highest compatible versions
[INFO] running `Command { std: CARGO_HOME="/workspace/cargo-home" RUSTUP_HOME="/workspace/rustup-home" "/workspace/cargo-home/bin/cargo" "+1.100.0-beta.1" "fetch" "--manifest-path" "Cargo.toml", kill_on_drop: false }`
[INFO] running `Command { std: "docker" "create" "-v" "/var/lib/crater-agent-workspace/builds/worker-6-tc2/source:/opt/rustwide/workdir:ro,Z" "-v" "/var/lib/crater-agent-workspace/builds/worker-6-tc2/target:/opt/rustwide/target:rw,Z" "-v" "/var/lib/crater-agent-workspace/cargo-home:/opt/rustwide/cargo-home:ro,Z" "-v" "/var/lib/crater-agent-workspace/rustup-home:/opt/rustwide/rustup-home:ro,Z" "-m" "1610612736" "--network" "none" "ghcr.io/rust-lang/crates-build-env/linux@sha256:77db811e55d90add9212f6832c23229e3de5f1c1f9905e8cb07319ea15df73ac" "sleep" "infinity", kill_on_drop: false }`
[INFO] [stdout] dca294a3d2a789a02076d89d964856dc005504a42229d036166fc4ae53aae76e
[INFO] running `Command { std: "docker" "start" "dca294a3d2a789a02076d89d964856dc005504a42229d036166fc4ae53aae76e", kill_on_drop: false }`
[INFO] running `Command { std: "docker" "inspect" "dca294a3d2a789a02076d89d964856dc005504a42229d036166fc4ae53aae76e", kill_on_drop: false }`
[INFO] running `Command { std: "docker" "exec" "-e" "SOURCE_DIR=/opt/rustwide/workdir" "-e" "CARGO_HOME=/opt/rustwide/cargo-home" "-e" "RUSTUP_HOME=/opt/rustwide/rustup-home" "-e" "CARGO_TARGET_DIR=/opt/rustwide/target" "-w" "/opt/rustwide/workdir" "--user" "0:0" "dca294a3d2a789a02076d89d964856dc005504a42229d036166fc4ae53aae76e" "/opt/rustwide/cargo-home/bin/cargo" "+1.100.0-beta.1" "metadata" "--no-deps" "--format-version=1", kill_on_drop: false }`
[INFO] running `Command { std: "docker" "inspect" "dca294a3d2a789a02076d89d964856dc005504a42229d036166fc4ae53aae76e", kill_on_drop: false }`
[INFO] running `Command { std: "docker" "exec" "-e" "SOURCE_DIR=/opt/rustwide/workdir" "-e" "CARGO_HOME=/opt/rustwide/cargo-home" "-e" "RUSTUP_HOME=/opt/rustwide/rustup-home" "-e" "CARGO_TARGET_DIR=/opt/rustwide/target" "-e" "CARGO_INCREMENTAL=0" "-e" "RUST_BACKTRACE=full" "-e" "RUSTFLAGS=--cap-lints=warn" "-e" "RUSTDOCFLAGS=--cap-lints=warn" "-w" "/opt/rustwide/workdir" "--user" "0:0" "dca294a3d2a789a02076d89d964856dc005504a42229d036166fc4ae53aae76e" "/opt/rustwide/cargo-home/bin/cargo" "+1.100.0-beta.1" "build" "--frozen" "--message-format=json" "--release", kill_on_drop: false }`
[INFO] [stderr]    Compiling semver v1.0.28
[INFO] [stderr]    Compiling serde_yaml v0.9.34+deprecated
[INFO] [stderr]    Compiling sw4rm-rs v0.2.0 (/opt/rustwide/workdir)
[INFO] [stdout] warning: unreachable pattern
[INFO] [stdout]   --> src/shared/parameter.rs:49:22
[INFO] [stdout]    |
[INFO] [stdout] 37 |     pub schema: Option<RefOr<Schema>>,
[INFO] [stdout]    |         ------ matches all the relevant values
[INFO] [stdout] ...
[INFO] [stdout] 49 |     #[serde(rename = "schema", skip_serializing_if = "Option::is_none")]
[INFO] [stdout]    |                      ^^^^^^^^ no value can reach this
[INFO] [stdout]    |
[INFO] [stdout]    = note: `#[warn(unreachable_patterns)]` (part of `#[warn(unused)]`) on by default
[INFO] [stdout] 
[INFO] [stdout] 
[INFO] [stderr]     Finished `release` profile [optimized] target(s) in 10.50s
[INFO] running `Command { std: "docker" "inspect" "dca294a3d2a789a02076d89d964856dc005504a42229d036166fc4ae53aae76e", kill_on_drop: false }`
[INFO] running `Command { std: "docker" "exec" "-e" "SOURCE_DIR=/opt/rustwide/workdir" "-e" "CARGO_HOME=/opt/rustwide/cargo-home" "-e" "RUSTUP_HOME=/opt/rustwide/rustup-home" "-e" "CARGO_TARGET_DIR=/opt/rustwide/target" "-e" "CARGO_INCREMENTAL=0" "-e" "RUST_BACKTRACE=full" "-e" "RUSTFLAGS=--cap-lints=warn" "-e" "RUSTDOCFLAGS=--cap-lints=warn" "-w" "/opt/rustwide/workdir" "--user" "0:0" "dca294a3d2a789a02076d89d964856dc005504a42229d036166fc4ae53aae76e" "/opt/rustwide/cargo-home/bin/cargo" "+1.100.0-beta.1" "test" "--frozen" "--no-run" "--message-format=json" "--release", kill_on_drop: false }`
[INFO] [stderr]    Compiling sw4rm-rs v0.2.0 (/opt/rustwide/workdir)
[INFO] [stdout] warning: unreachable pattern
[INFO] [stdout]   --> src/shared/parameter.rs:49:22
[INFO] [stdout]    |
[INFO] [stdout] 37 |     pub schema: Option<RefOr<Schema>>,
[INFO] [stdout]    |         ------ matches all the relevant values
[INFO] [stdout] ...
[INFO] [stdout] 49 |     #[serde(rename = "schema", skip_serializing_if = "Option::is_none")]
[INFO] [stdout]    |                      ^^^^^^^^ no value can reach this
[INFO] [stdout]    |
[INFO] [stdout]    = note: `#[warn(unreachable_patterns)]` (part of `#[warn(unused)]`) on by default
[INFO] [stdout] 
[INFO] [stdout] 
[INFO] [stdout] warning: unreachable pattern
[INFO] [stdout]   --> src/shared/parameter.rs:49:22
[INFO] [stdout]    |
[INFO] [stdout] 37 |     pub schema: Option<RefOr<Schema>>,
[INFO] [stdout]    |         ------ matches all the relevant values
[INFO] [stdout] ...
[INFO] [stdout] 49 |     #[serde(rename = "schema", skip_serializing_if = "Option::is_none")]
[INFO] [stdout]    |                      ^^^^^^^^ no value can reach this
[INFO] [stdout]    |
[INFO] [stdout]    = note: `#[warn(unreachable_patterns)]` (part of `#[warn(unused)]`) on by default
[INFO] [stdout] 
[INFO] [stdout] 
[INFO] [stderr]     Finished `release` profile [optimized] target(s) in 17.09s
[INFO] running `Command { std: "docker" "inspect" "dca294a3d2a789a02076d89d964856dc005504a42229d036166fc4ae53aae76e", kill_on_drop: false }`
[INFO] running `Command { std: "docker" "exec" "-e" "SOURCE_DIR=/opt/rustwide/workdir" "-e" "CARGO_HOME=/opt/rustwide/cargo-home" "-e" "RUSTUP_HOME=/opt/rustwide/rustup-home" "-e" "CARGO_TARGET_DIR=/opt/rustwide/target" "-e" "CARGO_INCREMENTAL=0" "-e" "RUST_BACKTRACE=full" "-e" "RUSTFLAGS=--cap-lints=warn" "-e" "RUSTDOCFLAGS=--cap-lints=warn" "-w" "/opt/rustwide/workdir" "--user" "0:0" "dca294a3d2a789a02076d89d964856dc005504a42229d036166fc4ae53aae76e" "/opt/rustwide/cargo-home/bin/cargo" "+1.100.0-beta.1" "test" "--frozen" "--release", kill_on_drop: false }`
[INFO] [stderr] warning: unreachable pattern
[INFO] [stderr]   --> src/shared/parameter.rs:49:22
[INFO] [stderr]    |
[INFO] [stderr] 37 |     pub schema: Option<RefOr<Schema>>,
[INFO] [stderr]    |         ------ matches all the relevant values
[INFO] [stderr] ...
[INFO] [stderr] 49 |     #[serde(rename = "schema", skip_serializing_if = "Option::is_none")]
[INFO] [stderr]    |                      ^^^^^^^^ no value can reach this
[INFO] [stderr]    |
[INFO] [stderr]    = note: `#[warn(unreachable_patterns)]` (part of `#[warn(unused)]`) on by default
[INFO] [stderr] 
[INFO] [stderr] warning: `sw4rm-rs` (lib) generated 1 warning
[INFO] [stderr] warning: `sw4rm-rs` (lib test) generated 1 warning (1 duplicate)
[INFO] [stderr]     Finished `release` profile [optimized] target(s) in 0.06s
[INFO] [stderr]      Running unittests src/lib.rs (/opt/rustwide/target/release/build/sw4rm-rs/f266600cab197a89/out/sw4rm_rs-f266600cab197a89)
[INFO] [stdout] 
[INFO] [stdout] running 8 tests
[INFO] [stdout] test reference::tests::test_regex_captures_swagger_json ... ok
[INFO] [stdout] test reference::tests::test_regex_captures_openapi_yaml ... ok
[INFO] [stdout] test reference::tests::test_regex_captures_openapi_json ... ok
[INFO] [stdout] test tests::deserialize_openapi_v3_yaml ... FAILED
[INFO] [stdout] test tests::deserialize_swagger_v2_yaml ... FAILED
[INFO] [stdout] test tests::deserialize_swagger_v2_json ... FAILED
[INFO] [stdout] test tests::deserialize_openapi_v3_json ... FAILED
[INFO] [stdout] test reference::tests::test_regex_captures_swagger_yaml ... ok
[INFO] [stdout] 
[INFO] [stdout] failures:
[INFO] [stdout] 
[INFO] [stdout] ---- tests::deserialize_openapi_v3_yaml stdout ----
[INFO] [stdout] 
[INFO] [stdout] thread 'tests::deserialize_openapi_v3_yaml' (224) panicked at src/lib.rs:49:69:
[INFO] [stdout] called `Result::unwrap()` on an `Err` value: StdReadError(Os { code: 2, kind: NotFound, message: "No such file or directory" })
[INFO] [stdout] stack backtrace:
[INFO] [stdout]    0:     0x5a292b4b3bf1 - <<std[617be2ca0a6fd877]::sys::backtrace::BacktraceLock>::print::DisplayBacktrace as core[a373ad73a504971]::fmt::Display>::fmt
[INFO] [stdout]    1:     0x5a292b4c9daa - core[a373ad73a504971]::fmt::write
[INFO] [stdout]    2:     0x5a292b4b7e2c - <alloc[2e1b2a31b91974c5]::vec::Vec<u8> as core[a373ad73a504971]::io::write::Write>::write_fmt
[INFO] [stdout]    3:     0x5a292b490056 - std[617be2ca0a6fd877]::panicking::default_hook::{closure#0}
[INFO] [stdout]    4:     0x5a292b4ac289 - std[617be2ca0a6fd877]::panicking::default_hook
[INFO] [stdout]    5:     0x5a292b37edc0 - test[aada8e7e76ba119b]::test_main_inner::{closure#0}
[INFO] [stdout]    6:     0x5a292b4ac442 - std[617be2ca0a6fd877]::panicking::panic_with_hook
[INFO] [stdout]    7:     0x5a292b490102 - std[617be2ca0a6fd877]::panicking::panic_handler::{closure#0}
[INFO] [stdout]    8:     0x5a292b488e19 - std[617be2ca0a6fd877]::sys::backtrace::__rust_end_short_backtrace::<std[617be2ca0a6fd877]::panicking::panic_handler::{closure#0}, !>
[INFO] [stdout]    9:     0x5a292b490d0d - __rustc[ea4f61d10b84890b]::rust_begin_unwind
[INFO] [stdout]   10:     0x5a292b4ca58c - core[a373ad73a504971]::panicking::panic_fmt
[INFO] [stdout]   11:     0x5a292b4ca362 - core[a373ad73a504971]::result::unwrap_failed
[INFO] [stdout]   12:     0x5a292b351bf4 - <sw4rm_rs[60e0518e7dd0399e]::tests::deserialize_openapi_v3_yaml::{closure#0} as core[a373ad73a504971]::ops::function::FnOnce<()>>::call_once
[INFO] [stdout]   13:     0x5a292b37220b - test[aada8e7e76ba119b]::__rust_begin_short_backtrace::<core[a373ad73a504971]::result::Result<(), alloc[2e1b2a31b91974c5]::string::String>, fn() -> core[a373ad73a504971]::result::Result<(), alloc[2e1b2a31b91974c5]::string::String>>
[INFO] [stdout]   14:     0x5a292b37f3e5 - test[aada8e7e76ba119b]::run_test::{closure#0}
[INFO] [stdout]   15:     0x5a292b378cd4 - std[617be2ca0a6fd877]::sys::backtrace::__rust_begin_short_backtrace::<test[aada8e7e76ba119b]::run_test::{closure#1}, ()>
[INFO] [stdout]   16:     0x5a292b382472 - <std[617be2ca0a6fd877]::thread::lifecycle::spawn_unchecked<test[aada8e7e76ba119b]::run_test::{closure#1}, ()>::{closure#1} as core[a373ad73a504971]::ops::function::FnOnce<()>>::call_once::{shim:vtable#0}
[INFO] [stdout]   17:     0x5a292b4b344f - <std[617be2ca0a6fd877]::sys::thread::unix::Thread>::new::thread_start
[INFO] [stdout]   18:     0x7081eba9adfa - <unknown>
[INFO] [stdout]   19:     0x7081ebb2e3d4 - clone
[INFO] [stdout]   20:                0x0 - <unknown>
[INFO] [stdout] 
[INFO] [stdout] ---- tests::deserialize_swagger_v2_yaml stdout ----
[INFO] [stdout] 
[INFO] [stdout] thread 'tests::deserialize_swagger_v2_yaml' (226) panicked at src/lib.rs:37:69:
[INFO] [stdout] called `Result::unwrap()` on an `Err` value: StdReadError(Os { code: 2, kind: NotFound, message: "No such file or directory" })
[INFO] [stdout] stack backtrace:
[INFO] [stdout]    0:     0x5a292b4b3bf1 - <<std[617be2ca0a6fd877]::sys::backtrace::BacktraceLock>::print::DisplayBacktrace as core[a373ad73a504971]::fmt::Display>::fmt
[INFO] [stdout]    1:     0x5a292b4c9daa - core[a373ad73a504971]::fmt::write
[INFO] [stdout]    2:     0x5a292b4b7e2c - <alloc[2e1b2a31b91974c5]::vec::Vec<u8> as core[a373ad73a504971]::io::write::Write>::write_fmt
[INFO] [stdout]    3:     0x5a292b490056 - std[617be2ca0a6fd877]::panicking::default_hook::{closure#0}
[INFO] [stdout]    4:     0x5a292b4ac289 - std[617be2ca0a6fd877]::panicking::default_hook
[INFO] [stdout]    5:     0x5a292b37edc0 - test[aada8e7e76ba119b]::test_main_inner::{closure#0}
[INFO] [stdout]    6:     0x5a292b4ac442 - std[617be2ca0a6fd877]::panicking::panic_with_hook
[INFO] [stdout]    7:     0x5a292b490102 - std[617be2ca0a6fd877]::panicking::panic_handler::{closure#0}
[INFO] [stdout]    8:     0x5a292b488e19 - std[617be2ca0a6fd877]::sys::backtrace::__rust_end_short_backtrace::<std[617be2ca0a6fd877]::panicking::panic_handler::{closure#0}, !>
[INFO] [stdout]    9:     0x5a292b490d0d - __rustc[ea4f61d10b84890b]::rust_begin_unwind
[INFO] [stdout]   10:     0x5a292b4ca58c - core[a373ad73a504971]::panicking::panic_fmt
[INFO] [stdout]   11:     0x5a292b4ca362 - core[a373ad73a504971]::result::unwrap_failed
[INFO] [stdout]   12:     0x5a292b3520b8 - <sw4rm_rs[60e0518e7dd0399e]::tests::deserialize_swagger_v2_yaml::{closure#0} as core[a373ad73a504971]::ops::function::FnOnce<()>>::call_once
[INFO] [stdout]   13:     0x5a292b37220b - test[aada8e7e76ba119b]::__rust_begin_short_backtrace::<core[a373ad73a504971]::result::Result<(), alloc[2e1b2a31b91974c5]::string::String>, fn() -> core[a373ad73a504971]::result::Result<(), alloc[2e1b2a31b91974c5]::string::String>>
[INFO] [stdout]   14:     0x5a292b37f3e5 - test[aada8e7e76ba119b]::run_test::{closure#0}
[INFO] [stdout]   15:     0x5a292b378cd4 - std[617be2ca0a6fd877]::sys::backtrace::__rust_begin_short_backtrace::<test[aada8e7e76ba119b]::run_test::{closure#1}, ()>
[INFO] [stdout]   16:     0x5a292b382472 - <std[617be2ca0a6fd877]::thread::lifecycle::spawn_unchecked<test[aada8e7e76ba119b]::run_test::{closure#1}, ()>::{closure#1} as core[a373ad73a504971]::ops::function::FnOnce<()>>::call_once::{shim:vtable#0}
[INFO] [stdout]   17:     0x5a292b4b344f - <std[617be2ca0a6fd877]::sys::thread::unix::Thread>::new::thread_start
[INFO] [stdout]   18:     0x7081eba9adfa - <unknown>
[INFO] [stdout]   19:     0x7081ebb2e3d4 - clone
[INFO] [stdout]   20:                0x0 - <unknown>
[INFO] [stdout] 
[INFO] [stdout] ---- tests::deserialize_swagger_v2_json stdout ----
[INFO] [stdout] 
[INFO] [stdout] thread 'tests::deserialize_swagger_v2_json' (225) panicked at src/lib.rs:43:78:
[INFO] [stdout] called `Result::unwrap()` on an `Err` value: StdReadError(Os { code: 2, kind: NotFound, message: "No such file or directory" })
[INFO] [stdout] stack backtrace:
[INFO] [stdout]    0:     0x5a292b4b3bf1 - <<std[617be2ca0a6fd877]::sys::backtrace::BacktraceLock>::print::DisplayBacktrace as core[a373ad73a504971]::fmt::Display>::fmt
[INFO] [stdout]    1:     0x5a292b4c9daa - core[a373ad73a504971]::fmt::write
[INFO] [stdout]    2:     0x5a292b4b7e2c - <alloc[2e1b2a31b91974c5]::vec::Vec<u8> as core[a373ad73a504971]::io::write::Write>::write_fmt
[INFO] [stdout]    3:     0x5a292b490056 - std[617be2ca0a6fd877]::panicking::default_hook::{closure#0}
[INFO] [stdout]    4:     0x5a292b4ac289 - std[617be2ca0a6fd877]::panicking::default_hook
[INFO] [stdout]    5:     0x5a292b37edc0 - test[aada8e7e76ba119b]::test_main_inner::{closure#0}
[INFO] [stdout]    6:     0x5a292b4ac442 - std[617be2ca0a6fd877]::panicking::panic_with_hook
[INFO] [stdout]    7:     0x5a292b490102 - std[617be2ca0a6fd877]::panicking::panic_handler::{closure#0}
[INFO] [stdout]    8:     0x5a292b488e19 - std[617be2ca0a6fd877]::sys::backtrace::__rust_end_short_backtrace::<std[617be2ca0a6fd877]::panicking::panic_handler::{closure#0}, !>
[INFO] [stdout]    9:     0x5a292b490d0d - __rustc[ea4f61d10b84890b]::rust_begin_unwind
[INFO] [stdout]   10:     0x5a292b4ca58c - core[a373ad73a504971]::panicking::panic_fmt
[INFO] [stdout]   11:     0x5a292b4ca362 - core[a373ad73a504971]::result::unwrap_failed
[INFO] [stdout]   12:     0x5a292b351e5b - <sw4rm_rs[60e0518e7dd0399e]::tests::deserialize_swagger_v2_json::{closure#0} as core[a373ad73a504971]::ops::function::FnOnce<()>>::call_once
[INFO] [stdout]   13:     0x5a292b37220b - test[aada8e7e76ba119b]::__rust_begin_short_backtrace::<core[a373ad73a504971]::result::Result<(), alloc[2e1b2a31b91974c5]::string::String>, fn() -> core[a373ad73a504971]::result::Result<(), alloc[2e1b2a31b91974c5]::string::String>>
[INFO] [stdout]   14:     0x5a292b37f3e5 - test[aada8e7e76ba119b]::run_test::{closure#0}
[INFO] [stdout]   15:     0x5a292b378cd4 - std[617be2ca0a6fd877]::sys::backtrace::__rust_begin_short_backtrace::<test[aada8e7e76ba119b]::run_test::{closure#1}, ()>
[INFO] [stdout]   16:     0x5a292b382472 - <std[617be2ca0a6fd877]::thread::lifecycle::spawn_unchecked<test[aada8e7e76ba119b]::run_test::{closure#1}, ()>::{closure#1} as core[a373ad73a504971]::ops::function::FnOnce<()>>::call_once::{shim:vtable#0}
[INFO] [stdout]   17:     0x5a292b4b344f - <std[617be2ca0a6fd877]::sys::thread::unix::Thread>::new::thread_start
[INFO] [stdout]   18:     0x7081eba9adfa - <unknown>
[INFO] [stdout]   19:     0x7081ebb2e3d4 - clone
[INFO] [stdout]   20:                0x0 - <unknown>
[INFO] [stdout] 
[INFO] [stdout] ---- tests::deserialize_openapi_v3_json stdout ----
[INFO] [stdout] 
[INFO] [stdout] thread 'tests::deserialize_openapi_v3_json' (223) panicked at src/lib.rs:55:76:
[INFO] [stdout] called `Result::unwrap()` on an `Err` value: StdReadError(Os { code: 2, kind: NotFound, message: "No such file or directory" })
[INFO] [stdout] stack backtrace:
[INFO] [stdout]    0:     0x5a292b4b3bf1 - <<std[617be2ca0a6fd877]::sys::backtrace::BacktraceLock>::print::DisplayBacktrace as core[a373ad73a504971]::fmt::Display>::fmt
[INFO] [stdout]    1:     0x5a292b4c9daa - core[a373ad73a504971]::fmt::write
[INFO] [stdout]    2:     0x5a292b4b7e2c - <alloc[2e1b2a31b91974c5]::vec::Vec<u8> as core[a373ad73a504971]::io::write::Write>::write_fmt
[INFO] [stdout]    3:     0x5a292b490056 - std[617be2ca0a6fd877]::panicking::default_hook::{closure#0}
[INFO] [stdout]    4:     0x5a292b4ac289 - std[617be2ca0a6fd877]::panicking::default_hook
[INFO] [stdout]    5:     0x5a292b37edc0 - test[aada8e7e76ba119b]::test_main_inner::{closure#0}
[INFO] [stdout]    6:     0x5a292b4ac442 - std[617be2ca0a6fd877]::panicking::panic_with_hook
[INFO] [stdout]    7:     0x5a292b490102 - std[617be2ca0a6fd877]::panicking::panic_handler::{closure#0}
[INFO] [stdout]    8:     0x5a292b488e19 - std[617be2ca0a6fd877]::sys::backtrace::__rust_end_short_backtrace::<std[617be2ca0a6fd877]::panicking::panic_handler::{closure#0}, !>
[INFO] [stdout]    9:     0x5a292b490d0d - __rustc[ea4f61d10b84890b]::rust_begin_unwind
[INFO] [stdout]   10:     0x5a292b4ca58c - core[a373ad73a504971]::panicking::panic_fmt
[INFO] [stdout]   11:     0x5a292b4ca362 - core[a373ad73a504971]::result::unwrap_failed
[INFO] [stdout]   12:     0x5a292b35198f - <sw4rm_rs[60e0518e7dd0399e]::tests::deserialize_openapi_v3_json::{closure#0} as core[a373ad73a504971]::ops::function::FnOnce<()>>::call_once
[INFO] [stdout]   13:     0x5a292b37220b - test[aada8e7e76ba119b]::__rust_begin_short_backtrace::<core[a373ad73a504971]::result::Result<(), alloc[2e1b2a31b91974c5]::string::String>, fn() -> core[a373ad73a504971]::result::Result<(), alloc[2e1b2a31b91974c5]::string::String>>
[INFO] [stdout]   14:     0x5a292b37f3e5 - test[aada8e7e76ba119b]::run_test::{closure#0}
[INFO] [stdout]   15:     0x5a292b378cd4 - std[617be2ca0a6fd877]::sys::backtrace::__rust_begin_short_backtrace::<test[aada8e7e76ba119b]::run_test::{closure#1}, ()>
[INFO] [stdout]   16:     0x5a292b382472 - <std[617be2ca0a6fd877]::thread::lifecycle::spawn_unchecked<test[aada8e7e76ba119b]::run_test::{closure#1}, ()>::{closure#1} as core[a373ad73a504971]::ops::function::FnOnce<()>>::call_once::{shim:vtable#0}
[INFO] [stdout]   17:     0x5a292b4b344f - <std[617be2ca0a6fd877]::sys::thread::unix::Thread>::new::thread_start
[INFO] [stdout]   18:     0x7081eba9adfa - <unknown>
[INFO] [stdout]   19:     0x7081ebb2e3d4 - clone
[INFO] [stdout]   20:                0x0 - <unknown>
[INFO] [stdout] 
[INFO] [stdout] 
[INFO] [stdout] failures:
[INFO] [stdout]     tests::deserialize_openapi_v3_json
[INFO] [stdout]     tests::deserialize_openapi_v3_yaml
[INFO] [stdout]     tests::deserialize_swagger_v2_json
[INFO] [stdout]     tests::deserialize_swagger_v2_yaml
[INFO] [stdout] 
[INFO] [stdout] test result: FAILED. 4 passed; 4 failed; 0 ignored; 0 measured; 0 filtered out; finished in 0.02s
[INFO] [stdout] 
[INFO] [stderr] error: test failed, to rerun pass `--lib`
[INFO] running `Command { std: "docker" "inspect" "dca294a3d2a789a02076d89d964856dc005504a42229d036166fc4ae53aae76e", kill_on_drop: false }`
[INFO] running `Command { std: "docker" "rm" "-f" "dca294a3d2a789a02076d89d964856dc005504a42229d036166fc4ae53aae76e", kill_on_drop: false }`
[INFO] [stdout] dca294a3d2a789a02076d89d964856dc005504a42229d036166fc4ae53aae76e
