[INFO] fetching crate sw4rm-rs-generation 0.2.0...
[INFO] testing sw4rm-rs-generation-0.2.0 against 1.100.0-beta.1+cargoflags=--release for beta-release-1.100-2
[INFO] extracting crate sw4rm-rs-generation 0.2.0 into /workspace/builds/worker-4-tc2/source
[INFO] started tweaking crates.io crate sw4rm-rs-generation 0.2.0
[INFO] finished tweaking crates.io crate sw4rm-rs-generation 0.2.0
[INFO] tweaked toml for crates.io crate sw4rm-rs-generation 0.2.0 written to /workspace/builds/worker-4-tc2/source/Cargo.toml
[INFO] validating manifest of crates.io crate sw4rm-rs-generation 0.2.0 on toolchain 1.100.0-beta.1
[INFO] running `Command { std: CARGO_HOME="/workspace/cargo-home" RUSTUP_HOME="/workspace/rustup-home" "/workspace/cargo-home/bin/cargo" "+1.100.0-beta.1" "metadata" "--manifest-path" "Cargo.toml" "--no-deps", kill_on_drop: false }`
[INFO] running `Command { std: CARGO_HOME="/workspace/cargo-home" RUSTUP_HOME="/workspace/rustup-home" "/workspace/cargo-home/bin/cargo" "+1.100.0-beta.1" "generate-lockfile" "--manifest-path" "Cargo.toml", kill_on_drop: false }`
[INFO] [stderr]     Updating crates.io index
[INFO] [stderr]      Locking 29 packages to highest compatible versions
[INFO] [stderr]       Adding convert_case v0.6.0 (available: v0.12.0)
[INFO] [stderr]       Adding prettyplease v0.2.37 (available: v0.3.0)
[INFO] [stderr]       Adding syn v2.0.119 (available: v3.0.9)
[INFO] running `Command { std: CARGO_HOME="/workspace/cargo-home" RUSTUP_HOME="/workspace/rustup-home" "/workspace/cargo-home/bin/cargo" "+1.100.0-beta.1" "fetch" "--manifest-path" "Cargo.toml", kill_on_drop: false }`
[INFO] running `Command { std: "docker" "create" "-v" "/var/lib/crater-agent-workspace/builds/worker-4-tc2/source:/opt/rustwide/workdir:ro,Z" "-v" "/var/lib/crater-agent-workspace/builds/worker-4-tc2/target:/opt/rustwide/target:rw,Z" "-v" "/var/lib/crater-agent-workspace/cargo-home:/opt/rustwide/cargo-home:ro,Z" "-v" "/var/lib/crater-agent-workspace/rustup-home:/opt/rustwide/rustup-home:ro,Z" "-m" "1610612736" "--network" "none" "ghcr.io/rust-lang/crates-build-env/linux@sha256:77db811e55d90add9212f6832c23229e3de5f1c1f9905e8cb07319ea15df73ac" "sleep" "infinity", kill_on_drop: false }`
[INFO] [stdout] 9159cd5cc7e74fc76825c61fba11cf8bcf9d1758e0f0e8675eed43fb5955af7d
[INFO] running `Command { std: "docker" "start" "9159cd5cc7e74fc76825c61fba11cf8bcf9d1758e0f0e8675eed43fb5955af7d", kill_on_drop: false }`
[INFO] running `Command { std: "docker" "inspect" "9159cd5cc7e74fc76825c61fba11cf8bcf9d1758e0f0e8675eed43fb5955af7d", kill_on_drop: false }`
[INFO] running `Command { std: "docker" "exec" "-e" "SOURCE_DIR=/opt/rustwide/workdir" "-e" "CARGO_HOME=/opt/rustwide/cargo-home" "-e" "RUSTUP_HOME=/opt/rustwide/rustup-home" "-e" "CARGO_TARGET_DIR=/opt/rustwide/target" "-w" "/opt/rustwide/workdir" "--user" "0:0" "9159cd5cc7e74fc76825c61fba11cf8bcf9d1758e0f0e8675eed43fb5955af7d" "/opt/rustwide/cargo-home/bin/cargo" "+1.100.0-beta.1" "metadata" "--no-deps" "--format-version=1", kill_on_drop: false }`
[INFO] running `Command { std: "docker" "inspect" "9159cd5cc7e74fc76825c61fba11cf8bcf9d1758e0f0e8675eed43fb5955af7d", kill_on_drop: false }`
[INFO] running `Command { std: "docker" "exec" "-e" "SOURCE_DIR=/opt/rustwide/workdir" "-e" "CARGO_HOME=/opt/rustwide/cargo-home" "-e" "RUSTUP_HOME=/opt/rustwide/rustup-home" "-e" "CARGO_TARGET_DIR=/opt/rustwide/target" "-e" "CARGO_INCREMENTAL=0" "-e" "RUST_BACKTRACE=full" "-e" "RUSTFLAGS=--cap-lints=warn" "-e" "RUSTDOCFLAGS=--cap-lints=warn" "-w" "/opt/rustwide/workdir" "--user" "0:0" "9159cd5cc7e74fc76825c61fba11cf8bcf9d1758e0f0e8675eed43fb5955af7d" "/opt/rustwide/cargo-home/bin/cargo" "+1.100.0-beta.1" "build" "--frozen" "--message-format=json" "--release", kill_on_drop: false }`
[INFO] [stderr]    Compiling quote v1.0.47
[INFO] [stderr]    Compiling hashbrown v0.17.1
[INFO] [stderr]    Compiling equivalent v1.0.3
[INFO] [stderr]    Compiling prettyplease v0.2.37
[INFO] [stderr]    Compiling unsafe-libyaml v0.2.11
[INFO] [stderr]    Compiling unicode-segmentation v1.13.3
[INFO] [stderr]    Compiling rust-numerals v0.1.0
[INFO] [stderr]    Compiling proc-macro2 v1.0.107
[INFO] [stderr]    Compiling semver v1.0.28
[INFO] [stderr]    Compiling serde_json v1.0.154
[INFO] [stderr]    Compiling convert_case v0.6.0
[INFO] [stderr]    Compiling syn v3.0.9
[INFO] [stderr]    Compiling syn v2.0.119
[INFO] [stderr]    Compiling indexmap v2.14.2
[INFO] [stderr]    Compiling serde_derive v1.0.229
[INFO] [stderr]    Compiling serde v1.0.229
[INFO] [stderr]    Compiling serde_yaml v0.9.34+deprecated
[INFO] [stderr]    Compiling sw4rm-rs v0.2.0
[INFO] [stderr]    Compiling sw4rm-rs-generation v0.2.0 (/opt/rustwide/workdir)
[INFO] [stderr]     Finished `release` profile [optimized] target(s) in 38.89s
[INFO] running `Command { std: "docker" "inspect" "9159cd5cc7e74fc76825c61fba11cf8bcf9d1758e0f0e8675eed43fb5955af7d", kill_on_drop: false }`
[INFO] running `Command { std: "docker" "exec" "-e" "SOURCE_DIR=/opt/rustwide/workdir" "-e" "CARGO_HOME=/opt/rustwide/cargo-home" "-e" "RUSTUP_HOME=/opt/rustwide/rustup-home" "-e" "CARGO_TARGET_DIR=/opt/rustwide/target" "-e" "CARGO_INCREMENTAL=0" "-e" "RUST_BACKTRACE=full" "-e" "RUSTFLAGS=--cap-lints=warn" "-e" "RUSTDOCFLAGS=--cap-lints=warn" "-w" "/opt/rustwide/workdir" "--user" "0:0" "9159cd5cc7e74fc76825c61fba11cf8bcf9d1758e0f0e8675eed43fb5955af7d" "/opt/rustwide/cargo-home/bin/cargo" "+1.100.0-beta.1" "test" "--frozen" "--no-run" "--message-format=json" "--release", kill_on_drop: false }`
[INFO] [stderr]    Compiling sw4rm-rs-generation v0.2.0 (/opt/rustwide/workdir)
[INFO] [stderr]     Finished `release` profile [optimized] target(s) in 13.69s
[INFO] running `Command { std: "docker" "inspect" "9159cd5cc7e74fc76825c61fba11cf8bcf9d1758e0f0e8675eed43fb5955af7d", kill_on_drop: false }`
[INFO] running `Command { std: "docker" "exec" "-e" "SOURCE_DIR=/opt/rustwide/workdir" "-e" "CARGO_HOME=/opt/rustwide/cargo-home" "-e" "RUSTUP_HOME=/opt/rustwide/rustup-home" "-e" "CARGO_TARGET_DIR=/opt/rustwide/target" "-e" "CARGO_INCREMENTAL=0" "-e" "RUST_BACKTRACE=full" "-e" "RUSTFLAGS=--cap-lints=warn" "-e" "RUSTDOCFLAGS=--cap-lints=warn" "-w" "/opt/rustwide/workdir" "--user" "0:0" "9159cd5cc7e74fc76825c61fba11cf8bcf9d1758e0f0e8675eed43fb5955af7d" "/opt/rustwide/cargo-home/bin/cargo" "+1.100.0-beta.1" "test" "--frozen" "--release", kill_on_drop: false }`
[INFO] [stderr]     Finished `release` profile [optimized] target(s) in 0.04s
[INFO] [stderr]      Running unittests src/lib.rs (/opt/rustwide/target/release/build/sw4rm-rs-generation/71f72d61d3c948c0/out/sw4rm_rs_generation-71f72d61d3c948c0)
[INFO] [stdout] 
[INFO] [stdout] running 4 tests
[INFO] [stdout] test tests::test_parsing_yaml_v2 ... FAILED
[INFO] [stdout] test tests::test_parsing_json_v2 ... FAILED
[INFO] [stdout] test tests::test_parsing_json_v3 ... FAILED
[INFO] [stdout] test tests::test_parsing_yaml_v3 ... FAILED
[INFO] [stdout] 
[INFO] [stdout] failures:
[INFO] [stdout] 
[INFO] [stdout] ---- tests::test_parsing_yaml_v2 stdout ----
[INFO] [stdout] 
[INFO] [stdout] thread 'tests::test_parsing_yaml_v2' (586) panicked at src/lib.rs:134:72:
[INFO] [stdout] called `Result::unwrap()` on an `Err` value: StdReadError(Os { code: 2, kind: NotFound, message: "No such file or directory" })
[INFO] [stdout] stack backtrace:
[INFO] [stdout]    0:     0x6198ee8b8a41 - <<std[617be2ca0a6fd877]::sys::backtrace::BacktraceLock>::print::DisplayBacktrace as core[a373ad73a504971]::fmt::Display>::fmt
[INFO] [stdout]    1:     0x6198ee8d00ea - core[a373ad73a504971]::fmt::write
[INFO] [stdout]    2:     0x6198ee8bcccc - <alloc[2e1b2a31b91974c5]::vec::Vec<u8> as core[a373ad73a504971]::io::write::Write>::write_fmt
[INFO] [stdout]    3:     0x6198ee894d16 - std[617be2ca0a6fd877]::panicking::default_hook::{closure#0}
[INFO] [stdout]    4:     0x6198ee8b0f59 - std[617be2ca0a6fd877]::panicking::default_hook
[INFO] [stdout]    5:     0x6198ee735630 - test[aada8e7e76ba119b]::test_main_inner::{closure#0}
[INFO] [stdout]    6:     0x6198ee8b1282 - std[617be2ca0a6fd877]::panicking::panic_with_hook
[INFO] [stdout]    7:     0x6198ee894dc2 - std[617be2ca0a6fd877]::panicking::panic_handler::{closure#0}
[INFO] [stdout]    8:     0x6198ee88dad9 - std[617be2ca0a6fd877]::sys::backtrace::__rust_end_short_backtrace::<std[617be2ca0a6fd877]::panicking::panic_handler::{closure#0}, !>
[INFO] [stdout]    9:     0x6198ee8959cd - __rustc[ea4f61d10b84890b]::rust_begin_unwind
[INFO] [stdout]   10:     0x6198ee8d08cc - core[a373ad73a504971]::panicking::panic_fmt
[INFO] [stdout]   11:     0x6198ee8d06a2 - core[a373ad73a504971]::result::unwrap_failed
[INFO] [stdout]   12:     0x6198ee70a88a - <sw4rm_rs_generation[f8c99564c3c20369]::tests::test_parsing_yaml_v2::{closure#0} as core[a373ad73a504971]::ops::function::FnOnce<()>>::call_once
[INFO] [stdout]   13:     0x6198ee728a7b - test[aada8e7e76ba119b]::__rust_begin_short_backtrace::<core[a373ad73a504971]::result::Result<(), alloc[2e1b2a31b91974c5]::string::String>, fn() -> core[a373ad73a504971]::result::Result<(), alloc[2e1b2a31b91974c5]::string::String>>
[INFO] [stdout]   14:     0x6198ee735c55 - test[aada8e7e76ba119b]::run_test::{closure#0}
[INFO] [stdout]   15:     0x6198ee72f544 - std[617be2ca0a6fd877]::sys::backtrace::__rust_begin_short_backtrace::<test[aada8e7e76ba119b]::run_test::{closure#1}, ()>
[INFO] [stdout]   16:     0x6198ee738ce2 - <std[617be2ca0a6fd877]::thread::lifecycle::spawn_unchecked<test[aada8e7e76ba119b]::run_test::{closure#1}, ()>::{closure#1} as core[a373ad73a504971]::ops::function::FnOnce<()>>::call_once::{shim:vtable#0}
[INFO] [stdout]   17:     0x6198ee8b828f - <std[617be2ca0a6fd877]::sys::thread::unix::Thread>::new::thread_start
[INFO] [stdout]   18:     0x77282390cdfa - <unknown>
[INFO] [stdout]   19:     0x7728239a03d4 - clone
[INFO] [stdout]   20:                0x0 - <unknown>
[INFO] [stdout] 
[INFO] [stdout] ---- tests::test_parsing_json_v2 stdout ----
[INFO] [stdout] 
[INFO] [stdout] thread 'tests::test_parsing_json_v2' (584) panicked at src/lib.rs:139:81:
[INFO] [stdout] called `Result::unwrap()` on an `Err` value: StdReadError(Os { code: 2, kind: NotFound, message: "No such file or directory" })
[INFO] [stdout] stack backtrace:
[INFO] [stdout]    0:     0x6198ee8b8a41 - <<std[617be2ca0a6fd877]::sys::backtrace::BacktraceLock>::print::DisplayBacktrace as core[a373ad73a504971]::fmt::Display>::fmt
[INFO] [stdout]    1:     0x6198ee8d00ea - core[a373ad73a504971]::fmt::write
[INFO] [stdout]    2:     0x6198ee8bcccc - <alloc[2e1b2a31b91974c5]::vec::Vec<u8> as core[a373ad73a504971]::io::write::Write>::write_fmt
[INFO] [stdout]    3:     0x6198ee894d16 - std[617be2ca0a6fd877]::panicking::default_hook::{closure#0}
[INFO] [stdout]    4:     0x6198ee8b0f59 - std[617be2ca0a6fd877]::panicking::default_hook
[INFO] [stdout]    5:     0x6198ee735630 - test[aada8e7e76ba119b]::test_main_inner::{closure#0}
[INFO] [stdout]    6:     0x6198ee8b1282 - std[617be2ca0a6fd877]::panicking::panic_with_hook
[INFO] [stdout]    7:     0x6198ee894dc2 - std[617be2ca0a6fd877]::panicking::panic_handler::{closure#0}
[INFO] [stdout]    8:     0x6198ee88dad9 - std[617be2ca0a6fd877]::sys::backtrace::__rust_end_short_backtrace::<std[617be2ca0a6fd877]::panicking::panic_handler::{closure#0}, !>
[INFO] [stdout]    9:     0x6198ee8959cd - __rustc[ea4f61d10b84890b]::rust_begin_unwind
[INFO] [stdout]   10:     0x6198ee8d08cc - core[a373ad73a504971]::panicking::panic_fmt
[INFO] [stdout]   11:     0x6198ee8d06a2 - core[a373ad73a504971]::result::unwrap_failed
[INFO] [stdout]   12:     0x6198ee70a60a - <sw4rm_rs_generation[f8c99564c3c20369]::tests::test_parsing_json_v2::{closure#0} as core[a373ad73a504971]::ops::function::FnOnce<()>>::call_once
[INFO] [stdout]   13:     0x6198ee728a7b - test[aada8e7e76ba119b]::__rust_begin_short_backtrace::<core[a373ad73a504971]::result::Result<(), alloc[2e1b2a31b91974c5]::string::String>, fn() -> core[a373ad73a504971]::result::Result<(), alloc[2e1b2a31b91974c5]::string::String>>
[INFO] [stdout]   14:     0x6198ee735c55 - test[aada8e7e76ba119b]::run_test::{closure#0}
[INFO] [stdout]   15:     0x6198ee72f544 - std[617be2ca0a6fd877]::sys::backtrace::__rust_begin_short_backtrace::<test[aada8e7e76ba119b]::run_test::{closure#1}, ()>
[INFO] [stdout]   16:     0x6198ee738ce2 - <std[617be2ca0a6fd877]::thread::lifecycle::spawn_unchecked<test[aada8e7e76ba119b]::run_test::{closure#1}, ()>::{closure#1} as core[a373ad73a504971]::ops::function::FnOnce<()>>::call_once::{shim:vtable#0}
[INFO] [stdout]   17:     0x6198ee8b828f - <std[617be2ca0a6fd877]::sys::thread::unix::Thread>::new::thread_start
[INFO] [stdout]   18:     0x77282390cdfa - <unknown>
[INFO] [stdout]   19:     0x7728239a03d4 - clone
[INFO] [stdout]   20:                0x0 - <unknown>
[INFO] [stdout] 
[INFO] [stdout] ---- tests::test_parsing_json_v3 stdout ----
[INFO] [stdout] 
[INFO] [stdout] thread 'tests::test_parsing_json_v3' (585) panicked at src/lib.rs:149:79:
[INFO] [stdout] called `Result::unwrap()` on an `Err` value: StdReadError(Os { code: 2, kind: NotFound, message: "No such file or directory" })
[INFO] [stdout] stack backtrace:
[INFO] [stdout]    0:     0x6198ee8b8a41 - <<std[617be2ca0a6fd877]::sys::backtrace::BacktraceLock>::print::DisplayBacktrace as core[a373ad73a504971]::fmt::Display>::fmt
[INFO] [stdout]    1:     0x6198ee8d00ea - core[a373ad73a504971]::fmt::write
[INFO] [stdout]    2:     0x6198ee8bcccc - <alloc[2e1b2a31b91974c5]::vec::Vec<u8> as core[a373ad73a504971]::io::write::Write>::write_fmt
[INFO] [stdout]    3:     0x6198ee894d16 - std[617be2ca0a6fd877]::panicking::default_hook::{closure#0}
[INFO] [stdout]    4:     0x6198ee8b0f59 - std[617be2ca0a6fd877]::panicking::default_hook
[INFO] [stdout]    5:     0x6198ee735630 - test[aada8e7e76ba119b]::test_main_inner::{closure#0}
[INFO] [stdout]    6:     0x6198ee8b1282 - std[617be2ca0a6fd877]::panicking::panic_with_hook
[INFO] [stdout]    7:     0x6198ee894dc2 - std[617be2ca0a6fd877]::panicking::panic_handler::{closure#0}
[INFO] [stdout]    8:     0x6198ee88dad9 - std[617be2ca0a6fd877]::sys::backtrace::__rust_end_short_backtrace::<std[617be2ca0a6fd877]::panicking::panic_handler::{closure#0}, !>
[INFO] [stdout]    9:     0x6198ee8959cd - __rustc[ea4f61d10b84890b]::rust_begin_unwind
[INFO] [stdout]   10:     0x6198ee8d08cc - core[a373ad73a504971]::panicking::panic_fmt
[INFO] [stdout]   11:     0x6198ee8d06a2 - core[a373ad73a504971]::result::unwrap_failed
[INFO] [stdout]   12:     0x6198ee70a74a - <sw4rm_rs_generation[f8c99564c3c20369]::tests::test_parsing_json_v3::{closure#0} as core[a373ad73a504971]::ops::function::FnOnce<()>>::call_once
[INFO] [stdout]   13:     0x6198ee728a7b - test[aada8e7e76ba119b]::__rust_begin_short_backtrace::<core[a373ad73a504971]::result::Result<(), alloc[2e1b2a31b91974c5]::string::String>, fn() -> core[a373ad73a504971]::result::Result<(), alloc[2e1b2a31b91974c5]::string::String>>
[INFO] [stdout]   14:     0x6198ee735c55 - test[aada8e7e76ba119b]::run_test::{closure#0}
[INFO] [stdout]   15:     0x6198ee72f544 - std[617be2ca0a6fd877]::sys::backtrace::__rust_begin_short_backtrace::<test[aada8e7e76ba119b]::run_test::{closure#1}, ()>
[INFO] [stdout]   16:     0x6198ee738ce2 - <std[617be2ca0a6fd877]::thread::lifecycle::spawn_unchecked<test[aada8e7e76ba119b]::run_test::{closure#1}, ()>::{closure#1} as core[a373ad73a504971]::ops::function::FnOnce<()>>::call_once::{shim:vtable#0}
[INFO] [stdout]   17:     0x6198ee8b828f - <std[617be2ca0a6fd877]::sys::thread::unix::Thread>::new::thread_start
[INFO] [stdout]   18:     0x77282390cdfa - <unknown>
[INFO] [stdout]   19:     0x7728239a03d4 - clone
[INFO] [stdout]   20:                0x0 - <unknown>
[INFO] [stdout] 
[INFO] [stdout] ---- tests::test_parsing_yaml_v3 stdout ----
[INFO] [stdout] 
[INFO] [stdout] thread 'tests::test_parsing_yaml_v3' (587) panicked at src/lib.rs:144:72:
[INFO] [stdout] called `Result::unwrap()` on an `Err` value: StdReadError(Os { code: 2, kind: NotFound, message: "No such file or directory" })
[INFO] [stdout] stack backtrace:
[INFO] [stdout]    0:     0x6198ee8b8a41 - <<std[617be2ca0a6fd877]::sys::backtrace::BacktraceLock>::print::DisplayBacktrace as core[a373ad73a504971]::fmt::Display>::fmt
[INFO] [stdout]    1:     0x6198ee8d00ea - core[a373ad73a504971]::fmt::write
[INFO] [stdout]    2:     0x6198ee8bcccc - <alloc[2e1b2a31b91974c5]::vec::Vec<u8> as core[a373ad73a504971]::io::write::Write>::write_fmt
[INFO] [stdout]    3:     0x6198ee894d16 - std[617be2ca0a6fd877]::panicking::default_hook::{closure#0}
[INFO] [stdout]    4:     0x6198ee8b0f59 - std[617be2ca0a6fd877]::panicking::default_hook
[INFO] [stdout]    5:     0x6198ee735630 - test[aada8e7e76ba119b]::test_main_inner::{closure#0}
[INFO] [stdout]    6:     0x6198ee8b1282 - std[617be2ca0a6fd877]::panicking::panic_with_hook
[INFO] [stdout]    7:     0x6198ee894dc2 - std[617be2ca0a6fd877]::panicking::panic_handler::{closure#0}
[INFO] [stdout]    8:     0x6198ee88dad9 - std[617be2ca0a6fd877]::sys::backtrace::__rust_end_short_backtrace::<std[617be2ca0a6fd877]::panicking::panic_handler::{closure#0}, !>
[INFO] [stdout]    9:     0x6198ee8959cd - __rustc[ea4f61d10b84890b]::rust_begin_unwind
[INFO] [stdout]   10:     0x6198ee8d08cc - core[a373ad73a504971]::panicking::panic_fmt
[INFO] [stdout]   11:     0x6198ee8d06a2 - core[a373ad73a504971]::result::unwrap_failed
[INFO] [stdout]   12:     0x6198ee70a9ca - <sw4rm_rs_generation[f8c99564c3c20369]::tests::test_parsing_yaml_v3::{closure#0} as core[a373ad73a504971]::ops::function::FnOnce<()>>::call_once
[INFO] [stdout]   13:     0x6198ee728a7b - test[aada8e7e76ba119b]::__rust_begin_short_backtrace::<core[a373ad73a504971]::result::Result<(), alloc[2e1b2a31b91974c5]::string::String>, fn() -> core[a373ad73a504971]::result::Result<(), alloc[2e1b2a31b91974c5]::string::String>>
[INFO] [stdout]   14:     0x6198ee735c55 - test[aada8e7e76ba119b]::run_test::{closure#0}
[INFO] [stdout]   15:     0x6198ee72f544 - std[617be2ca0a6fd877]::sys::backtrace::__rust_begin_short_backtrace::<test[aada8e7e76ba119b]::run_test::{closure#1}, ()>
[INFO] [stdout]   16:     0x6198ee738ce2 - <std[617be2ca0a6fd877]::thread::lifecycle::spawn_unchecked<test[aada8e7e76ba119b]::run_test::{closure#1}, ()>::{closure#1} as core[a373ad73a504971]::ops::function::FnOnce<()>>::call_once::{shim:vtable#0}
[INFO] [stdout]   17:     0x6198ee8b828f - <std[617be2ca0a6fd877]::sys::thread::unix::Thread>::new::thread_start
[INFO] [stdout]   18:     0x77282390cdfa - <unknown>
[INFO] [stdout]   19:     0x7728239a03d4 - clone
[INFO] [stdout]   20:                0x0 - <unknown>
[INFO] [stdout] 
[INFO] [stdout] 
[INFO] [stdout] failures:
[INFO] [stdout]     tests::test_parsing_json_v2
[INFO] [stdout]     tests::test_parsing_json_v3
[INFO] [stdout]     tests::test_parsing_yaml_v2
[INFO] [stdout]     tests::test_parsing_yaml_v3
[INFO] [stdout] 
[INFO] [stdout] test result: FAILED. 0 passed; 4 failed; 0 ignored; 0 measured; 0 filtered out; finished in 0.00s
[INFO] [stdout] 
[INFO] [stderr] error: test failed, to rerun pass `--lib`
[INFO] running `Command { std: "docker" "inspect" "9159cd5cc7e74fc76825c61fba11cf8bcf9d1758e0f0e8675eed43fb5955af7d", kill_on_drop: false }`
[INFO] running `Command { std: "docker" "rm" "-f" "9159cd5cc7e74fc76825c61fba11cf8bcf9d1758e0f0e8675eed43fb5955af7d", kill_on_drop: false }`
[INFO] [stdout] 9159cd5cc7e74fc76825c61fba11cf8bcf9d1758e0f0e8675eed43fb5955af7d
