[INFO] fetching crate sutegi-storage 0.11.0...
[INFO] testing sutegi-storage-0.11.0 against 1.100.0-beta.1+cargoflags=--release for beta-release-1.100-2
[INFO] extracting crate sutegi-storage 0.11.0 into /workspace/builds/worker-2-tc2/source
[INFO] started tweaking crates.io crate sutegi-storage 0.11.0
[INFO] removed 0 missing tests
[INFO] finished tweaking crates.io crate sutegi-storage 0.11.0
[INFO] tweaked toml for crates.io crate sutegi-storage 0.11.0 written to /workspace/builds/worker-2-tc2/source/Cargo.toml
[INFO] validating manifest of crates.io crate sutegi-storage 0.11.0 on toolchain 1.100.0-beta.1
[INFO] running `Command { std: CARGO_HOME="/workspace/cargo-home" RUSTUP_HOME="/workspace/rustup-home" "/workspace/cargo-home/bin/cargo" "+1.100.0-beta.1" "metadata" "--manifest-path" "Cargo.toml" "--no-deps", kill_on_drop: false }`
[INFO] crate crates.io crate sutegi-storage 0.11.0 already has a lockfile, it will not be regenerated
[INFO] running `Command { std: CARGO_HOME="/workspace/cargo-home" RUSTUP_HOME="/workspace/rustup-home" "/workspace/cargo-home/bin/cargo" "+1.100.0-beta.1" "fetch" "--manifest-path" "Cargo.toml", kill_on_drop: false }`
[INFO] running `Command { std: "docker" "create" "-v" "/var/lib/crater-agent-workspace/builds/worker-2-tc2/source:/opt/rustwide/workdir:ro,Z" "-v" "/var/lib/crater-agent-workspace/builds/worker-2-tc2/target:/opt/rustwide/target:rw,Z" "-v" "/var/lib/crater-agent-workspace/cargo-home:/opt/rustwide/cargo-home:ro,Z" "-v" "/var/lib/crater-agent-workspace/rustup-home:/opt/rustwide/rustup-home:ro,Z" "-m" "1610612736" "--network" "none" "ghcr.io/rust-lang/crates-build-env/linux@sha256:77db811e55d90add9212f6832c23229e3de5f1c1f9905e8cb07319ea15df73ac" "sleep" "infinity", kill_on_drop: false }`
[INFO] [stdout] 849848bcc5bfe3dcce7538131ba8ce45c7e7adbd208808f4a3372d8e71fd0c0e
[INFO] running `Command { std: "docker" "start" "849848bcc5bfe3dcce7538131ba8ce45c7e7adbd208808f4a3372d8e71fd0c0e", kill_on_drop: false }`
[INFO] running `Command { std: "docker" "inspect" "849848bcc5bfe3dcce7538131ba8ce45c7e7adbd208808f4a3372d8e71fd0c0e", kill_on_drop: false }`
[INFO] running `Command { std: "docker" "exec" "-e" "SOURCE_DIR=/opt/rustwide/workdir" "-e" "CARGO_HOME=/opt/rustwide/cargo-home" "-e" "RUSTUP_HOME=/opt/rustwide/rustup-home" "-e" "CARGO_TARGET_DIR=/opt/rustwide/target" "-w" "/opt/rustwide/workdir" "--user" "0:0" "849848bcc5bfe3dcce7538131ba8ce45c7e7adbd208808f4a3372d8e71fd0c0e" "/opt/rustwide/cargo-home/bin/cargo" "+1.100.0-beta.1" "metadata" "--no-deps" "--format-version=1", kill_on_drop: false }`
[INFO] running `Command { std: "docker" "inspect" "849848bcc5bfe3dcce7538131ba8ce45c7e7adbd208808f4a3372d8e71fd0c0e", kill_on_drop: false }`
[INFO] running `Command { std: "docker" "exec" "-e" "SOURCE_DIR=/opt/rustwide/workdir" "-e" "CARGO_HOME=/opt/rustwide/cargo-home" "-e" "RUSTUP_HOME=/opt/rustwide/rustup-home" "-e" "CARGO_TARGET_DIR=/opt/rustwide/target" "-e" "CARGO_INCREMENTAL=0" "-e" "RUST_BACKTRACE=full" "-e" "RUSTFLAGS=--cap-lints=warn" "-e" "RUSTDOCFLAGS=--cap-lints=warn" "-w" "/opt/rustwide/workdir" "--user" "0:0" "849848bcc5bfe3dcce7538131ba8ce45c7e7adbd208808f4a3372d8e71fd0c0e" "/opt/rustwide/cargo-home/bin/cargo" "+1.100.0-beta.1" "build" "--frozen" "--message-format=json" "--release", kill_on_drop: false }`
[INFO] [stderr]    Compiling sutegi-crypto v0.11.0
[INFO] [stderr]    Compiling sutegi-json v0.11.0
[INFO] [stderr]    Compiling sutegi-storage v0.11.0 (/opt/rustwide/workdir)
[INFO] [stderr]     Finished `release` profile [optimized] target(s) in 2.52s
[INFO] running `Command { std: "docker" "inspect" "849848bcc5bfe3dcce7538131ba8ce45c7e7adbd208808f4a3372d8e71fd0c0e", kill_on_drop: false }`
[INFO] running `Command { std: "docker" "exec" "-e" "SOURCE_DIR=/opt/rustwide/workdir" "-e" "CARGO_HOME=/opt/rustwide/cargo-home" "-e" "RUSTUP_HOME=/opt/rustwide/rustup-home" "-e" "CARGO_TARGET_DIR=/opt/rustwide/target" "-e" "CARGO_INCREMENTAL=0" "-e" "RUST_BACKTRACE=full" "-e" "RUSTFLAGS=--cap-lints=warn" "-e" "RUSTDOCFLAGS=--cap-lints=warn" "-w" "/opt/rustwide/workdir" "--user" "0:0" "849848bcc5bfe3dcce7538131ba8ce45c7e7adbd208808f4a3372d8e71fd0c0e" "/opt/rustwide/cargo-home/bin/cargo" "+1.100.0-beta.1" "test" "--frozen" "--no-run" "--message-format=json" "--release", kill_on_drop: false }`
[INFO] [stderr]    Compiling fallible-iterator v0.3.0
[INFO] [stderr]    Compiling libsqlite3-sys v0.38.1
[INFO] [stderr]    Compiling hashbrown v0.17.1
[INFO] [stderr]    Compiling sutegi-pg v0.11.0
[INFO] [stderr]    Compiling hashlink v0.12.0
[INFO] [stderr]    Compiling rusqlite v0.40.1
[INFO] [stderr]    Compiling sutegi-orm v0.11.0
[INFO] [stderr]    Compiling sutegi-storage v0.11.0 (/opt/rustwide/workdir)
[INFO] [stderr]     Finished `release` profile [optimized] target(s) in 1m 38s
[INFO] running `Command { std: "docker" "inspect" "849848bcc5bfe3dcce7538131ba8ce45c7e7adbd208808f4a3372d8e71fd0c0e", kill_on_drop: false }`
[INFO] running `Command { std: "docker" "exec" "-e" "SOURCE_DIR=/opt/rustwide/workdir" "-e" "CARGO_HOME=/opt/rustwide/cargo-home" "-e" "RUSTUP_HOME=/opt/rustwide/rustup-home" "-e" "CARGO_TARGET_DIR=/opt/rustwide/target" "-e" "CARGO_INCREMENTAL=0" "-e" "RUST_BACKTRACE=full" "-e" "RUSTFLAGS=--cap-lints=warn" "-e" "RUSTDOCFLAGS=--cap-lints=warn" "-w" "/opt/rustwide/workdir" "--user" "0:0" "849848bcc5bfe3dcce7538131ba8ce45c7e7adbd208808f4a3372d8e71fd0c0e" "/opt/rustwide/cargo-home/bin/cargo" "+1.100.0-beta.1" "test" "--frozen" "--release", kill_on_drop: false }`
[INFO] [stderr]     Finished `release` profile [optimized] target(s) in 0.04s
[INFO] [stderr]      Running unittests src/lib.rs (/opt/rustwide/target/release/build/sutegi-storage/c11ff1cf8771cc5c/out/sutegi_storage-c11ff1cf8771cc5c)
[INFO] [stdout] 
[INFO] [stdout] running 53 tests
[INFO] [stdout] test s3::tests::aws_header_vector_put_object ... ok
[INFO] [stdout] test s3::tests::empty_sha256_constant_is_right ... ok
[INFO] [stdout] test s3::tests::aws_known_answer_vector ... ok
[INFO] [stdout] test s3::tests::signed_request_covers_content_type_and_token ... ok
[INFO] [stdout] test s3_storage::tests::bad_keys_never_reach_the_wire ... ok
[INFO] [stdout] test fs::tests::sidecar_fallback_guesses_from_extension ... ok
[INFO] [stdout] test s3::tests::session_token_is_signed_in ... ok
[INFO] [stdout] test fs::tests::reader_streams ... ok
[INFO] [stdout] test fs::tests::list_prefix_sorted_and_meta_hidden ... ok
[INFO] [stdout] test s3_storage::tests::corrupted_download_is_rejected ... ok
[INFO] [stdout] test s3::tests::aws_header_vector_get_object ... ok
[INFO] [stdout] test s3::tests::r2_defaults ... ok
[INFO] [stdout] test s3::tests::amz_date_formats ... ok
[INFO] [stdout] test fs::tests::traversal_rejected ... ok
[INFO] [stdout] test s3_storage::tests::control_characters_in_content_type_are_rejected ... FAILED
[INFO] [stdout] test s3::tests::path_style_and_http ... ok
[INFO] [stdout] test s3_storage::tests::debug_does_not_leak_the_secret ... ok
[INFO] [stdout] test s3::tests::debug_redacts_credentials ... ok
[INFO] [stdout] test s3::tests::keys_with_special_chars_are_encoded ... ok
[INFO] [stdout] test s3::tests::bounds_enforced ... ok
[INFO] [stdout] test fs::tests::overwrite_and_delete ... ok
[INFO] [stdout] test s3::tests::civil_roundtrip ... ok
[INFO] [stdout] test s3_storage::tests::delete_reports_existence ... ok
[INFO] [stdout] test fs::tests::roundtrip_and_stat ... ok
[INFO] [stdout] test s3_storage::tests::error_bodies_become_readable_messages ... ok
[INFO] [stdout] test s3_storage::tests::empty_bucket_lists_empty ... ok
[INFO] [stdout] test s3_storage::tests::dates_parse_and_reject ... ok
[INFO] [stdout] test s3_storage::tests::get_roundtrip_and_missing ... ok
[INFO] [stdout] test s3_storage::tests::list_paginates_sorts_and_decodes ... ok
[INFO] [stdout] test s3_storage::tests::put_signs_content_type_and_payload ... ok
[INFO] [stdout] test tests::content_types ... ok
[INFO] [stdout] test tests::keys_valid ... ok
[INFO] [stdout] test transport::tests::curl_escapes_quotes_and_newlines ... ok
[INFO] [stdout] test transport::tests::decodes_chunked ... ok
[INFO] [stdout] test s3_storage::tests::presigner_shares_the_credentials ... ok
[INFO] [stdout] test s3_storage::tests::stat_reads_metadata ... ok
[INFO] [stdout] test s3_storage::tests::put_guesses_content_type_when_blank ... ok
[INFO] [stdout] test s3_storage::tests::list_refuses_to_truncate_or_spin ... ok
[INFO] [stdout] test s3_storage::tests::stat_403_is_an_error_not_absence ... ok
[INFO] [stdout] test s3_storage::tests::transport_errors_propagate ... ok
[INFO] [stdout] test s3_storage::tests::xml_and_percent_helpers ... ok
[INFO] [stdout] test transport::tests::temp_file_is_private_and_removed ... ok
[INFO] [stdout] test transport::tests::head_and_204_have_no_body ... ok
[INFO] [stdout] test transport::tests::body_cap_is_enforced ... ok
[INFO] [stdout] test transport::tests::header_injection_rejected ... ok
[INFO] [stdout] test transport::tests::plain_http_refuses_tls ... ok
[INFO] [stdout] test transport::tests::url_split_and_guards ... ok
[INFO] [stdout] test transport::tests::curl_config_hides_secrets_and_pins_protocol ... ok
[INFO] [stdout] test transport::tests::curl_refuses_plaintext_by_default ... ok
[INFO] [stdout] test tests::keys_invalid ... ok
[INFO] [stdout] test transport::tests::skips_interim_100_continue ... ok
[INFO] [stdout] test transport::tests::rejects_garbage_and_truncation ... ok
[INFO] [stdout] test transport::tests::parses_content_length_body ... ok
[INFO] [stdout] 
[INFO] [stdout] failures:
[INFO] [stdout] 
[INFO] [stdout] ---- s3_storage::tests::control_characters_in_content_type_are_rejected stdout ----
[INFO] [stdout] 
[INFO] [stdout] thread 's3_storage::tests::control_characters_in_content_type_are_rejected' (491) panicked at src/s3_storage.rs:701:9:
[INFO] [stdout] resolve acct.r2.cloudflarestorage.com:80: failed to lookup address information: Temporary failure in name resolution
[INFO] [stdout] stack backtrace:
[INFO] [stdout]    0:     0x581186529f51 - <<std[617be2ca0a6fd877]::sys::backtrace::BacktraceLock>::print::DisplayBacktrace as core[a373ad73a504971]::fmt::Display>::fmt
[INFO] [stdout]    1:     0x58118653fa7a - core[a373ad73a504971]::fmt::write
[INFO] [stdout]    2:     0x58118652eaac - <alloc[2e1b2a31b91974c5]::vec::Vec<u8> as core[a373ad73a504971]::io::write::Write>::write_fmt
[INFO] [stdout]    3:     0x581186502ac6 - std[617be2ca0a6fd877]::panicking::default_hook::{closure#0}
[INFO] [stdout]    4:     0x581186520ef9 - std[617be2ca0a6fd877]::panicking::default_hook
[INFO] [stdout]    5:     0x5811864b9b40 - test[aada8e7e76ba119b]::test_main_inner::{closure#0}
[INFO] [stdout]    6:     0x5811865210b2 - std[617be2ca0a6fd877]::panicking::panic_with_hook
[INFO] [stdout]    7:     0x581186502b72 - std[617be2ca0a6fd877]::panicking::panic_handler::{closure#0}
[INFO] [stdout]    8:     0x5811864fb429 - std[617be2ca0a6fd877]::sys::backtrace::__rust_end_short_backtrace::<std[617be2ca0a6fd877]::panicking::panic_handler::{closure#0}, !>
[INFO] [stdout]    9:     0x581186503a5d - __rustc[ea4f61d10b84890b]::rust_begin_unwind
[INFO] [stdout]   10:     0x5811865401ac - core[a373ad73a504971]::panicking::panic_fmt
[INFO] [stdout]   11:     0x5811864901eb - <sutegi_storage[6258fb02b22b4346]::s3_storage::tests::control_characters_in_content_type_are_rejected::{closure#0} as core[a373ad73a504971]::ops::function::FnOnce<()>>::call_once
[INFO] [stdout]   12:     0x5811864acf8b - test[aada8e7e76ba119b]::__rust_begin_short_backtrace::<core[a373ad73a504971]::result::Result<(), alloc[2e1b2a31b91974c5]::string::String>, fn() -> core[a373ad73a504971]::result::Result<(), alloc[2e1b2a31b91974c5]::string::String>>
[INFO] [stdout]   13:     0x5811864ba165 - test[aada8e7e76ba119b]::run_test::{closure#0}
[INFO] [stdout]   14:     0x5811864b3a54 - std[617be2ca0a6fd877]::sys::backtrace::__rust_begin_short_backtrace::<test[aada8e7e76ba119b]::run_test::{closure#1}, ()>
[INFO] [stdout]   15:     0x5811864bd1f2 - <std[617be2ca0a6fd877]::thread::lifecycle::spawn_unchecked<test[aada8e7e76ba119b]::run_test::{closure#1}, ()>::{closure#1} as core[a373ad73a504971]::ops::function::FnOnce<()>>::call_once::{shim:vtable#0}
[INFO] [stdout]   16:     0x581186528bef - <std[617be2ca0a6fd877]::sys::thread::unix::Thread>::new::thread_start
[INFO] [stdout]   17:     0x731a9ddc1dfa - <unknown>
[INFO] [stdout]   18:     0x731a9de553d4 - clone
[INFO] [stdout]   19:                0x0 - <unknown>
[INFO] [stdout] 
[INFO] [stdout] 
[INFO] [stdout] failures:
[INFO] [stdout]     s3_storage::tests::control_characters_in_content_type_are_rejected
[INFO] [stdout] 
[INFO] [stdout] test result: FAILED. 52 passed; 1 failed; 0 ignored; 0 measured; 0 filtered out; finished in 0.02s
[INFO] [stdout] 
[INFO] [stderr] error: test failed, to rerun pass `--lib`
[INFO] running `Command { std: "docker" "inspect" "849848bcc5bfe3dcce7538131ba8ce45c7e7adbd208808f4a3372d8e71fd0c0e", kill_on_drop: false }`
[INFO] running `Command { std: "docker" "rm" "-f" "849848bcc5bfe3dcce7538131ba8ce45c7e7adbd208808f4a3372d8e71fd0c0e", kill_on_drop: false }`
[INFO] [stdout] 849848bcc5bfe3dcce7538131ba8ce45c7e7adbd208808f4a3372d8e71fd0c0e
