[INFO] fetching crate susywasm 0.31.3...
[INFO] testing susywasm-0.31.3 against 1.100.0-beta.1+cargoflags=--release for beta-release-1.100-2
[INFO] extracting crate susywasm 0.31.3 into /workspace/builds/worker-2-tc2/source
[INFO] started tweaking crates.io crate susywasm 0.31.3
[INFO] finished tweaking crates.io crate susywasm 0.31.3
[INFO] tweaked toml for crates.io crate susywasm 0.31.3 written to /workspace/builds/worker-2-tc2/source/Cargo.toml
[INFO] validating manifest of crates.io crate susywasm 0.31.3 on toolchain 1.100.0-beta.1
[INFO] running `Command { std: CARGO_HOME="/workspace/cargo-home" RUSTUP_HOME="/workspace/rustup-home" "/workspace/cargo-home/bin/cargo" "+1.100.0-beta.1" "metadata" "--manifest-path" "Cargo.toml" "--no-deps", kill_on_drop: false }`
[INFO] running `Command { std: CARGO_HOME="/workspace/cargo-home" RUSTUP_HOME="/workspace/rustup-home" "/workspace/cargo-home/bin/cargo" "+1.100.0-beta.1" "generate-lockfile" "--manifest-path" "Cargo.toml", kill_on_drop: false }`
[INFO] [stderr]     Blocking waiting for file lock on package cache
[INFO] [stderr]     Updating crates.io index
[INFO] [stderr]      Locking 7 packages to highest compatible versions
[INFO] [stderr]       Adding time v0.1.45 (available: v0.3.55)
[INFO] [stderr]       Adding wasi v0.10.0+wasi-snapshot-preview1 (available: v0.10.2+wasi-snapshot-preview1)
[INFO] running `Command { std: CARGO_HOME="/workspace/cargo-home" RUSTUP_HOME="/workspace/rustup-home" "/workspace/cargo-home/bin/cargo" "+1.100.0-beta.1" "fetch" "--manifest-path" "Cargo.toml", kill_on_drop: false }`
[INFO] [stderr] warning: Cargo.toml: `package.edition` is unspecified, defaulting to `2015` while the latest is `2024`
[INFO] [stderr] warning: `package.homepage` is redundant with `package.repository`
[INFO] [stderr]   --> Cargo.toml:18:12
[INFO] [stderr]    |
[INFO] [stderr] 18 | homepage = "https://github.com/susytech/susywasm"
[INFO] [stderr]    |            ^^^^^^^^^^^^^^^^^^^^^^^^^^^^^^^^^^^^^^
[INFO] [stderr] ...
[INFO] [stderr] 23 | repository = "https://github.com/susytech/susywasm"
[INFO] [stderr]    |              --------------------------------------
[INFO] [stderr]    |
[INFO] [stderr]    = note: `cargo::redundant_homepage` is set to `warn` by default
[INFO] [stderr] help: consider removing `package.homepage`
[INFO] [stderr] warning: `susywasm` (manifest) generated 2 warnings
[INFO] running `Command { std: "docker" "create" "-v" "/var/lib/crater-agent-workspace/builds/worker-2-tc2/source:/opt/rustwide/workdir:ro,Z" "-v" "/var/lib/crater-agent-workspace/builds/worker-2-tc2/target:/opt/rustwide/target:rw,Z" "-v" "/var/lib/crater-agent-workspace/cargo-home:/opt/rustwide/cargo-home:ro,Z" "-v" "/var/lib/crater-agent-workspace/rustup-home:/opt/rustwide/rustup-home:ro,Z" "-m" "1610612736" "--network" "none" "ghcr.io/rust-lang/crates-build-env/linux@sha256:77db811e55d90add9212f6832c23229e3de5f1c1f9905e8cb07319ea15df73ac" "sleep" "infinity", kill_on_drop: false }`
[INFO] [stdout] 0bed8f0cee61929b7180e6c747ed43e088dc55e948b871083efa5a4a56ce16c2
[INFO] running `Command { std: "docker" "start" "0bed8f0cee61929b7180e6c747ed43e088dc55e948b871083efa5a4a56ce16c2", kill_on_drop: false }`
[INFO] running `Command { std: "docker" "inspect" "0bed8f0cee61929b7180e6c747ed43e088dc55e948b871083efa5a4a56ce16c2", kill_on_drop: false }`
[INFO] running `Command { std: "docker" "exec" "-e" "SOURCE_DIR=/opt/rustwide/workdir" "-e" "CARGO_HOME=/opt/rustwide/cargo-home" "-e" "RUSTUP_HOME=/opt/rustwide/rustup-home" "-e" "CARGO_TARGET_DIR=/opt/rustwide/target" "-w" "/opt/rustwide/workdir" "--user" "0:0" "0bed8f0cee61929b7180e6c747ed43e088dc55e948b871083efa5a4a56ce16c2" "/opt/rustwide/cargo-home/bin/cargo" "+1.100.0-beta.1" "metadata" "--no-deps" "--format-version=1", kill_on_drop: false }`
[INFO] running `Command { std: "docker" "inspect" "0bed8f0cee61929b7180e6c747ed43e088dc55e948b871083efa5a4a56ce16c2", kill_on_drop: false }`
[INFO] running `Command { std: "docker" "exec" "-e" "SOURCE_DIR=/opt/rustwide/workdir" "-e" "CARGO_HOME=/opt/rustwide/cargo-home" "-e" "RUSTUP_HOME=/opt/rustwide/rustup-home" "-e" "CARGO_TARGET_DIR=/opt/rustwide/target" "-e" "CARGO_INCREMENTAL=0" "-e" "RUST_BACKTRACE=full" "-e" "RUSTFLAGS=--cap-lints=warn" "-e" "RUSTDOCFLAGS=--cap-lints=warn" "-w" "/opt/rustwide/workdir" "--user" "0:0" "0bed8f0cee61929b7180e6c747ed43e088dc55e948b871083efa5a4a56ce16c2" "/opt/rustwide/cargo-home/bin/cargo" "+1.100.0-beta.1" "build" "--frozen" "--message-format=json" "--release", kill_on_drop: false }`
[INFO] [stderr] warning: Cargo.toml: `package.edition` is unspecified, defaulting to `2015` while the latest is `2024`
[INFO] [stderr] warning: `package.homepage` is redundant with `package.repository`
[INFO] [stderr]   --> Cargo.toml:18:12
[INFO] [stderr]    |
[INFO] [stderr] 18 | homepage = "https://github.com/susytech/susywasm"
[INFO] [stderr]    |            ^^^^^^^^^^^^^^^^^^^^^^^^^^^^^^^^^^^^^^
[INFO] [stderr] ...
[INFO] [stderr] 23 | repository = "https://github.com/susytech/susywasm"
[INFO] [stderr]    |              --------------------------------------
[INFO] [stderr]    |
[INFO] [stderr]    = note: `cargo::redundant_homepage` is set to `warn` by default
[INFO] [stderr] help: consider removing `package.homepage`
[INFO] [stderr] warning: `susywasm` (manifest) generated 2 warnings
[INFO] [stderr]    Compiling byteorder v1.5.0
[INFO] [stderr]    Compiling susywasm v0.31.3 (/opt/rustwide/workdir)
[INFO] [stdout] warning: unexpected `cfg` condition name: `slow_assertions`
[INFO] [stdout]    --> src/elements/index_map.rs:128:8
[INFO] [stdout]     |
[INFO] [stdout] 128 |     #[cfg(slow_assertions)]
[INFO] [stdout]     |           ^^^^^^^^^^^^^^^ help: there is a config with a similar name: `debug_assertions`
[INFO] [stdout]     |
[INFO] [stdout]     = help: consider using a Cargo feature instead
[INFO] [stdout]     = help: or consider adding in `Cargo.toml` the `check-cfg` lint config for the lint:
[INFO] [stdout]              [lints.rust]
[INFO] [stdout]              unexpected_cfgs = { level = "warn", check-cfg = ['cfg(slow_assertions)'] }
[INFO] [stdout]     = help: or consider adding `println!("cargo::rustc-check-cfg=cfg(slow_assertions)");` to the top of the `build.rs`
[INFO] [stdout]     = note: see <https://doc.rust-lang.org/nightly/rustc/check-cfg/cargo-specifics.html> for more information about checking conditional configuration
[INFO] [stdout]     = note: `#[warn(unexpected_cfgs)]` on by default
[INFO] [stdout] 
[INFO] [stdout] 
[INFO] [stdout] warning: unexpected `cfg` condition name: `slow_assertions`
[INFO] [stdout]   --> src/elements/index_map.rs:91:9
[INFO] [stdout]    |
[INFO] [stdout] 91 |         #[cfg(slow_assertions)]
[INFO] [stdout]    |               ^^^^^^^^^^^^^^^ help: there is a config with a similar name: `debug_assertions`
[INFO] [stdout]    |
[INFO] [stdout]    = help: consider using a Cargo feature instead
[INFO] [stdout]    = help: or consider adding in `Cargo.toml` the `check-cfg` lint config for the lint:
[INFO] [stdout]             [lints.rust]
[INFO] [stdout]             unexpected_cfgs = { level = "warn", check-cfg = ['cfg(slow_assertions)'] }
[INFO] [stdout]    = help: or consider adding `println!("cargo::rustc-check-cfg=cfg(slow_assertions)");` to the top of the `build.rs`
[INFO] [stdout]    = note: see <https://doc.rust-lang.org/nightly/rustc/check-cfg/cargo-specifics.html> for more information about checking conditional configuration
[INFO] [stdout] 
[INFO] [stdout] 
[INFO] [stdout] warning: unexpected `cfg` condition name: `slow_assertions`
[INFO] [stdout]    --> src/elements/index_map.rs:105:9
[INFO] [stdout]     |
[INFO] [stdout] 105 |         #[cfg(slow_assertions)]
[INFO] [stdout]     |               ^^^^^^^^^^^^^^^ help: there is a config with a similar name: `debug_assertions`
[INFO] [stdout]     |
[INFO] [stdout]     = help: consider using a Cargo feature instead
[INFO] [stdout]     = help: or consider adding in `Cargo.toml` the `check-cfg` lint config for the lint:
[INFO] [stdout]              [lints.rust]
[INFO] [stdout]              unexpected_cfgs = { level = "warn", check-cfg = ['cfg(slow_assertions)'] }
[INFO] [stdout]     = help: or consider adding `println!("cargo::rustc-check-cfg=cfg(slow_assertions)");` to the top of the `build.rs`
[INFO] [stdout]     = note: see <https://doc.rust-lang.org/nightly/rustc/check-cfg/cargo-specifics.html> for more information about checking conditional configuration
[INFO] [stdout] 
[INFO] [stdout] 
[INFO] [stdout] warning: unexpected `cfg` condition name: `slow_assertions`
[INFO] [stdout]    --> src/elements/index_map.rs:112:9
[INFO] [stdout]     |
[INFO] [stdout] 112 |         #[cfg(slow_assertions)]
[INFO] [stdout]     |               ^^^^^^^^^^^^^^^ help: there is a config with a similar name: `debug_assertions`
[INFO] [stdout]     |
[INFO] [stdout]     = help: consider using a Cargo feature instead
[INFO] [stdout]     = help: or consider adding in `Cargo.toml` the `check-cfg` lint config for the lint:
[INFO] [stdout]              [lints.rust]
[INFO] [stdout]              unexpected_cfgs = { level = "warn", check-cfg = ['cfg(slow_assertions)'] }
[INFO] [stdout]     = help: or consider adding `println!("cargo::rustc-check-cfg=cfg(slow_assertions)");` to the top of the `build.rs`
[INFO] [stdout]     = note: see <https://doc.rust-lang.org/nightly/rustc/check-cfg/cargo-specifics.html> for more information about checking conditional configuration
[INFO] [stdout] 
[INFO] [stdout] 
[INFO] [stdout] warning: use of deprecated constant `std::u32::MAX`: replaced by the `MAX` associated constant on this type
[INFO] [stdout]   --> src/elements/primitives.rs:32:28
[INFO] [stdout]    |
[INFO] [stdout] 32 |         assert!(i <= ::std::u32::MAX as usize);
[INFO] [stdout]    |                                  ^^^
[INFO] [stdout]    |
[INFO] [stdout]    = note: `#[warn(deprecated)]` on by default
[INFO] [stdout] 
[INFO] [stdout] 
[INFO] [stdout] warning: use of deprecated constant `std::u32::MAX`: replaced by the `MAX` associated constant on this type
[INFO] [stdout]   --> src/elements/index_map.rs:89:53
[INFO] [stdout]    |
[INFO] [stdout] 89 |             debug_assert!(self.entries.len() <= (::std::u32::MAX as usize) + 1);
[INFO] [stdout]    |                                                              ^^^
[INFO] [stdout] 
[INFO] [stdout] 
[INFO] [stdout] warning: this method call resolves to `<&Box<[T]> as IntoIterator>::into_iter` (due to backwards compatibility), but will resolve to `<Box<[T]> as IntoIterator>::into_iter` in Rust 2024
[INFO] [stdout]    --> src/elements/ops.rs:837:12
[INFO] [stdout]     |
[INFO] [stdout] 837 |                     table.into_iter().map(|x| VarUint32::from(*x)),
[INFO] [stdout]     |                           ^^^^^^^^^
[INFO] [stdout]     |
[INFO] [stdout]     = warning: this changes meaning in Rust 2024
[INFO] [stdout]     = note: for more information, see <https://doc.rust-lang.org/edition-guide/rust-2024/intoiterator-box-slice.html>
[INFO] [stdout]     = note: `#[warn(boxed_slice_into_iter)]` (part of `#[warn(rust_2024_compatibility)]`) on by default
[INFO] [stdout] help: use `.iter()` instead of `.into_iter()` to avoid ambiguity
[INFO] [stdout]     |
[INFO] [stdout] 837 -                     table.into_iter().map(|x| VarUint32::from(*x)),
[INFO] [stdout] 837 +                     table.iter().map(|x| VarUint32::from(*x)),
[INFO] [stdout]     |
[INFO] [stdout] help: or use `IntoIterator::into_iter(..)` instead of `.into_iter()` to explicitly iterate by value
[INFO] [stdout]     |
[INFO] [stdout] 837 -                     table.into_iter().map(|x| VarUint32::from(*x)),
[INFO] [stdout] 837 +                     IntoIterator::into_iter(table).map(|x| VarUint32::from(*x)),
[INFO] [stdout]     |
[INFO] [stdout] 
[INFO] [stdout] 
[INFO] [stdout] warning: hiding a lifetime that's elided elsewhere is confusing
[INFO] [stdout]    --> src/elements/index_map.rs:134:14
[INFO] [stdout]     |
[INFO] [stdout] 134 |     pub fn iter(&self) -> Iter<T> {
[INFO] [stdout]     |                 ^^^^^     ^^^^^^^ the same lifetime is hidden here
[INFO] [stdout]     |                 |
[INFO] [stdout]     |                 the lifetime is elided here
[INFO] [stdout]     |
[INFO] [stdout]     = help: the same lifetime is referred to in inconsistent ways, making the signature confusing
[INFO] [stdout]     = note: `#[warn(mismatched_lifetime_syntaxes)]` on by default
[INFO] [stdout] help: use `'_` for type paths
[INFO] [stdout]     |
[INFO] [stdout] 134 |     pub fn iter(&self) -> Iter<'_, T> {
[INFO] [stdout]     |                                +++
[INFO] [stdout] 
[INFO] [stdout] 
[INFO] [stderr]     Finished `release` profile [optimized] target(s) in 2.28s
[INFO] running `Command { std: "docker" "inspect" "0bed8f0cee61929b7180e6c747ed43e088dc55e948b871083efa5a4a56ce16c2", kill_on_drop: false }`
[INFO] running `Command { std: "docker" "exec" "-e" "SOURCE_DIR=/opt/rustwide/workdir" "-e" "CARGO_HOME=/opt/rustwide/cargo-home" "-e" "RUSTUP_HOME=/opt/rustwide/rustup-home" "-e" "CARGO_TARGET_DIR=/opt/rustwide/target" "-e" "CARGO_INCREMENTAL=0" "-e" "RUST_BACKTRACE=full" "-e" "RUSTFLAGS=--cap-lints=warn" "-e" "RUSTDOCFLAGS=--cap-lints=warn" "-w" "/opt/rustwide/workdir" "--user" "0:0" "0bed8f0cee61929b7180e6c747ed43e088dc55e948b871083efa5a4a56ce16c2" "/opt/rustwide/cargo-home/bin/cargo" "+1.100.0-beta.1" "test" "--frozen" "--no-run" "--message-format=json" "--release", kill_on_drop: false }`
[INFO] [stderr] warning: Cargo.toml: `package.edition` is unspecified, defaulting to `2015` while the latest is `2024`
[INFO] [stderr] warning: `package.homepage` is redundant with `package.repository`
[INFO] [stderr]   --> Cargo.toml:18:12
[INFO] [stderr]    |
[INFO] [stderr] 18 | homepage = "https://github.com/susytech/susywasm"
[INFO] [stderr]    |            ^^^^^^^^^^^^^^^^^^^^^^^^^^^^^^^^^^^^^^
[INFO] [stderr] ...
[INFO] [stderr] 23 | repository = "https://github.com/susytech/susywasm"
[INFO] [stderr]    |              --------------------------------------
[INFO] [stderr]    |
[INFO] [stderr]    = note: `cargo::redundant_homepage` is set to `warn` by default
[INFO] [stderr] help: consider removing `package.homepage`
[INFO] [stderr] warning: `susywasm` (manifest) generated 2 warnings
[INFO] [stdout] warning: unexpected `cfg` condition name: `slow_assertions`
[INFO] [stdout]    --> src/elements/index_map.rs:128:8
[INFO] [stdout]     |
[INFO] [stdout] 128 |     #[cfg(slow_assertions)]
[INFO] [stdout]     |           ^^^^^^^^^^^^^^^ help: there is a config with a similar name: `debug_assertions`
[INFO] [stdout]     |
[INFO] [stdout]     = help: consider using a Cargo feature instead
[INFO] [stdout]     = help: or consider adding in `Cargo.toml` the `check-cfg` lint config for the lint:
[INFO] [stdout]              [lints.rust]
[INFO] [stdout]              unexpected_cfgs = { level = "warn", check-cfg = ['cfg(slow_assertions)'] }
[INFO] [stdout]     = help: or consider adding `println!("cargo::rustc-check-cfg=cfg(slow_assertions)");` to the top of the `build.rs`
[INFO] [stdout]     = note: see <https://doc.rust-lang.org/nightly/rustc/check-cfg/cargo-specifics.html> for more information about checking conditional configuration
[INFO] [stdout]     = note: `#[warn(unexpected_cfgs)]` on by default
[INFO] [stdout] 
[INFO] [stdout] 
[INFO] [stdout] warning: unexpected `cfg` condition name: `slow_assertions`
[INFO] [stdout]   --> src/elements/index_map.rs:91:9
[INFO] [stdout]    |
[INFO] [stdout] 91 |         #[cfg(slow_assertions)]
[INFO] [stdout]    |               ^^^^^^^^^^^^^^^ help: there is a config with a similar name: `debug_assertions`
[INFO] [stdout]    |
[INFO] [stdout]    = help: consider using a Cargo feature instead
[INFO] [stdout]    = help: or consider adding in `Cargo.toml` the `check-cfg` lint config for the lint:
[INFO] [stdout]             [lints.rust]
[INFO] [stdout]             unexpected_cfgs = { level = "warn", check-cfg = ['cfg(slow_assertions)'] }
[INFO] [stdout]    = help: or consider adding `println!("cargo::rustc-check-cfg=cfg(slow_assertions)");` to the top of the `build.rs`
[INFO] [stdout]    = note: see <https://doc.rust-lang.org/nightly/rustc/check-cfg/cargo-specifics.html> for more information about checking conditional configuration
[INFO] [stdout] 
[INFO] [stdout] 
[INFO] [stdout] warning: unexpected `cfg` condition name: `slow_assertions`
[INFO] [stdout]    --> src/elements/index_map.rs:105:9
[INFO] [stdout]     |
[INFO] [stdout] 105 |         #[cfg(slow_assertions)]
[INFO] [stdout]     |               ^^^^^^^^^^^^^^^ help: there is a config with a similar name: `debug_assertions`
[INFO] [stdout]     |
[INFO] [stdout]     = help: consider using a Cargo feature instead
[INFO] [stdout]     = help: or consider adding in `Cargo.toml` the `check-cfg` lint config for the lint:
[INFO] [stdout]              [lints.rust]
[INFO] [stdout]              unexpected_cfgs = { level = "warn", check-cfg = ['cfg(slow_assertions)'] }
[INFO] [stdout]     = help: or consider adding `println!("cargo::rustc-check-cfg=cfg(slow_assertions)");` to the top of the `build.rs`
[INFO] [stdout]     = note: see <https://doc.rust-lang.org/nightly/rustc/check-cfg/cargo-specifics.html> for more information about checking conditional configuration
[INFO] [stdout] 
[INFO] [stdout] 
[INFO] [stdout] warning: unexpected `cfg` condition name: `slow_assertions`
[INFO] [stdout]    --> src/elements/index_map.rs:112:9
[INFO] [stdout]     |
[INFO] [stdout] 112 |         #[cfg(slow_assertions)]
[INFO] [stdout]     |               ^^^^^^^^^^^^^^^ help: there is a config with a similar name: `debug_assertions`
[INFO] [stdout]     |
[INFO] [stdout]     = help: consider using a Cargo feature instead
[INFO] [stdout]     = help: or consider adding in `Cargo.toml` the `check-cfg` lint config for the lint:
[INFO] [stdout]              [lints.rust]
[INFO] [stdout]              unexpected_cfgs = { level = "warn", check-cfg = ['cfg(slow_assertions)'] }
[INFO] [stdout]     = help: or consider adding `println!("cargo::rustc-check-cfg=cfg(slow_assertions)");` to the top of the `build.rs`
[INFO] [stdout]     = note: see <https://doc.rust-lang.org/nightly/rustc/check-cfg/cargo-specifics.html> for more information about checking conditional configuration
[INFO] [stdout] 
[INFO] [stdout] 
[INFO] [stdout] warning: use of deprecated constant `std::u32::MAX`: replaced by the `MAX` associated constant on this type
[INFO] [stdout]   --> src/elements/primitives.rs:32:28
[INFO] [stdout]    |
[INFO] [stdout] 32 |         assert!(i <= ::std::u32::MAX as usize);
[INFO] [stdout]    |                                  ^^^
[INFO] [stdout]    |
[INFO] [stdout]    = note: `#[warn(deprecated)]` on by default
[INFO] [stdout] 
[INFO] [stdout] 
[INFO] [stdout] warning: use of deprecated constant `std::u32::MAX`: replaced by the `MAX` associated constant on this type
[INFO] [stdout]   --> src/elements/index_map.rs:89:53
[INFO] [stdout]    |
[INFO] [stdout] 89 |             debug_assert!(self.entries.len() <= (::std::u32::MAX as usize) + 1);
[INFO] [stdout]    |                                                              ^^^
[INFO] [stdout] 
[INFO] [stdout] 
[INFO] [stdout] warning: this method call resolves to `<&Box<[T]> as IntoIterator>::into_iter` (due to backwards compatibility), but will resolve to `<Box<[T]> as IntoIterator>::into_iter` in Rust 2024
[INFO] [stdout]    --> src/elements/ops.rs:837:12
[INFO] [stdout]     |
[INFO] [stdout] 837 |                     table.into_iter().map(|x| VarUint32::from(*x)),
[INFO] [stdout]     |                           ^^^^^^^^^
[INFO] [stdout]     |
[INFO] [stdout]     = warning: this changes meaning in Rust 2024
[INFO] [stdout]     = note: for more information, see <https://doc.rust-lang.org/edition-guide/rust-2024/intoiterator-box-slice.html>
[INFO] [stdout]     = note: `#[warn(boxed_slice_into_iter)]` (part of `#[warn(rust_2024_compatibility)]`) on by default
[INFO] [stdout] help: use `.iter()` instead of `.into_iter()` to avoid ambiguity
[INFO] [stdout]     |
[INFO] [stdout] 837 -                     table.into_iter().map(|x| VarUint32::from(*x)),
[INFO] [stdout] 837 +                     table.iter().map(|x| VarUint32::from(*x)),
[INFO] [stdout]     |
[INFO] [stdout] help: or use `IntoIterator::into_iter(..)` instead of `.into_iter()` to explicitly iterate by value
[INFO] [stdout]     |
[INFO] [stdout] 837 -                     table.into_iter().map(|x| VarUint32::from(*x)),
[INFO] [stdout] 837 +                     IntoIterator::into_iter(table).map(|x| VarUint32::from(*x)),
[INFO] [stdout]     |
[INFO] [stdout] 
[INFO] [stdout] 
[INFO] [stdout] warning: hiding a lifetime that's elided elsewhere is confusing
[INFO] [stdout]    --> src/elements/index_map.rs:134:14
[INFO] [stdout]     |
[INFO] [stdout] 134 |     pub fn iter(&self) -> Iter<T> {
[INFO] [stdout]     |                 ^^^^^     ^^^^^^^ the same lifetime is hidden here
[INFO] [stdout]     |                 |
[INFO] [stdout]     |                 the lifetime is elided here
[INFO] [stdout]     |
[INFO] [stdout]     = help: the same lifetime is referred to in inconsistent ways, making the signature confusing
[INFO] [stdout]     = note: `#[warn(mismatched_lifetime_syntaxes)]` on by default
[INFO] [stdout] help: use `'_` for type paths
[INFO] [stdout]     |
[INFO] [stdout] 134 |     pub fn iter(&self) -> Iter<'_, T> {
[INFO] [stdout]     |                                +++
[INFO] [stdout] 
[INFO] [stdout] 
[INFO] [stderr]    Compiling susywasm v0.31.3 (/opt/rustwide/workdir)
[INFO] [stdout] warning: unexpected `cfg` condition name: `slow_assertions`
[INFO] [stdout]    --> src/elements/index_map.rs:128:8
[INFO] [stdout]     |
[INFO] [stdout] 128 |     #[cfg(slow_assertions)]
[INFO] [stdout]     |           ^^^^^^^^^^^^^^^ help: there is a config with a similar name: `debug_assertions`
[INFO] [stdout]     |
[INFO] [stdout]     = help: consider using a Cargo feature instead
[INFO] [stdout]     = help: or consider adding in `Cargo.toml` the `check-cfg` lint config for the lint:
[INFO] [stdout]              [lints.rust]
[INFO] [stdout]              unexpected_cfgs = { level = "warn", check-cfg = ['cfg(slow_assertions)'] }
[INFO] [stdout]     = help: or consider adding `println!("cargo::rustc-check-cfg=cfg(slow_assertions)");` to the top of the `build.rs`
[INFO] [stdout]     = note: see <https://doc.rust-lang.org/nightly/rustc/check-cfg/cargo-specifics.html> for more information about checking conditional configuration
[INFO] [stdout]     = note: `#[warn(unexpected_cfgs)]` on by default
[INFO] [stdout] 
[INFO] [stdout] 
[INFO] [stdout] warning: unexpected `cfg` condition name: `slow_assertions`
[INFO] [stdout]   --> src/elements/index_map.rs:91:9
[INFO] [stdout]    |
[INFO] [stdout] 91 |         #[cfg(slow_assertions)]
[INFO] [stdout]    |               ^^^^^^^^^^^^^^^ help: there is a config with a similar name: `debug_assertions`
[INFO] [stdout]    |
[INFO] [stdout]    = help: consider using a Cargo feature instead
[INFO] [stdout]    = help: or consider adding in `Cargo.toml` the `check-cfg` lint config for the lint:
[INFO] [stdout]             [lints.rust]
[INFO] [stdout]             unexpected_cfgs = { level = "warn", check-cfg = ['cfg(slow_assertions)'] }
[INFO] [stdout]    = help: or consider adding `println!("cargo::rustc-check-cfg=cfg(slow_assertions)");` to the top of the `build.rs`
[INFO] [stdout]    = note: see <https://doc.rust-lang.org/nightly/rustc/check-cfg/cargo-specifics.html> for more information about checking conditional configuration
[INFO] [stdout] 
[INFO] [stdout] 
[INFO] [stdout] warning: unexpected `cfg` condition name: `slow_assertions`
[INFO] [stdout]    --> src/elements/index_map.rs:105:9
[INFO] [stdout]     |
[INFO] [stdout] 105 |         #[cfg(slow_assertions)]
[INFO] [stdout]     |               ^^^^^^^^^^^^^^^ help: there is a config with a similar name: `debug_assertions`
[INFO] [stdout]     |
[INFO] [stdout]     = help: consider using a Cargo feature instead
[INFO] [stdout]     = help: or consider adding in `Cargo.toml` the `check-cfg` lint config for the lint:
[INFO] [stdout]              [lints.rust]
[INFO] [stdout]              unexpected_cfgs = { level = "warn", check-cfg = ['cfg(slow_assertions)'] }
[INFO] [stdout]     = help: or consider adding `println!("cargo::rustc-check-cfg=cfg(slow_assertions)");` to the top of the `build.rs`
[INFO] [stdout]     = note: see <https://doc.rust-lang.org/nightly/rustc/check-cfg/cargo-specifics.html> for more information about checking conditional configuration
[INFO] [stdout] 
[INFO] [stdout] 
[INFO] [stdout] warning: unexpected `cfg` condition name: `slow_assertions`
[INFO] [stdout]    --> src/elements/index_map.rs:112:9
[INFO] [stdout]     |
[INFO] [stdout] 112 |         #[cfg(slow_assertions)]
[INFO] [stdout]     |               ^^^^^^^^^^^^^^^ help: there is a config with a similar name: `debug_assertions`
[INFO] [stdout]     |
[INFO] [stdout]     = help: consider using a Cargo feature instead
[INFO] [stdout]     = help: or consider adding in `Cargo.toml` the `check-cfg` lint config for the lint:
[INFO] [stdout]              [lints.rust]
[INFO] [stdout]              unexpected_cfgs = { level = "warn", check-cfg = ['cfg(slow_assertions)'] }
[INFO] [stdout]     = help: or consider adding `println!("cargo::rustc-check-cfg=cfg(slow_assertions)");` to the top of the `build.rs`
[INFO] [stdout]     = note: see <https://doc.rust-lang.org/nightly/rustc/check-cfg/cargo-specifics.html> for more information about checking conditional configuration
[INFO] [stdout] 
[INFO] [stdout] 
[INFO] [stdout] warning: use of deprecated constant `std::u32::MAX`: replaced by the `MAX` associated constant on this type
[INFO] [stdout]   --> src/elements/primitives.rs:32:28
[INFO] [stdout]    |
[INFO] [stdout] 32 |         assert!(i <= ::std::u32::MAX as usize);
[INFO] [stdout]    |                                  ^^^
[INFO] [stdout]    |
[INFO] [stdout]    = note: `#[warn(deprecated)]` on by default
[INFO] [stdout] 
[INFO] [stdout] 
[INFO] [stdout] warning: use of deprecated constant `std::u32::MAX`: replaced by the `MAX` associated constant on this type
[INFO] [stdout]   --> src/elements/index_map.rs:89:53
[INFO] [stdout]    |
[INFO] [stdout] 89 |             debug_assert!(self.entries.len() <= (::std::u32::MAX as usize) + 1);
[INFO] [stdout]    |                                                              ^^^
[INFO] [stdout] 
[INFO] [stdout] 
[INFO] [stdout] warning: this method call resolves to `<&Box<[T]> as IntoIterator>::into_iter` (due to backwards compatibility), but will resolve to `<Box<[T]> as IntoIterator>::into_iter` in Rust 2024
[INFO] [stdout]    --> src/elements/ops.rs:837:12
[INFO] [stdout]     |
[INFO] [stdout] 837 |                     table.into_iter().map(|x| VarUint32::from(*x)),
[INFO] [stdout]     |                           ^^^^^^^^^
[INFO] [stdout]     |
[INFO] [stdout]     = warning: this changes meaning in Rust 2024
[INFO] [stdout]     = note: for more information, see <https://doc.rust-lang.org/edition-guide/rust-2024/intoiterator-box-slice.html>
[INFO] [stdout]     = note: `#[warn(boxed_slice_into_iter)]` (part of `#[warn(rust_2024_compatibility)]`) on by default
[INFO] [stdout] help: use `.iter()` instead of `.into_iter()` to avoid ambiguity
[INFO] [stdout]     |
[INFO] [stdout] 837 -                     table.into_iter().map(|x| VarUint32::from(*x)),
[INFO] [stdout] 837 +                     table.iter().map(|x| VarUint32::from(*x)),
[INFO] [stdout]     |
[INFO] [stdout] help: or use `IntoIterator::into_iter(..)` instead of `.into_iter()` to explicitly iterate by value
[INFO] [stdout]     |
[INFO] [stdout] 837 -                     table.into_iter().map(|x| VarUint32::from(*x)),
[INFO] [stdout] 837 +                     IntoIterator::into_iter(table).map(|x| VarUint32::from(*x)),
[INFO] [stdout]     |
[INFO] [stdout] 
[INFO] [stdout] 
[INFO] [stdout] warning: hiding a lifetime that's elided elsewhere is confusing
[INFO] [stdout]    --> src/elements/index_map.rs:134:14
[INFO] [stdout]     |
[INFO] [stdout] 134 |     pub fn iter(&self) -> Iter<T> {
[INFO] [stdout]     |                 ^^^^^     ^^^^^^^ the same lifetime is hidden here
[INFO] [stdout]     |                 |
[INFO] [stdout]     |                 the lifetime is elided here
[INFO] [stdout]     |
[INFO] [stdout]     = help: the same lifetime is referred to in inconsistent ways, making the signature confusing
[INFO] [stdout]     = note: `#[warn(mismatched_lifetime_syntaxes)]` on by default
[INFO] [stdout] help: use `'_` for type paths
[INFO] [stdout]     |
[INFO] [stdout] 134 |     pub fn iter(&self) -> Iter<'_, T> {
[INFO] [stdout]     |                                +++
[INFO] [stdout] 
[INFO] [stdout] 
[INFO] [stderr]     Finished `release` profile [optimized] target(s) in 9.88s
[INFO] running `Command { std: "docker" "inspect" "0bed8f0cee61929b7180e6c747ed43e088dc55e948b871083efa5a4a56ce16c2", kill_on_drop: false }`
[INFO] running `Command { std: "docker" "exec" "-e" "SOURCE_DIR=/opt/rustwide/workdir" "-e" "CARGO_HOME=/opt/rustwide/cargo-home" "-e" "RUSTUP_HOME=/opt/rustwide/rustup-home" "-e" "CARGO_TARGET_DIR=/opt/rustwide/target" "-e" "CARGO_INCREMENTAL=0" "-e" "RUST_BACKTRACE=full" "-e" "RUSTFLAGS=--cap-lints=warn" "-e" "RUSTDOCFLAGS=--cap-lints=warn" "-w" "/opt/rustwide/workdir" "--user" "0:0" "0bed8f0cee61929b7180e6c747ed43e088dc55e948b871083efa5a4a56ce16c2" "/opt/rustwide/cargo-home/bin/cargo" "+1.100.0-beta.1" "test" "--frozen" "--release", kill_on_drop: false }`
[INFO] [stderr] warning: Cargo.toml: `package.edition` is unspecified, defaulting to `2015` while the latest is `2024`
[INFO] [stderr] warning: `package.homepage` is redundant with `package.repository`
[INFO] [stderr]   --> Cargo.toml:18:12
[INFO] [stderr]    |
[INFO] [stderr] 18 | homepage = "https://github.com/susytech/susywasm"
[INFO] [stderr]    |            ^^^^^^^^^^^^^^^^^^^^^^^^^^^^^^^^^^^^^^
[INFO] [stderr] ...
[INFO] [stderr] 23 | repository = "https://github.com/susytech/susywasm"
[INFO] [stderr]    |              --------------------------------------
[INFO] [stderr]    |
[INFO] [stderr]    = note: `cargo::redundant_homepage` is set to `warn` by default
[INFO] [stderr] help: consider removing `package.homepage`
[INFO] [stderr] warning: `susywasm` (manifest) generated 2 warnings
[INFO] [stderr] warning: unexpected `cfg` condition name: `slow_assertions`
[INFO] [stderr]    --> src/elements/index_map.rs:128:8
[INFO] [stderr]     |
[INFO] [stderr] 128 |     #[cfg(slow_assertions)]
[INFO] [stderr]     |           ^^^^^^^^^^^^^^^ help: there is a config with a similar name: `debug_assertions`
[INFO] [stderr]     |
[INFO] [stderr]     = help: consider using a Cargo feature instead
[INFO] [stderr]     = help: or consider adding in `Cargo.toml` the `check-cfg` lint config for the lint:
[INFO] [stderr]              [lints.rust]
[INFO] [stderr]              unexpected_cfgs = { level = "warn", check-cfg = ['cfg(slow_assertions)'] }
[INFO] [stderr]     = help: or consider adding `println!("cargo::rustc-check-cfg=cfg(slow_assertions)");` to the top of the `build.rs`
[INFO] [stderr]     = note: see <https://doc.rust-lang.org/nightly/rustc/check-cfg/cargo-specifics.html> for more information about checking conditional configuration
[INFO] [stderr]     = note: `#[warn(unexpected_cfgs)]` on by default
[INFO] [stderr] 
[INFO] [stderr] warning: unexpected `cfg` condition name: `slow_assertions`
[INFO] [stderr]   --> src/elements/index_map.rs:91:9
[INFO] [stderr]    |
[INFO] [stderr] 91 |         #[cfg(slow_assertions)]
[INFO] [stderr]    |               ^^^^^^^^^^^^^^^ help: there is a config with a similar name: `debug_assertions`
[INFO] [stderr]    |
[INFO] [stderr]    = help: consider using a Cargo feature instead
[INFO] [stderr]    = help: or consider adding in `Cargo.toml` the `check-cfg` lint config for the lint:
[INFO] [stderr]             [lints.rust]
[INFO] [stderr]             unexpected_cfgs = { level = "warn", check-cfg = ['cfg(slow_assertions)'] }
[INFO] [stderr]    = help: or consider adding `println!("cargo::rustc-check-cfg=cfg(slow_assertions)");` to the top of the `build.rs`
[INFO] [stderr]    = note: see <https://doc.rust-lang.org/nightly/rustc/check-cfg/cargo-specifics.html> for more information about checking conditional configuration
[INFO] [stderr] 
[INFO] [stderr] warning: unexpected `cfg` condition name: `slow_assertions`
[INFO] [stderr]    --> src/elements/index_map.rs:105:9
[INFO] [stderr]     |
[INFO] [stderr] 105 |         #[cfg(slow_assertions)]
[INFO] [stderr]     |               ^^^^^^^^^^^^^^^ help: there is a config with a similar name: `debug_assertions`
[INFO] [stderr]     |
[INFO] [stderr]     = help: consider using a Cargo feature instead
[INFO] [stderr]     = help: or consider adding in `Cargo.toml` the `check-cfg` lint config for the lint:
[INFO] [stderr]              [lints.rust]
[INFO] [stderr]              unexpected_cfgs = { level = "warn", check-cfg = ['cfg(slow_assertions)'] }
[INFO] [stderr]     = help: or consider adding `println!("cargo::rustc-check-cfg=cfg(slow_assertions)");` to the top of the `build.rs`
[INFO] [stderr]     = note: see <https://doc.rust-lang.org/nightly/rustc/check-cfg/cargo-specifics.html> for more information about checking conditional configuration
[INFO] [stderr] 
[INFO] [stderr] warning: unexpected `cfg` condition name: `slow_assertions`
[INFO] [stderr]    --> src/elements/index_map.rs:112:9
[INFO] [stderr]     |
[INFO] [stderr] 112 |         #[cfg(slow_assertions)]
[INFO] [stderr]     |               ^^^^^^^^^^^^^^^ help: there is a config with a similar name: `debug_assertions`
[INFO] [stderr]     |
[INFO] [stderr]     = help: consider using a Cargo feature instead
[INFO] [stderr]     = help: or consider adding in `Cargo.toml` the `check-cfg` lint config for the lint:
[INFO] [stderr]              [lints.rust]
[INFO] [stderr]              unexpected_cfgs = { level = "warn", check-cfg = ['cfg(slow_assertions)'] }
[INFO] [stderr]     = help: or consider adding `println!("cargo::rustc-check-cfg=cfg(slow_assertions)");` to the top of the `build.rs`
[INFO] [stderr]     = note: see <https://doc.rust-lang.org/nightly/rustc/check-cfg/cargo-specifics.html> for more information about checking conditional configuration
[INFO] [stderr] 
[INFO] [stderr] warning: use of deprecated constant `std::u32::MAX`: replaced by the `MAX` associated constant on this type
[INFO] [stderr]   --> src/elements/primitives.rs:32:28
[INFO] [stderr]    |
[INFO] [stderr] 32 |         assert!(i <= ::std::u32::MAX as usize);
[INFO] [stderr]    |                                  ^^^
[INFO] [stderr]    |
[INFO] [stderr]    = note: `#[warn(deprecated)]` on by default
[INFO] [stderr] 
[INFO] [stderr] warning: use of deprecated constant `std::u32::MAX`: replaced by the `MAX` associated constant on this type
[INFO] [stderr]   --> src/elements/index_map.rs:89:53
[INFO] [stderr]    |
[INFO] [stderr] 89 |             debug_assert!(self.entries.len() <= (::std::u32::MAX as usize) + 1);
[INFO] [stderr]    |                                                              ^^^
[INFO] [stderr] 
[INFO] [stderr] warning: this method call resolves to `<&Box<[T]> as IntoIterator>::into_iter` (due to backwards compatibility), but will resolve to `<Box<[T]> as IntoIterator>::into_iter` in Rust 2024
[INFO] [stderr]    --> src/elements/ops.rs:837:12
[INFO] [stderr]     |
[INFO] [stderr] 837 |                     table.into_iter().map(|x| VarUint32::from(*x)),
[INFO] [stderr]     |                           ^^^^^^^^^
[INFO] [stderr]     |
[INFO] [stderr]     = warning: this changes meaning in Rust 2024
[INFO] [stderr]     = note: for more information, see <https://doc.rust-lang.org/edition-guide/rust-2024/intoiterator-box-slice.html>
[INFO] [stderr]     = note: `#[warn(boxed_slice_into_iter)]` (part of `#[warn(rust_2024_compatibility)]`) on by default
[INFO] [stderr] help: use `.iter()` instead of `.into_iter()` to avoid ambiguity
[INFO] [stderr]     |
[INFO] [stderr] 837 -                     table.into_iter().map(|x| VarUint32::from(*x)),
[INFO] [stderr] 837 +                     table.iter().map(|x| VarUint32::from(*x)),
[INFO] [stderr]     |
[INFO] [stderr] help: or use `IntoIterator::into_iter(..)` instead of `.into_iter()` to explicitly iterate by value
[INFO] [stderr]     |
[INFO] [stderr] 837 -                     table.into_iter().map(|x| VarUint32::from(*x)),
[INFO] [stderr] 837 +                     IntoIterator::into_iter(table).map(|x| VarUint32::from(*x)),
[INFO] [stderr]     |
[INFO] [stderr] 
[INFO] [stderr] warning: hiding a lifetime that's elided elsewhere is confusing
[INFO] [stderr]    --> src/elements/index_map.rs:134:14
[INFO] [stderr]     |
[INFO] [stderr] 134 |     pub fn iter(&self) -> Iter<T> {
[INFO] [stderr]     |                 ^^^^^     ^^^^^^^ the same lifetime is hidden here
[INFO] [stderr]     |                 |
[INFO] [stderr]     |                 the lifetime is elided here
[INFO] [stderr]     |
[INFO] [stderr]     = help: the same lifetime is referred to in inconsistent ways, making the signature confusing
[INFO] [stderr]     = note: `#[warn(mismatched_lifetime_syntaxes)]` on by default
[INFO] [stderr] help: use `'_` for type paths
[INFO] [stderr]     |
[INFO] [stderr] 134 |     pub fn iter(&self) -> Iter<'_, T> {
[INFO] [stderr]     |                                +++
[INFO] [stderr] 
[INFO] [stderr] warning: `susywasm` (lib) generated 8 warnings (run `cargo fix --lib -p susywasm` to apply 2 suggestions)
[INFO] [stderr] warning: `susywasm` (lib test) generated 8 warnings (8 duplicates)
[INFO] [stderr]     Finished `release` profile [optimized] target(s) in 0.04s
[INFO] [stderr]      Running unittests src/lib.rs (/opt/rustwide/target/release/build/susywasm/d87fad752ab40991/out/susywasm-d87fad752ab40991)
[INFO] [stdout] 
[INFO] [stdout] running 91 tests
[INFO] [stdout] test builder::code::tests::func_example ... ok
[INFO] [stdout] test builder::export::tests::example ... ok
[INFO] [stdout] test builder::module::tests::global ... ok
[INFO] [stdout] test builder::module::tests::reuse_types ... ok
[INFO] [stdout] test elements::index_map::tests::from_iterator_builds_a_map ... ok
[INFO] [stdout] test builder::global::tests::example ... ok
[INFO] [stdout] test elements::index_map::tests::deserialize_enforces_max_idx ... ok
[INFO] [stdout] test builder::module::tests::smoky ... ok
[INFO] [stdout] test builder::module::tests::data ... ok
[INFO] [stdout] test builder::import::tests::example ... ok
[INFO] [stdout] test builder::module::tests::functions ... ok
[INFO] [stdout] test builder::code::tests::example ... ok
[INFO] [stdout] test elements::index_map::tests::clear_removes_all_values ... ok
[INFO] [stdout] test elements::index_map::tests::default_is_empty_no_matter_how_we_look_at_it ... ok
[INFO] [stdout] test builder::module::tests::export ... ok
[INFO] [stdout] test elements::index_map::tests::contains_key_returns_true_when_a_key_is_present ... ok
[INFO] [stdout] test elements::index_map::tests::insert_behaves_like_other_maps ... ok
[INFO] [stdout] test elements::index_map::tests::iterators_are_well_behaved ... ok
[INFO] [stdout] test elements::index_map::tests::partial_eq_is_smart_about_none_values_at_the_end ... ok
[INFO] [stdout] test elements::index_map::tests::deserialize_requires_elements_to_be_in_order ... ok
[INFO] [stdout] test elements::index_map::tests::partial_eq_works_as_expected_in_simple_cases ... ok
[INFO] [stdout] test elements::index_map::tests::serialize_and_deserialize ... ok
[INFO] [stdout] test elements::index_map::tests::with_capacity_creates_empty_map ... ok
[INFO] [stdout] test elements::index_map::tests::get_returns_elements_that_are_there_but_nothing_else ... ok
[INFO] [stdout] test elements::module::integration_tests::serde_import ... FAILED
[INFO] [stdout] test elements::module::integration_tests::store ... FAILED
[INFO] [stdout] test elements::module::integration_tests::wrong_varuint1_case - should panic ... ok
[INFO] [stdout] test elements::module::integration_tests::hello ... FAILED
[INFO] [stdout] test elements::module::integration_tests::names ... FAILED
[INFO] [stdout] test elements::module::integration_tests::peek ... FAILED
[INFO] [stdout] test elements::module::integration_tests::peek_3 ... FAILED
[INFO] [stdout] test elements::module::integration_tests::peek_2 ... FAILED
[INFO] [stdout] test elements::module::integration_tests::memory_space ... FAILED
[INFO] [stdout] test elements::module::integration_tests::serde ... FAILED
[INFO] [stdout] test elements::module::integration_tests::serde_type ... FAILED
[INFO] [stdout] test elements::module::integration_tests::module_default_round_trip ... ok
[INFO] [stdout] test elements::module::integration_tests::serde_code ... FAILED
[INFO] [stdout] test elements::name_section::tests::serialize_and_deserialize_unparsed ... ok
[INFO] [stdout] test elements::name_section::tests::serialize_function_names ... ok
[INFO] [stdout] test elements::name_section::tests::serialize_local_names ... ok
[INFO] [stdout] test elements::ops::ifelse ... ok
[INFO] [stdout] test elements::ops::size_off ... ok
[INFO] [stdout] test elements::primitives::tests::counted_list ... ok
[INFO] [stdout] test elements::primitives::tests::varint32_8192 ... ok
[INFO] [stdout] test elements::primitives::tests::varint32_bad_extended2 ... ok
[INFO] [stdout] test elements::primitives::tests::varint32_max ... ok
[INFO] [stdout] test elements::primitives::tests::varint32_neg_8192 ... ok
[INFO] [stdout] test elements::primitives::tests::varint32_too_long ... ok
[INFO] [stdout] test elements::primitives::tests::varint64_8192 ... ok
[INFO] [stdout] test elements::primitives::tests::varint32_min ... ok
[INFO] [stdout] test elements::primitives::tests::varint64_bad_extended ... ok
[INFO] [stdout] test elements::primitives::tests::varint64_min ... ok
[INFO] [stdout] test elements::primitives::tests::varint64_neg_8192 ... ok
[INFO] [stdout] test elements::primitives::tests::varint64_too_long ... ok
[INFO] [stdout] test elements::primitives::tests::varint7_neg ... ok
[INFO] [stdout] test elements::primitives::tests::varuint32_0 ... ok
[INFO] [stdout] test elements::primitives::tests::varuint32_1 ... ok
[INFO] [stdout] test elements::primitives::tests::varuint32_135 ... ok
[INFO] [stdout] test elements::primitives::tests::varuint32_too_long ... ok
[INFO] [stdout] test elements::primitives::tests::varuint32_too_long_nulled ... ok
[INFO] [stdout] test elements::primitives::tests::varuint64_0 ... ok
[INFO] [stdout] test elements::name_section::tests::serialize_module_name ... ok
[INFO] [stdout] test elements::primitives::tests::varuint64_1 ... ok
[INFO] [stdout] test elements::ops::display ... ok
[INFO] [stdout] test elements::primitives::tests::varuint64_8192 ... ok
[INFO] [stdout] test elements::section::tests::data_section_ser ... ok
[INFO] [stdout] test elements::primitives::tests::varint32_bad_extended ... ok
[INFO] [stdout] test elements::section::tests::element_section_ser ... ok
[INFO] [stdout] test elements::primitives::tests::varuint32_8192 ... ok
[INFO] [stdout] test elements::primitives::tests::varuint64_too_long ... ok
[INFO] [stdout] test elements::primitives::tests::varuint32_too_long_trailing ... ok
[INFO] [stdout] test elements::primitives::tests::varuint64_135 ... ok
[INFO] [stdout] test elements::section::tests::export_detect ... ok
[INFO] [stdout] test elements::section::tests::fn_section_detect ... ok
[INFO] [stdout] test elements::section::tests::fn_section_number ... ok
[INFO] [stdout] test elements::primitives::tests::varint64_max ... ok
[INFO] [stdout] test elements::section::tests::fn_section_ref ... ok
[INFO] [stdout] test elements::primitives::tests::varint7_invalid ... ok
[INFO] [stdout] test elements::section::tests::start_section ... ok
[INFO] [stdout] test elements::section::tests::type_section_infer ... ok
[INFO] [stdout] test elements::section::tests::type_section_len ... ok
[INFO] [stdout] test elements::reloc_section::tests::reloc_section ... FAILED
[INFO] [stdout] test elements::primitives::tests::varuint64_too_long_trailing ... ok
[INFO] [stdout] test elements::section::tests::code_section_ser ... ok
[INFO] [stdout] test elements::section::tests::data_section_detect ... ok
[INFO] [stdout] test io::tests::cursor ... ok
[INFO] [stdout] test elements::section::tests::code_detect ... ok
[INFO] [stdout] test elements::section::tests::import_section ... FAILED
[INFO] [stdout] test elements::module::integration_tests::const_ ... FAILED
[INFO] [stdout] test elements::index_map::tests::remove_behaves_like_other_maps ... ok
[INFO] [stdout] test io::tests::overflow_in_cursor ... ok
[INFO] [stdout] 
[INFO] [stdout] failures:
[INFO] [stdout] 
[INFO] [stdout] ---- elements::module::integration_tests::serde_import stdout ----
[INFO] [stdout] 
[INFO] [stdout] thread 'elements::module::integration_tests::serde_import' (478) panicked at src/elements/module.rs:550:76:
[INFO] [stdout] Should be deserialized: HeapOther("Can't read from the file: Os { code: 2, kind: NotFound, message: \"No such file or directory\" }")
[INFO] [stdout] stack backtrace:
[INFO] [stdout]    0:     0x5b891a7102e1 - <<std[617be2ca0a6fd877]::sys::backtrace::BacktraceLock>::print::DisplayBacktrace as core[a373ad73a504971]::fmt::Display>::fmt
[INFO] [stdout]    1:     0x5b891a72476a - core[a373ad73a504971]::fmt::write
[INFO] [stdout]    2:     0x5b891a7145ac - <alloc[2e1b2a31b91974c5]::vec::Vec<u8> as core[a373ad73a504971]::io::write::Write>::write_fmt
[INFO] [stdout]    3:     0x5b891a6ec746 - std[617be2ca0a6fd877]::panicking::default_hook::{closure#0}
[INFO] [stdout]    4:     0x5b891a708979 - std[617be2ca0a6fd877]::panicking::default_hook
[INFO] [stdout]    5:     0x5b891a6a4fc0 - test[aada8e7e76ba119b]::test_main_inner::{closure#0}
[INFO] [stdout]    6:     0x5b891a708b32 - std[617be2ca0a6fd877]::panicking::panic_with_hook
[INFO] [stdout]    7:     0x5b891a6ec7f2 - std[617be2ca0a6fd877]::panicking::panic_handler::{closure#0}
[INFO] [stdout]    8:     0x5b891a6e54d9 - std[617be2ca0a6fd877]::sys::backtrace::__rust_end_short_backtrace::<std[617be2ca0a6fd877]::panicking::panic_handler::{closure#0}, !>
[INFO] [stdout]    9:     0x5b891a6ed3fd - __rustc[ea4f61d10b84890b]::rust_begin_unwind
[INFO] [stdout]   10:     0x5b891a724e9c - core[a373ad73a504971]::panicking::panic_fmt
[INFO] [stdout]   11:     0x5b891a724c72 - core[a373ad73a504971]::result::unwrap_failed
[INFO] [stdout]   12:     0x5b891a68c5ac - <susywasm[3241db2dd96dc095]::elements::module::integration_tests::serde_import::{closure#0} as core[a373ad73a504971]::ops::function::FnOnce<()>>::call_once
[INFO] [stdout]   13:     0x5b891a69840b - test[aada8e7e76ba119b]::__rust_begin_short_backtrace::<core[a373ad73a504971]::result::Result<(), alloc[2e1b2a31b91974c5]::string::String>, fn() -> core[a373ad73a504971]::result::Result<(), alloc[2e1b2a31b91974c5]::string::String>>
[INFO] [stdout]   14:     0x5b891a6a55e5 - test[aada8e7e76ba119b]::run_test::{closure#0}
[INFO] [stdout]   15:     0x5b891a69eed4 - std[617be2ca0a6fd877]::sys::backtrace::__rust_begin_short_backtrace::<test[aada8e7e76ba119b]::run_test::{closure#1}, ()>
[INFO] [stdout]   16:     0x5b891a6a8672 - <std[617be2ca0a6fd877]::thread::lifecycle::spawn_unchecked<test[aada8e7e76ba119b]::run_test::{closure#1}, ()>::{closure#1} as core[a373ad73a504971]::ops::function::FnOnce<()>>::call_once::{shim:vtable#0}
[INFO] [stdout]   17:     0x5b891a70fb3f - <std[617be2ca0a6fd877]::sys::thread::unix::Thread>::new::thread_start
[INFO] [stdout]   18:     0x7dd3fb0d1dfa - <unknown>
[INFO] [stdout]   19:     0x7dd3fb1653d4 - clone
[INFO] [stdout]   20:                0x0 - <unknown>
[INFO] [stdout] 
[INFO] [stdout] ---- elements::module::integration_tests::store stdout ----
[INFO] [stdout] 
[INFO] [stdout] thread 'elements::module::integration_tests::store' (480) panicked at src/elements/module.rs:617:73:
[INFO] [stdout] Should be deserialized: HeapOther("Can't read from the file: Os { code: 2, kind: NotFound, message: \"No such file or directory\" }")
[INFO] [stdout] stack backtrace:
[INFO] [stdout]    0:     0x5b891a7102e1 - <<std[617be2ca0a6fd877]::sys::backtrace::BacktraceLock>::print::DisplayBacktrace as core[a373ad73a504971]::fmt::Display>::fmt
[INFO] [stdout]    1:     0x5b891a72476a - core[a373ad73a504971]::fmt::write
[INFO] [stdout]    2:     0x5b891a7145ac - <alloc[2e1b2a31b91974c5]::vec::Vec<u8> as core[a373ad73a504971]::io::write::Write>::write_fmt
[INFO] [stdout]    3:     0x5b891a6ec746 - std[617be2ca0a6fd877]::panicking::default_hook::{closure#0}
[INFO] [stdout]    4:     0x5b891a708979 - std[617be2ca0a6fd877]::panicking::default_hook
[INFO] [stdout]    5:     0x5b891a6a4fc0 - test[aada8e7e76ba119b]::test_main_inner::{closure#0}
[INFO] [stdout]    6:     0x5b891a708b32 - std[617be2ca0a6fd877]::panicking::panic_with_hook
[INFO] [stdout]    7:     0x5b891a6ec7f2 - std[617be2ca0a6fd877]::panicking::panic_handler::{closure#0}
[INFO] [stdout]    8:     0x5b891a6e54d9 - std[617be2ca0a6fd877]::sys::backtrace::__rust_end_short_backtrace::<std[617be2ca0a6fd877]::panicking::panic_handler::{closure#0}, !>
[INFO] [stdout]    9:     0x5b891a6ed3fd - __rustc[ea4f61d10b84890b]::rust_begin_unwind
[INFO] [stdout]   10:     0x5b891a724e9c - core[a373ad73a504971]::panicking::panic_fmt
[INFO] [stdout]   11:     0x5b891a724c72 - core[a373ad73a504971]::result::unwrap_failed
[INFO] [stdout]   12:     0x5b891a68dc32 - <susywasm[3241db2dd96dc095]::elements::module::integration_tests::store::{closure#0} as core[a373ad73a504971]::ops::function::FnOnce<()>>::call_once
[INFO] [stdout]   13:     0x5b891a69840b - test[aada8e7e76ba119b]::__rust_begin_short_backtrace::<core[a373ad73a504971]::result::Result<(), alloc[2e1b2a31b91974c5]::string::String>, fn() -> core[a373ad73a504971]::result::Result<(), alloc[2e1b2a31b91974c5]::string::String>>
[INFO] [stdout]   14:     0x5b891a6a55e5 - test[aada8e7e76ba119b]::run_test::{closure#0}
[INFO] [stdout]   15:     0x5b891a69eed4 - std[617be2ca0a6fd877]::sys::backtrace::__rust_begin_short_backtrace::<test[aada8e7e76ba119b]::run_test::{closure#1}, ()>
[INFO] [stdout]   16:     0x5b891a6a8672 - <std[617be2ca0a6fd877]::thread::lifecycle::spawn_unchecked<test[aada8e7e76ba119b]::run_test::{closure#1}, ()>::{closure#1} as core[a373ad73a504971]::ops::function::FnOnce<()>>::call_once::{shim:vtable#0}
[INFO] [stdout]   17:     0x5b891a70fb3f - <std[617be2ca0a6fd877]::sys::thread::unix::Thread>::new::thread_start
[INFO] [stdout]   18:     0x7dd3fb0d1dfa - <unknown>
[INFO] [stdout]   19:     0x7dd3fb1653d4 - clone
[INFO] [stdout]   20:                0x0 - <unknown>
[INFO] [stdout] 
[INFO] [stdout] ---- elements::module::integration_tests::hello stdout ----
[INFO] [stdout] 
[INFO] [stdout] thread 'elements::module::integration_tests::hello' (469) panicked at src/elements/module.rs:513:72:
[INFO] [stdout] Should be deserialized: HeapOther("Can't read from the file: Os { code: 2, kind: NotFound, message: \"No such file or directory\" }")
[INFO] [stdout] stack backtrace:
[INFO] [stdout]    0:     0x5b891a7102e1 - <<std[617be2ca0a6fd877]::sys::backtrace::BacktraceLock>::print::DisplayBacktrace as core[a373ad73a504971]::fmt::Display>::fmt
[INFO] [stdout]    1:     0x5b891a72476a - core[a373ad73a504971]::fmt::write
[INFO] [stdout]    2:     0x5b891a7145ac - <alloc[2e1b2a31b91974c5]::vec::Vec<u8> as core[a373ad73a504971]::io::write::Write>::write_fmt
[INFO] [stdout]    3:     0x5b891a6ec746 - std[617be2ca0a6fd877]::panicking::default_hook::{closure#0}
[INFO] [stdout]    4:     0x5b891a708979 - std[617be2ca0a6fd877]::panicking::default_hook
[INFO] [stdout]    5:     0x5b891a6a4fc0 - test[aada8e7e76ba119b]::test_main_inner::{closure#0}
[INFO] [stdout]    6:     0x5b891a708b32 - std[617be2ca0a6fd877]::panicking::panic_with_hook
[INFO] [stdout]    7:     0x5b891a6ec7f2 - std[617be2ca0a6fd877]::panicking::panic_handler::{closure#0}
[INFO] [stdout]    8:     0x5b891a6e54d9 - std[617be2ca0a6fd877]::sys::backtrace::__rust_end_short_backtrace::<std[617be2ca0a6fd877]::panicking::panic_handler::{closure#0}, !>
[INFO] [stdout]    9:     0x5b891a6ed3fd - __rustc[ea4f61d10b84890b]::rust_begin_unwind
[INFO] [stdout]   10:     0x5b891a724e9c - core[a373ad73a504971]::panicking::panic_fmt
[INFO] [stdout]   11:     0x5b891a724c72 - core[a373ad73a504971]::result::unwrap_failed
[INFO] [stdout]   12:     0x5b891a68d134 - <susywasm[3241db2dd96dc095]::elements::module::integration_tests::hello::{closure#0} as core[a373ad73a504971]::ops::function::FnOnce<()>>::call_once
[INFO] [stdout]   13:     0x5b891a69840b - test[aada8e7e76ba119b]::__rust_begin_short_backtrace::<core[a373ad73a504971]::result::Result<(), alloc[2e1b2a31b91974c5]::string::String>, fn() -> core[a373ad73a504971]::result::Result<(), alloc[2e1b2a31b91974c5]::string::String>>
[INFO] [stdout]   14:     0x5b891a6a55e5 - test[aada8e7e76ba119b]::run_test::{closure#0}
[INFO] [stdout]   15:     0x5b891a69eed4 - std[617be2ca0a6fd877]::sys::backtrace::__rust_begin_short_backtrace::<test[aada8e7e76ba119b]::run_test::{closure#1}, ()>
[INFO] [stdout]   16:     0x5b891a6a8672 - <std[617be2ca0a6fd877]::thread::lifecycle::spawn_unchecked<test[aada8e7e76ba119b]::run_test::{closure#1}, ()>::{closure#1} as core[a373ad73a504971]::ops::function::FnOnce<()>>::call_once::{shim:vtable#0}
[INFO] [stdout]   17:     0x5b891a70fb3f - <std[617be2ca0a6fd877]::sys::thread::unix::Thread>::new::thread_start
[INFO] [stdout]   18:     0x7dd3fb0d1dfa - <unknown>
[INFO] [stdout]   19:     0x7dd3fb1653d4 - clone
[INFO] [stdout]   20:                0x0 - <unknown>
[INFO] [stdout] 
[INFO] [stdout] ---- elements::module::integration_tests::names stdout ----
[INFO] [stdout] 
[INFO] [stdout] thread 'elements::module::integration_tests::names' (472) panicked at src/elements/module.rs:673:14:
[INFO] [stdout] Should be deserialized: HeapOther("Can't read from the file: Os { code: 2, kind: NotFound, message: \"No such file or directory\" }")
[INFO] [stdout] stack backtrace:
[INFO] [stdout]    0:     0x5b891a7102e1 - <<std[617be2ca0a6fd877]::sys::backtrace::BacktraceLock>::print::DisplayBacktrace as core[a373ad73a504971]::fmt::Display>::fmt
[INFO] [stdout]    1:     0x5b891a72476a - core[a373ad73a504971]::fmt::write
[INFO] [stdout]    2:     0x5b891a7145ac - <alloc[2e1b2a31b91974c5]::vec::Vec<u8> as core[a373ad73a504971]::io::write::Write>::write_fmt
[INFO] [stdout]    3:     0x5b891a6ec746 - std[617be2ca0a6fd877]::panicking::default_hook::{closure#0}
[INFO] [stdout]    4:     0x5b891a708979 - std[617be2ca0a6fd877]::panicking::default_hook
[INFO] [stdout]    5:     0x5b891a6a4fc0 - test[aada8e7e76ba119b]::test_main_inner::{closure#0}
[INFO] [stdout]    6:     0x5b891a708b32 - std[617be2ca0a6fd877]::panicking::panic_with_hook
[INFO] [stdout]    7:     0x5b891a6ec7f2 - std[617be2ca0a6fd877]::panicking::panic_handler::{closure#0}
[INFO] [stdout]    8:     0x5b891a6e54d9 - std[617be2ca0a6fd877]::sys::backtrace::__rust_end_short_backtrace::<std[617be2ca0a6fd877]::panicking::panic_handler::{closure#0}, !>
[INFO] [stdout]    9:     0x5b891a6ed3fd - __rustc[ea4f61d10b84890b]::rust_begin_unwind
[INFO] [stdout]   10:     0x5b891a724e9c - core[a373ad73a504971]::panicking::panic_fmt
[INFO] [stdout]   11:     0x5b891a724c72 - core[a373ad73a504971]::result::unwrap_failed
[INFO] [stdout]   12:     0x5b891a68d4b9 - <susywasm[3241db2dd96dc095]::elements::module::integration_tests::names::{closure#0} as core[a373ad73a504971]::ops::function::FnOnce<()>>::call_once
[INFO] [stdout]   13:     0x5b891a69840b - test[aada8e7e76ba119b]::__rust_begin_short_backtrace::<core[a373ad73a504971]::result::Result<(), alloc[2e1b2a31b91974c5]::string::String>, fn() -> core[a373ad73a504971]::result::Result<(), alloc[2e1b2a31b91974c5]::string::String>>
[INFO] [stdout]   14:     0x5b891a6a55e5 - test[aada8e7e76ba119b]::run_test::{closure#0}
[INFO] [stdout]   15:     0x5b891a69eed4 - std[617be2ca0a6fd877]::sys::backtrace::__rust_begin_short_backtrace::<test[aada8e7e76ba119b]::run_test::{closure#1}, ()>
[INFO] [stdout]   16:     0x5b891a6a8672 - <std[617be2ca0a6fd877]::thread::lifecycle::spawn_unchecked<test[aada8e7e76ba119b]::run_test::{closure#1}, ()>::{closure#1} as core[a373ad73a504971]::ops::function::FnOnce<()>>::call_once::{shim:vtable#0}
[INFO] [stdout]   17:     0x5b891a70fb3f - <std[617be2ca0a6fd877]::sys::thread::unix::Thread>::new::thread_start
[INFO] [stdout]   18:     0x7dd3fb0d1dfa - <unknown>
[INFO] [stdout]   19:     0x7dd3fb1653d4 - clone
[INFO] [stdout]   20:                0x0 - <unknown>
[INFO] [stdout] 
[INFO] [stdout] ---- elements::module::integration_tests::peek stdout ----
[INFO] [stdout] 
[INFO] [stdout] thread 'elements::module::integration_tests::peek' (473) panicked at src/elements/module.rs:628:72:
[INFO] [stdout] Should be deserialized: HeapOther("Can't read from the file: Os { code: 2, kind: NotFound, message: \"No such file or directory\" }")
[INFO] [stdout] stack backtrace:
[INFO] [stdout]    0:     0x5b891a7102e1 - <<std[617be2ca0a6fd877]::sys::backtrace::BacktraceLock>::print::DisplayBacktrace as core[a373ad73a504971]::fmt::Display>::fmt
[INFO] [stdout]    1:     0x5b891a72476a - core[a373ad73a504971]::fmt::write
[INFO] [stdout]    2:     0x5b891a7145ac - <alloc[2e1b2a31b91974c5]::vec::Vec<u8> as core[a373ad73a504971]::io::write::Write>::write_fmt
[INFO] [stdout]    3:     0x5b891a6ec746 - std[617be2ca0a6fd877]::panicking::default_hook::{closure#0}
[INFO] [stdout]    4:     0x5b891a708979 - std[617be2ca0a6fd877]::panicking::default_hook
[INFO] [stdout]    5:     0x5b891a6a4fc0 - test[aada8e7e76ba119b]::test_main_inner::{closure#0}
[INFO] [stdout]    6:     0x5b891a708b32 - std[617be2ca0a6fd877]::panicking::panic_with_hook
[INFO] [stdout]    7:     0x5b891a6ec7f2 - std[617be2ca0a6fd877]::panicking::panic_handler::{closure#0}
[INFO] [stdout]    8:     0x5b891a6e54d9 - std[617be2ca0a6fd877]::sys::backtrace::__rust_end_short_backtrace::<std[617be2ca0a6fd877]::panicking::panic_handler::{closure#0}, !>
[INFO] [stdout]    9:     0x5b891a6ed3fd - __rustc[ea4f61d10b84890b]::rust_begin_unwind
[INFO] [stdout]   10:     0x5b891a724e9c - core[a373ad73a504971]::panicking::panic_fmt
[INFO] [stdout]   11:     0x5b891a724c72 - core[a373ad73a504971]::result::unwrap_failed
[INFO] [stdout]   12:     0x5b891a68ceb0 - <susywasm[3241db2dd96dc095]::elements::module::integration_tests::peek::{closure#0} as core[a373ad73a504971]::ops::function::FnOnce<()>>::call_once
[INFO] [stdout]   13:     0x5b891a69840b - test[aada8e7e76ba119b]::__rust_begin_short_backtrace::<core[a373ad73a504971]::result::Result<(), alloc[2e1b2a31b91974c5]::string::String>, fn() -> core[a373ad73a504971]::result::Result<(), alloc[2e1b2a31b91974c5]::string::String>>
[INFO] [stdout]   14:     0x5b891a6a55e5 - test[aada8e7e76ba119b]::run_test::{closure#0}
[INFO] [stdout]   15:     0x5b891a69eed4 - std[617be2ca0a6fd877]::sys::backtrace::__rust_begin_short_backtrace::<test[aada8e7e76ba119b]::run_test::{closure#1}, ()>
[INFO] [stdout]   16:     0x5b891a6a8672 - <std[617be2ca0a6fd877]::thread::lifecycle::spawn_unchecked<test[aada8e7e76ba119b]::run_test::{closure#1}, ()>::{closure#1} as core[a373ad73a504971]::ops::function::FnOnce<()>>::call_once::{shim:vtable#0}
[INFO] [stdout]   17:     0x5b891a70fb3f - <std[617be2ca0a6fd877]::sys::thread::unix::Thread>::new::thread_start
[INFO] [stdout]   18:     0x7dd3fb0d1dfa - <unknown>
[INFO] [stdout]   19:     0x7dd3fb1653d4 - clone
[INFO] [stdout]   20:                0x0 - <unknown>
[INFO] [stdout] 
[INFO] [stdout] ---- elements::module::integration_tests::peek_3 stdout ----
[INFO] [stdout] 
[INFO] [stdout] thread 'elements::module::integration_tests::peek_3' (475) panicked at src/elements/module.rs:653:78:
[INFO] [stdout] Should be deserialized: HeapOther("Can't read from the file: Os { code: 2, kind: NotFound, message: \"No such file or directory\" }")
[INFO] [stdout] stack backtrace:
[INFO] [stdout]    0:     0x5b891a7102e1 - <<std[617be2ca0a6fd877]::sys::backtrace::BacktraceLock>::print::DisplayBacktrace as core[a373ad73a504971]::fmt::Display>::fmt
[INFO] [stdout]    1:     0x5b891a72476a - core[a373ad73a504971]::fmt::write
[INFO] [stdout]    2:     0x5b891a7145ac - <alloc[2e1b2a31b91974c5]::vec::Vec<u8> as core[a373ad73a504971]::io::write::Write>::write_fmt
[INFO] [stdout]    3:     0x5b891a6ec746 - std[617be2ca0a6fd877]::panicking::default_hook::{closure#0}
[INFO] [stdout]    4:     0x5b891a708979 - std[617be2ca0a6fd877]::panicking::default_hook
[INFO] [stdout]    5:     0x5b891a6a4fc0 - test[aada8e7e76ba119b]::test_main_inner::{closure#0}
[INFO] [stdout]    6:     0x5b891a708b32 - std[617be2ca0a6fd877]::panicking::panic_with_hook
[INFO] [stdout]    7:     0x5b891a6ec7f2 - std[617be2ca0a6fd877]::panicking::panic_handler::{closure#0}
[INFO] [stdout]    8:     0x5b891a6e54d9 - std[617be2ca0a6fd877]::sys::backtrace::__rust_end_short_backtrace::<std[617be2ca0a6fd877]::panicking::panic_handler::{closure#0}, !>
[INFO] [stdout]    9:     0x5b891a6ed3fd - __rustc[ea4f61d10b84890b]::rust_begin_unwind
[INFO] [stdout]   10:     0x5b891a724e9c - core[a373ad73a504971]::panicking::panic_fmt
[INFO] [stdout]   11:     0x5b891a724c72 - core[a373ad73a504971]::result::unwrap_failed
[INFO] [stdout]   12:     0x5b891a68e5d0 - <susywasm[3241db2dd96dc095]::elements::module::integration_tests::peek_3::{closure#0} as core[a373ad73a504971]::ops::function::FnOnce<()>>::call_once
[INFO] [stdout]   13:     0x5b891a69840b - test[aada8e7e76ba119b]::__rust_begin_short_backtrace::<core[a373ad73a504971]::result::Result<(), alloc[2e1b2a31b91974c5]::string::String>, fn() -> core[a373ad73a504971]::result::Result<(), alloc[2e1b2a31b91974c5]::string::String>>
[INFO] [stdout]   14:     0x5b891a6a55e5 - test[aada8e7e76ba119b]::run_test::{closure#0}
[INFO] [stdout]   15:     0x5b891a69eed4 - std[617be2ca0a6fd877]::sys::backtrace::__rust_begin_short_backtrace::<test[aada8e7e76ba119b]::run_test::{closure#1}, ()>
[INFO] [stdout]   16:     0x5b891a6a8672 - <std[617be2ca0a6fd877]::thread::lifecycle::spawn_unchecked<test[aada8e7e76ba119b]::run_test::{closure#1}, ()>::{closure#1} as core[a373ad73a504971]::ops::function::FnOnce<()>>::call_once::{shim:vtable#0}
[INFO] [stdout]   17:     0x5b891a70fb3f - <std[617be2ca0a6fd877]::sys::thread::unix::Thread>::new::thread_start
[INFO] [stdout]   18:     0x7dd3fb0d1dfa - <unknown>
[INFO] [stdout]   19:     0x7dd3fb1653d4 - clone
[INFO] [stdout]   20:                0x0 - <unknown>
[INFO] [stdout] 
[INFO] [stdout] ---- elements::module::integration_tests::peek_2 stdout ----
[INFO] [stdout] 
[INFO] [stdout] thread 'elements::module::integration_tests::peek_2' (474) panicked at src/elements/module.rs:641:73:
[INFO] [stdout] Should be deserialized: HeapOther("Can't read from the file: Os { code: 2, kind: NotFound, message: \"No such file or directory\" }")
[INFO] [stdout] stack backtrace:
[INFO] [stdout]    0:     0x5b891a7102e1 - <<std[617be2ca0a6fd877]::sys::backtrace::BacktraceLock>::print::DisplayBacktrace as core[a373ad73a504971]::fmt::Display>::fmt
[INFO] [stdout]    1:     0x5b891a72476a - core[a373ad73a504971]::fmt::write
[INFO] [stdout]    2:     0x5b891a7145ac - <alloc[2e1b2a31b91974c5]::vec::Vec<u8> as core[a373ad73a504971]::io::write::Write>::write_fmt
[INFO] [stdout]    3:     0x5b891a6ec746 - std[617be2ca0a6fd877]::panicking::default_hook::{closure#0}
[INFO] [stdout]    4:     0x5b891a708979 - std[617be2ca0a6fd877]::panicking::default_hook
[INFO] [stdout]    5:     0x5b891a6a4fc0 - test[aada8e7e76ba119b]::test_main_inner::{closure#0}
[INFO] [stdout]    6:     0x5b891a708b32 - std[617be2ca0a6fd877]::panicking::panic_with_hook
[INFO] [stdout]    7:     0x5b891a6ec7f2 - std[617be2ca0a6fd877]::panicking::panic_handler::{closure#0}
[INFO] [stdout]    8:     0x5b891a6e54d9 - std[617be2ca0a6fd877]::sys::backtrace::__rust_end_short_backtrace::<std[617be2ca0a6fd877]::panicking::panic_handler::{closure#0}, !>
[INFO] [stdout]    9:     0x5b891a6ed3fd - __rustc[ea4f61d10b84890b]::rust_begin_unwind
[INFO] [stdout]   10:     0x5b891a724e9c - core[a373ad73a504971]::panicking::panic_fmt
[INFO] [stdout]   11:     0x5b891a724c72 - core[a373ad73a504971]::result::unwrap_failed
[INFO] [stdout]   12:     0x5b891a68e3ac - <susywasm[3241db2dd96dc095]::elements::module::integration_tests::peek_2::{closure#0} as core[a373ad73a504971]::ops::function::FnOnce<()>>::call_once
[INFO] [stdout]   13:     0x5b891a69840b - test[aada8e7e76ba119b]::__rust_begin_short_backtrace::<core[a373ad73a504971]::result::Result<(), alloc[2e1b2a31b91974c5]::string::String>, fn() -> core[a373ad73a504971]::result::Result<(), alloc[2e1b2a31b91974c5]::string::String>>
[INFO] [stdout]   14:     0x5b891a6a55e5 - test[aada8e7e76ba119b]::run_test::{closure#0}
[INFO] [stdout]   15:     0x5b891a69eed4 - std[617be2ca0a6fd877]::sys::backtrace::__rust_begin_short_backtrace::<test[aada8e7e76ba119b]::run_test::{closure#1}, ()>
[INFO] [stdout]   16:     0x5b891a6a8672 - <std[617be2ca0a6fd877]::thread::lifecycle::spawn_unchecked<test[aada8e7e76ba119b]::run_test::{closure#1}, ()>::{closure#1} as core[a373ad73a504971]::ops::function::FnOnce<()>>::call_once::{shim:vtable#0}
[INFO] [stdout]   17:     0x5b891a70fb3f - <std[617be2ca0a6fd877]::sys::thread::unix::Thread>::new::thread_start
[INFO] [stdout]   18:     0x7dd3fb0d1dfa - <unknown>
[INFO] [stdout]   19:     0x7dd3fb1653d4 - clone
[INFO] [stdout]   20:                0x0 - <unknown>
[INFO] [stdout] 
[INFO] [stdout] ---- elements::module::integration_tests::memory_space stdout ----
[INFO] [stdout] 
[INFO] [stdout] thread 'elements::module::integration_tests::memory_space' (470) panicked at src/elements/module.rs:714:75:
[INFO] [stdout] failed to deserialize: HeapOther("Can't read from the file: Os { code: 2, kind: NotFound, message: \"No such file or directory\" }")
[INFO] [stdout] stack backtrace:
[INFO] [stdout]    0:     0x5b891a7102e1 - <<std[617be2ca0a6fd877]::sys::backtrace::BacktraceLock>::print::DisplayBacktrace as core[a373ad73a504971]::fmt::Display>::fmt
[INFO] [stdout]    1:     0x5b891a72476a - core[a373ad73a504971]::fmt::write
[INFO] [stdout]    2:     0x5b891a7145ac - <alloc[2e1b2a31b91974c5]::vec::Vec<u8> as core[a373ad73a504971]::io::write::Write>::write_fmt
[INFO] [stdout]    3:     0x5b891a6ec746 - std[617be2ca0a6fd877]::panicking::default_hook::{closure#0}
[INFO] [stdout]    4:     0x5b891a708979 - std[617be2ca0a6fd877]::panicking::default_hook
[INFO] [stdout]    5:     0x5b891a6a4fc0 - test[aada8e7e76ba119b]::test_main_inner::{closure#0}
[INFO] [stdout]    6:     0x5b891a708b32 - std[617be2ca0a6fd877]::panicking::panic_with_hook
[INFO] [stdout]    7:     0x5b891a6ec7f2 - std[617be2ca0a6fd877]::panicking::panic_handler::{closure#0}
[INFO] [stdout]    8:     0x5b891a6e54d9 - std[617be2ca0a6fd877]::sys::backtrace::__rust_end_short_backtrace::<std[617be2ca0a6fd877]::panicking::panic_handler::{closure#0}, !>
[INFO] [stdout]    9:     0x5b891a6ed3fd - __rustc[ea4f61d10b84890b]::rust_begin_unwind
[INFO] [stdout]   10:     0x5b891a724e9c - core[a373ad73a504971]::panicking::panic_fmt
[INFO] [stdout]   11:     0x5b891a724c72 - core[a373ad73a504971]::result::unwrap_failed
[INFO] [stdout]   12:     0x5b891a68c083 - <susywasm[3241db2dd96dc095]::elements::module::integration_tests::memory_space::{closure#0} as core[a373ad73a504971]::ops::function::FnOnce<()>>::call_once
[INFO] [stdout]   13:     0x5b891a69840b - test[aada8e7e76ba119b]::__rust_begin_short_backtrace::<core[a373ad73a504971]::result::Result<(), alloc[2e1b2a31b91974c5]::string::String>, fn() -> core[a373ad73a504971]::result::Result<(), alloc[2e1b2a31b91974c5]::string::String>>
[INFO] [stdout]   14:     0x5b891a6a55e5 - test[aada8e7e76ba119b]::run_test::{closure#0}
[INFO] [stdout]   15:     0x5b891a69eed4 - std[617be2ca0a6fd877]::sys::backtrace::__rust_begin_short_backtrace::<test[aada8e7e76ba119b]::run_test::{closure#1}, ()>
[INFO] [stdout]   16:     0x5b891a6a8672 - <std[617be2ca0a6fd877]::thread::lifecycle::spawn_unchecked<test[aada8e7e76ba119b]::run_test::{closure#1}, ()>::{closure#1} as core[a373ad73a504971]::ops::function::FnOnce<()>>::call_once::{shim:vtable#0}
[INFO] [stdout]   17:     0x5b891a70fb3f - <std[617be2ca0a6fd877]::sys::thread::unix::Thread>::new::thread_start
[INFO] [stdout]   18:     0x7dd3fb0d1dfa - <unknown>
[INFO] [stdout]   19:     0x7dd3fb1653d4 - clone
[INFO] [stdout]   20:                0x0 - <unknown>
[INFO] [stdout] 
[INFO] [stdout] ---- elements::module::integration_tests::serde stdout ----
[INFO] [stdout] 
[INFO] [stdout] thread 'elements::module::integration_tests::serde' (476) panicked at src/elements/module.rs:521:72:
[INFO] [stdout] Should be deserialized: HeapOther("Can't read from the file: Os { code: 2, kind: NotFound, message: \"No such file or directory\" }")
[INFO] [stdout] stack backtrace:
[INFO] [stdout]    0:     0x5b891a7102e1 - <<std[617be2ca0a6fd877]::sys::backtrace::BacktraceLock>::print::DisplayBacktrace as core[a373ad73a504971]::fmt::Display>::fmt
[INFO] [stdout]    1:     0x5b891a72476a - core[a373ad73a504971]::fmt::write
[INFO] [stdout]    2:     0x5b891a7145ac - <alloc[2e1b2a31b91974c5]::vec::Vec<u8> as core[a373ad73a504971]::io::write::Write>::write_fmt
[INFO] [stdout]    3:     0x5b891a6ec746 - std[617be2ca0a6fd877]::panicking::default_hook::{closure#0}
[INFO] [stdout]    4:     0x5b891a708979 - std[617be2ca0a6fd877]::panicking::default_hook
[INFO] [stdout]    5:     0x5b891a6a4fc0 - test[aada8e7e76ba119b]::test_main_inner::{closure#0}
[INFO] [stdout]    6:     0x5b891a708b32 - std[617be2ca0a6fd877]::panicking::panic_with_hook
[INFO] [stdout]    7:     0x5b891a6ec7f2 - std[617be2ca0a6fd877]::panicking::panic_handler::{closure#0}
[INFO] [stdout]    8:     0x5b891a6e54d9 - std[617be2ca0a6fd877]::sys::backtrace::__rust_end_short_backtrace::<std[617be2ca0a6fd877]::panicking::panic_handler::{closure#0}, !>
[INFO] [stdout]    9:     0x5b891a6ed3fd - __rustc[ea4f61d10b84890b]::rust_begin_unwind
[INFO] [stdout]   10:     0x5b891a724e9c - core[a373ad73a504971]::panicking::panic_fmt
[INFO] [stdout]   11:     0x5b891a724c72 - core[a373ad73a504971]::result::unwrap_failed
[INFO] [stdout]   12:     0x5b891a68d82f - <susywasm[3241db2dd96dc095]::elements::module::integration_tests::serde::{closure#0} as core[a373ad73a504971]::ops::function::FnOnce<()>>::call_once
[INFO] [stdout]   13:     0x5b891a69840b - test[aada8e7e76ba119b]::__rust_begin_short_backtrace::<core[a373ad73a504971]::result::Result<(), alloc[2e1b2a31b91974c5]::string::String>, fn() -> core[a373ad73a504971]::result::Result<(), alloc[2e1b2a31b91974c5]::string::String>>
[INFO] [stdout]   14:     0x5b891a6a55e5 - test[aada8e7e76ba119b]::run_test::{closure#0}
[INFO] [stdout]   15:     0x5b891a69eed4 - std[617be2ca0a6fd877]::sys::backtrace::__rust_begin_short_backtrace::<test[aada8e7e76ba119b]::run_test::{closure#1}, ()>
[INFO] [stdout]   16:     0x5b891a6a8672 - <std[617be2ca0a6fd877]::thread::lifecycle::spawn_unchecked<test[aada8e7e76ba119b]::run_test::{closure#1}, ()>::{closure#1} as core[a373ad73a504971]::ops::function::FnOnce<()>>::call_once::{shim:vtable#0}
[INFO] [stdout]   17:     0x5b891a70fb3f - <std[617be2ca0a6fd877]::sys::thread::unix::Thread>::new::thread_start
[INFO] [stdout]   18:     0x7dd3fb0d1dfa - <unknown>
[INFO] [stdout]   19:     0x7dd3fb1653d4 - clone
[INFO] [stdout]   20:                0x0 - <unknown>
[INFO] [stdout] 
[INFO] [stdout] ---- elements::module::integration_tests::serde_type stdout ----
[INFO] [stdout] 
[INFO] [stdout] thread 'elements::module::integration_tests::serde_type' (479) panicked at src/elements/module.rs:532:76:
[INFO] [stdout] Should be deserialized: HeapOther("Can't read from the file: Os { code: 2, kind: NotFound, message: \"No such file or directory\" }")
[INFO] [stdout] stack backtrace:
[INFO] [stdout]    0:     0x5b891a7102e1 - <<std[617be2ca0a6fd877]::sys::backtrace::BacktraceLock>::print::DisplayBacktrace as core[a373ad73a504971]::fmt::Display>::fmt
[INFO] [stdout]    1:     0x5b891a72476a - core[a373ad73a504971]::fmt::write
[INFO] [stdout]    2:     0x5b891a7145ac - <alloc[2e1b2a31b91974c5]::vec::Vec<u8> as core[a373ad73a504971]::io::write::Write>::write_fmt
[INFO] [stdout]    3:     0x5b891a6ec746 - std[617be2ca0a6fd877]::panicking::default_hook::{closure#0}
[INFO] [stdout]    4:     0x5b891a708979 - std[617be2ca0a6fd877]::panicking::default_hook
[INFO] [stdout]    5:     0x5b891a6a4fc0 - test[aada8e7e76ba119b]::test_main_inner::{closure#0}
[INFO] [stdout]    6:     0x5b891a708b32 - std[617be2ca0a6fd877]::panicking::panic_with_hook
[INFO] [stdout]    7:     0x5b891a6ec7f2 - std[617be2ca0a6fd877]::panicking::panic_handler::{closure#0}
[INFO] [stdout]    8:     0x5b891a6e54d9 - std[617be2ca0a6fd877]::sys::backtrace::__rust_end_short_backtrace::<std[617be2ca0a6fd877]::panicking::panic_handler::{closure#0}, !>
[INFO] [stdout]    9:     0x5b891a6ed3fd - __rustc[ea4f61d10b84890b]::rust_begin_unwind
[INFO] [stdout]   10:     0x5b891a724e9c - core[a373ad73a504971]::panicking::panic_fmt
[INFO] [stdout]   11:     0x5b891a724c72 - core[a373ad73a504971]::result::unwrap_failed
[INFO] [stdout]   12:     0x5b891a68bb1c - <susywasm[3241db2dd96dc095]::elements::module::integration_tests::serde_type::{closure#0} as core[a373ad73a504971]::ops::function::FnOnce<()>>::call_once
[INFO] [stdout]   13:     0x5b891a69840b - test[aada8e7e76ba119b]::__rust_begin_short_backtrace::<core[a373ad73a504971]::result::Result<(), alloc[2e1b2a31b91974c5]::string::String>, fn() -> core[a373ad73a504971]::result::Result<(), alloc[2e1b2a31b91974c5]::string::String>>
[INFO] [stdout]   14:     0x5b891a6a55e5 - test[aada8e7e76ba119b]::run_test::{closure#0}
[INFO] [stdout]   15:     0x5b891a69eed4 - std[617be2ca0a6fd877]::sys::backtrace::__rust_begin_short_backtrace::<test[aada8e7e76ba119b]::run_test::{closure#1}, ()>
[INFO] [stdout]   16:     0x5b891a6a8672 - <std[617be2ca0a6fd877]::thread::lifecycle::spawn_unchecked<test[aada8e7e76ba119b]::run_test::{closure#1}, ()>::{closure#1} as core[a373ad73a504971]::ops::function::FnOnce<()>>::call_once::{shim:vtable#0}
[INFO] [stdout]   17:     0x5b891a70fb3f - <std[617be2ca0a6fd877]::sys::thread::unix::Thread>::new::thread_start
[INFO] [stdout]   18:     0x7dd3fb0d1dfa - <unknown>
[INFO] [stdout]   19:     0x7dd3fb1653d4 - clone
[INFO] [stdout]   20:                0x0 - <unknown>
[INFO] [stdout] 
[INFO] [stdout] ---- elements::module::integration_tests::serde_code stdout ----
[INFO] [stdout] 
[INFO] [stdout] thread 'elements::module::integration_tests::serde_code' (477) panicked at src/elements/module.rs:568:76:
[INFO] [stdout] Should be deserialized: HeapOther("Can't read from the file: Os { code: 2, kind: NotFound, message: \"No such file or directory\" }")
[INFO] [stdout] stack backtrace:
[INFO] [stdout]    0:     0x5b891a7102e1 - <<std[617be2ca0a6fd877]::sys::backtrace::BacktraceLock>::print::DisplayBacktrace as core[a373ad73a504971]::fmt::Display>::fmt
[INFO] [stdout]    1:     0x5b891a72476a - core[a373ad73a504971]::fmt::write
[INFO] [stdout]    2:     0x5b891a7145ac - <alloc[2e1b2a31b91974c5]::vec::Vec<u8> as core[a373ad73a504971]::io::write::Write>::write_fmt
[INFO] [stdout]    3:     0x5b891a6ec746 - std[617be2ca0a6fd877]::panicking::default_hook::{closure#0}
[INFO] [stdout]    4:     0x5b891a708979 - std[617be2ca0a6fd877]::panicking::default_hook
[INFO] [stdout]    5:     0x5b891a6a4fc0 - test[aada8e7e76ba119b]::test_main_inner::{closure#0}
[INFO] [stdout]    6:     0x5b891a708b32 - std[617be2ca0a6fd877]::panicking::panic_with_hook
[INFO] [stdout]    7:     0x5b891a6ec7f2 - std[617be2ca0a6fd877]::panicking::panic_handler::{closure#0}
[INFO] [stdout]    8:     0x5b891a6e54d9 - std[617be2ca0a6fd877]::sys::backtrace::__rust_end_short_backtrace::<std[617be2ca0a6fd877]::panicking::panic_handler::{closure#0}, !>
[INFO] [stdout]    9:     0x5b891a6ed3fd - __rustc[ea4f61d10b84890b]::rust_begin_unwind
[INFO] [stdout]   10:     0x5b891a724e9c - core[a373ad73a504971]::panicking::panic_fmt
[INFO] [stdout]   11:     0x5b891a724c72 - core[a373ad73a504971]::result::unwrap_failed
[INFO] [stdout]   12:     0x5b891a68b3f2 - <susywasm[3241db2dd96dc095]::elements::module::integration_tests::serde_code::{closure#0} as core[a373ad73a504971]::ops::function::FnOnce<()>>::call_once
[INFO] [stdout]   13:     0x5b891a69840b - test[aada8e7e76ba119b]::__rust_begin_short_backtrace::<core[a373ad73a504971]::result::Result<(), alloc[2e1b2a31b91974c5]::string::String>, fn() -> core[a373ad73a504971]::result::Result<(), alloc[2e1b2a31b91974c5]::string::String>>
[INFO] [stdout]   14:     0x5b891a6a55e5 - test[aada8e7e76ba119b]::run_test::{closure#0}
[INFO] [stdout]   15:     0x5b891a69eed4 - std[617be2ca0a6fd877]::sys::backtrace::__rust_begin_short_backtrace::<test[aada8e7e76ba119b]::run_test::{closure#1}, ()>
[INFO] [stdout]   16:     0x5b891a6a8672 - <std[617be2ca0a6fd877]::thread::lifecycle::spawn_unchecked<test[aada8e7e76ba119b]::run_test::{closure#1}, ()>::{closure#1} as core[a373ad73a504971]::ops::function::FnOnce<()>>::call_once::{shim:vtable#0}
[INFO] [stdout]   17:     0x5b891a70fb3f - <std[617be2ca0a6fd877]::sys::thread::unix::Thread>::new::thread_start
[INFO] [stdout]   18:     0x7dd3fb0d1dfa - <unknown>
[INFO] [stdout]   19:     0x7dd3fb1653d4 - clone
[INFO] [stdout]   20:                0x0 - <unknown>
[INFO] [stdout] 
[INFO] [stdout] ---- elements::reloc_section::tests::reloc_section stdout ----
[INFO] [stdout] 
[INFO] [stdout] thread 'elements::reloc_section::tests::reloc_section' (518) panicked at src/elements/reloc_section.rs:331:69:
[INFO] [stdout] Module should be deserialized: HeapOther("Can't read from the file: Os { code: 2, kind: NotFound, message: \"No such file or directory\" }")
[INFO] [stdout] stack backtrace:
[INFO] [stdout]    0:     0x5b891a7102e1 - <<std[617be2ca0a6fd877]::sys::backtrace::BacktraceLock>::print::DisplayBacktrace as core[a373ad73a504971]::fmt::Display>::fmt
[INFO] [stdout]    1:     0x5b891a72476a - core[a373ad73a504971]::fmt::write
[INFO] [stdout]    2:     0x5b891a7145ac - <alloc[2e1b2a31b91974c5]::vec::Vec<u8> as core[a373ad73a504971]::io::write::Write>::write_fmt
[INFO] [stdout]    3:     0x5b891a6ec746 - std[617be2ca0a6fd877]::panicking::default_hook::{closure#0}
[INFO] [stdout]    4:     0x5b891a708979 - std[617be2ca0a6fd877]::panicking::default_hook
[INFO] [stdout]    5:     0x5b891a6a4fc0 - test[aada8e7e76ba119b]::test_main_inner::{closure#0}
[INFO] [stdout]    6:     0x5b891a708b32 - std[617be2ca0a6fd877]::panicking::panic_with_hook
[INFO] [stdout]    7:     0x5b891a6ec7f2 - std[617be2ca0a6fd877]::panicking::panic_handler::{closure#0}
[INFO] [stdout]    8:     0x5b891a6e54d9 - std[617be2ca0a6fd877]::sys::backtrace::__rust_end_short_backtrace::<std[617be2ca0a6fd877]::panicking::panic_handler::{closure#0}, !>
[INFO] [stdout]    9:     0x5b891a6ed3fd - __rustc[ea4f61d10b84890b]::rust_begin_unwind
[INFO] [stdout]   10:     0x5b891a724e9c - core[a373ad73a504971]::panicking::panic_fmt
[INFO] [stdout]   11:     0x5b891a724c72 - core[a373ad73a504971]::result::unwrap_failed
[INFO] [stdout]   12:     0x5b891a692239 - <susywasm[3241db2dd96dc095]::elements::reloc_section::tests::reloc_section::{closure#0} as core[a373ad73a504971]::ops::function::FnOnce<()>>::call_once
[INFO] [stdout]   13:     0x5b891a69840b - test[aada8e7e76ba119b]::__rust_begin_short_backtrace::<core[a373ad73a504971]::result::Result<(), alloc[2e1b2a31b91974c5]::string::String>, fn() -> core[a373ad73a504971]::result::Result<(), alloc[2e1b2a31b91974c5]::string::String>>
[INFO] [stdout]   14:     0x5b891a6a55e5 - test[aada8e7e76ba119b]::run_test::{closure#0}
[INFO] [stdout]   15:     0x5b891a69eed4 - std[617be2ca0a6fd877]::sys::backtrace::__rust_begin_short_backtrace::<test[aada8e7e76ba119b]::run_test::{closure#1}, ()>
[INFO] [stdout]   16:     0x5b891a6a8672 - <std[617be2ca0a6fd877]::thread::lifecycle::spawn_unchecked<test[aada8e7e76ba119b]::run_test::{closure#1}, ()>::{closure#1} as core[a373ad73a504971]::ops::function::FnOnce<()>>::call_once::{shim:vtable#0}
[INFO] [stdout]   17:     0x5b891a70fb3f - <std[617be2ca0a6fd877]::sys::thread::unix::Thread>::new::thread_start
[INFO] [stdout]   18:     0x7dd3fb0d1dfa - <unknown>
[INFO] [stdout]   19:     0x7dd3fb1653d4 - clone
[INFO] [stdout]   20:                0x0 - <unknown>
[INFO] [stdout] 
[INFO] [stdout] ---- elements::section::tests::import_section stdout ----
[INFO] [stdout] 
[INFO] [stdout] thread 'elements::section::tests::import_section' (528) panicked at src/elements/section.rs:814:72:
[INFO] [stdout] Should be deserialized: HeapOther("Can't read from the file: Os { code: 2, kind: NotFound, message: \"No such file or directory\" }")
[INFO] [stdout] stack backtrace:
[INFO] [stdout]    0:     0x5b891a7102e1 - <<std[617be2ca0a6fd877]::sys::backtrace::BacktraceLock>::print::DisplayBacktrace as core[a373ad73a504971]::fmt::Display>::fmt
[INFO] [stdout]    1:     0x5b891a72476a - core[a373ad73a504971]::fmt::write
[INFO] [stdout]    2:     0x5b891a7145ac - <alloc[2e1b2a31b91974c5]::vec::Vec<u8> as core[a373ad73a504971]::io::write::Write>::write_fmt
[INFO] [stdout]    3:     0x5b891a6ec746 - std[617be2ca0a6fd877]::panicking::default_hook::{closure#0}
[INFO] [stdout]    4:     0x5b891a708979 - std[617be2ca0a6fd877]::panicking::default_hook
[INFO] [stdout]    5:     0x5b891a6a4fc0 - test[aada8e7e76ba119b]::test_main_inner::{closure#0}
[INFO] [stdout]    6:     0x5b891a708b32 - std[617be2ca0a6fd877]::panicking::panic_with_hook
[INFO] [stdout]    7:     0x5b891a6ec7f2 - std[617be2ca0a6fd877]::panicking::panic_handler::{closure#0}
[INFO] [stdout]    8:     0x5b891a6e54d9 - std[617be2ca0a6fd877]::sys::backtrace::__rust_end_short_backtrace::<std[617be2ca0a6fd877]::panicking::panic_handler::{closure#0}, !>
[INFO] [stdout]    9:     0x5b891a6ed3fd - __rustc[ea4f61d10b84890b]::rust_begin_unwind
[INFO] [stdout]   10:     0x5b891a724e9c - core[a373ad73a504971]::panicking::panic_fmt
[INFO] [stdout]   11:     0x5b891a724c72 - core[a373ad73a504971]::result::unwrap_failed
[INFO] [stdout]   12:     0x5b891a68983b - <susywasm[3241db2dd96dc095]::elements::section::tests::import_section::{closure#0} as core[a373ad73a504971]::ops::function::FnOnce<()>>::call_once
[INFO] [stdout]   13:     0x5b891a69840b - test[aada8e7e76ba119b]::__rust_begin_short_backtrace::<core[a373ad73a504971]::result::Result<(), alloc[2e1b2a31b91974c5]::string::String>, fn() -> core[a373ad73a504971]::result::Result<(), alloc[2e1b2a31b91974c5]::string::String>>
[INFO] [stdout]   14:     0x5b891a6a55e5 - test[aada8e7e76ba119b]::run_test::{closure#0}
[INFO] [stdout]   15:     0x5b891a69eed4 - std[617be2ca0a6fd877]::sys::backtrace::__rust_begin_short_backtrace::<test[aada8e7e76ba119b]::run_test::{closure#1}, ()>
[INFO] [stdout]   16:     0x5b891a6a8672 - <std[617be2ca0a6fd877]::thread::lifecycle::spawn_unchecked<test[aada8e7e76ba119b]::run_test::{closure#1}, ()>::{closure#1} as core[a373ad73a504971]::ops::function::FnOnce<()>>::call_once::{shim:vtable#0}
[INFO] [stdout]   17:     0x5b891a70fb3f - <std[617be2ca0a6fd877]::sys::thread::unix::Thread>::new::thread_start
[INFO] [stderr] error: test failed, to rerun pass `--lib`
[INFO] [stdout]   18:     0x7dd3fb0d1dfa - <unknown>
[INFO] [stdout]   19:     0x7dd3fb1653d4 - clone
[INFO] [stdout]   20:                0x0 - <unknown>
[INFO] [stdout] 
[INFO] [stdout] ---- elements::module::integration_tests::const_ stdout ----
[INFO] [stdout] 
[INFO] [stdout] thread 'elements::module::integration_tests::const_' (468) panicked at src/elements/module.rs:589:72:
[INFO] [stdout] Should be deserialized: HeapOther("Can't read from the file: Os { code: 2, kind: NotFound, message: \"No such file or directory\" }")
[INFO] [stdout] stack backtrace:
[INFO] [stdout]    0:     0x5b891a7102e1 - <<std[617be2ca0a6fd877]::sys::backtrace::BacktraceLock>::print::DisplayBacktrace as core[a373ad73a504971]::fmt::Display>::fmt
[INFO] [stdout]    1:     0x5b891a72476a - core[a373ad73a504971]::fmt::write
[INFO] [stdout]    2:     0x5b891a7145ac - <alloc[2e1b2a31b91974c5]::vec::Vec<u8> as core[a373ad73a504971]::io::write::Write>::write_fmt
[INFO] [stdout]    3:     0x5b891a6ec746 - std[617be2ca0a6fd877]::panicking::default_hook::{closure#0}
[INFO] [stdout]    4:     0x5b891a708979 - std[617be2ca0a6fd877]::panicking::default_hook
[INFO] [stdout]    5:     0x5b891a6a4fc0 - test[aada8e7e76ba119b]::test_main_inner::{closure#0}
[INFO] [stdout]    6:     0x5b891a708b32 - std[617be2ca0a6fd877]::panicking::panic_with_hook
[INFO] [stdout]    7:     0x5b891a6ec7f2 - std[617be2ca0a6fd877]::panicking::panic_handler::{closure#0}
[INFO] [stdout]    8:     0x5b891a6e54d9 - std[617be2ca0a6fd877]::sys::backtrace::__rust_end_short_backtrace::<std[617be2ca0a6fd877]::panicking::panic_handler::{closure#0}, !>
[INFO] [stdout]    9:     0x5b891a6ed3fd - __rustc[ea4f61d10b84890b]::rust_begin_unwind
[INFO] [stdout]   10:     0x5b891a724e9c - core[a373ad73a504971]::panicking::panic_fmt
[INFO] [stdout]   11:     0x5b891a724c72 - core[a373ad73a504971]::result::unwrap_failed
[INFO] [stdout]   12:     0x5b891a68e0b3 - <susywasm[3241db2dd96dc095]::elements::module::integration_tests::const_::{closure#0} as core[a373ad73a504971]::ops::function::FnOnce<()>>::call_once
[INFO] [stdout]   13:     0x5b891a69840b - test[aada8e7e76ba119b]::__rust_begin_short_backtrace::<core[a373ad73a504971]::result::Result<(), alloc[2e1b2a31b91974c5]::string::String>, fn() -> core[a373ad73a504971]::result::Result<(), alloc[2e1b2a31b91974c5]::string::String>>
[INFO] [stdout]   14:     0x5b891a6a55e5 - test[aada8e7e76ba119b]::run_test::{closure#0}
[INFO] [stdout]   15:     0x5b891a69eed4 - std[617be2ca0a6fd877]::sys::backtrace::__rust_begin_short_backtrace::<test[aada8e7e76ba119b]::run_test::{closure#1}, ()>
[INFO] [stdout]   16:     0x5b891a6a8672 - <std[617be2ca0a6fd877]::thread::lifecycle::spawn_unchecked<test[aada8e7e76ba119b]::run_test::{closure#1}, ()>::{closure#1} as core[a373ad73a504971]::ops::function::FnOnce<()>>::call_once::{shim:vtable#0}
[INFO] [stdout]   17:     0x5b891a70fb3f - <std[617be2ca0a6fd877]::sys::thread::unix::Thread>::new::thread_start
[INFO] [stdout]   18:     0x7dd3fb0d1dfa - <unknown>
[INFO] [stdout]   19:     0x7dd3fb1653d4 - clone
[INFO] [stdout]   20:                0x0 - <unknown>
[INFO] [stdout] 
[INFO] [stdout] 
[INFO] [stdout] failures:
[INFO] [stdout]     elements::module::integration_tests::const_
[INFO] [stdout]     elements::module::integration_tests::hello
[INFO] [stdout]     elements::module::integration_tests::memory_space
[INFO] [stdout]     elements::module::integration_tests::names
[INFO] [stdout]     elements::module::integration_tests::peek
[INFO] [stdout]     elements::module::integration_tests::peek_2
[INFO] [stdout]     elements::module::integration_tests::peek_3
[INFO] [stdout]     elements::module::integration_tests::serde
[INFO] [stdout]     elements::module::integration_tests::serde_code
[INFO] [stdout]     elements::module::integration_tests::serde_import
[INFO] [stdout]     elements::module::integration_tests::serde_type
[INFO] [stdout]     elements::module::integration_tests::store
[INFO] [stdout]     elements::reloc_section::tests::reloc_section
[INFO] [stdout]     elements::section::tests::import_section
[INFO] [stdout] 
[INFO] [stdout] test result: FAILED. 77 passed; 14 failed; 0 ignored; 0 measured; 0 filtered out; finished in 0.03s
[INFO] [stdout] 
[INFO] running `Command { std: "docker" "inspect" "0bed8f0cee61929b7180e6c747ed43e088dc55e948b871083efa5a4a56ce16c2", kill_on_drop: false }`
[INFO] running `Command { std: "docker" "rm" "-f" "0bed8f0cee61929b7180e6c747ed43e088dc55e948b871083efa5a4a56ce16c2", kill_on_drop: false }`
[INFO] [stdout] 0bed8f0cee61929b7180e6c747ed43e088dc55e948b871083efa5a4a56ce16c2
