[INFO] fetching crate susydev-jsonrpc-server-utils 11.0.0...
[INFO] testing susydev-jsonrpc-server-utils-11.0.0 against 1.99.0-beta.8+cargoflags=--release for beta-release-1.100-2
[INFO] extracting crate susydev-jsonrpc-server-utils 11.0.0 into /workspace/builds/worker-3-tc1/source
[INFO] started tweaking crates.io crate susydev-jsonrpc-server-utils 11.0.0
[INFO] finished tweaking crates.io crate susydev-jsonrpc-server-utils 11.0.0
[INFO] tweaked toml for crates.io crate susydev-jsonrpc-server-utils 11.0.0 written to /workspace/builds/worker-3-tc1/source/Cargo.toml
[INFO] validating manifest of crates.io crate susydev-jsonrpc-server-utils 11.0.0 on toolchain 1.99.0-beta.8
[INFO] running `Command { std: CARGO_HOME="/workspace/cargo-home" RUSTUP_HOME="/workspace/rustup-home" "/workspace/cargo-home/bin/cargo" "+1.99.0-beta.8" "metadata" "--manifest-path" "Cargo.toml" "--no-deps", kill_on_drop: false }`
[INFO] running `Command { std: CARGO_HOME="/workspace/cargo-home" RUSTUP_HOME="/workspace/rustup-home" "/workspace/cargo-home/bin/cargo" "+1.99.0-beta.8" "generate-lockfile" "--manifest-path" "Cargo.toml", kill_on_drop: false }`
[INFO] [stderr]     Updating crates.io index
[INFO] [stderr]      Locking 74 packages to highest compatible versions
[INFO] [stderr]       Adding bytes v0.4.12 (available: v1.12.1)
[INFO] [stderr]       Adding tokio v0.1.22 (available: v1.53.3)
[INFO] running `Command { std: CARGO_HOME="/workspace/cargo-home" RUSTUP_HOME="/workspace/rustup-home" "/workspace/cargo-home/bin/cargo" "+1.99.0-beta.8" "fetch" "--manifest-path" "Cargo.toml", kill_on_drop: false }`
[INFO] [stderr]  Downloading crates ...
[INFO] [stderr]   Downloaded tokio-codec v0.1.2
[INFO] [stderr]   Downloaded tokio-uds v0.2.7
[INFO] [stderr]   Downloaded tokio-io v0.1.13
[INFO] [stderr]   Downloaded crossbeam-queue v0.2.3
[INFO] [stderr]   Downloaded memoffset v0.5.6
[INFO] [stderr]   Downloaded tokio-tcp v0.1.4
[INFO] [stderr]   Downloaded mio-uds v0.6.8
[INFO] [stderr]   Downloaded tokio-executor v0.1.10
[INFO] [stderr]   Downloaded tokio-udp v0.1.6
[INFO] [stderr]   Downloaded susydev-jsonrpc-core v11.0.0
[INFO] [stderr]   Downloaded net2 v0.2.39
[INFO] [stderr]   Downloaded tokio-fs v0.1.7
[INFO] [stderr]   Downloaded tokio v0.1.22
[INFO] [stderr]   Downloaded tokio-reactor v0.1.12
[INFO] [stderr]   Downloaded parking_lot_core v0.6.3
[INFO] [stderr]   Downloaded lock_api v0.3.4
[INFO] [stderr]   Downloaded crossbeam-deque v0.7.4
[INFO] [stderr]   Downloaded smallvec v0.6.14
[INFO] [stderr]   Downloaded tokio-timer v0.2.13
[INFO] [stderr]   Downloaded tokio-current-thread v0.1.7
[INFO] [stderr]   Downloaded tokio-sync v0.1.8
[INFO] [stderr]   Downloaded parking_lot v0.9.0
[INFO] [stderr]   Downloaded miow v0.2.2
[INFO] [stderr]   Downloaded tokio-threadpool v0.1.18
[INFO] [stderr]   Downloaded futures v0.1.31
[INFO] [stderr]   Downloaded mio v0.6.23
[INFO] running `Command { std: "docker" "create" "-v" "/var/lib/crater-agent-workspace/builds/worker-3-tc1/source:/opt/rustwide/workdir:ro,Z" "-v" "/var/lib/crater-agent-workspace/builds/worker-3-tc1/target:/opt/rustwide/target:rw,Z" "-v" "/var/lib/crater-agent-workspace/cargo-home:/opt/rustwide/cargo-home:ro,Z" "-v" "/var/lib/crater-agent-workspace/rustup-home:/opt/rustwide/rustup-home:ro,Z" "-m" "1610612736" "--network" "none" "ghcr.io/rust-lang/crates-build-env/linux@sha256:77db811e55d90add9212f6832c23229e3de5f1c1f9905e8cb07319ea15df73ac" "sleep" "infinity", kill_on_drop: false }`
[INFO] [stdout] 94c2874e70c5fb200edf2b9696e5b886c8fe2501a091c39caabcd4cd06e608c8
[INFO] running `Command { std: "docker" "start" "94c2874e70c5fb200edf2b9696e5b886c8fe2501a091c39caabcd4cd06e608c8", kill_on_drop: false }`
[INFO] running `Command { std: "docker" "inspect" "94c2874e70c5fb200edf2b9696e5b886c8fe2501a091c39caabcd4cd06e608c8", kill_on_drop: false }`
[INFO] running `Command { std: "docker" "exec" "-e" "SOURCE_DIR=/opt/rustwide/workdir" "-e" "CARGO_HOME=/opt/rustwide/cargo-home" "-e" "RUSTUP_HOME=/opt/rustwide/rustup-home" "-e" "CARGO_TARGET_DIR=/opt/rustwide/target" "-w" "/opt/rustwide/workdir" "--user" "0:0" "94c2874e70c5fb200edf2b9696e5b886c8fe2501a091c39caabcd4cd06e608c8" "/opt/rustwide/cargo-home/bin/cargo" "+1.99.0-beta.8" "metadata" "--no-deps" "--format-version=1", kill_on_drop: false }`
[INFO] running `Command { std: "docker" "inspect" "94c2874e70c5fb200edf2b9696e5b886c8fe2501a091c39caabcd4cd06e608c8", kill_on_drop: false }`
[INFO] running `Command { std: "docker" "exec" "-e" "SOURCE_DIR=/opt/rustwide/workdir" "-e" "CARGO_HOME=/opt/rustwide/cargo-home" "-e" "RUSTUP_HOME=/opt/rustwide/rustup-home" "-e" "CARGO_TARGET_DIR=/opt/rustwide/target" "-e" "CARGO_INCREMENTAL=0" "-e" "RUST_BACKTRACE=full" "-e" "RUSTFLAGS=--cap-lints=warn" "-e" "RUSTDOCFLAGS=--cap-lints=warn" "-w" "/opt/rustwide/workdir" "--user" "0:0" "94c2874e70c5fb200edf2b9696e5b886c8fe2501a091c39caabcd4cd06e608c8" "/opt/rustwide/cargo-home/bin/cargo" "+1.99.0-beta.8" "build" "--frozen" "--message-format=json" "--release", kill_on_drop: false }`
[INFO] [stderr]    Compiling cfg-if v0.1.10
[INFO] [stderr]    Compiling crossbeam-utils v0.7.2
[INFO] [stderr]    Compiling maybe-uninit v2.0.0
[INFO] [stderr]    Compiling futures v0.1.31
[INFO] [stderr]    Compiling lazy_static v1.5.1
[INFO] [stderr]    Compiling semver-parser v0.7.0
[INFO] [stderr]    Compiling log v0.4.34
[INFO] [stderr]    Compiling byteorder v1.5.0
[INFO] [stderr]    Compiling memoffset v0.5.6
[INFO] [stderr]    Compiling crossbeam-epoch v0.8.2
[INFO] [stderr]    Compiling proc-macro2 v1.0.107
[INFO] [stderr]    Compiling lock_api v0.3.4
[INFO] [stderr]    Compiling serde_core v1.0.229
[INFO] [stderr]    Compiling quote v1.0.47
[INFO] [stderr]    Compiling iovec v0.1.4
[INFO] [stderr]    Compiling num_cpus v1.17.0
[INFO] [stderr]    Compiling net2 v0.2.39
[INFO] [stderr]    Compiling aho-corasick v1.1.5
[INFO] [stderr]    Compiling regex-syntax v0.8.11
[INFO] [stderr]    Compiling bstr v1.13.1
[INFO] [stderr]    Compiling unicase v2.10.0
[INFO] [stderr]    Compiling smallvec v0.6.14
[INFO] [stderr]    Compiling bytes v0.4.12
[INFO] [stderr]    Compiling semver v0.9.0
[INFO] [stderr]    Compiling mio v0.6.23
[INFO] [stderr]    Compiling rustc_version v0.2.3
[INFO] [stderr]    Compiling syn v3.0.9
[INFO] [stderr]    Compiling crossbeam-queue v0.2.3
[INFO] [stderr]    Compiling crossbeam-deque v0.7.4
[INFO] [stderr]    Compiling parking_lot_core v0.6.3
[INFO] [stderr]    Compiling parking_lot v0.9.0
[INFO] [stderr]    Compiling mio-uds v0.6.8
[INFO] [stderr]    Compiling tokio-executor v0.1.10
[INFO] [stderr]    Compiling tokio-io v0.1.13
[INFO] [stderr]    Compiling tokio-sync v0.1.8
[INFO] [stderr]    Compiling tokio-threadpool v0.1.18
[INFO] [stderr]    Compiling tokio-current-thread v0.1.7
[INFO] [stderr]    Compiling tokio-timer v0.2.13
[INFO] [stderr]    Compiling tokio-reactor v0.1.12
[INFO] [stderr]    Compiling tokio-codec v0.1.2
[INFO] [stderr]    Compiling regex-automata v0.4.18
[INFO] [stderr]    Compiling tokio-fs v0.1.7
[INFO] [stderr]    Compiling tokio-udp v0.1.6
[INFO] [stderr]    Compiling tokio-tcp v0.1.4
[INFO] [stderr]    Compiling tokio-uds v0.2.7
[INFO] [stderr]    Compiling serde_derive v1.0.229
[INFO] [stderr]    Compiling tokio v0.1.22
[INFO] [stderr]    Compiling serde v1.0.229
[INFO] [stderr]    Compiling serde_json v1.0.154
[INFO] [stderr]    Compiling susydev-jsonrpc-core v11.0.0
[INFO] [stderr]    Compiling globset v0.4.20
[INFO] [stderr]    Compiling susydev-jsonrpc-server-utils v11.0.0 (/opt/rustwide/workdir)
[INFO] [stderr]     Finished `release` profile [optimized] target(s) in 36.28s
[INFO] running `Command { std: "docker" "inspect" "94c2874e70c5fb200edf2b9696e5b886c8fe2501a091c39caabcd4cd06e608c8", kill_on_drop: false }`
[INFO] running `Command { std: "docker" "exec" "-e" "SOURCE_DIR=/opt/rustwide/workdir" "-e" "CARGO_HOME=/opt/rustwide/cargo-home" "-e" "RUSTUP_HOME=/opt/rustwide/rustup-home" "-e" "CARGO_TARGET_DIR=/opt/rustwide/target" "-e" "CARGO_INCREMENTAL=0" "-e" "RUST_BACKTRACE=full" "-e" "RUSTFLAGS=--cap-lints=warn" "-e" "RUSTDOCFLAGS=--cap-lints=warn" "-w" "/opt/rustwide/workdir" "--user" "0:0" "94c2874e70c5fb200edf2b9696e5b886c8fe2501a091c39caabcd4cd06e608c8" "/opt/rustwide/cargo-home/bin/cargo" "+1.99.0-beta.8" "test" "--frozen" "--no-run" "--message-format=json" "--release", kill_on_drop: false }`
[INFO] [stderr]    Compiling susydev-jsonrpc-server-utils v11.0.0 (/opt/rustwide/workdir)
[INFO] [stderr]     Finished `release` profile [optimized] target(s) in 1.94s
[INFO] running `Command { std: "docker" "inspect" "94c2874e70c5fb200edf2b9696e5b886c8fe2501a091c39caabcd4cd06e608c8", kill_on_drop: false }`
[INFO] running `Command { std: "docker" "exec" "-e" "SOURCE_DIR=/opt/rustwide/workdir" "-e" "CARGO_HOME=/opt/rustwide/cargo-home" "-e" "RUSTUP_HOME=/opt/rustwide/rustup-home" "-e" "CARGO_TARGET_DIR=/opt/rustwide/target" "-e" "CARGO_INCREMENTAL=0" "-e" "RUST_BACKTRACE=full" "-e" "RUSTFLAGS=--cap-lints=warn" "-e" "RUSTDOCFLAGS=--cap-lints=warn" "-w" "/opt/rustwide/workdir" "--user" "0:0" "94c2874e70c5fb200edf2b9696e5b886c8fe2501a091c39caabcd4cd06e608c8" "/opt/rustwide/cargo-home/bin/cargo" "+1.99.0-beta.8" "test" "--frozen" "--release", kill_on_drop: false }`
[INFO] [stderr]     Finished `release` profile [optimized] target(s) in 0.08s
[INFO] [stderr]      Running unittests src/lib.rs (/opt/rustwide/target/release/deps/susydev_jsonrpc_server_utils-bb171941eb536394)
[INFO] [stdout] 
[INFO] [stdout] running 30 tests
[INFO] [stdout] test cors::tests::should_return_no_allowed_headers_if_none_in_request ... ok
[INFO] [stdout] test cors::tests::should_return_invalid_if_header_not_allowed ... ok
[INFO] [stdout] test cors::tests::should_not_allow_partially_matching_origin ... ok
[INFO] [stdout] test cors::tests::should_allow_origins_that_matches_hosts ... ok
[INFO] [stdout] test cors::tests::should_return_none_for_empty_list ... ok
[INFO] [stdout] test cors::tests::should_parse_origin ... FAILED
[INFO] [stdout] test cors::tests::should_return_null_if_origin_is_null ... ok
[INFO] [stdout] test cors::tests::should_return_none_for_not_matching_origin ... ok
[INFO] [stdout] test cors::tests::should_return_none_for_empty_origin ... ok
[INFO] [stdout] test hosts::tests::should_parse_host ... ok
[INFO] [stdout] test hosts::tests::should_reject_if_header_not_on_the_list ... ok
[INFO] [stdout] test hosts::tests::should_reject_when_there_is_no_header ... ok
[INFO] [stdout] test cors::tests::should_return_domain_when_all_are_allowed ... ok
[INFO] [stdout] test hosts::tests::should_accept_if_on_the_list_with_port ... ok
[INFO] [stdout] test cors::tests::should_return_none_when_there_are_no_cors_domains_and_no_origin ... ok
[INFO] [stdout] test cors::tests::should_return_not_required_if_any_header_allowed ... ok
[INFO] [stdout] test cors::tests::should_return_specific_origin_if_there_is_a_match ... ok
[INFO] [stdout] test stream_codec::tests::whitespace ... ok
[INFO] [stderr] error: test failed, to rerun pass `--lib`
[INFO] [stdout] test hosts::tests::should_reject_when_validation_is_disabled ... ok
[INFO] [stdout] test cors::tests::should_return_none_if_origin_is_not_defined ... ok
[INFO] [stdout] test stream_codec::tests::simple_line_codec ... ok
[INFO] [stdout] test cors::tests::should_return_specific_origin_if_we_allow_any ... ok
[INFO] [stdout] test stream_codec::tests::simple_encode ... ok
[INFO] [stdout] test cors::tests::should_return_valid_if_header_allowed ... ok
[INFO] [stdout] test cors::tests::should_support_wildcards ... FAILED
[INFO] [stdout] test hosts::tests::should_accept_if_on_the_list ... ok
[INFO] [stdout] test stream_codec::tests::escape ... ok
[INFO] [stdout] test hosts::tests::should_support_wildcards ... ok
[INFO] [stdout] test stream_codec::tests::fragmented_encode ... ok
[INFO] [stdout] test stream_codec::tests::huge ... ok
[INFO] [stdout] 
[INFO] [stdout] failures:
[INFO] [stdout] 
[INFO] [stdout] ---- cors::tests::should_parse_origin stdout ----
[INFO] [stdout] 
[INFO] [stdout] thread 'cors::tests::should_parse_origin' (1188) panicked at src/cors.rs:314:9:
[INFO] [stdout] assertion `left == right` failed
[INFO] [stdout]   left: Origin { protocol: Http, host: Host { hostname: "superstring.ch", port: Fixed(8443), as_string: "superstring.ch:8443", matcher: "superstring.ch:8443" (true) }, as_string: "http://superstring.ch:8443", matcher: "http://superstring.ch:8443" (true) }
[INFO] [stdout]  right: Origin { protocol: Https, host: Host { hostname: "superstring.ch", port: Fixed(8443), as_string: "superstring.ch:8443", matcher: "superstring.ch:8443" (true) }, as_string: "https://superstring.ch:8443", matcher: "https://superstring.ch:8443" (true) }
[INFO] [stdout] stack backtrace:
[INFO] [stdout]    0:     0x645e57018a01 - <<std[70759c8f55707aa4]::sys::backtrace::BacktraceLock>::print::DisplayBacktrace as core[df12db4294e9bfd3]::fmt::Display>::fmt
[INFO] [stdout]    1:     0x645e5702eeea - core[df12db4294e9bfd3]::fmt::write
[INFO] [stdout]    2:     0x645e5701cf4c - <alloc[2182bb758b4b3781]::vec::Vec<u8> as core[df12db4294e9bfd3]::io::write::Write>::write_fmt
[INFO] [stdout]    3:     0x645e56ff4ff6 - std[70759c8f55707aa4]::panicking::default_hook::{closure#0}
[INFO] [stdout]    4:     0x645e57011169 - std[70759c8f55707aa4]::panicking::default_hook
[INFO] [stdout]    5:     0x645e56eeb040 - test[9d35eded1c95d3be]::test_main_inner::<test[9d35eded1c95d3be]::test_main_static::{closure#0}>::{closure#0}
[INFO] [stdout]    6:     0x645e57011322 - std[70759c8f55707aa4]::panicking::panic_with_hook
[INFO] [stdout]    7:     0x645e56ff50a2 - std[70759c8f55707aa4]::panicking::panic_handler::{closure#0}
[INFO] [stdout]    8:     0x645e56feddf9 - std[70759c8f55707aa4]::sys::backtrace::__rust_end_short_backtrace::<std[70759c8f55707aa4]::panicking::panic_handler::{closure#0}, !>
[INFO] [stdout]    9:     0x645e56ff5c9d - __rustc[8fa7c3cbc660c2b3]::rust_begin_unwind
[INFO] [stdout]   10:     0x645e5702f6cc - core[df12db4294e9bfd3]::panicking::panic_fmt
[INFO] [stdout]   11:     0x645e5702f5e3 - core[df12db4294e9bfd3]::panicking::assert_failed_inner
[INFO] [stdout]   12:     0x645e56edc188 - core[df12db4294e9bfd3]::panicking::assert_failed::<susydev_jsonrpc_server_utils[f1d93a71de243250]::cors::Origin, susydev_jsonrpc_server_utils[f1d93a71de243250]::cors::Origin>
[INFO] [stdout]   13:     0x645e56ed2e38 - <susydev_jsonrpc_server_utils[f1d93a71de243250]::cors::tests::should_parse_origin::{closure#0} as core[df12db4294e9bfd3]::ops::function::FnOnce<()>>::call_once
[INFO] [stdout]   14:     0x645e56ede32b - test[9d35eded1c95d3be]::__rust_begin_short_backtrace::<core[df12db4294e9bfd3]::result::Result<(), alloc[2182bb758b4b3781]::string::String>, fn() -> core[df12db4294e9bfd3]::result::Result<(), alloc[2182bb758b4b3781]::string::String>>
[INFO] [stdout]   15:     0x645e56eeb995 - test[9d35eded1c95d3be]::run_test::{closure#0}
[INFO] [stdout]   16:     0x645e56ee5254 - std[70759c8f55707aa4]::sys::backtrace::__rust_begin_short_backtrace::<test[9d35eded1c95d3be]::run_test::{closure#1}, ()>
[INFO] [stdout]   17:     0x645e56eeeaf2 - <std[70759c8f55707aa4]::thread::lifecycle::spawn_unchecked<test[9d35eded1c95d3be]::run_test::{closure#1}, ()>::{closure#1} as core[df12db4294e9bfd3]::ops::function::FnOnce<()>>::call_once::{shim:vtable#0}
[INFO] [stdout]   18:     0x645e570182d9 - <std[70759c8f55707aa4]::sys::thread::unix::Thread>::new::thread_start
[INFO] [stdout]   19:     0x7309dd5cfdfa - <unknown>
[INFO] [stdout]   20:     0x7309dd6633d4 - clone
[INFO] [stdout]   21:                0x0 - <unknown>
[INFO] [stdout] 
[INFO] [stdout] ---- cors::tests::should_support_wildcards stdout ----
[INFO] [stdout] 
[INFO] [stdout] thread 'cors::tests::should_support_wildcards' (1202) panicked at src/cors.rs:524:9:
[INFO] [stdout] assertion `left == right` failed
[INFO] [stdout]   left: Invalid
[INFO] [stdout]  right: Ok(Value(Origin { protocol: Http, host: Host { hostname: "superstring.ch", port: None, as_string: "superstring.ch", matcher: "superstring.ch" (true) }, as_string: "http://superstring.ch", matcher: "http://superstring.ch" (true) }))
[INFO] [stdout] stack backtrace:
[INFO] [stdout]    0:     0x645e57018a01 - <<std[70759c8f55707aa4]::sys::backtrace::BacktraceLock>::print::DisplayBacktrace as core[df12db4294e9bfd3]::fmt::Display>::fmt
[INFO] [stdout]    1:     0x645e5702eeea - core[df12db4294e9bfd3]::fmt::write
[INFO] [stdout]    2:     0x645e5701cf4c - <alloc[2182bb758b4b3781]::vec::Vec<u8> as core[df12db4294e9bfd3]::io::write::Write>::write_fmt
[INFO] [stdout]    3:     0x645e56ff4ff6 - std[70759c8f55707aa4]::panicking::default_hook::{closure#0}
[INFO] [stdout]    4:     0x645e57011169 - std[70759c8f55707aa4]::panicking::default_hook
[INFO] [stdout]    5:     0x645e56eeb040 - test[9d35eded1c95d3be]::test_main_inner::<test[9d35eded1c95d3be]::test_main_static::{closure#0}>::{closure#0}
[INFO] [stdout]    6:     0x645e57011322 - std[70759c8f55707aa4]::panicking::panic_with_hook
[INFO] [stdout]    7:     0x645e56ff50a2 - std[70759c8f55707aa4]::panicking::panic_handler::{closure#0}
[INFO] [stdout]    8:     0x645e56feddf9 - std[70759c8f55707aa4]::sys::backtrace::__rust_end_short_backtrace::<std[70759c8f55707aa4]::panicking::panic_handler::{closure#0}, !>
[INFO] [stdout]    9:     0x645e56ff5c9d - __rustc[8fa7c3cbc660c2b3]::rust_begin_unwind
[INFO] [stdout]   10:     0x645e5702f6cc - core[df12db4294e9bfd3]::panicking::panic_fmt
[INFO] [stdout]   11:     0x645e5702f5e3 - core[df12db4294e9bfd3]::panicking::assert_failed_inner
[INFO] [stdout]   12:     0x645e56edc11e - core[df12db4294e9bfd3]::panicking::assert_failed::<susydev_jsonrpc_server_utils[f1d93a71de243250]::cors::AllowCors<susydev_jsonrpc_server_utils[f1d93a71de243250]::cors::AccessControlAllowOrigin>, susydev_jsonrpc_server_utils[f1d93a71de243250]::cors::AllowCors<susydev_jsonrpc_server_utils[f1d93a71de243250]::cors::AccessControlAllowOrigin>>
[INFO] [stdout]   13:     0x645e56ed347b - <susydev_jsonrpc_server_utils[f1d93a71de243250]::cors::tests::should_support_wildcards::{closure#0} as core[df12db4294e9bfd3]::ops::function::FnOnce<()>>::call_once
[INFO] [stdout]   14:     0x645e56ede32b - test[9d35eded1c95d3be]::__rust_begin_short_backtrace::<core[df12db4294e9bfd3]::result::Result<(), alloc[2182bb758b4b3781]::string::String>, fn() -> core[df12db4294e9bfd3]::result::Result<(), alloc[2182bb758b4b3781]::string::String>>
[INFO] [stdout]   15:     0x645e56eeb995 - test[9d35eded1c95d3be]::run_test::{closure#0}
[INFO] [stdout]   16:     0x645e56ee5254 - std[70759c8f55707aa4]::sys::backtrace::__rust_begin_short_backtrace::<test[9d35eded1c95d3be]::run_test::{closure#1}, ()>
[INFO] [stdout]   17:     0x645e56eeeaf2 - <std[70759c8f55707aa4]::thread::lifecycle::spawn_unchecked<test[9d35eded1c95d3be]::run_test::{closure#1}, ()>::{closure#1} as core[df12db4294e9bfd3]::ops::function::FnOnce<()>>::call_once::{shim:vtable#0}
[INFO] [stdout]   18:     0x645e570182d9 - <std[70759c8f55707aa4]::sys::thread::unix::Thread>::new::thread_start
[INFO] [stdout]   19:     0x7309dd5cfdfa - <unknown>
[INFO] [stdout]   20:     0x7309dd6633d4 - clone
[INFO] [stdout]   21:                0x0 - <unknown>
[INFO] [stdout] 
[INFO] [stdout] 
[INFO] [stdout] failures:
[INFO] [stdout]     cors::tests::should_parse_origin
[INFO] [stdout]     cors::tests::should_support_wildcards
[INFO] [stdout] 
[INFO] [stdout] test result: FAILED. 28 passed; 2 failed; 0 ignored; 0 measured; 0 filtered out; finished in 0.01s
[INFO] [stdout] 
[INFO] running `Command { std: "docker" "inspect" "94c2874e70c5fb200edf2b9696e5b886c8fe2501a091c39caabcd4cd06e608c8", kill_on_drop: false }`
[INFO] running `Command { std: "docker" "rm" "-f" "94c2874e70c5fb200edf2b9696e5b886c8fe2501a091c39caabcd4cd06e608c8", kill_on_drop: false }`
[INFO] [stdout] 94c2874e70c5fb200edf2b9696e5b886c8fe2501a091c39caabcd4cd06e608c8
