[INFO] fetching crate susy-jsonrpc-core 8.0.0...
[INFO] testing susy-jsonrpc-core-8.0.0 against 1.99.0-beta.8+cargoflags=--release for beta-release-1.100-2
[INFO] extracting crate susy-jsonrpc-core 8.0.0 into /workspace/builds/worker-1-tc1/source
[INFO] started tweaking crates.io crate susy-jsonrpc-core 8.0.0
[INFO] finished tweaking crates.io crate susy-jsonrpc-core 8.0.0
[INFO] tweaked toml for crates.io crate susy-jsonrpc-core 8.0.0 written to /workspace/builds/worker-1-tc1/source/Cargo.toml
[INFO] validating manifest of crates.io crate susy-jsonrpc-core 8.0.0 on toolchain 1.99.0-beta.8
[INFO] running `Command { std: CARGO_HOME="/workspace/cargo-home" RUSTUP_HOME="/workspace/rustup-home" "/workspace/cargo-home/bin/cargo" "+1.99.0-beta.8" "metadata" "--manifest-path" "Cargo.toml" "--no-deps", kill_on_drop: false }`
[INFO] running `Command { std: CARGO_HOME="/workspace/cargo-home" RUSTUP_HOME="/workspace/rustup-home" "/workspace/cargo-home/bin/cargo" "+1.99.0-beta.8" "generate-lockfile" "--manifest-path" "Cargo.toml", kill_on_drop: false }`
[INFO] [stderr]     Updating crates.io index
[INFO] [stderr]      Locking 14 packages to highest compatible versions
[INFO] [stderr]       Adding futures v0.1.31 (available: v0.3.34)
[INFO] [stderr]       Adding log v0.3.9 (available: v0.4.34)
[INFO] running `Command { std: CARGO_HOME="/workspace/cargo-home" RUSTUP_HOME="/workspace/rustup-home" "/workspace/cargo-home/bin/cargo" "+1.99.0-beta.8" "fetch" "--manifest-path" "Cargo.toml", kill_on_drop: false }`
[INFO] [stderr] warning: Cargo.toml: `package.edition` is unspecified, defaulting to `2015` while the latest is `2024`
[INFO] [stderr] warning: `susy-jsonrpc-core` (manifest) generated 1 warning
[INFO] running `Command { std: "docker" "create" "-v" "/var/lib/crater-agent-workspace/builds/worker-1-tc1/source:/opt/rustwide/workdir:ro,Z" "-v" "/var/lib/crater-agent-workspace/builds/worker-1-tc1/target:/opt/rustwide/target:rw,Z" "-v" "/var/lib/crater-agent-workspace/cargo-home:/opt/rustwide/cargo-home:ro,Z" "-v" "/var/lib/crater-agent-workspace/rustup-home:/opt/rustwide/rustup-home:ro,Z" "-m" "1610612736" "--network" "none" "ghcr.io/rust-lang/crates-build-env/linux@sha256:77db811e55d90add9212f6832c23229e3de5f1c1f9905e8cb07319ea15df73ac" "sleep" "infinity", kill_on_drop: false }`
[INFO] [stdout] 13e6c07debd636575b264b55da0dc7eedd0ec3659a9c53de75d96bc6402dbbf8
[INFO] running `Command { std: "docker" "start" "13e6c07debd636575b264b55da0dc7eedd0ec3659a9c53de75d96bc6402dbbf8", kill_on_drop: false }`
[INFO] running `Command { std: "docker" "inspect" "13e6c07debd636575b264b55da0dc7eedd0ec3659a9c53de75d96bc6402dbbf8", kill_on_drop: false }`
[INFO] running `Command { std: "docker" "exec" "-e" "SOURCE_DIR=/opt/rustwide/workdir" "-e" "CARGO_HOME=/opt/rustwide/cargo-home" "-e" "RUSTUP_HOME=/opt/rustwide/rustup-home" "-e" "CARGO_TARGET_DIR=/opt/rustwide/target" "-w" "/opt/rustwide/workdir" "--user" "0:0" "13e6c07debd636575b264b55da0dc7eedd0ec3659a9c53de75d96bc6402dbbf8" "/opt/rustwide/cargo-home/bin/cargo" "+1.99.0-beta.8" "metadata" "--no-deps" "--format-version=1", kill_on_drop: false }`
[INFO] running `Command { std: "docker" "inspect" "13e6c07debd636575b264b55da0dc7eedd0ec3659a9c53de75d96bc6402dbbf8", kill_on_drop: false }`
[INFO] running `Command { std: "docker" "exec" "-e" "SOURCE_DIR=/opt/rustwide/workdir" "-e" "CARGO_HOME=/opt/rustwide/cargo-home" "-e" "RUSTUP_HOME=/opt/rustwide/rustup-home" "-e" "CARGO_TARGET_DIR=/opt/rustwide/target" "-e" "CARGO_INCREMENTAL=0" "-e" "RUST_BACKTRACE=full" "-e" "RUSTFLAGS=--cap-lints=warn" "-e" "RUSTDOCFLAGS=--cap-lints=warn" "-w" "/opt/rustwide/workdir" "--user" "0:0" "13e6c07debd636575b264b55da0dc7eedd0ec3659a9c53de75d96bc6402dbbf8" "/opt/rustwide/cargo-home/bin/cargo" "+1.99.0-beta.8" "build" "--frozen" "--message-format=json" "--release", kill_on_drop: false }`
[INFO] [stderr] warning: Cargo.toml: `package.edition` is unspecified, defaulting to `2015` while the latest is `2024`
[INFO] [stderr] warning: `susy-jsonrpc-core` (manifest) generated 1 warning
[INFO] [stderr]    Compiling log v0.3.9
[INFO] [stderr]    Compiling susy-jsonrpc-core v8.0.0 (/opt/rustwide/workdir)
[INFO] [stdout] warning: use of deprecated macro `try`: use the `?` operator instead
[INFO] [stdout]   --> src/types/error.rs:67:19
[INFO] [stdout]    |
[INFO] [stdout] 67 |         let code: i64 = try!(Deserialize::deserialize(deserializer));
[INFO] [stdout]    |                         ^^^
[INFO] [stdout]    |
[INFO] [stdout]    = note: `#[warn(deprecated)]` on by default
[INFO] [stdout] 
[INFO] [stdout] 
[INFO] [stdout] warning: use of deprecated macro `try`: use the `?` operator instead
[INFO] [stdout]   --> src/types/request.rs:75:18
[INFO] [stdout]    |
[INFO] [stdout] 75 |         let v: Value = try!(Deserialize::deserialize(deserializer));
[INFO] [stdout]    |                        ^^^
[INFO] [stdout] 
[INFO] [stdout] 
[INFO] [stdout] warning: use of deprecated macro `try`: use the `?` operator instead
[INFO] [stdout]    --> src/types/request.rs:110:18
[INFO] [stdout]     |
[INFO] [stdout] 110 |         let v: Value = try!(Deserialize::deserialize(deserializer));
[INFO] [stdout]     |                        ^^^
[INFO] [stdout] 
[INFO] [stdout] 
[INFO] [stdout] warning: use of deprecated macro `try`: use the `?` operator instead
[INFO] [stdout]   --> src/types/response.rs:97:18
[INFO] [stdout]    |
[INFO] [stdout] 97 |         let v: Value = try!(Deserialize::deserialize(deserializer));
[INFO] [stdout]    |                        ^^^
[INFO] [stdout] 
[INFO] [stdout] 
[INFO] [stdout] warning: use of deprecated macro `try`: use the `?` operator instead
[INFO] [stdout]    --> src/types/response.rs:126:18
[INFO] [stdout]     |
[INFO] [stdout] 126 |         let v: Value = try!(Deserialize::deserialize(deserializer));
[INFO] [stdout]     |                        ^^^
[INFO] [stdout] 
[INFO] [stdout] 
[INFO] [stdout] warning: trait objects without an explicit `dyn` are deprecated
[INFO] [stdout]   --> src/calls.rs:41:13
[INFO] [stdout]    |
[INFO] [stdout] 41 |     Method(Arc<RpcMethod<T>>),
[INFO] [stdout]    |                ^^^^^^^^^^^^
[INFO] [stdout]    |
[INFO] [stdout]    = warning: this is accepted in the current edition (Rust 2015) but is a hard error in Rust 2021!
[INFO] [stdout]    = note: for more information, see <https://doc.rust-lang.org/edition-guide/rust-2021/warnings-promoted-to-error.html>
[INFO] [stdout]    = note: `#[warn(bare_trait_objects)]` (part of `#[warn(rust_2021_compatibility)]`) on by default
[INFO] [stdout] help: if this is a dyn-compatible trait, use `dyn`
[INFO] [stdout]    |
[INFO] [stdout] 41 |     Method(Arc<dyn RpcMethod<T>>),
[INFO] [stdout]    |                +++
[INFO] [stdout] 
[INFO] [stdout] 
[INFO] [stdout] warning: trait objects without an explicit `dyn` are deprecated
[INFO] [stdout]   --> src/calls.rs:43:19
[INFO] [stdout]    |
[INFO] [stdout] 43 |     Notification(Arc<RpcNotification<T>>),
[INFO] [stdout]    |                      ^^^^^^^^^^^^^^^^^^
[INFO] [stdout]    |
[INFO] [stdout]    = warning: this is accepted in the current edition (Rust 2015) but is a hard error in Rust 2021!
[INFO] [stdout]    = note: for more information, see <https://doc.rust-lang.org/edition-guide/rust-2021/warnings-promoted-to-error.html>
[INFO] [stdout] help: if this is a dyn-compatible trait, use `dyn`
[INFO] [stdout]    |
[INFO] [stdout] 43 |     Notification(Arc<dyn RpcNotification<T>>),
[INFO] [stdout]    |                      +++
[INFO] [stdout] 
[INFO] [stdout] 
[INFO] [stdout] warning: trait objects without an explicit `dyn` are deprecated
[INFO] [stdout]   --> src/lib.rs:42:29
[INFO] [stdout]    |
[INFO] [stdout] 42 | pub type BoxFuture<T> = Box<futures::Future<Item = T, Error = Error> + Send>;
[INFO] [stdout]    |                             ^^^^^^^^^^^^^^^^^^^^^^^^^^^^^^^^^^^^^^^^^^^^^^^
[INFO] [stdout]    |
[INFO] [stdout]    = warning: this is accepted in the current edition (Rust 2015) but is a hard error in Rust 2021!
[INFO] [stdout]    = note: for more information, see <https://doc.rust-lang.org/edition-guide/rust-2021/warnings-promoted-to-error.html>
[INFO] [stdout] help: if this is a dyn-compatible trait, use `dyn`
[INFO] [stdout]    |
[INFO] [stdout] 42 | pub type BoxFuture<T> = Box<dyn futures::Future<Item = T, Error = Error> + Send>;
[INFO] [stdout]    |                             +++
[INFO] [stdout] 
[INFO] [stdout] 
[INFO] [stdout] warning: trait objects without an explicit `dyn` are deprecated
[INFO] [stdout]   --> src/io.rs:24:6
[INFO] [stdout]    |
[INFO] [stdout] 24 |     Box<Future<Item=Option<Output>, Error=()> + Send>,
[INFO] [stdout]    |         ^^^^^^^^^^^^^^^^^^^^^^^^^^^^^^^^^^^^^^^^^^^^
[INFO] [stdout]    |
[INFO] [stdout]    = warning: this is accepted in the current edition (Rust 2015) but is a hard error in Rust 2021!
[INFO] [stdout]    = note: for more information, see <https://doc.rust-lang.org/edition-guide/rust-2021/warnings-promoted-to-error.html>
[INFO] [stdout] help: if this is a dyn-compatible trait, use `dyn`
[INFO] [stdout]    |
[INFO] [stdout] 24 |     Box<dyn Future<Item=Option<Output>, Error=()> + Send>,
[INFO] [stdout]    |         +++
[INFO] [stdout] 
[INFO] [stdout] 
[INFO] [stdout] warning: trait objects without an explicit `dyn` are deprecated
[INFO] [stdout]   --> src/io.rs:14:31
[INFO] [stdout]    |
[INFO] [stdout] 14 | pub type FutureResponse = Box<Future<Item=Option<Response>, Error=()> + Send>;
[INFO] [stdout]    |                               ^^^^^^^^^^^^^^^^^^^^^^^^^^^^^^^^^^^^^^^^^^^^^^
[INFO] [stdout]    |
[INFO] [stdout]    = warning: this is accepted in the current edition (Rust 2015) but is a hard error in Rust 2021!
[INFO] [stdout]    = note: for more information, see <https://doc.rust-lang.org/edition-guide/rust-2021/warnings-promoted-to-error.html>
[INFO] [stdout] help: if this is a dyn-compatible trait, use `dyn`
[INFO] [stdout]    |
[INFO] [stdout] 14 | pub type FutureResponse = Box<dyn Future<Item=Option<Response>, Error=()> + Send>;
[INFO] [stdout]    |                               +++
[INFO] [stdout] 
[INFO] [stdout] 
[INFO] [stdout] warning: trait objects without an explicit `dyn` are deprecated
[INFO] [stdout]   --> src/middleware.rs:24:20
[INFO] [stdout]    |
[INFO] [stdout] 24 |     type Future = Box<Future<Item=Option<Response>, Error=()> + Send>;
[INFO] [stdout]    |                       ^^^^^^^^^^^^^^^^^^^^^^^^^^^^^^^^^^^^^^^^^^^^^^
[INFO] [stdout]    |
[INFO] [stdout]    = warning: this is accepted in the current edition (Rust 2015) but is a hard error in Rust 2021!
[INFO] [stdout]    = note: for more information, see <https://doc.rust-lang.org/edition-guide/rust-2021/warnings-promoted-to-error.html>
[INFO] [stdout] help: if this is a dyn-compatible trait, use `dyn`
[INFO] [stdout]    |
[INFO] [stdout] 24 |     type Future = Box<dyn Future<Item=Option<Response>, Error=()> + Send>;
[INFO] [stdout]    |                       +++
[INFO] [stdout] 
[INFO] [stdout] 
[INFO] [stdout] warning: trait objects without an explicit `dyn` are deprecated
[INFO] [stdout]    --> src/io.rs:223:37
[INFO] [stdout]     |
[INFO] [stdout] 223 |                 let call_method = |method: &Arc<RpcMethod<T>>| {
[INFO] [stdout]     |                                                 ^^^^^^^^^^^^
[INFO] [stdout]     |
[INFO] [stdout]     = warning: this is accepted in the current edition (Rust 2015) but is a hard error in Rust 2021!
[INFO] [stdout]     = note: for more information, see <https://doc.rust-lang.org/edition-guide/rust-2021/warnings-promoted-to-error.html>
[INFO] [stdout] help: if this is a dyn-compatible trait, use `dyn`
[INFO] [stdout]     |
[INFO] [stdout] 223 |                 let call_method = |method: &Arc<dyn RpcMethod<T>>| {
[INFO] [stdout]     |                                                 +++
[INFO] [stdout] 
[INFO] [stdout] 
[INFO] [stderr]     Finished `release` profile [optimized] target(s) in 1.68s
[INFO] running `Command { std: "docker" "inspect" "13e6c07debd636575b264b55da0dc7eedd0ec3659a9c53de75d96bc6402dbbf8", kill_on_drop: false }`
[INFO] running `Command { std: "docker" "exec" "-e" "SOURCE_DIR=/opt/rustwide/workdir" "-e" "CARGO_HOME=/opt/rustwide/cargo-home" "-e" "RUSTUP_HOME=/opt/rustwide/rustup-home" "-e" "CARGO_TARGET_DIR=/opt/rustwide/target" "-e" "CARGO_INCREMENTAL=0" "-e" "RUST_BACKTRACE=full" "-e" "RUSTFLAGS=--cap-lints=warn" "-e" "RUSTDOCFLAGS=--cap-lints=warn" "-w" "/opt/rustwide/workdir" "--user" "0:0" "13e6c07debd636575b264b55da0dc7eedd0ec3659a9c53de75d96bc6402dbbf8" "/opt/rustwide/cargo-home/bin/cargo" "+1.99.0-beta.8" "test" "--frozen" "--no-run" "--message-format=json" "--release", kill_on_drop: false }`
[INFO] [stderr] warning: Cargo.toml: `package.edition` is unspecified, defaulting to `2015` while the latest is `2024`
[INFO] [stderr] warning: `susy-jsonrpc-core` (manifest) generated 1 warning
[INFO] [stderr]    Compiling susy-jsonrpc-core v8.0.0 (/opt/rustwide/workdir)
[INFO] [stdout] warning: use of deprecated macro `try`: use the `?` operator instead
[INFO] [stdout]   --> src/types/error.rs:67:19
[INFO] [stdout]    |
[INFO] [stdout] 67 |         let code: i64 = try!(Deserialize::deserialize(deserializer));
[INFO] [stdout]    |                         ^^^
[INFO] [stdout]    |
[INFO] [stdout]    = note: `#[warn(deprecated)]` on by default
[INFO] [stdout] 
[INFO] [stdout] 
[INFO] [stdout] warning: use of deprecated macro `try`: use the `?` operator instead
[INFO] [stdout]   --> src/types/request.rs:75:18
[INFO] [stdout]    |
[INFO] [stdout] 75 |         let v: Value = try!(Deserialize::deserialize(deserializer));
[INFO] [stdout]    |                        ^^^
[INFO] [stdout] 
[INFO] [stdout] 
[INFO] [stdout] warning: use of deprecated macro `try`: use the `?` operator instead
[INFO] [stdout]    --> src/types/request.rs:110:18
[INFO] [stdout]     |
[INFO] [stdout] 110 |         let v: Value = try!(Deserialize::deserialize(deserializer));
[INFO] [stdout]     |                        ^^^
[INFO] [stdout] 
[INFO] [stdout] 
[INFO] [stdout] warning: use of deprecated macro `try`: use the `?` operator instead
[INFO] [stdout]   --> src/types/response.rs:97:18
[INFO] [stdout]    |
[INFO] [stdout] 97 |         let v: Value = try!(Deserialize::deserialize(deserializer));
[INFO] [stdout]    |                        ^^^
[INFO] [stdout] 
[INFO] [stdout] 
[INFO] [stdout] warning: use of deprecated macro `try`: use the `?` operator instead
[INFO] [stdout]    --> src/types/response.rs:126:18
[INFO] [stdout]     |
[INFO] [stdout] 126 |         let v: Value = try!(Deserialize::deserialize(deserializer));
[INFO] [stdout]     |                        ^^^
[INFO] [stdout] 
[INFO] [stdout] 
[INFO] [stdout] warning: trait objects without an explicit `dyn` are deprecated
[INFO] [stdout]   --> src/calls.rs:41:13
[INFO] [stdout]    |
[INFO] [stdout] 41 |     Method(Arc<RpcMethod<T>>),
[INFO] [stdout]    |                ^^^^^^^^^^^^
[INFO] [stdout]    |
[INFO] [stdout]    = warning: this is accepted in the current edition (Rust 2015) but is a hard error in Rust 2021!
[INFO] [stdout]    = note: for more information, see <https://doc.rust-lang.org/edition-guide/rust-2021/warnings-promoted-to-error.html>
[INFO] [stdout]    = note: `#[warn(bare_trait_objects)]` (part of `#[warn(rust_2021_compatibility)]`) on by default
[INFO] [stdout] help: if this is a dyn-compatible trait, use `dyn`
[INFO] [stdout]    |
[INFO] [stdout] 41 |     Method(Arc<dyn RpcMethod<T>>),
[INFO] [stdout]    |                +++
[INFO] [stdout] 
[INFO] [stdout] 
[INFO] [stdout] warning: trait objects without an explicit `dyn` are deprecated
[INFO] [stdout]   --> src/calls.rs:43:19
[INFO] [stdout]    |
[INFO] [stdout] 43 |     Notification(Arc<RpcNotification<T>>),
[INFO] [stdout]    |                      ^^^^^^^^^^^^^^^^^^
[INFO] [stdout]    |
[INFO] [stdout]    = warning: this is accepted in the current edition (Rust 2015) but is a hard error in Rust 2021!
[INFO] [stdout]    = note: for more information, see <https://doc.rust-lang.org/edition-guide/rust-2021/warnings-promoted-to-error.html>
[INFO] [stdout] help: if this is a dyn-compatible trait, use `dyn`
[INFO] [stdout]    |
[INFO] [stdout] 43 |     Notification(Arc<dyn RpcNotification<T>>),
[INFO] [stdout]    |                      +++
[INFO] [stdout] 
[INFO] [stdout] 
[INFO] [stdout] warning: trait objects without an explicit `dyn` are deprecated
[INFO] [stdout]   --> src/lib.rs:42:29
[INFO] [stdout]    |
[INFO] [stdout] 42 | pub type BoxFuture<T> = Box<futures::Future<Item = T, Error = Error> + Send>;
[INFO] [stdout]    |                             ^^^^^^^^^^^^^^^^^^^^^^^^^^^^^^^^^^^^^^^^^^^^^^^
[INFO] [stdout]    |
[INFO] [stdout]    = warning: this is accepted in the current edition (Rust 2015) but is a hard error in Rust 2021!
[INFO] [stdout]    = note: for more information, see <https://doc.rust-lang.org/edition-guide/rust-2021/warnings-promoted-to-error.html>
[INFO] [stdout] help: if this is a dyn-compatible trait, use `dyn`
[INFO] [stdout]    |
[INFO] [stdout] 42 | pub type BoxFuture<T> = Box<dyn futures::Future<Item = T, Error = Error> + Send>;
[INFO] [stdout]    |                             +++
[INFO] [stdout] 
[INFO] [stdout] 
[INFO] [stdout] warning: trait objects without an explicit `dyn` are deprecated
[INFO] [stdout]   --> src/io.rs:24:6
[INFO] [stdout]    |
[INFO] [stdout] 24 |     Box<Future<Item=Option<Output>, Error=()> + Send>,
[INFO] [stdout]    |         ^^^^^^^^^^^^^^^^^^^^^^^^^^^^^^^^^^^^^^^^^^^^
[INFO] [stdout]    |
[INFO] [stdout]    = warning: this is accepted in the current edition (Rust 2015) but is a hard error in Rust 2021!
[INFO] [stdout]    = note: for more information, see <https://doc.rust-lang.org/edition-guide/rust-2021/warnings-promoted-to-error.html>
[INFO] [stdout] help: if this is a dyn-compatible trait, use `dyn`
[INFO] [stdout]    |
[INFO] [stdout] 24 |     Box<dyn Future<Item=Option<Output>, Error=()> + Send>,
[INFO] [stdout]    |         +++
[INFO] [stdout] 
[INFO] [stdout] 
[INFO] [stdout] warning: trait objects without an explicit `dyn` are deprecated
[INFO] [stdout]   --> src/io.rs:14:31
[INFO] [stdout]    |
[INFO] [stdout] 14 | pub type FutureResponse = Box<Future<Item=Option<Response>, Error=()> + Send>;
[INFO] [stdout]    |                               ^^^^^^^^^^^^^^^^^^^^^^^^^^^^^^^^^^^^^^^^^^^^^^
[INFO] [stdout]    |
[INFO] [stdout]    = warning: this is accepted in the current edition (Rust 2015) but is a hard error in Rust 2021!
[INFO] [stdout]    = note: for more information, see <https://doc.rust-lang.org/edition-guide/rust-2021/warnings-promoted-to-error.html>
[INFO] [stdout] help: if this is a dyn-compatible trait, use `dyn`
[INFO] [stdout]    |
[INFO] [stdout] 14 | pub type FutureResponse = Box<dyn Future<Item=Option<Response>, Error=()> + Send>;
[INFO] [stdout]    |                               +++
[INFO] [stdout] 
[INFO] [stdout] 
[INFO] [stdout] warning: trait objects without an explicit `dyn` are deprecated
[INFO] [stdout]   --> src/middleware.rs:24:20
[INFO] [stdout]    |
[INFO] [stdout] 24 |     type Future = Box<Future<Item=Option<Response>, Error=()> + Send>;
[INFO] [stdout]    |                       ^^^^^^^^^^^^^^^^^^^^^^^^^^^^^^^^^^^^^^^^^^^^^^
[INFO] [stdout]    |
[INFO] [stdout]    = warning: this is accepted in the current edition (Rust 2015) but is a hard error in Rust 2021!
[INFO] [stdout]    = note: for more information, see <https://doc.rust-lang.org/edition-guide/rust-2021/warnings-promoted-to-error.html>
[INFO] [stdout] help: if this is a dyn-compatible trait, use `dyn`
[INFO] [stdout]    |
[INFO] [stdout] 24 |     type Future = Box<dyn Future<Item=Option<Response>, Error=()> + Send>;
[INFO] [stdout]    |                       +++
[INFO] [stdout] 
[INFO] [stdout] 
[INFO] [stdout] warning: trait objects without an explicit `dyn` are deprecated
[INFO] [stdout]    --> src/io.rs:223:37
[INFO] [stdout]     |
[INFO] [stdout] 223 |                 let call_method = |method: &Arc<RpcMethod<T>>| {
[INFO] [stdout]     |                                                 ^^^^^^^^^^^^
[INFO] [stdout]     |
[INFO] [stdout]     = warning: this is accepted in the current edition (Rust 2015) but is a hard error in Rust 2021!
[INFO] [stdout]     = note: for more information, see <https://doc.rust-lang.org/edition-guide/rust-2021/warnings-promoted-to-error.html>
[INFO] [stdout] help: if this is a dyn-compatible trait, use `dyn`
[INFO] [stdout]     |
[INFO] [stdout] 223 |                 let call_method = |method: &Arc<dyn RpcMethod<T>>| {
[INFO] [stdout]     |                                                 +++
[INFO] [stdout] 
[INFO] [stdout] 
[INFO] [stdout] warning: use of deprecated macro `try`: use the `?` operator instead
[INFO] [stdout]   --> src/types/error.rs:67:19
[INFO] [stdout]    |
[INFO] [stdout] 67 |         let code: i64 = try!(Deserialize::deserialize(deserializer));
[INFO] [stdout]    |                         ^^^
[INFO] [stdout]    |
[INFO] [stdout]    = note: `#[warn(deprecated)]` on by default
[INFO] [stdout] 
[INFO] [stdout] 
[INFO] [stdout] warning: use of deprecated macro `try`: use the `?` operator instead
[INFO] [stdout]   --> src/types/request.rs:75:18
[INFO] [stdout]    |
[INFO] [stdout] 75 |         let v: Value = try!(Deserialize::deserialize(deserializer));
[INFO] [stdout]    |                        ^^^
[INFO] [stdout] 
[INFO] [stdout] 
[INFO] [stdout] warning: use of deprecated macro `try`: use the `?` operator instead
[INFO] [stdout]    --> src/types/request.rs:110:18
[INFO] [stdout]     |
[INFO] [stdout] 110 |         let v: Value = try!(Deserialize::deserialize(deserializer));
[INFO] [stdout]     |                        ^^^
[INFO] [stdout] 
[INFO] [stdout] 
[INFO] [stdout] warning: use of deprecated macro `try`: use the `?` operator instead
[INFO] [stdout]   --> src/types/response.rs:97:18
[INFO] [stdout]    |
[INFO] [stdout] 97 |         let v: Value = try!(Deserialize::deserialize(deserializer));
[INFO] [stdout]    |                        ^^^
[INFO] [stdout] 
[INFO] [stdout] 
[INFO] [stdout] warning: use of deprecated macro `try`: use the `?` operator instead
[INFO] [stdout]    --> src/types/response.rs:126:18
[INFO] [stdout]     |
[INFO] [stdout] 126 |         let v: Value = try!(Deserialize::deserialize(deserializer));
[INFO] [stdout]     |                        ^^^
[INFO] [stdout] 
[INFO] [stdout] 
[INFO] [stdout] warning: trait objects without an explicit `dyn` are deprecated
[INFO] [stdout]   --> src/calls.rs:41:13
[INFO] [stdout]    |
[INFO] [stdout] 41 |     Method(Arc<RpcMethod<T>>),
[INFO] [stdout]    |                ^^^^^^^^^^^^
[INFO] [stdout]    |
[INFO] [stdout]    = warning: this is accepted in the current edition (Rust 2015) but is a hard error in Rust 2021!
[INFO] [stdout]    = note: for more information, see <https://doc.rust-lang.org/edition-guide/rust-2021/warnings-promoted-to-error.html>
[INFO] [stdout]    = note: `#[warn(bare_trait_objects)]` (part of `#[warn(rust_2021_compatibility)]`) on by default
[INFO] [stdout] help: if this is a dyn-compatible trait, use `dyn`
[INFO] [stdout]    |
[INFO] [stdout] 41 |     Method(Arc<dyn RpcMethod<T>>),
[INFO] [stdout]    |                +++
[INFO] [stdout] 
[INFO] [stdout] 
[INFO] [stdout] warning: trait objects without an explicit `dyn` are deprecated
[INFO] [stdout]   --> src/calls.rs:43:19
[INFO] [stdout]    |
[INFO] [stdout] 43 |     Notification(Arc<RpcNotification<T>>),
[INFO] [stdout]    |                      ^^^^^^^^^^^^^^^^^^
[INFO] [stdout]    |
[INFO] [stdout]    = warning: this is accepted in the current edition (Rust 2015) but is a hard error in Rust 2021!
[INFO] [stdout]    = note: for more information, see <https://doc.rust-lang.org/edition-guide/rust-2021/warnings-promoted-to-error.html>
[INFO] [stdout] help: if this is a dyn-compatible trait, use `dyn`
[INFO] [stdout]    |
[INFO] [stdout] 43 |     Notification(Arc<dyn RpcNotification<T>>),
[INFO] [stdout]    |                      +++
[INFO] [stdout] 
[INFO] [stdout] 
[INFO] [stdout] warning: trait objects without an explicit `dyn` are deprecated
[INFO] [stdout]   --> src/lib.rs:42:29
[INFO] [stdout]    |
[INFO] [stdout] 42 | pub type BoxFuture<T> = Box<futures::Future<Item = T, Error = Error> + Send>;
[INFO] [stdout]    |                             ^^^^^^^^^^^^^^^^^^^^^^^^^^^^^^^^^^^^^^^^^^^^^^^
[INFO] [stdout]    |
[INFO] [stdout]    = warning: this is accepted in the current edition (Rust 2015) but is a hard error in Rust 2021!
[INFO] [stdout]    = note: for more information, see <https://doc.rust-lang.org/edition-guide/rust-2021/warnings-promoted-to-error.html>
[INFO] [stdout] help: if this is a dyn-compatible trait, use `dyn`
[INFO] [stdout]    |
[INFO] [stdout] 42 | pub type BoxFuture<T> = Box<dyn futures::Future<Item = T, Error = Error> + Send>;
[INFO] [stdout]    |                             +++
[INFO] [stdout] 
[INFO] [stdout] 
[INFO] [stdout] warning: trait objects without an explicit `dyn` are deprecated
[INFO] [stdout]   --> src/io.rs:24:6
[INFO] [stdout]    |
[INFO] [stdout] 24 |     Box<Future<Item=Option<Output>, Error=()> + Send>,
[INFO] [stdout]    |         ^^^^^^^^^^^^^^^^^^^^^^^^^^^^^^^^^^^^^^^^^^^^
[INFO] [stdout]    |
[INFO] [stdout]    = warning: this is accepted in the current edition (Rust 2015) but is a hard error in Rust 2021!
[INFO] [stdout]    = note: for more information, see <https://doc.rust-lang.org/edition-guide/rust-2021/warnings-promoted-to-error.html>
[INFO] [stdout] help: if this is a dyn-compatible trait, use `dyn`
[INFO] [stdout]    |
[INFO] [stdout] 24 |     Box<dyn Future<Item=Option<Output>, Error=()> + Send>,
[INFO] [stdout]    |         +++
[INFO] [stdout] 
[INFO] [stdout] 
[INFO] [stdout] warning: trait objects without an explicit `dyn` are deprecated
[INFO] [stdout]   --> src/io.rs:14:31
[INFO] [stdout]    |
[INFO] [stdout] 14 | pub type FutureResponse = Box<Future<Item=Option<Response>, Error=()> + Send>;
[INFO] [stdout]    |                               ^^^^^^^^^^^^^^^^^^^^^^^^^^^^^^^^^^^^^^^^^^^^^^
[INFO] [stdout]    |
[INFO] [stdout]    = warning: this is accepted in the current edition (Rust 2015) but is a hard error in Rust 2021!
[INFO] [stdout]    = note: for more information, see <https://doc.rust-lang.org/edition-guide/rust-2021/warnings-promoted-to-error.html>
[INFO] [stdout] help: if this is a dyn-compatible trait, use `dyn`
[INFO] [stdout]    |
[INFO] [stdout] 14 | pub type FutureResponse = Box<dyn Future<Item=Option<Response>, Error=()> + Send>;
[INFO] [stdout]    |                               +++
[INFO] [stdout] 
[INFO] [stdout] 
[INFO] [stdout] warning: trait objects without an explicit `dyn` are deprecated
[INFO] [stdout]   --> src/middleware.rs:24:20
[INFO] [stdout]    |
[INFO] [stdout] 24 |     type Future = Box<Future<Item=Option<Response>, Error=()> + Send>;
[INFO] [stdout]    |                       ^^^^^^^^^^^^^^^^^^^^^^^^^^^^^^^^^^^^^^^^^^^^^^
[INFO] [stdout]    |
[INFO] [stdout]    = warning: this is accepted in the current edition (Rust 2015) but is a hard error in Rust 2021!
[INFO] [stdout]    = note: for more information, see <https://doc.rust-lang.org/edition-guide/rust-2021/warnings-promoted-to-error.html>
[INFO] [stdout] help: if this is a dyn-compatible trait, use `dyn`
[INFO] [stdout]    |
[INFO] [stdout] 24 |     type Future = Box<dyn Future<Item=Option<Response>, Error=()> + Send>;
[INFO] [stdout]    |                       +++
[INFO] [stdout] 
[INFO] [stdout] 
[INFO] [stdout] warning: trait objects without an explicit `dyn` are deprecated
[INFO] [stdout]    --> src/io.rs:223:37
[INFO] [stdout]     |
[INFO] [stdout] 223 |                 let call_method = |method: &Arc<RpcMethod<T>>| {
[INFO] [stdout]     |                                                 ^^^^^^^^^^^^
[INFO] [stdout]     |
[INFO] [stdout]     = warning: this is accepted in the current edition (Rust 2015) but is a hard error in Rust 2021!
[INFO] [stdout]     = note: for more information, see <https://doc.rust-lang.org/edition-guide/rust-2021/warnings-promoted-to-error.html>
[INFO] [stdout] help: if this is a dyn-compatible trait, use `dyn`
[INFO] [stdout]     |
[INFO] [stdout] 223 |                 let call_method = |method: &Arc<dyn RpcMethod<T>>| {
[INFO] [stdout]     |                                                 +++
[INFO] [stdout] 
[INFO] [stdout] 
[INFO] [stderr]     Finished `release` profile [optimized] target(s) in 5.08s
[INFO] running `Command { std: "docker" "inspect" "13e6c07debd636575b264b55da0dc7eedd0ec3659a9c53de75d96bc6402dbbf8", kill_on_drop: false }`
[INFO] running `Command { std: "docker" "exec" "-e" "SOURCE_DIR=/opt/rustwide/workdir" "-e" "CARGO_HOME=/opt/rustwide/cargo-home" "-e" "RUSTUP_HOME=/opt/rustwide/rustup-home" "-e" "CARGO_TARGET_DIR=/opt/rustwide/target" "-e" "CARGO_INCREMENTAL=0" "-e" "RUST_BACKTRACE=full" "-e" "RUSTFLAGS=--cap-lints=warn" "-e" "RUSTDOCFLAGS=--cap-lints=warn" "-w" "/opt/rustwide/workdir" "--user" "0:0" "13e6c07debd636575b264b55da0dc7eedd0ec3659a9c53de75d96bc6402dbbf8" "/opt/rustwide/cargo-home/bin/cargo" "+1.99.0-beta.8" "test" "--frozen" "--release", kill_on_drop: false }`
[INFO] [stdout] 
[INFO] [stdout] running 27 tests
[INFO] [stderr] warning: Cargo.toml: `package.edition` is unspecified, defaulting to `2015` while the latest is `2024`
[INFO] [stdout] test io::tests::test_async_io_handler ... FAILED
[INFO] [stderr] warning: `susy-jsonrpc-core` (manifest) generated 1 warning
[INFO] [stdout] test types::request::notification_deserialize ... FAILED
[INFO] [stderr] warning: use of deprecated macro `try`: use the `?` operator instead
[INFO] [stdout] test io::tests::test_notification_alias ... FAILED
[INFO] [stderr]   --> src/types/error.rs:67:19
[INFO] [stdout] test types::request::method_call_serialize ... ok
[INFO] [stderr]    |
[INFO] [stdout] test io::tests::test_io_handler ... FAILED
[INFO] [stderr] 67 |         let code: i64 = try!(Deserialize::deserialize(deserializer));
[INFO] [stdout] test io::tests::test_send_sync ... ok
[INFO] [stderr]    |                         ^^^
[INFO] [stdout] test types::params::tests::should_return_meaningful_error_when_deserialization_fails ... FAILED
[INFO] [stderr]    |
[INFO] [stdout] test types::id::tests::id_deserialization ... FAILED
[INFO] [stderr]    = note: `#[warn(deprecated)]` on by default
[INFO] [stdout] test types::request::notification_serialize ... ok
[INFO] [stderr] 
[INFO] [stdout] test types::request::request_deserialize_batch ... FAILED
[INFO] [stderr] warning: use of deprecated macro `try`: use the `?` operator instead
[INFO] [stdout] test types::response::success_output_deserialize ... FAILED
[INFO] [stderr]   --> src/types/request.rs:75:18
[INFO] [stdout] test types::request::request_serialize_batch ... ok
[INFO] [stderr]    |
[INFO] [stdout] test types::response::failure_output_deserialize ... FAILED
[INFO] [stderr] 75 |         let v: Value = try!(Deserialize::deserialize(deserializer));
[INFO] [stdout] test io::tests::test_method_not_found ... FAILED
[INFO] [stderr]    |                        ^^^
[INFO] [stdout] test types::request::request_invalid_returns_id ... FAILED
[INFO] [stderr] 
[INFO] [stdout] test types::response::batch_response_deserialize ... FAILED
[INFO] [stderr] warning: use of deprecated macro `try`: use the `?` operator instead
[INFO] [stdout] test types::response::single_response_deserialize ... FAILED
[INFO] [stderr]    --> src/types/request.rs:110:18
[INFO] [stdout] test types::response::failure_output_serialize ... ok
[INFO] [stderr]     |
[INFO] [stdout] test types::request::call_serialize ... ok
[INFO] [stderr] 110 |         let v: Value = try!(Deserialize::deserialize(deserializer));
[INFO] [stdout] test io::tests::test_io_handler_1dot0 ... FAILED
[INFO] [stderr]     |                        ^^^
[INFO] [stdout] test types::params::tests::params_deserialization ... FAILED
[INFO] [stderr] 
[INFO] [stdout] test types::request::call_deserialize ... FAILED
[INFO] [stderr] warning: use of deprecated macro `try`: use the `?` operator instead
[INFO] [stdout] test types::id::tests::id_serialization ... ok
[INFO] [stderr]   --> src/types/response.rs:97:18
[INFO] [stdout] test io::tests::test_notification ... FAILED
[INFO] [stderr]    |
[INFO] [stderr] 97 |         let v: Value = try!(Deserialize::deserialize(deserializer));
[INFO] [stderr]    |                        ^^^
[INFO] [stderr] 
[INFO] [stderr] warning: use of deprecated macro `try`: use the `?` operator instead
[INFO] [stderr]    --> src/types/response.rs:126:18
[INFO] [stderr]     |
[INFO] [stderr] 126 |         let v: Value = try!(Deserialize::deserialize(deserializer));
[INFO] [stderr]     |                        ^^^
[INFO] [stderr] 
[INFO] [stderr] warning: trait objects without an explicit `dyn` are deprecated
[INFO] [stderr]   --> src/calls.rs:41:13
[INFO] [stderr]    |
[INFO] [stderr] 41 |     Method(Arc<RpcMethod<T>>),
[INFO] [stderr]    |                ^^^^^^^^^^^^
[INFO] [stderr]    |
[INFO] [stderr]    = warning: this is accepted in the current edition (Rust 2015) but is a hard error in Rust 2021!
[INFO] [stderr]    = note: for more information, see <https://doc.rust-lang.org/edition-guide/rust-2021/warnings-promoted-to-error.html>
[INFO] [stderr]    = note: `#[warn(bare_trait_objects)]` (part of `#[warn(rust_2021_compatibility)]`) on by default
[INFO] [stderr] help: if this is a dyn-compatible trait, use `dyn`
[INFO] [stderr]    |
[INFO] [stderr] 41 |     Method(Arc<dyn RpcMethod<T>>),
[INFO] [stderr]    |                +++
[INFO] [stderr] 
[INFO] [stderr] warning: trait objects without an explicit `dyn` are deprecated
[INFO] [stderr]   --> src/calls.rs:43:19
[INFO] [stderr]    |
[INFO] [stderr] 43 |     Notification(Arc<RpcNotification<T>>),
[INFO] [stderr]    |                      ^^^^^^^^^^^^^^^^^^
[INFO] [stderr]    |
[INFO] [stderr]    = warning: this is accepted in the current edition (Rust 2015) but is a hard error in Rust 2021!
[INFO] [stderr]    = note: for more information, see <https://doc.rust-lang.org/edition-guide/rust-2021/warnings-promoted-to-error.html>
[INFO] [stderr] help: if this is a dyn-compatible trait, use `dyn`
[INFO] [stderr]    |
[INFO] [stderr] 43 |     Notification(Arc<dyn RpcNotification<T>>),
[INFO] [stderr]    |                      +++
[INFO] [stderr] 
[INFO] [stderr] warning: trait objects without an explicit `dyn` are deprecated
[INFO] [stderr]   --> src/lib.rs:42:29
[INFO] [stderr]    |
[INFO] [stderr] 42 | pub type BoxFuture<T> = Box<futures::Future<Item = T, Error = Error> + Send>;
[INFO] [stderr]    |                             ^^^^^^^^^^^^^^^^^^^^^^^^^^^^^^^^^^^^^^^^^^^^^^^
[INFO] [stderr]    |
[INFO] [stderr]    = warning: this is accepted in the current edition (Rust 2015) but is a hard error in Rust 2021!
[INFO] [stderr]    = note: for more information, see <https://doc.rust-lang.org/edition-guide/rust-2021/warnings-promoted-to-error.html>
[INFO] [stderr] help: if this is a dyn-compatible trait, use `dyn`
[INFO] [stderr]    |
[INFO] [stderr] 42 | pub type BoxFuture<T> = Box<dyn futures::Future<Item = T, Error = Error> + Send>;
[INFO] [stderr]    |                             +++
[INFO] [stderr] 
[INFO] [stderr] warning: trait objects without an explicit `dyn` are deprecated
[INFO] [stderr]   --> src/io.rs:24:6
[INFO] [stderr]    |
[INFO] [stderr] 24 |     Box<Future<Item=Option<Output>, Error=()> + Send>,
[INFO] [stderr]    |         ^^^^^^^^^^^^^^^^^^^^^^^^^^^^^^^^^^^^^^^^^^^^
[INFO] [stderr]    |
[INFO] [stderr]    = warning: this is accepted in the current edition (Rust 2015) but is a hard error in Rust 2021!
[INFO] [stderr]    = note: for more information, see <https://doc.rust-lang.org/edition-guide/rust-2021/warnings-promoted-to-error.html>
[INFO] [stderr] help: if this is a dyn-compatible trait, use `dyn`
[INFO] [stderr]    |
[INFO] [stderr] 24 |     Box<dyn Future<Item=Option<Output>, Error=()> + Send>,
[INFO] [stderr]    |         +++
[INFO] [stderr] 
[INFO] [stderr] warning: trait objects without an explicit `dyn` are deprecated
[INFO] [stderr]   --> src/io.rs:14:31
[INFO] [stderr]    |
[INFO] [stderr] 14 | pub type FutureResponse = Box<Future<Item=Option<Response>, Error=()> + Send>;
[INFO] [stderr]    |                               ^^^^^^^^^^^^^^^^^^^^^^^^^^^^^^^^^^^^^^^^^^^^^^
[INFO] [stderr]    |
[INFO] [stderr]    = warning: this is accepted in the current edition (Rust 2015) but is a hard error in Rust 2021!
[INFO] [stderr]    = note: for more information, see <https://doc.rust-lang.org/edition-guide/rust-2021/warnings-promoted-to-error.html>
[INFO] [stderr] help: if this is a dyn-compatible trait, use `dyn`
[INFO] [stderr]    |
[INFO] [stderr] 14 | pub type FutureResponse = Box<dyn Future<Item=Option<Response>, Error=()> + Send>;
[INFO] [stderr]    |                               +++
[INFO] [stderr] 
[INFO] [stderr] warning: trait objects without an explicit `dyn` are deprecated
[INFO] [stderr]   --> src/middleware.rs:24:20
[INFO] [stderr]    |
[INFO] [stderr] 24 |     type Future = Box<Future<Item=Option<Response>, Error=()> + Send>;
[INFO] [stderr]    |                       ^^^^^^^^^^^^^^^^^^^^^^^^^^^^^^^^^^^^^^^^^^^^^^
[INFO] [stderr]    |
[INFO] [stderr]    = warning: this is accepted in the current edition (Rust 2015) but is a hard error in Rust 2021!
[INFO] [stderr]    = note: for more information, see <https://doc.rust-lang.org/edition-guide/rust-2021/warnings-promoted-to-error.html>
[INFO] [stderr] help: if this is a dyn-compatible trait, use `dyn`
[INFO] [stderr]    |
[INFO] [stderr] 24 |     type Future = Box<dyn Future<Item=Option<Response>, Error=()> + Send>;
[INFO] [stderr]    |                       +++
[INFO] [stderr] 
[INFO] [stderr] warning: trait objects without an explicit `dyn` are deprecated
[INFO] [stderr]    --> src/io.rs:223:37
[INFO] [stderr]     |
[INFO] [stderr] 223 |                 let call_method = |method: &Arc<RpcMethod<T>>| {
[INFO] [stderr]     |                                                 ^^^^^^^^^^^^
[INFO] [stderr]     |
[INFO] [stderr]     = warning: this is accepted in the current edition (Rust 2015) but is a hard error in Rust 2021!
[INFO] [stderr]     = note: for more information, see <https://doc.rust-lang.org/edition-guide/rust-2021/warnings-promoted-to-error.html>
[INFO] [stderr] help: if this is a dyn-compatible trait, use `dyn`
[INFO] [stderr]     |
[INFO] [stderr] 223 |                 let call_method = |method: &Arc<dyn RpcMethod<T>>| {
[INFO] [stderr]     |                                                 +++
[INFO] [stderr] 
[INFO] [stderr] warning: `susy-jsonrpc-core` (lib) generated 12 warnings (run `cargo fix --lib -p susy-jsonrpc-core` to apply 7 suggestions)
[INFO] [stderr] warning: `susy-jsonrpc-core` (lib test) generated 12 warnings (12 duplicates)
[INFO] [stderr]     Finished `release` profile [optimized] target(s) in 0.03s
[INFO] [stderr]      Running unittests src/lib.rs (/opt/rustwide/target/release/deps/susy_jsonrpc_core-88fda9c6feb61a81)
[INFO] [stdout] test types::response::failure_output_serialize_susy_jsonrpc_1 ... ok
[INFO] [stdout] test types::response::success_output_serialize ... ok
[INFO] [stderr] error: test failed, to rerun pass `--lib`
[INFO] [stdout] test io::tests::test_method_alias ... FAILED
[INFO] [stdout] 
[INFO] [stdout] failures:
[INFO] [stdout] 
[INFO] [stdout] ---- io::tests::test_async_io_handler stdout ----
[INFO] [stdout] 
[INFO] [stdout] thread 'io::tests::test_async_io_handler' (328) panicked at src/io.rs:388:9:
[INFO] [stdout] assertion `left == right` failed
[INFO] [stdout]   left: Some("{\"jsonrpc\":\"2.0\",\"error\":{\"code\":-32600,\"message\":\"Invalid request\"},\"id\":null}")
[INFO] [stdout]  right: Some("{\"jsonrpc\":\"2.0\",\"result\":\"hello\",\"id\":1}")
[INFO] [stdout] stack backtrace:
[INFO] [stdout]    0:     0x5c0df66313f1 - <<std[70759c8f55707aa4]::sys::backtrace::BacktraceLock>::print::DisplayBacktrace as core[df12db4294e9bfd3]::fmt::Display>::fmt
[INFO] [stdout]    1:     0x5c0df664642a - core[df12db4294e9bfd3]::fmt::write
[INFO] [stdout]    2:     0x5c0df663593c - <alloc[2182bb758b4b3781]::vec::Vec<u8> as core[df12db4294e9bfd3]::io::write::Write>::write_fmt
[INFO] [stdout]    3:     0x5c0df660d8e6 - std[70759c8f55707aa4]::panicking::default_hook::{closure#0}
[INFO] [stdout]    4:     0x5c0df6629b59 - std[70759c8f55707aa4]::panicking::default_hook
[INFO] [stdout]    5:     0x5c0df65befd0 - test[9d35eded1c95d3be]::test_main_inner::<test[9d35eded1c95d3be]::test_main_static::{closure#0}>::{closure#0}
[INFO] [stdout]    6:     0x5c0df6629d12 - std[70759c8f55707aa4]::panicking::panic_with_hook
[INFO] [stdout]    7:     0x5c0df660d992 - std[70759c8f55707aa4]::panicking::panic_handler::{closure#0}
[INFO] [stdout]    8:     0x5c0df66066e9 - std[70759c8f55707aa4]::sys::backtrace::__rust_end_short_backtrace::<std[70759c8f55707aa4]::panicking::panic_handler::{closure#0}, !>
[INFO] [stdout]    9:     0x5c0df660e58d - __rustc[8fa7c3cbc660c2b3]::rust_begin_unwind
[INFO] [stdout]   10:     0x5c0df6646b5c - core[df12db4294e9bfd3]::panicking::panic_fmt
[INFO] [stdout]   11:     0x5c0df6646a73 - core[df12db4294e9bfd3]::panicking::assert_failed_inner
[INFO] [stdout]   12:     0x5c0df65a8388 - core[df12db4294e9bfd3]::panicking::assert_failed::<core[df12db4294e9bfd3]::option::Option<alloc[2182bb758b4b3781]::string::String>, core[df12db4294e9bfd3]::option::Option<alloc[2182bb758b4b3781]::string::String>>
[INFO] [stdout]   13:     0x5c0df65a64c5 - susy_jsonrpc_core[da0321bd6a7c937c]::io::tests::test_async_io_handler
[INFO] [stdout]   14:     0x5c0df65a28d9 - <susy_jsonrpc_core[da0321bd6a7c937c]::io::tests::test_async_io_handler::{closure#0} as core[df12db4294e9bfd3]::ops::function::FnOnce<()>>::call_once
[INFO] [stdout]   15:     0x5c0df65b22bb - test[9d35eded1c95d3be]::__rust_begin_short_backtrace::<core[df12db4294e9bfd3]::result::Result<(), alloc[2182bb758b4b3781]::string::String>, fn() -> core[df12db4294e9bfd3]::result::Result<(), alloc[2182bb758b4b3781]::string::String>>
[INFO] [stdout]   16:     0x5c0df65bf925 - test[9d35eded1c95d3be]::run_test::{closure#0}
[INFO] [stdout]   17:     0x5c0df65b91e4 - std[70759c8f55707aa4]::sys::backtrace::__rust_begin_short_backtrace::<test[9d35eded1c95d3be]::run_test::{closure#1}, ()>
[INFO] [stdout]   18:     0x5c0df65c2a82 - <std[70759c8f55707aa4]::thread::lifecycle::spawn_unchecked<test[9d35eded1c95d3be]::run_test::{closure#1}, ()>::{closure#1} as core[df12db4294e9bfd3]::ops::function::FnOnce<()>>::call_once::{shim:vtable#0}
[INFO] [stdout]   19:     0x5c0df6630cc9 - <std[70759c8f55707aa4]::sys::thread::unix::Thread>::new::thread_start
[INFO] [stdout]   20:     0x705b8fe7bdfa - <unknown>
[INFO] [stdout]   21:     0x705b8ff0f3d4 - clone
[INFO] [stdout]   22:                0x0 - <unknown>
[INFO] [stdout] 
[INFO] [stdout] ---- types::request::notification_deserialize stdout ----
[INFO] [stdout] 
[INFO] [stdout] thread 'types::request::notification_deserialize' (343) panicked at src/types/request.rs:192:62:
[INFO] [stdout] called `Result::unwrap()` on an `Err` value: Error("invalid type: sequence, expected a map or sequence", line: 1, column: 49)
[INFO] [stdout] stack backtrace:
[INFO] [stdout]    0:     0x5c0df66313f1 - <<std[70759c8f55707aa4]::sys::backtrace::BacktraceLock>::print::DisplayBacktrace as core[df12db4294e9bfd3]::fmt::Display>::fmt
[INFO] [stdout]    1:     0x5c0df664642a - core[df12db4294e9bfd3]::fmt::write
[INFO] [stdout]    2:     0x5c0df663593c - <alloc[2182bb758b4b3781]::vec::Vec<u8> as core[df12db4294e9bfd3]::io::write::Write>::write_fmt
[INFO] [stdout]    3:     0x5c0df660d8e6 - std[70759c8f55707aa4]::panicking::default_hook::{closure#0}
[INFO] [stdout]    4:     0x5c0df6629b59 - std[70759c8f55707aa4]::panicking::default_hook
[INFO] [stdout]    5:     0x5c0df65befd0 - test[9d35eded1c95d3be]::test_main_inner::<test[9d35eded1c95d3be]::test_main_static::{closure#0}>::{closure#0}
[INFO] [stdout]    6:     0x5c0df6629d12 - std[70759c8f55707aa4]::panicking::panic_with_hook
[INFO] [stdout]    7:     0x5c0df660d992 - std[70759c8f55707aa4]::panicking::panic_handler::{closure#0}
[INFO] [stdout]    8:     0x5c0df66066e9 - std[70759c8f55707aa4]::sys::backtrace::__rust_end_short_backtrace::<std[70759c8f55707aa4]::panicking::panic_handler::{closure#0}, !>
[INFO] [stdout]    9:     0x5c0df660e58d - __rustc[8fa7c3cbc660c2b3]::rust_begin_unwind
[INFO] [stdout]   10:     0x5c0df6646b5c - core[df12db4294e9bfd3]::panicking::panic_fmt
[INFO] [stdout]   11:     0x5c0df6646932 - core[df12db4294e9bfd3]::result::unwrap_failed
[INFO] [stdout]   12:     0x5c0df6593a28 - susy_jsonrpc_core[da0321bd6a7c937c]::types::request::notification_deserialize
[INFO] [stdout]   13:     0x5c0df65a29f9 - <susy_jsonrpc_core[da0321bd6a7c937c]::types::request::notification_deserialize::{closure#0} as core[df12db4294e9bfd3]::ops::function::FnOnce<()>>::call_once
[INFO] [stdout]   14:     0x5c0df65b22bb - test[9d35eded1c95d3be]::__rust_begin_short_backtrace::<core[df12db4294e9bfd3]::result::Result<(), alloc[2182bb758b4b3781]::string::String>, fn() -> core[df12db4294e9bfd3]::result::Result<(), alloc[2182bb758b4b3781]::string::String>>
[INFO] [stdout]   15:     0x5c0df65bf925 - test[9d35eded1c95d3be]::run_test::{closure#0}
[INFO] [stdout]   16:     0x5c0df65b91e4 - std[70759c8f55707aa4]::sys::backtrace::__rust_begin_short_backtrace::<test[9d35eded1c95d3be]::run_test::{closure#1}, ()>
[INFO] [stdout]   17:     0x5c0df65c2a82 - <std[70759c8f55707aa4]::thread::lifecycle::spawn_unchecked<test[9d35eded1c95d3be]::run_test::{closure#1}, ()>::{closure#1} as core[df12db4294e9bfd3]::ops::function::FnOnce<()>>::call_once::{shim:vtable#0}
[INFO] [stdout]   18:     0x5c0df6630cc9 - <std[70759c8f55707aa4]::sys::thread::unix::Thread>::new::thread_start
[INFO] [stdout]   19:     0x705b8fe7bdfa - <unknown>
[INFO] [stdout]   20:     0x705b8ff0f3d4 - clone
[INFO] [stdout]   21:                0x0 - <unknown>
[INFO] [stdout] 
[INFO] [stdout] ---- io::tests::test_notification_alias stdout ----
[INFO] [stdout] 
[INFO] [stdout] thread 'io::tests::test_notification_alias' (334) panicked at src/io.rs:449:9:
[INFO] [stdout] assertion `left == right` failed
[INFO] [stdout]   left: Some("{\"jsonrpc\":\"2.0\",\"error\":{\"code\":-32600,\"message\":\"Invalid request\"},\"id\":null}")
[INFO] [stdout]  right: None
[INFO] [stdout] stack backtrace:
[INFO] [stdout]    0:     0x5c0df66313f1 - <<std[70759c8f55707aa4]::sys::backtrace::BacktraceLock>::print::DisplayBacktrace as core[df12db4294e9bfd3]::fmt::Display>::fmt
[INFO] [stdout]    1:     0x5c0df664642a - core[df12db4294e9bfd3]::fmt::write
[INFO] [stdout]    2:     0x5c0df663593c - <alloc[2182bb758b4b3781]::vec::Vec<u8> as core[df12db4294e9bfd3]::io::write::Write>::write_fmt
[INFO] [stdout]    3:     0x5c0df660d8e6 - std[70759c8f55707aa4]::panicking::default_hook::{closure#0}
[INFO] [stdout]    4:     0x5c0df6629b59 - std[70759c8f55707aa4]::panicking::default_hook
[INFO] [stdout]    5:     0x5c0df65befd0 - test[9d35eded1c95d3be]::test_main_inner::<test[9d35eded1c95d3be]::test_main_static::{closure#0}>::{closure#0}
[INFO] [stdout]    6:     0x5c0df6629d12 - std[70759c8f55707aa4]::panicking::panic_with_hook
[INFO] [stdout]    7:     0x5c0df660d992 - std[70759c8f55707aa4]::panicking::panic_handler::{closure#0}
[INFO] [stdout]    8:     0x5c0df66066e9 - std[70759c8f55707aa4]::sys::backtrace::__rust_end_short_backtrace::<std[70759c8f55707aa4]::panicking::panic_handler::{closure#0}, !>
[INFO] [stdout]    9:     0x5c0df660e58d - __rustc[8fa7c3cbc660c2b3]::rust_begin_unwind
[INFO] [stdout]   10:     0x5c0df6646b5c - core[df12db4294e9bfd3]::panicking::panic_fmt
[INFO] [stdout]   11:     0x5c0df6646a73 - core[df12db4294e9bfd3]::panicking::assert_failed_inner
[INFO] [stdout]   12:     0x5c0df65a8388 - core[df12db4294e9bfd3]::panicking::assert_failed::<core[df12db4294e9bfd3]::option::Option<alloc[2182bb758b4b3781]::string::String>, core[df12db4294e9bfd3]::option::Option<alloc[2182bb758b4b3781]::string::String>>
[INFO] [stdout]   13:     0x5c0df65a6a6f - susy_jsonrpc_core[da0321bd6a7c937c]::io::tests::test_notification_alias
[INFO] [stdout]   14:     0x5c0df65a2939 - <susy_jsonrpc_core[da0321bd6a7c937c]::io::tests::test_notification_alias::{closure#0} as core[df12db4294e9bfd3]::ops::function::FnOnce<()>>::call_once
[INFO] [stdout]   15:     0x5c0df65b22bb - test[9d35eded1c95d3be]::__rust_begin_short_backtrace::<core[df12db4294e9bfd3]::result::Result<(), alloc[2182bb758b4b3781]::string::String>, fn() -> core[df12db4294e9bfd3]::result::Result<(), alloc[2182bb758b4b3781]::string::String>>
[INFO] [stdout]   16:     0x5c0df65bf925 - test[9d35eded1c95d3be]::run_test::{closure#0}
[INFO] [stdout]   17:     0x5c0df65b91e4 - std[70759c8f55707aa4]::sys::backtrace::__rust_begin_short_backtrace::<test[9d35eded1c95d3be]::run_test::{closure#1}, ()>
[INFO] [stdout]   18:     0x5c0df65c2a82 - <std[70759c8f55707aa4]::thread::lifecycle::spawn_unchecked<test[9d35eded1c95d3be]::run_test::{closure#1}, ()>::{closure#1} as core[df12db4294e9bfd3]::ops::function::FnOnce<()>>::call_once::{shim:vtable#0}
[INFO] [stdout]   19:     0x5c0df6630cc9 - <std[70759c8f55707aa4]::sys::thread::unix::Thread>::new::thread_start
[INFO] [stdout]   20:     0x705b8fe7bdfa - <unknown>
[INFO] [stdout]   21:     0x705b8ff0f3d4 - clone
[INFO] [stdout]   22:                0x0 - <unknown>
[INFO] [stdout] 
[INFO] [stdout] ---- io::tests::test_io_handler stdout ----
[INFO] [stdout] 
[INFO] [stdout] thread 'io::tests::test_io_handler' (329) panicked at src/io.rs:360:9:
[INFO] [stdout] assertion `left == right` failed
[INFO] [stdout]   left: Some("{\"jsonrpc\":\"2.0\",\"error\":{\"code\":-32600,\"message\":\"Invalid request\"},\"id\":null}")
[INFO] [stdout]  right: Some("{\"jsonrpc\":\"2.0\",\"result\":\"hello\",\"id\":1}")
[INFO] [stdout] stack backtrace:
[INFO] [stdout]    0:     0x5c0df66313f1 - <<std[70759c8f55707aa4]::sys::backtrace::BacktraceLock>::print::DisplayBacktrace as core[df12db4294e9bfd3]::fmt::Display>::fmt
[INFO] [stdout]    1:     0x5c0df664642a - core[df12db4294e9bfd3]::fmt::write
[INFO] [stdout]    2:     0x5c0df663593c - <alloc[2182bb758b4b3781]::vec::Vec<u8> as core[df12db4294e9bfd3]::io::write::Write>::write_fmt
[INFO] [stdout]    3:     0x5c0df660d8e6 - std[70759c8f55707aa4]::panicking::default_hook::{closure#0}
[INFO] [stdout]    4:     0x5c0df6629b59 - std[70759c8f55707aa4]::panicking::default_hook
[INFO] [stdout]    5:     0x5c0df65befd0 - test[9d35eded1c95d3be]::test_main_inner::<test[9d35eded1c95d3be]::test_main_static::{closure#0}>::{closure#0}
[INFO] [stdout]    6:     0x5c0df6629d12 - std[70759c8f55707aa4]::panicking::panic_with_hook
[INFO] [stdout]    7:     0x5c0df660d992 - std[70759c8f55707aa4]::panicking::panic_handler::{closure#0}
[INFO] [stdout]    8:     0x5c0df66066e9 - std[70759c8f55707aa4]::sys::backtrace::__rust_end_short_backtrace::<std[70759c8f55707aa4]::panicking::panic_handler::{closure#0}, !>
[INFO] [stdout]    9:     0x5c0df660e58d - __rustc[8fa7c3cbc660c2b3]::rust_begin_unwind
[INFO] [stdout]   10:     0x5c0df6646b5c - core[df12db4294e9bfd3]::panicking::panic_fmt
[INFO] [stdout]   11:     0x5c0df6646a73 - core[df12db4294e9bfd3]::panicking::assert_failed_inner
[INFO] [stdout]   12:     0x5c0df65a8388 - core[df12db4294e9bfd3]::panicking::assert_failed::<core[df12db4294e9bfd3]::option::Option<alloc[2182bb758b4b3781]::string::String>, core[df12db4294e9bfd3]::option::Option<alloc[2182bb758b4b3781]::string::String>>
[INFO] [stdout]   13:     0x5c0df65a5f55 - susy_jsonrpc_core[da0321bd6a7c937c]::io::tests::test_io_handler
[INFO] [stdout]   14:     0x5c0df65a2879 - <susy_jsonrpc_core[da0321bd6a7c937c]::io::tests::test_io_handler::{closure#0} as core[df12db4294e9bfd3]::ops::function::FnOnce<()>>::call_once
[INFO] [stdout]   15:     0x5c0df65b22bb - test[9d35eded1c95d3be]::__rust_begin_short_backtrace::<core[df12db4294e9bfd3]::result::Result<(), alloc[2182bb758b4b3781]::string::String>, fn() -> core[df12db4294e9bfd3]::result::Result<(), alloc[2182bb758b4b3781]::string::String>>
[INFO] [stdout]   16:     0x5c0df65bf925 - test[9d35eded1c95d3be]::run_test::{closure#0}
[INFO] [stdout]   17:     0x5c0df65b91e4 - std[70759c8f55707aa4]::sys::backtrace::__rust_begin_short_backtrace::<test[9d35eded1c95d3be]::run_test::{closure#1}, ()>
[INFO] [stdout]   18:     0x5c0df65c2a82 - <std[70759c8f55707aa4]::thread::lifecycle::spawn_unchecked<test[9d35eded1c95d3be]::run_test::{closure#1}, ()>::{closure#1} as core[df12db4294e9bfd3]::ops::function::FnOnce<()>>::call_once::{shim:vtable#0}
[INFO] [stdout]   19:     0x5c0df6630cc9 - <std[70759c8f55707aa4]::sys::thread::unix::Thread>::new::thread_start
[INFO] [stdout]   20:     0x705b8fe7bdfa - <unknown>
[INFO] [stdout]   21:     0x705b8ff0f3d4 - clone
[INFO] [stdout]   22:                0x0 - <unknown>
[INFO] [stdout] 
[INFO] [stdout] ---- types::params::tests::should_return_meaningful_error_when_deserialization_fails stdout ----
[INFO] [stdout] 
[INFO] [stdout] thread 'types::params::tests::should_return_meaningful_error_when_deserialization_fails' (339) panicked at src/types/params.rs:116:59:
[INFO] [stdout] called `Result::unwrap()` on an `Err` value: Error("invalid type: sequence, expected a map or sequence", line: 1, column: 0)
[INFO] [stdout] stack backtrace:
[INFO] [stdout]    0:     0x5c0df66313f1 - <<std[70759c8f55707aa4]::sys::backtrace::BacktraceLock>::print::DisplayBacktrace as core[df12db4294e9bfd3]::fmt::Display>::fmt
[INFO] [stdout]    1:     0x5c0df664642a - core[df12db4294e9bfd3]::fmt::write
[INFO] [stdout]    2:     0x5c0df663593c - <alloc[2182bb758b4b3781]::vec::Vec<u8> as core[df12db4294e9bfd3]::io::write::Write>::write_fmt
[INFO] [stdout]    3:     0x5c0df660d8e6 - std[70759c8f55707aa4]::panicking::default_hook::{closure#0}
[INFO] [stdout]    4:     0x5c0df6629b59 - std[70759c8f55707aa4]::panicking::default_hook
[INFO] [stdout]    5:     0x5c0df65befd0 - test[9d35eded1c95d3be]::test_main_inner::<test[9d35eded1c95d3be]::test_main_static::{closure#0}>::{closure#0}
[INFO] [stdout]    6:     0x5c0df6629d12 - std[70759c8f55707aa4]::panicking::panic_with_hook
[INFO] [stdout]    7:     0x5c0df660d992 - std[70759c8f55707aa4]::panicking::panic_handler::{closure#0}
[INFO] [stdout]    8:     0x5c0df66066e9 - std[70759c8f55707aa4]::sys::backtrace::__rust_end_short_backtrace::<std[70759c8f55707aa4]::panicking::panic_handler::{closure#0}, !>
[INFO] [stdout]    9:     0x5c0df660e58d - __rustc[8fa7c3cbc660c2b3]::rust_begin_unwind
[INFO] [stdout]   10:     0x5c0df6646b5c - core[df12db4294e9bfd3]::panicking::panic_fmt
[INFO] [stdout]   11:     0x5c0df6646932 - core[df12db4294e9bfd3]::result::unwrap_failed
[INFO] [stdout]   12:     0x5c0df65ab091 - susy_jsonrpc_core[da0321bd6a7c937c]::types::params::tests::should_return_meaningful_error_when_deserialization_fails
[INFO] [stdout]   13:     0x5c0df65a2b99 - <susy_jsonrpc_core[da0321bd6a7c937c]::types::params::tests::should_return_meaningful_error_when_deserialization_fails::{closure#0} as core[df12db4294e9bfd3]::ops::function::FnOnce<()>>::call_once
[INFO] [stdout]   14:     0x5c0df65b22bb - test[9d35eded1c95d3be]::__rust_begin_short_backtrace::<core[df12db4294e9bfd3]::result::Result<(), alloc[2182bb758b4b3781]::string::String>, fn() -> core[df12db4294e9bfd3]::result::Result<(), alloc[2182bb758b4b3781]::string::String>>
[INFO] [stdout]   15:     0x5c0df65bf925 - test[9d35eded1c95d3be]::run_test::{closure#0}
[INFO] [stdout]   16:     0x5c0df65b91e4 - std[70759c8f55707aa4]::sys::backtrace::__rust_begin_short_backtrace::<test[9d35eded1c95d3be]::run_test::{closure#1}, ()>
[INFO] [stdout]   17:     0x5c0df65c2a82 - <std[70759c8f55707aa4]::thread::lifecycle::spawn_unchecked<test[9d35eded1c95d3be]::run_test::{closure#1}, ()>::{closure#1} as core[df12db4294e9bfd3]::ops::function::FnOnce<()>>::call_once::{shim:vtable#0}
[INFO] [stdout]   18:     0x5c0df6630cc9 - <std[70759c8f55707aa4]::sys::thread::unix::Thread>::new::thread_start
[INFO] [stdout]   19:     0x705b8fe7bdfa - <unknown>
[INFO] [stdout]   20:     0x705b8ff0f3d4 - clone
[INFO] [stdout]   21:                0x0 - <unknown>
[INFO] [stdout] 
[INFO] [stdout] ---- types::id::tests::id_deserialization stdout ----
[INFO] [stdout] 
[INFO] [stdout] thread 'types::id::tests::id_deserialization' (336) panicked at src/types/id.rs:78:61:
[INFO] [stdout] called `Result::unwrap()` on an `Err` value: Error("invalid type: null, expected a unit, integer or string", line: 1, column: 5)
[INFO] [stdout] stack backtrace:
[INFO] [stdout]    0:     0x5c0df66313f1 - <<std[70759c8f55707aa4]::sys::backtrace::BacktraceLock>::print::DisplayBacktrace as core[df12db4294e9bfd3]::fmt::Display>::fmt
[INFO] [stdout]    1:     0x5c0df664642a - core[df12db4294e9bfd3]::fmt::write
[INFO] [stdout]    2:     0x5c0df663593c - <alloc[2182bb758b4b3781]::vec::Vec<u8> as core[df12db4294e9bfd3]::io::write::Write>::write_fmt
[INFO] [stdout]    3:     0x5c0df660d8e6 - std[70759c8f55707aa4]::panicking::default_hook::{closure#0}
[INFO] [stdout]    4:     0x5c0df6629b59 - std[70759c8f55707aa4]::panicking::default_hook
[INFO] [stdout]    5:     0x5c0df65befd0 - test[9d35eded1c95d3be]::test_main_inner::<test[9d35eded1c95d3be]::test_main_static::{closure#0}>::{closure#0}
[INFO] [stdout]    6:     0x5c0df6629d12 - std[70759c8f55707aa4]::panicking::panic_with_hook
[INFO] [stdout]    7:     0x5c0df660d992 - std[70759c8f55707aa4]::panicking::panic_handler::{closure#0}
[INFO] [stdout]    8:     0x5c0df66066e9 - std[70759c8f55707aa4]::sys::backtrace::__rust_end_short_backtrace::<std[70759c8f55707aa4]::panicking::panic_handler::{closure#0}, !>
[INFO] [stdout]    9:     0x5c0df660e58d - __rustc[8fa7c3cbc660c2b3]::rust_begin_unwind
[INFO] [stdout]   10:     0x5c0df6646b5c - core[df12db4294e9bfd3]::panicking::panic_fmt
[INFO] [stdout]   11:     0x5c0df6646932 - core[df12db4294e9bfd3]::result::unwrap_failed
[INFO] [stdout]   12:     0x5c0df65afd73 - susy_jsonrpc_core[da0321bd6a7c937c]::types::id::tests::id_deserialization
[INFO] [stdout]   13:     0x5c0df65a2b59 - <susy_jsonrpc_core[da0321bd6a7c937c]::types::id::tests::id_deserialization::{closure#0} as core[df12db4294e9bfd3]::ops::function::FnOnce<()>>::call_once
[INFO] [stdout]   14:     0x5c0df65b22bb - test[9d35eded1c95d3be]::__rust_begin_short_backtrace::<core[df12db4294e9bfd3]::result::Result<(), alloc[2182bb758b4b3781]::string::String>, fn() -> core[df12db4294e9bfd3]::result::Result<(), alloc[2182bb758b4b3781]::string::String>>
[INFO] [stdout]   15:     0x5c0df65bf925 - test[9d35eded1c95d3be]::run_test::{closure#0}
[INFO] [stdout]   16:     0x5c0df65b91e4 - std[70759c8f55707aa4]::sys::backtrace::__rust_begin_short_backtrace::<test[9d35eded1c95d3be]::run_test::{closure#1}, ()>
[INFO] [stdout]   17:     0x5c0df65c2a82 - <std[70759c8f55707aa4]::thread::lifecycle::spawn_unchecked<test[9d35eded1c95d3be]::run_test::{closure#1}, ()>::{closure#1} as core[df12db4294e9bfd3]::ops::function::FnOnce<()>>::call_once::{shim:vtable#0}
[INFO] [stdout]   18:     0x5c0df6630cc9 - <std[70759c8f55707aa4]::sys::thread::unix::Thread>::new::thread_start
[INFO] [stdout]   19:     0x705b8fe7bdfa - <unknown>
[INFO] [stdout]   20:     0x705b8ff0f3d4 - clone
[INFO] [stdout]   21:                0x0 - <unknown>
[INFO] [stdout] 
[INFO] [stdout] ---- types::request::request_deserialize_batch stdout ----
[INFO] [stdout] 
[INFO] [stdout] thread 'types::request::request_deserialize_batch' (345) panicked at src/types/request.rs:242:5:
[INFO] [stdout] assertion `left == right` failed
[INFO] [stdout]   left: Batch([Invalid(Null), Invalid(Null), Invalid(Null)])
[INFO] [stdout]  right: Batch([Invalid(Null), MethodCall(MethodCall { jsonrpc: Some(V2), method: "update", params: Some(Array([Number(1), Number(2)])), id: Num(1) }), Notification(Notification { jsonrpc: Some(V2), method: "update", params: Some(Array([Number(1)])) })])
[INFO] [stdout] stack backtrace:
[INFO] [stdout]    0:     0x5c0df66313f1 - <<std[70759c8f55707aa4]::sys::backtrace::BacktraceLock>::print::DisplayBacktrace as core[df12db4294e9bfd3]::fmt::Display>::fmt
[INFO] [stdout]    1:     0x5c0df664642a - core[df12db4294e9bfd3]::fmt::write
[INFO] [stdout]    2:     0x5c0df663593c - <alloc[2182bb758b4b3781]::vec::Vec<u8> as core[df12db4294e9bfd3]::io::write::Write>::write_fmt
[INFO] [stdout]    3:     0x5c0df660d8e6 - std[70759c8f55707aa4]::panicking::default_hook::{closure#0}
[INFO] [stdout]    4:     0x5c0df6629b59 - std[70759c8f55707aa4]::panicking::default_hook
[INFO] [stdout]    5:     0x5c0df65befd0 - test[9d35eded1c95d3be]::test_main_inner::<test[9d35eded1c95d3be]::test_main_static::{closure#0}>::{closure#0}
[INFO] [stdout]    6:     0x5c0df6629d12 - std[70759c8f55707aa4]::panicking::panic_with_hook
[INFO] [stdout]    7:     0x5c0df660d992 - std[70759c8f55707aa4]::panicking::panic_handler::{closure#0}
[INFO] [stdout]    8:     0x5c0df66066e9 - std[70759c8f55707aa4]::sys::backtrace::__rust_end_short_backtrace::<std[70759c8f55707aa4]::panicking::panic_handler::{closure#0}, !>
[INFO] [stdout]    9:     0x5c0df660e58d - __rustc[8fa7c3cbc660c2b3]::rust_begin_unwind
[INFO] [stdout]   10:     0x5c0df6646b5c - core[df12db4294e9bfd3]::panicking::panic_fmt
[INFO] [stdout]   11:     0x5c0df6646a73 - core[df12db4294e9bfd3]::panicking::assert_failed_inner
[INFO] [stdout]   12:     0x5c0df65a8557 - core[df12db4294e9bfd3]::panicking::assert_failed::<susy_jsonrpc_core[da0321bd6a7c937c]::types::request::Request, susy_jsonrpc_core[da0321bd6a7c937c]::types::request::Request>
[INFO] [stdout]   13:     0x5c0df6593ede - susy_jsonrpc_core[da0321bd6a7c937c]::types::request::request_deserialize_batch
[INFO] [stdout]   14:     0x5c0df65a2a19 - <susy_jsonrpc_core[da0321bd6a7c937c]::types::request::request_deserialize_batch::{closure#0} as core[df12db4294e9bfd3]::ops::function::FnOnce<()>>::call_once
[INFO] [stdout]   15:     0x5c0df65b22bb - test[9d35eded1c95d3be]::__rust_begin_short_backtrace::<core[df12db4294e9bfd3]::result::Result<(), alloc[2182bb758b4b3781]::string::String>, fn() -> core[df12db4294e9bfd3]::result::Result<(), alloc[2182bb758b4b3781]::string::String>>
[INFO] [stdout]   16:     0x5c0df65bf925 - test[9d35eded1c95d3be]::run_test::{closure#0}
[INFO] [stdout]   17:     0x5c0df65b91e4 - std[70759c8f55707aa4]::sys::backtrace::__rust_begin_short_backtrace::<test[9d35eded1c95d3be]::run_test::{closure#1}, ()>
[INFO] [stdout]   18:     0x5c0df65c2a82 - <std[70759c8f55707aa4]::thread::lifecycle::spawn_unchecked<test[9d35eded1c95d3be]::run_test::{closure#1}, ()>::{closure#1} as core[df12db4294e9bfd3]::ops::function::FnOnce<()>>::call_once::{shim:vtable#0}
[INFO] [stdout]   19:     0x5c0df6630cc9 - <std[70759c8f55707aa4]::sys::thread::unix::Thread>::new::thread_start
[INFO] [stdout]   20:     0x705b8fe7bdfa - <unknown>
[INFO] [stdout]   21:     0x705b8ff0f3d4 - clone
[INFO] [stdout]   22:                0x0 - <unknown>
[INFO] [stdout] 
[INFO] [stdout] ---- types::response::success_output_deserialize stdout ----
[INFO] [stdout] 
[INFO] [stdout] thread 'types::response::success_output_deserialize' (353) panicked at src/types/response.rs:188:58:
[INFO] [stdout] called `Result::unwrap()` on an `Err` value: Error("", line: 0, column: 0)
[INFO] [stdout] stack backtrace:
[INFO] [stdout]    0:     0x5c0df66313f1 - <<std[70759c8f55707aa4]::sys::backtrace::BacktraceLock>::print::DisplayBacktrace as core[df12db4294e9bfd3]::fmt::Display>::fmt
[INFO] [stdout]    1:     0x5c0df664642a - core[df12db4294e9bfd3]::fmt::write
[INFO] [stdout]    2:     0x5c0df663593c - <alloc[2182bb758b4b3781]::vec::Vec<u8> as core[df12db4294e9bfd3]::io::write::Write>::write_fmt
[INFO] [stdout]    3:     0x5c0df660d8e6 - std[70759c8f55707aa4]::panicking::default_hook::{closure#0}
[INFO] [stdout]    4:     0x5c0df6629b59 - std[70759c8f55707aa4]::panicking::default_hook
[INFO] [stdout]    5:     0x5c0df65befd0 - test[9d35eded1c95d3be]::test_main_inner::<test[9d35eded1c95d3be]::test_main_static::{closure#0}>::{closure#0}
[INFO] [stdout]    6:     0x5c0df6629d12 - std[70759c8f55707aa4]::panicking::panic_with_hook
[INFO] [stdout]    7:     0x5c0df660d992 - std[70759c8f55707aa4]::panicking::panic_handler::{closure#0}
[INFO] [stdout]    8:     0x5c0df66066e9 - std[70759c8f55707aa4]::sys::backtrace::__rust_end_short_backtrace::<std[70759c8f55707aa4]::panicking::panic_handler::{closure#0}, !>
[INFO] [stdout]    9:     0x5c0df660e58d - __rustc[8fa7c3cbc660c2b3]::rust_begin_unwind
[INFO] [stdout]   10:     0x5c0df6646b5c - core[df12db4294e9bfd3]::panicking::panic_fmt
[INFO] [stdout]   11:     0x5c0df6646932 - core[df12db4294e9bfd3]::result::unwrap_failed
[INFO] [stdout]   12:     0x5c0df659a9c7 - susy_jsonrpc_core[da0321bd6a7c937c]::types::response::success_output_deserialize
[INFO] [stdout]   13:     0x5c0df65a2ad9 - <susy_jsonrpc_core[da0321bd6a7c937c]::types::response::success_output_deserialize::{closure#0} as core[df12db4294e9bfd3]::ops::function::FnOnce<()>>::call_once
[INFO] [stdout]   14:     0x5c0df65b22bb - test[9d35eded1c95d3be]::__rust_begin_short_backtrace::<core[df12db4294e9bfd3]::result::Result<(), alloc[2182bb758b4b3781]::string::String>, fn() -> core[df12db4294e9bfd3]::result::Result<(), alloc[2182bb758b4b3781]::string::String>>
[INFO] [stdout]   15:     0x5c0df65bf925 - test[9d35eded1c95d3be]::run_test::{closure#0}
[INFO] [stdout]   16:     0x5c0df65b91e4 - std[70759c8f55707aa4]::sys::backtrace::__rust_begin_short_backtrace::<test[9d35eded1c95d3be]::run_test::{closure#1}, ()>
[INFO] [stdout]   17:     0x5c0df65c2a82 - <std[70759c8f55707aa4]::thread::lifecycle::spawn_unchecked<test[9d35eded1c95d3be]::run_test::{closure#1}, ()>::{closure#1} as core[df12db4294e9bfd3]::ops::function::FnOnce<()>>::call_once::{shim:vtable#0}
[INFO] [stdout]   18:     0x5c0df6630cc9 - <std[70759c8f55707aa4]::sys::thread::unix::Thread>::new::thread_start
[INFO] [stdout]   19:     0x705b8fe7bdfa - <unknown>
[INFO] [stdout]   20:     0x705b8ff0f3d4 - clone
[INFO] [stdout]   21:                0x0 - <unknown>
[INFO] [stdout] 
[INFO] [stdout] ---- types::response::failure_output_deserialize stdout ----
[INFO] [stdout] 
[INFO] [stdout] thread 'types::response::failure_output_deserialize' (349) panicked at src/types/response.rs:230:58:
[INFO] [stdout] called `Result::unwrap()` on an `Err` value: Error("", line: 0, column: 0)
[INFO] [stdout] stack backtrace:
[INFO] [stdout]    0:     0x5c0df66313f1 - <<std[70759c8f55707aa4]::sys::backtrace::BacktraceLock>::print::DisplayBacktrace as core[df12db4294e9bfd3]::fmt::Display>::fmt
[INFO] [stdout]    1:     0x5c0df664642a - core[df12db4294e9bfd3]::fmt::write
[INFO] [stdout]    2:     0x5c0df663593c - <alloc[2182bb758b4b3781]::vec::Vec<u8> as core[df12db4294e9bfd3]::io::write::Write>::write_fmt
[INFO] [stdout]    3:     0x5c0df660d8e6 - std[70759c8f55707aa4]::panicking::default_hook::{closure#0}
[INFO] [stdout]    4:     0x5c0df6629b59 - std[70759c8f55707aa4]::panicking::default_hook
[INFO] [stdout]    5:     0x5c0df65befd0 - test[9d35eded1c95d3be]::test_main_inner::<test[9d35eded1c95d3be]::test_main_static::{closure#0}>::{closure#0}
[INFO] [stdout]    6:     0x5c0df6629d12 - std[70759c8f55707aa4]::panicking::panic_with_hook
[INFO] [stdout]    7:     0x5c0df660d992 - std[70759c8f55707aa4]::panicking::panic_handler::{closure#0}
[INFO] [stdout]    8:     0x5c0df66066e9 - std[70759c8f55707aa4]::sys::backtrace::__rust_end_short_backtrace::<std[70759c8f55707aa4]::panicking::panic_handler::{closure#0}, !>
[INFO] [stdout]    9:     0x5c0df660e58d - __rustc[8fa7c3cbc660c2b3]::rust_begin_unwind
[INFO] [stdout]   10:     0x5c0df6646b5c - core[df12db4294e9bfd3]::panicking::panic_fmt
[INFO] [stdout]   11:     0x5c0df6646932 - core[df12db4294e9bfd3]::result::unwrap_failed
[INFO] [stdout]   12:     0x5c0df659a81e - susy_jsonrpc_core[da0321bd6a7c937c]::types::response::failure_output_deserialize
[INFO] [stdout]   13:     0x5c0df65a2ab9 - <susy_jsonrpc_core[da0321bd6a7c937c]::types::response::failure_output_deserialize::{closure#0} as core[df12db4294e9bfd3]::ops::function::FnOnce<()>>::call_once
[INFO] [stdout]   14:     0x5c0df65b22bb - test[9d35eded1c95d3be]::__rust_begin_short_backtrace::<core[df12db4294e9bfd3]::result::Result<(), alloc[2182bb758b4b3781]::string::String>, fn() -> core[df12db4294e9bfd3]::result::Result<(), alloc[2182bb758b4b3781]::string::String>>
[INFO] [stdout]   15:     0x5c0df65bf925 - test[9d35eded1c95d3be]::run_test::{closure#0}
[INFO] [stdout]   16:     0x5c0df65b91e4 - std[70759c8f55707aa4]::sys::backtrace::__rust_begin_short_backtrace::<test[9d35eded1c95d3be]::run_test::{closure#1}, ()>
[INFO] [stdout]   17:     0x5c0df65c2a82 - <std[70759c8f55707aa4]::thread::lifecycle::spawn_unchecked<test[9d35eded1c95d3be]::run_test::{closure#1}, ()>::{closure#1} as core[df12db4294e9bfd3]::ops::function::FnOnce<()>>::call_once::{shim:vtable#0}
[INFO] [stdout]   18:     0x5c0df6630cc9 - <std[70759c8f55707aa4]::sys::thread::unix::Thread>::new::thread_start
[INFO] [stdout]   19:     0x705b8fe7bdfa - <unknown>
[INFO] [stdout]   20:     0x705b8ff0f3d4 - clone
[INFO] [stdout]   21:                0x0 - <unknown>
[INFO] [stdout] 
[INFO] [stdout] ---- io::tests::test_method_not_found stdout ----
[INFO] [stdout] 
[INFO] [stdout] thread 'io::tests::test_method_not_found' (332) panicked at src/io.rs:416:9:
[INFO] [stdout] assertion `left == right` failed
[INFO] [stdout]   left: Some("{\"jsonrpc\":\"2.0\",\"error\":{\"code\":-32600,\"message\":\"Invalid request\"},\"id\":null}")
[INFO] [stdout]  right: Some("{\"jsonrpc\":\"2.0\",\"error\":{\"code\":-32601,\"message\":\"Method not found\"},\"id\":1}")
[INFO] [stdout] stack backtrace:
[INFO] [stdout]    0:     0x5c0df66313f1 - <<std[70759c8f55707aa4]::sys::backtrace::BacktraceLock>::print::DisplayBacktrace as core[df12db4294e9bfd3]::fmt::Display>::fmt
[INFO] [stdout]    1:     0x5c0df664642a - core[df12db4294e9bfd3]::fmt::write
[INFO] [stdout]    2:     0x5c0df663593c - <alloc[2182bb758b4b3781]::vec::Vec<u8> as core[df12db4294e9bfd3]::io::write::Write>::write_fmt
[INFO] [stdout]    3:     0x5c0df660d8e6 - std[70759c8f55707aa4]::panicking::default_hook::{closure#0}
[INFO] [stdout]    4:     0x5c0df6629b59 - std[70759c8f55707aa4]::panicking::default_hook
[INFO] [stdout]    5:     0x5c0df65befd0 - test[9d35eded1c95d3be]::test_main_inner::<test[9d35eded1c95d3be]::test_main_static::{closure#0}>::{closure#0}
[INFO] [stdout]    6:     0x5c0df6629d12 - std[70759c8f55707aa4]::panicking::panic_with_hook
[INFO] [stdout]    7:     0x5c0df660d992 - std[70759c8f55707aa4]::panicking::panic_handler::{closure#0}
[INFO] [stdout]    8:     0x5c0df66066e9 - std[70759c8f55707aa4]::sys::backtrace::__rust_end_short_backtrace::<std[70759c8f55707aa4]::panicking::panic_handler::{closure#0}, !>
[INFO] [stdout]    9:     0x5c0df660e58d - __rustc[8fa7c3cbc660c2b3]::rust_begin_unwind
[INFO] [stdout]   10:     0x5c0df6646b5c - core[df12db4294e9bfd3]::panicking::panic_fmt
[INFO] [stdout]   11:     0x5c0df6646a73 - core[df12db4294e9bfd3]::panicking::assert_failed_inner
[INFO] [stdout]   12:     0x5c0df65a8388 - core[df12db4294e9bfd3]::panicking::assert_failed::<core[df12db4294e9bfd3]::option::Option<alloc[2182bb758b4b3781]::string::String>, core[df12db4294e9bfd3]::option::Option<alloc[2182bb758b4b3781]::string::String>>
[INFO] [stdout]   13:     0x5c0df65a6885 - susy_jsonrpc_core[da0321bd6a7c937c]::io::tests::test_method_not_found
[INFO] [stdout]   14:     0x5c0df65a2919 - <susy_jsonrpc_core[da0321bd6a7c937c]::io::tests::test_method_not_found::{closure#0} as core[df12db4294e9bfd3]::ops::function::FnOnce<()>>::call_once
[INFO] [stdout]   15:     0x5c0df65b22bb - test[9d35eded1c95d3be]::__rust_begin_short_backtrace::<core[df12db4294e9bfd3]::result::Result<(), alloc[2182bb758b4b3781]::string::String>, fn() -> core[df12db4294e9bfd3]::result::Result<(), alloc[2182bb758b4b3781]::string::String>>
[INFO] [stdout]   16:     0x5c0df65bf925 - test[9d35eded1c95d3be]::run_test::{closure#0}
[INFO] [stdout]   17:     0x5c0df65b91e4 - std[70759c8f55707aa4]::sys::backtrace::__rust_begin_short_backtrace::<test[9d35eded1c95d3be]::run_test::{closure#1}, ()>
[INFO] [stdout]   18:     0x5c0df65c2a82 - <std[70759c8f55707aa4]::thread::lifecycle::spawn_unchecked<test[9d35eded1c95d3be]::run_test::{closure#1}, ()>::{closure#1} as core[df12db4294e9bfd3]::ops::function::FnOnce<()>>::call_once::{shim:vtable#0}
[INFO] [stdout]   19:     0x5c0df6630cc9 - <std[70759c8f55707aa4]::sys::thread::unix::Thread>::new::thread_start
[INFO] [stdout]   20:     0x705b8fe7bdfa - <unknown>
[INFO] [stdout]   21:     0x705b8ff0f3d4 - clone
[INFO] [stdout]   22:                0x0 - <unknown>
[INFO] [stdout] 
[INFO] [stdout] ---- types::request::request_invalid_returns_id stdout ----
[INFO] [stdout] 
[INFO] [stdout] thread 'types::request::request_invalid_returns_id' (346) panicked at src/types/request.rs:266:14:
[INFO] [stdout] Request wrongly deserialized: Single(Invalid(Null))
[INFO] [stdout] stack backtrace:
[INFO] [stdout]    0:     0x5c0df66313f1 - <<std[70759c8f55707aa4]::sys::backtrace::BacktraceLock>::print::DisplayBacktrace as core[df12db4294e9bfd3]::fmt::Display>::fmt
[INFO] [stdout]    1:     0x5c0df664642a - core[df12db4294e9bfd3]::fmt::write
[INFO] [stdout]    2:     0x5c0df663593c - <alloc[2182bb758b4b3781]::vec::Vec<u8> as core[df12db4294e9bfd3]::io::write::Write>::write_fmt
[INFO] [stdout]    3:     0x5c0df660d8e6 - std[70759c8f55707aa4]::panicking::default_hook::{closure#0}
[INFO] [stdout]    4:     0x5c0df6629b59 - std[70759c8f55707aa4]::panicking::default_hook
[INFO] [stdout]    5:     0x5c0df65befd0 - test[9d35eded1c95d3be]::test_main_inner::<test[9d35eded1c95d3be]::test_main_static::{closure#0}>::{closure#0}
[INFO] [stdout]    6:     0x5c0df6629d12 - std[70759c8f55707aa4]::panicking::panic_with_hook
[INFO] [stdout]    7:     0x5c0df660d992 - std[70759c8f55707aa4]::panicking::panic_handler::{closure#0}
[INFO] [stdout]    8:     0x5c0df66066e9 - std[70759c8f55707aa4]::sys::backtrace::__rust_end_short_backtrace::<std[70759c8f55707aa4]::panicking::panic_handler::{closure#0}, !>
[INFO] [stdout]    9:     0x5c0df660e58d - __rustc[8fa7c3cbc660c2b3]::rust_begin_unwind
[INFO] [stdout]   10:     0x5c0df6646b5c - core[df12db4294e9bfd3]::panicking::panic_fmt
[INFO] [stdout]   11:     0x5c0df65940fd - susy_jsonrpc_core[da0321bd6a7c937c]::types::request::request_invalid_returns_id
[INFO] [stdout]   12:     0x5c0df65a2a39 - <susy_jsonrpc_core[da0321bd6a7c937c]::types::request::request_invalid_returns_id::{closure#0} as core[df12db4294e9bfd3]::ops::function::FnOnce<()>>::call_once
[INFO] [stdout]   13:     0x5c0df65b22bb - test[9d35eded1c95d3be]::__rust_begin_short_backtrace::<core[df12db4294e9bfd3]::result::Result<(), alloc[2182bb758b4b3781]::string::String>, fn() -> core[df12db4294e9bfd3]::result::Result<(), alloc[2182bb758b4b3781]::string::String>>
[INFO] [stdout]   14:     0x5c0df65bf925 - test[9d35eded1c95d3be]::run_test::{closure#0}
[INFO] [stdout]   15:     0x5c0df65b91e4 - std[70759c8f55707aa4]::sys::backtrace::__rust_begin_short_backtrace::<test[9d35eded1c95d3be]::run_test::{closure#1}, ()>
[INFO] [stdout]   16:     0x5c0df65c2a82 - <std[70759c8f55707aa4]::thread::lifecycle::spawn_unchecked<test[9d35eded1c95d3be]::run_test::{closure#1}, ()>::{closure#1} as core[df12db4294e9bfd3]::ops::function::FnOnce<()>>::call_once::{shim:vtable#0}
[INFO] [stdout]   17:     0x5c0df6630cc9 - <std[70759c8f55707aa4]::sys::thread::unix::Thread>::new::thread_start
[INFO] [stdout]   18:     0x705b8fe7bdfa - <unknown>
[INFO] [stdout]   19:     0x705b8ff0f3d4 - clone
[INFO] [stdout]   20:                0x0 - <unknown>
[INFO] [stdout] 
[INFO] [stdout] ---- types::response::batch_response_deserialize stdout ----
[INFO] [stdout] 
[INFO] [stdout] thread 'types::response::batch_response_deserialize' (348) panicked at src/types/response.rs:260:60:
[INFO] [stdout] called `Result::unwrap()` on an `Err` value: Error("", line: 0, column: 0)
[INFO] [stdout] stack backtrace:
[INFO] [stdout]    0:     0x5c0df66313f1 - <<std[70759c8f55707aa4]::sys::backtrace::BacktraceLock>::print::DisplayBacktrace as core[df12db4294e9bfd3]::fmt::Display>::fmt
[INFO] [stdout]    1:     0x5c0df664642a - core[df12db4294e9bfd3]::fmt::write
[INFO] [stdout]    2:     0x5c0df663593c - <alloc[2182bb758b4b3781]::vec::Vec<u8> as core[df12db4294e9bfd3]::io::write::Write>::write_fmt
[INFO] [stdout]    3:     0x5c0df660d8e6 - std[70759c8f55707aa4]::panicking::default_hook::{closure#0}
[INFO] [stdout]    4:     0x5c0df6629b59 - std[70759c8f55707aa4]::panicking::default_hook
[INFO] [stdout]    5:     0x5c0df65befd0 - test[9d35eded1c95d3be]::test_main_inner::<test[9d35eded1c95d3be]::test_main_static::{closure#0}>::{closure#0}
[INFO] [stdout]    6:     0x5c0df6629d12 - std[70759c8f55707aa4]::panicking::panic_with_hook
[INFO] [stdout]    7:     0x5c0df660d992 - std[70759c8f55707aa4]::panicking::panic_handler::{closure#0}
[INFO] [stdout]    8:     0x5c0df66066e9 - std[70759c8f55707aa4]::sys::backtrace::__rust_end_short_backtrace::<std[70759c8f55707aa4]::panicking::panic_handler::{closure#0}, !>
[INFO] [stdout]    9:     0x5c0df660e58d - __rustc[8fa7c3cbc660c2b3]::rust_begin_unwind
[INFO] [stdout]   10:     0x5c0df6646b5c - core[df12db4294e9bfd3]::panicking::panic_fmt
[INFO] [stdout]   11:     0x5c0df6646932 - core[df12db4294e9bfd3]::result::unwrap_failed
[INFO] [stdout]   12:     0x5c0df659a5ce - susy_jsonrpc_core[da0321bd6a7c937c]::types::response::batch_response_deserialize
[INFO] [stdout]   13:     0x5c0df65a2a99 - <susy_jsonrpc_core[da0321bd6a7c937c]::types::response::batch_response_deserialize::{closure#0} as core[df12db4294e9bfd3]::ops::function::FnOnce<()>>::call_once
[INFO] [stdout]   14:     0x5c0df65b22bb - test[9d35eded1c95d3be]::__rust_begin_short_backtrace::<core[df12db4294e9bfd3]::result::Result<(), alloc[2182bb758b4b3781]::string::String>, fn() -> core[df12db4294e9bfd3]::result::Result<(), alloc[2182bb758b4b3781]::string::String>>
[INFO] [stdout]   15:     0x5c0df65bf925 - test[9d35eded1c95d3be]::run_test::{closure#0}
[INFO] [stdout]   16:     0x5c0df65b91e4 - std[70759c8f55707aa4]::sys::backtrace::__rust_begin_short_backtrace::<test[9d35eded1c95d3be]::run_test::{closure#1}, ()>
[INFO] [stdout]   17:     0x5c0df65c2a82 - <std[70759c8f55707aa4]::thread::lifecycle::spawn_unchecked<test[9d35eded1c95d3be]::run_test::{closure#1}, ()>::{closure#1} as core[df12db4294e9bfd3]::ops::function::FnOnce<()>>::call_once::{shim:vtable#0}
[INFO] [stdout]   18:     0x5c0df6630cc9 - <std[70759c8f55707aa4]::sys::thread::unix::Thread>::new::thread_start
[INFO] [stdout]   19:     0x705b8fe7bdfa - <unknown>
[INFO] [stdout]   20:     0x705b8ff0f3d4 - clone
[INFO] [stdout]   21:                0x0 - <unknown>
[INFO] [stdout] 
[INFO] [stdout] ---- types::response::single_response_deserialize stdout ----
[INFO] [stdout] 
[INFO] [stdout] thread 'types::response::single_response_deserialize' (352) panicked at src/types/response.rs:245:60:
[INFO] [stdout] called `Result::unwrap()` on an `Err` value: Error("", line: 0, column: 0)
[INFO] [stdout] stack backtrace:
[INFO] [stdout]    0:     0x5c0df66313f1 - <<std[70759c8f55707aa4]::sys::backtrace::BacktraceLock>::print::DisplayBacktrace as core[df12db4294e9bfd3]::fmt::Display>::fmt
[INFO] [stdout]    1:     0x5c0df664642a - core[df12db4294e9bfd3]::fmt::write
[INFO] [stdout]    2:     0x5c0df663593c - <alloc[2182bb758b4b3781]::vec::Vec<u8> as core[df12db4294e9bfd3]::io::write::Write>::write_fmt
[INFO] [stdout]    3:     0x5c0df660d8e6 - std[70759c8f55707aa4]::panicking::default_hook::{closure#0}
[INFO] [stdout]    4:     0x5c0df6629b59 - std[70759c8f55707aa4]::panicking::default_hook
[INFO] [stdout]    5:     0x5c0df65befd0 - test[9d35eded1c95d3be]::test_main_inner::<test[9d35eded1c95d3be]::test_main_static::{closure#0}>::{closure#0}
[INFO] [stdout]    6:     0x5c0df6629d12 - std[70759c8f55707aa4]::panicking::panic_with_hook
[INFO] [stdout]    7:     0x5c0df660d992 - std[70759c8f55707aa4]::panicking::panic_handler::{closure#0}
[INFO] [stdout]    8:     0x5c0df66066e9 - std[70759c8f55707aa4]::sys::backtrace::__rust_end_short_backtrace::<std[70759c8f55707aa4]::panicking::panic_handler::{closure#0}, !>
[INFO] [stdout]    9:     0x5c0df660e58d - __rustc[8fa7c3cbc660c2b3]::rust_begin_unwind
[INFO] [stdout]   10:     0x5c0df6646b5c - core[df12db4294e9bfd3]::panicking::panic_fmt
[INFO] [stdout]   11:     0x5c0df6646932 - core[df12db4294e9bfd3]::result::unwrap_failed
[INFO] [stdout]   12:     0x5c0df659ab6f - susy_jsonrpc_core[da0321bd6a7c937c]::types::response::single_response_deserialize
[INFO] [stdout]   13:     0x5c0df65a2af9 - <susy_jsonrpc_core[da0321bd6a7c937c]::types::response::single_response_deserialize::{closure#0} as core[df12db4294e9bfd3]::ops::function::FnOnce<()>>::call_once
[INFO] [stdout]   14:     0x5c0df65b22bb - test[9d35eded1c95d3be]::__rust_begin_short_backtrace::<core[df12db4294e9bfd3]::result::Result<(), alloc[2182bb758b4b3781]::string::String>, fn() -> core[df12db4294e9bfd3]::result::Result<(), alloc[2182bb758b4b3781]::string::String>>
[INFO] [stdout]   15:     0x5c0df65bf925 - test[9d35eded1c95d3be]::run_test::{closure#0}
[INFO] [stdout]   16:     0x5c0df65b91e4 - std[70759c8f55707aa4]::sys::backtrace::__rust_begin_short_backtrace::<test[9d35eded1c95d3be]::run_test::{closure#1}, ()>
[INFO] [stdout]   17:     0x5c0df65c2a82 - <std[70759c8f55707aa4]::thread::lifecycle::spawn_unchecked<test[9d35eded1c95d3be]::run_test::{closure#1}, ()>::{closure#1} as core[df12db4294e9bfd3]::ops::function::FnOnce<()>>::call_once::{shim:vtable#0}
[INFO] [stdout]   18:     0x5c0df6630cc9 - <std[70759c8f55707aa4]::sys::thread::unix::Thread>::new::thread_start
[INFO] [stdout]   19:     0x705b8fe7bdfa - <unknown>
[INFO] [stdout]   20:     0x705b8ff0f3d4 - clone
[INFO] [stdout]   21:                0x0 - <unknown>
[INFO] [stdout] 
[INFO] [stdout] ---- io::tests::test_io_handler_1dot0 stdout ----
[INFO] [stdout] 
[INFO] [stdout] thread 'io::tests::test_io_handler_1dot0' (330) panicked at src/io.rs:374:9:
[INFO] [stdout] assertion `left == right` failed
[INFO] [stdout]   left: Some("{\"jsonrpc\":\"2.0\",\"error\":{\"code\":-32600,\"message\":\"Invalid request\"},\"id\":null}")
[INFO] [stdout]  right: Some("{\"result\":\"hello\",\"id\":1}")
[INFO] [stdout] stack backtrace:
[INFO] [stdout]    0:     0x5c0df66313f1 - <<std[70759c8f55707aa4]::sys::backtrace::BacktraceLock>::print::DisplayBacktrace as core[df12db4294e9bfd3]::fmt::Display>::fmt
[INFO] [stdout]    1:     0x5c0df664642a - core[df12db4294e9bfd3]::fmt::write
[INFO] [stdout]    2:     0x5c0df663593c - <alloc[2182bb758b4b3781]::vec::Vec<u8> as core[df12db4294e9bfd3]::io::write::Write>::write_fmt
[INFO] [stdout]    3:     0x5c0df660d8e6 - std[70759c8f55707aa4]::panicking::default_hook::{closure#0}
[INFO] [stdout]    4:     0x5c0df6629b59 - std[70759c8f55707aa4]::panicking::default_hook
[INFO] [stdout]    5:     0x5c0df65befd0 - test[9d35eded1c95d3be]::test_main_inner::<test[9d35eded1c95d3be]::test_main_static::{closure#0}>::{closure#0}
[INFO] [stdout]    6:     0x5c0df6629d12 - std[70759c8f55707aa4]::panicking::panic_with_hook
[INFO] [stdout]    7:     0x5c0df660d992 - std[70759c8f55707aa4]::panicking::panic_handler::{closure#0}
[INFO] [stdout]    8:     0x5c0df66066e9 - std[70759c8f55707aa4]::sys::backtrace::__rust_end_short_backtrace::<std[70759c8f55707aa4]::panicking::panic_handler::{closure#0}, !>
[INFO] [stdout]    9:     0x5c0df660e58d - __rustc[8fa7c3cbc660c2b3]::rust_begin_unwind
[INFO] [stdout]   10:     0x5c0df6646b5c - core[df12db4294e9bfd3]::panicking::panic_fmt
[INFO] [stdout]   11:     0x5c0df6646a73 - core[df12db4294e9bfd3]::panicking::assert_failed_inner
[INFO] [stdout]   12:     0x5c0df65a8388 - core[df12db4294e9bfd3]::panicking::assert_failed::<core[df12db4294e9bfd3]::option::Option<alloc[2182bb758b4b3781]::string::String>, core[df12db4294e9bfd3]::option::Option<alloc[2182bb758b4b3781]::string::String>>
[INFO] [stdout]   13:     0x5c0df65a66a8 - susy_jsonrpc_core[da0321bd6a7c937c]::io::tests::test_io_handler_1dot0
[INFO] [stdout]   14:     0x5c0df65a28f9 - <susy_jsonrpc_core[da0321bd6a7c937c]::io::tests::test_io_handler_1dot0::{closure#0} as core[df12db4294e9bfd3]::ops::function::FnOnce<()>>::call_once
[INFO] [stdout]   15:     0x5c0df65b22bb - test[9d35eded1c95d3be]::__rust_begin_short_backtrace::<core[df12db4294e9bfd3]::result::Result<(), alloc[2182bb758b4b3781]::string::String>, fn() -> core[df12db4294e9bfd3]::result::Result<(), alloc[2182bb758b4b3781]::string::String>>
[INFO] [stdout]   16:     0x5c0df65bf925 - test[9d35eded1c95d3be]::run_test::{closure#0}
[INFO] [stdout]   17:     0x5c0df65b91e4 - std[70759c8f55707aa4]::sys::backtrace::__rust_begin_short_backtrace::<test[9d35eded1c95d3be]::run_test::{closure#1}, ()>
[INFO] [stdout]   18:     0x5c0df65c2a82 - <std[70759c8f55707aa4]::thread::lifecycle::spawn_unchecked<test[9d35eded1c95d3be]::run_test::{closure#1}, ()>::{closure#1} as core[df12db4294e9bfd3]::ops::function::FnOnce<()>>::call_once::{shim:vtable#0}
[INFO] [stdout]   19:     0x5c0df6630cc9 - <std[70759c8f55707aa4]::sys::thread::unix::Thread>::new::thread_start
[INFO] [stdout]   20:     0x705b8fe7bdfa - <unknown>
[INFO] [stdout]   21:     0x705b8ff0f3d4 - clone
[INFO] [stdout]   22:                0x0 - <unknown>
[INFO] [stdout] 
[INFO] [stdout] ---- types::params::tests::params_deserialization stdout ----
[INFO] [stdout] 
[INFO] [stdout] thread 'types::params::tests::params_deserialization' (338) panicked at src/types/params.rs:101:60:
[INFO] [stdout] called `Result::unwrap()` on an `Err` value: Error("invalid type: sequence, expected a map or sequence", line: 1, column: 0)
[INFO] [stdout] stack backtrace:
[INFO] [stdout]    0:     0x5c0df66313f1 - <<std[70759c8f55707aa4]::sys::backtrace::BacktraceLock>::print::DisplayBacktrace as core[df12db4294e9bfd3]::fmt::Display>::fmt
[INFO] [stdout]    1:     0x5c0df664642a - core[df12db4294e9bfd3]::fmt::write
[INFO] [stdout]    2:     0x5c0df663593c - <alloc[2182bb758b4b3781]::vec::Vec<u8> as core[df12db4294e9bfd3]::io::write::Write>::write_fmt
[INFO] [stdout]    3:     0x5c0df660d8e6 - std[70759c8f55707aa4]::panicking::default_hook::{closure#0}
[INFO] [stdout]    4:     0x5c0df6629b59 - std[70759c8f55707aa4]::panicking::default_hook
[INFO] [stdout]    5:     0x5c0df65befd0 - test[9d35eded1c95d3be]::test_main_inner::<test[9d35eded1c95d3be]::test_main_static::{closure#0}>::{closure#0}
[INFO] [stdout]    6:     0x5c0df6629d12 - std[70759c8f55707aa4]::panicking::panic_with_hook
[INFO] [stdout]    7:     0x5c0df660d992 - std[70759c8f55707aa4]::panicking::panic_handler::{closure#0}
[INFO] [stdout]    8:     0x5c0df66066e9 - std[70759c8f55707aa4]::sys::backtrace::__rust_end_short_backtrace::<std[70759c8f55707aa4]::panicking::panic_handler::{closure#0}, !>
[INFO] [stdout]    9:     0x5c0df660e58d - __rustc[8fa7c3cbc660c2b3]::rust_begin_unwind
[INFO] [stdout]   10:     0x5c0df6646b5c - core[df12db4294e9bfd3]::panicking::panic_fmt
[INFO] [stdout]   11:     0x5c0df6646932 - core[df12db4294e9bfd3]::result::unwrap_failed
[INFO] [stdout]   12:     0x5c0df65aac2b - susy_jsonrpc_core[da0321bd6a7c937c]::types::params::tests::params_deserialization
[INFO] [stdout]   13:     0x5c0df65a2b79 - <susy_jsonrpc_core[da0321bd6a7c937c]::types::params::tests::params_deserialization::{closure#0} as core[df12db4294e9bfd3]::ops::function::FnOnce<()>>::call_once
[INFO] [stdout]   14:     0x5c0df65b22bb - test[9d35eded1c95d3be]::__rust_begin_short_backtrace::<core[df12db4294e9bfd3]::result::Result<(), alloc[2182bb758b4b3781]::string::String>, fn() -> core[df12db4294e9bfd3]::result::Result<(), alloc[2182bb758b4b3781]::string::String>>
[INFO] [stdout]   15:     0x5c0df65bf925 - test[9d35eded1c95d3be]::run_test::{closure#0}
[INFO] [stdout]   16:     0x5c0df65b91e4 - std[70759c8f55707aa4]::sys::backtrace::__rust_begin_short_backtrace::<test[9d35eded1c95d3be]::run_test::{closure#1}, ()>
[INFO] [stdout]   17:     0x5c0df65c2a82 - <std[70759c8f55707aa4]::thread::lifecycle::spawn_unchecked<test[9d35eded1c95d3be]::run_test::{closure#1}, ()>::{closure#1} as core[df12db4294e9bfd3]::ops::function::FnOnce<()>>::call_once::{shim:vtable#0}
[INFO] [stdout]   18:     0x5c0df6630cc9 - <std[70759c8f55707aa4]::sys::thread::unix::Thread>::new::thread_start
[INFO] [stdout]   19:     0x705b8fe7bdfa - <unknown>
[INFO] [stdout]   20:     0x705b8ff0f3d4 - clone
[INFO] [stdout]   21:                0x0 - <unknown>
[INFO] [stdout] 
[INFO] [stdout] ---- types::request::call_deserialize stdout ----
[INFO] [stdout] 
[INFO] [stdout] thread 'types::request::call_deserialize' (340) panicked at src/types/request.rs:220:5:
[INFO] [stdout] assertion `left == right` failed
[INFO] [stdout]   left: Invalid(Null)
[INFO] [stdout]  right: Notification(Notification { jsonrpc: Some(V2), method: "update", params: Some(Array([Number(1)])) })
[INFO] [stdout] stack backtrace:
[INFO] [stdout]    0:     0x5c0df66313f1 - <<std[70759c8f55707aa4]::sys::backtrace::BacktraceLock>::print::DisplayBacktrace as core[df12db4294e9bfd3]::fmt::Display>::fmt
[INFO] [stdout]    1:     0x5c0df664642a - core[df12db4294e9bfd3]::fmt::write
[INFO] [stdout]    2:     0x5c0df663593c - <alloc[2182bb758b4b3781]::vec::Vec<u8> as core[df12db4294e9bfd3]::io::write::Write>::write_fmt
[INFO] [stdout]    3:     0x5c0df660d8e6 - std[70759c8f55707aa4]::panicking::default_hook::{closure#0}
[INFO] [stdout]    4:     0x5c0df6629b59 - std[70759c8f55707aa4]::panicking::default_hook
[INFO] [stdout]    5:     0x5c0df65befd0 - test[9d35eded1c95d3be]::test_main_inner::<test[9d35eded1c95d3be]::test_main_static::{closure#0}>::{closure#0}
[INFO] [stdout]    6:     0x5c0df6629d12 - std[70759c8f55707aa4]::panicking::panic_with_hook
[INFO] [stdout]    7:     0x5c0df660d992 - std[70759c8f55707aa4]::panicking::panic_handler::{closure#0}
[INFO] [stdout]    8:     0x5c0df66066e9 - std[70759c8f55707aa4]::sys::backtrace::__rust_end_short_backtrace::<std[70759c8f55707aa4]::panicking::panic_handler::{closure#0}, !>
[INFO] [stdout]    9:     0x5c0df660e58d - __rustc[8fa7c3cbc660c2b3]::rust_begin_unwind
[INFO] [stdout]   10:     0x5c0df6646b5c - core[df12db4294e9bfd3]::panicking::panic_fmt
[INFO] [stdout]   11:     0x5c0df6646a73 - core[df12db4294e9bfd3]::panicking::assert_failed_inner
[INFO] [stdout]   12:     0x5c0df65a8524 - core[df12db4294e9bfd3]::panicking::assert_failed::<susy_jsonrpc_core[da0321bd6a7c937c]::types::request::Call, susy_jsonrpc_core[da0321bd6a7c937c]::types::request::Call>
[INFO] [stdout]   13:     0x5c0df6592b46 - susy_jsonrpc_core[da0321bd6a7c937c]::types::request::call_deserialize
[INFO] [stdout]   14:     0x5c0df65a2979 - <susy_jsonrpc_core[da0321bd6a7c937c]::types::request::call_deserialize::{closure#0} as core[df12db4294e9bfd3]::ops::function::FnOnce<()>>::call_once
[INFO] [stdout]   15:     0x5c0df65b22bb - test[9d35eded1c95d3be]::__rust_begin_short_backtrace::<core[df12db4294e9bfd3]::result::Result<(), alloc[2182bb758b4b3781]::string::String>, fn() -> core[df12db4294e9bfd3]::result::Result<(), alloc[2182bb758b4b3781]::string::String>>
[INFO] [stdout]   16:     0x5c0df65bf925 - test[9d35eded1c95d3be]::run_test::{closure#0}
[INFO] [stdout]   17:     0x5c0df65b91e4 - std[70759c8f55707aa4]::sys::backtrace::__rust_begin_short_backtrace::<test[9d35eded1c95d3be]::run_test::{closure#1}, ()>
[INFO] [stdout]   18:     0x5c0df65c2a82 - <std[70759c8f55707aa4]::thread::lifecycle::spawn_unchecked<test[9d35eded1c95d3be]::run_test::{closure#1}, ()>::{closure#1} as core[df12db4294e9bfd3]::ops::function::FnOnce<()>>::call_once::{shim:vtable#0}
[INFO] [stdout]   19:     0x5c0df6630cc9 - <std[70759c8f55707aa4]::sys::thread::unix::Thread>::new::thread_start
[INFO] [stdout]   20:     0x705b8fe7bdfa - <unknown>
[INFO] [stdout]   21:     0x705b8ff0f3d4 - clone
[INFO] [stdout]   22:                0x0 - <unknown>
[INFO] [stdout] 
[INFO] [stdout] ---- io::tests::test_notification stdout ----
[INFO] [stdout] 
[INFO] [stdout] thread 'io::tests::test_notification' (333) panicked at src/io.rs:405:9:
[INFO] [stdout] assertion `left == right` failed
[INFO] [stdout]   left: Some("{\"jsonrpc\":\"2.0\",\"error\":{\"code\":-32600,\"message\":\"Invalid request\"},\"id\":null}")
[INFO] [stdout]  right: None
[INFO] [stdout] stack backtrace:
[INFO] [stdout]    0:     0x5c0df66313f1 - <<std[70759c8f55707aa4]::sys::backtrace::BacktraceLock>::print::DisplayBacktrace as core[df12db4294e9bfd3]::fmt::Display>::fmt
[INFO] [stdout]    1:     0x5c0df664642a - core[df12db4294e9bfd3]::fmt::write
[INFO] [stdout]    2:     0x5c0df663593c - <alloc[2182bb758b4b3781]::vec::Vec<u8> as core[df12db4294e9bfd3]::io::write::Write>::write_fmt
[INFO] [stdout]    3:     0x5c0df660d8e6 - std[70759c8f55707aa4]::panicking::default_hook::{closure#0}
[INFO] [stdout]    4:     0x5c0df6629b59 - std[70759c8f55707aa4]::panicking::default_hook
[INFO] [stdout]    5:     0x5c0df65befd0 - test[9d35eded1c95d3be]::test_main_inner::<test[9d35eded1c95d3be]::test_main_static::{closure#0}>::{closure#0}
[INFO] [stdout]    6:     0x5c0df6629d12 - std[70759c8f55707aa4]::panicking::panic_with_hook
[INFO] [stdout]    7:     0x5c0df660d992 - std[70759c8f55707aa4]::panicking::panic_handler::{closure#0}
[INFO] [stdout]    8:     0x5c0df66066e9 - std[70759c8f55707aa4]::sys::backtrace::__rust_end_short_backtrace::<std[70759c8f55707aa4]::panicking::panic_handler::{closure#0}, !>
[INFO] [stdout]    9:     0x5c0df660e58d - __rustc[8fa7c3cbc660c2b3]::rust_begin_unwind
[INFO] [stdout]   10:     0x5c0df6646b5c - core[df12db4294e9bfd3]::panicking::panic_fmt
[INFO] [stdout]   11:     0x5c0df6646a73 - core[df12db4294e9bfd3]::panicking::assert_failed_inner
[INFO] [stdout]   12:     0x5c0df65a8388 - core[df12db4294e9bfd3]::panicking::assert_failed::<core[df12db4294e9bfd3]::option::Option<alloc[2182bb758b4b3781]::string::String>, core[df12db4294e9bfd3]::option::Option<alloc[2182bb758b4b3781]::string::String>>
[INFO] [stdout]   13:     0x5c0df65a631c - susy_jsonrpc_core[da0321bd6a7c937c]::io::tests::test_notification
[INFO] [stdout]   14:     0x5c0df65a28b9 - <susy_jsonrpc_core[da0321bd6a7c937c]::io::tests::test_notification::{closure#0} as core[df12db4294e9bfd3]::ops::function::FnOnce<()>>::call_once
[INFO] [stdout]   15:     0x5c0df65b22bb - test[9d35eded1c95d3be]::__rust_begin_short_backtrace::<core[df12db4294e9bfd3]::result::Result<(), alloc[2182bb758b4b3781]::string::String>, fn() -> core[df12db4294e9bfd3]::result::Result<(), alloc[2182bb758b4b3781]::string::String>>
[INFO] [stdout]   16:     0x5c0df65bf925 - test[9d35eded1c95d3be]::run_test::{closure#0}
[INFO] [stdout]   17:     0x5c0df65b91e4 - std[70759c8f55707aa4]::sys::backtrace::__rust_begin_short_backtrace::<test[9d35eded1c95d3be]::run_test::{closure#1}, ()>
[INFO] [stdout]   18:     0x5c0df65c2a82 - <std[70759c8f55707aa4]::thread::lifecycle::spawn_unchecked<test[9d35eded1c95d3be]::run_test::{closure#1}, ()>::{closure#1} as core[df12db4294e9bfd3]::ops::function::FnOnce<()>>::call_once::{shim:vtable#0}
[INFO] [stdout]   19:     0x5c0df6630cc9 - <std[70759c8f55707aa4]::sys::thread::unix::Thread>::new::thread_start
[INFO] [stdout]   20:     0x705b8fe7bdfa - <unknown>
[INFO] [stdout]   21:     0x705b8ff0f3d4 - clone
[INFO] [stdout]   22:                0x0 - <unknown>
[INFO] [stdout] 
[INFO] [stdout] ---- io::tests::test_method_alias stdout ----
[INFO] [stdout] 
[INFO] [stdout] thread 'io::tests::test_method_alias' (331) panicked at src/io.rs:431:9:
[INFO] [stdout] assertion `left == right` failed
[INFO] [stdout]   left: Some("{\"jsonrpc\":\"2.0\",\"error\":{\"code\":-32600,\"message\":\"Invalid request\"},\"id\":null}")
[INFO] [stdout]  right: Some("{\"jsonrpc\":\"2.0\",\"result\":\"hello\",\"id\":1}")
[INFO] [stdout] stack backtrace:
[INFO] [stdout]    0:     0x5c0df66313f1 - <<std[70759c8f55707aa4]::sys::backtrace::BacktraceLock>::print::DisplayBacktrace as core[df12db4294e9bfd3]::fmt::Display>::fmt
[INFO] [stdout]    1:     0x5c0df664642a - core[df12db4294e9bfd3]::fmt::write
[INFO] [stdout]    2:     0x5c0df663593c - <alloc[2182bb758b4b3781]::vec::Vec<u8> as core[df12db4294e9bfd3]::io::write::Write>::write_fmt
[INFO] [stdout]    3:     0x5c0df660d8e6 - std[70759c8f55707aa4]::panicking::default_hook::{closure#0}
[INFO] [stdout]    4:     0x5c0df6629b59 - std[70759c8f55707aa4]::panicking::default_hook
[INFO] [stdout]    5:     0x5c0df65befd0 - test[9d35eded1c95d3be]::test_main_inner::<test[9d35eded1c95d3be]::test_main_static::{closure#0}>::{closure#0}
[INFO] [stdout]    6:     0x5c0df6629d12 - std[70759c8f55707aa4]::panicking::panic_with_hook
[INFO] [stdout]    7:     0x5c0df660d992 - std[70759c8f55707aa4]::panicking::panic_handler::{closure#0}
[INFO] [stdout]    8:     0x5c0df66066e9 - std[70759c8f55707aa4]::sys::backtrace::__rust_end_short_backtrace::<std[70759c8f55707aa4]::panicking::panic_handler::{closure#0}, !>
[INFO] [stdout]    9:     0x5c0df660e58d - __rustc[8fa7c3cbc660c2b3]::rust_begin_unwind
[INFO] [stdout]   10:     0x5c0df6646b5c - core[df12db4294e9bfd3]::panicking::panic_fmt
[INFO] [stdout]   11:     0x5c0df6646a73 - core[df12db4294e9bfd3]::panicking::assert_failed_inner
[INFO] [stdout]   12:     0x5c0df65a8388 - core[df12db4294e9bfd3]::panicking::assert_failed::<core[df12db4294e9bfd3]::option::Option<alloc[2182bb758b4b3781]::string::String>, core[df12db4294e9bfd3]::option::Option<alloc[2182bb758b4b3781]::string::String>>
[INFO] [stdout]   13:     0x5c0df65a6148 - susy_jsonrpc_core[da0321bd6a7c937c]::io::tests::test_method_alias
[INFO] [stdout]   14:     0x5c0df65a2899 - <susy_jsonrpc_core[da0321bd6a7c937c]::io::tests::test_method_alias::{closure#0} as core[df12db4294e9bfd3]::ops::function::FnOnce<()>>::call_once
[INFO] [stdout]   15:     0x5c0df65b22bb - test[9d35eded1c95d3be]::__rust_begin_short_backtrace::<core[df12db4294e9bfd3]::result::Result<(), alloc[2182bb758b4b3781]::string::String>, fn() -> core[df12db4294e9bfd3]::result::Result<(), alloc[2182bb758b4b3781]::string::String>>
[INFO] [stdout]   16:     0x5c0df65bf925 - test[9d35eded1c95d3be]::run_test::{closure#0}
[INFO] [stdout]   17:     0x5c0df65b91e4 - std[70759c8f55707aa4]::sys::backtrace::__rust_begin_short_backtrace::<test[9d35eded1c95d3be]::run_test::{closure#1}, ()>
[INFO] [stdout]   18:     0x5c0df65c2a82 - <std[70759c8f55707aa4]::thread::lifecycle::spawn_unchecked<test[9d35eded1c95d3be]::run_test::{closure#1}, ()>::{closure#1} as core[df12db4294e9bfd3]::ops::function::FnOnce<()>>::call_once::{shim:vtable#0}
[INFO] [stdout]   19:     0x5c0df6630cc9 - <std[70759c8f55707aa4]::sys::thread::unix::Thread>::new::thread_start
[INFO] [stdout]   20:     0x705b8fe7bdfa - <unknown>
[INFO] [stdout]   21:     0x705b8ff0f3d4 - clone
[INFO] [stdout]   22:                0x0 - <unknown>
[INFO] [stdout] 
[INFO] [stdout] 
[INFO] [stdout] failures:
[INFO] [stdout]     io::tests::test_async_io_handler
[INFO] [stdout]     io::tests::test_io_handler
[INFO] [stdout]     io::tests::test_io_handler_1dot0
[INFO] [stdout]     io::tests::test_method_alias
[INFO] [stdout]     io::tests::test_method_not_found
[INFO] [stdout]     io::tests::test_notification
[INFO] [stdout]     io::tests::test_notification_alias
[INFO] [stdout]     types::id::tests::id_deserialization
[INFO] [stdout]     types::params::tests::params_deserialization
[INFO] [stdout]     types::params::tests::should_return_meaningful_error_when_deserialization_fails
[INFO] [stdout]     types::request::call_deserialize
[INFO] [stdout]     types::request::notification_deserialize
[INFO] [stdout]     types::request::request_deserialize_batch
[INFO] [stdout]     types::request::request_invalid_returns_id
[INFO] [stdout]     types::response::batch_response_deserialize
[INFO] [stdout]     types::response::failure_output_deserialize
[INFO] [stdout]     types::response::single_response_deserialize
[INFO] [stdout]     types::response::success_output_deserialize
[INFO] [stdout] 
[INFO] [stdout] test result: FAILED. 9 passed; 18 failed; 0 ignored; 0 measured; 0 filtered out; finished in 0.03s
[INFO] [stdout] 
[INFO] running `Command { std: "docker" "inspect" "13e6c07debd636575b264b55da0dc7eedd0ec3659a9c53de75d96bc6402dbbf8", kill_on_drop: false }`
[INFO] running `Command { std: "docker" "rm" "-f" "13e6c07debd636575b264b55da0dc7eedd0ec3659a9c53de75d96bc6402dbbf8", kill_on_drop: false }`
[INFO] [stdout] 13e6c07debd636575b264b55da0dc7eedd0ec3659a9c53de75d96bc6402dbbf8
