[INFO] fetching crate sustenet-shared 0.1.4...
[INFO] testing sustenet-shared-0.1.4 against 1.100.0-beta.1+cargoflags=--release for beta-release-1.100-2
[INFO] extracting crate sustenet-shared 0.1.4 into /workspace/builds/worker-7-tc2/source
[INFO] started tweaking crates.io crate sustenet-shared 0.1.4
[INFO] finished tweaking crates.io crate sustenet-shared 0.1.4
[INFO] tweaked toml for crates.io crate sustenet-shared 0.1.4 written to /workspace/builds/worker-7-tc2/source/Cargo.toml
[INFO] validating manifest of crates.io crate sustenet-shared 0.1.4 on toolchain 1.100.0-beta.1
[INFO] running `Command { std: CARGO_HOME="/workspace/cargo-home" RUSTUP_HOME="/workspace/rustup-home" "/workspace/cargo-home/bin/cargo" "+1.100.0-beta.1" "metadata" "--manifest-path" "Cargo.toml" "--no-deps", kill_on_drop: false }`
[INFO] crate crates.io crate sustenet-shared 0.1.4 already has a lockfile, it will not be regenerated
[INFO] running `Command { std: CARGO_HOME="/workspace/cargo-home" RUSTUP_HOME="/workspace/rustup-home" "/workspace/cargo-home/bin/cargo" "+1.100.0-beta.1" "fetch" "--manifest-path" "Cargo.toml", kill_on_drop: false }`
[INFO] running `Command { std: "docker" "create" "-v" "/var/lib/crater-agent-workspace/builds/worker-7-tc2/source:/opt/rustwide/workdir:ro,Z" "-v" "/var/lib/crater-agent-workspace/builds/worker-7-tc2/target:/opt/rustwide/target:rw,Z" "-v" "/var/lib/crater-agent-workspace/cargo-home:/opt/rustwide/cargo-home:ro,Z" "-v" "/var/lib/crater-agent-workspace/rustup-home:/opt/rustwide/rustup-home:ro,Z" "-m" "1610612736" "--network" "none" "ghcr.io/rust-lang/crates-build-env/linux@sha256:77db811e55d90add9212f6832c23229e3de5f1c1f9905e8cb07319ea15df73ac" "sleep" "infinity", kill_on_drop: false }`
[INFO] [stdout] 32ad33b9bcf08a2778ec434e987115d2067b62f56f89d3c4b30fd5f19e4956fc
[INFO] running `Command { std: "docker" "start" "32ad33b9bcf08a2778ec434e987115d2067b62f56f89d3c4b30fd5f19e4956fc", kill_on_drop: false }`
[INFO] running `Command { std: "docker" "inspect" "32ad33b9bcf08a2778ec434e987115d2067b62f56f89d3c4b30fd5f19e4956fc", kill_on_drop: false }`
[INFO] running `Command { std: "docker" "exec" "-e" "SOURCE_DIR=/opt/rustwide/workdir" "-e" "CARGO_HOME=/opt/rustwide/cargo-home" "-e" "RUSTUP_HOME=/opt/rustwide/rustup-home" "-e" "CARGO_TARGET_DIR=/opt/rustwide/target" "-w" "/opt/rustwide/workdir" "--user" "0:0" "32ad33b9bcf08a2778ec434e987115d2067b62f56f89d3c4b30fd5f19e4956fc" "/opt/rustwide/cargo-home/bin/cargo" "+1.100.0-beta.1" "metadata" "--no-deps" "--format-version=1", kill_on_drop: false }`
[INFO] running `Command { std: "docker" "inspect" "32ad33b9bcf08a2778ec434e987115d2067b62f56f89d3c4b30fd5f19e4956fc", kill_on_drop: false }`
[INFO] running `Command { std: "docker" "exec" "-e" "SOURCE_DIR=/opt/rustwide/workdir" "-e" "CARGO_HOME=/opt/rustwide/cargo-home" "-e" "RUSTUP_HOME=/opt/rustwide/rustup-home" "-e" "CARGO_TARGET_DIR=/opt/rustwide/target" "-e" "CARGO_INCREMENTAL=0" "-e" "RUST_BACKTRACE=full" "-e" "RUSTFLAGS=--cap-lints=warn" "-e" "RUSTDOCFLAGS=--cap-lints=warn" "-w" "/opt/rustwide/workdir" "--user" "0:0" "32ad33b9bcf08a2778ec434e987115d2067b62f56f89d3c4b30fd5f19e4956fc" "/opt/rustwide/cargo-home/bin/cargo" "+1.100.0-beta.1" "build" "--frozen" "--message-format=json" "--release", kill_on_drop: false }`
[INFO] [stderr]    Compiling proc-macro2 v1.0.95
[INFO] [stderr]    Compiling unicode-ident v1.0.18
[INFO] [stderr]    Compiling libc v0.2.172
[INFO] [stderr]    Compiling typenum v1.18.0
[INFO] [stderr]    Compiling serde v1.0.219
[INFO] [stderr]    Compiling thiserror v2.0.12
[INFO] [stderr]    Compiling once_cell v1.21.3
[INFO] [stderr]    Compiling crunchy v0.2.3
[INFO] [stderr]    Compiling tiny-keccak v2.0.2
[INFO] [stderr]    Compiling foldhash v0.1.5
[INFO] [stderr]    Compiling memchr v2.7.4
[INFO] [stderr]    Compiling cfg_aliases v0.2.1
[INFO] [stderr]    Compiling winnow v0.7.7
[INFO] [stderr]    Compiling hashbrown v0.14.5
[INFO] [stderr]    Compiling nix v0.29.0
[INFO] [stderr]    Compiling serde_json v1.0.140
[INFO] [stderr]    Compiling hashbrown v0.15.2
[INFO] [stderr]    Compiling encoding_rs v0.8.35
[INFO] [stderr]    Compiling arraydeque v0.5.1
[INFO] [stderr]    Compiling unicode-segmentation v1.12.0
[INFO] [stderr]    Compiling trim-in-place v0.1.7
[INFO] [stderr]    Compiling itoa v1.0.15
[INFO] [stderr]    Compiling base64 v0.21.7
[INFO] [stderr]    Compiling ryu v1.0.20
[INFO] [stderr]    Compiling bytes v1.10.1
[INFO] [stderr]    Compiling pathdiff v0.2.3
[INFO] [stderr]    Compiling generic-array v0.14.7
[INFO] [stderr]    Compiling pin-project-lite v0.2.16
[INFO] [stderr]    Compiling convert_case v0.6.0
[INFO] [stderr]    Compiling indexmap v2.9.0
[INFO] [stderr]    Compiling hashlink v0.10.0
[INFO] [stderr]    Compiling quote v1.0.40
[INFO] [stderr]    Compiling getrandom v0.2.16
[INFO] [stderr]    Compiling syn v2.0.100
[INFO] [stderr]    Compiling const-random-macro v0.1.16
[INFO] [stderr]    Compiling inout v0.1.4
[INFO] [stderr]    Compiling const-random v0.1.18
[INFO] [stderr]    Compiling dlv-list v0.5.2
[INFO] [stderr]    Compiling ordered-multimap v0.7.3
[INFO] [stderr]    Compiling yaml-rust2 v0.10.1
[INFO] [stderr]    Compiling rust-ini v0.21.1
[INFO] [stderr]    Compiling socket2 v0.5.9
[INFO] [stderr]    Compiling mio v1.0.3
[INFO] [stderr]    Compiling rand_core v0.6.4
[INFO] [stderr]    Compiling crypto-common v0.1.6
[INFO] [stderr]    Compiling cipher v0.4.4
[INFO] [stderr]    Compiling universal-hash v0.5.1
[INFO] [stderr]    Compiling aead v0.5.2
[INFO] [stderr]    Compiling polyval v0.6.2
[INFO] [stderr]    Compiling tokio v1.44.2
[INFO] [stderr]    Compiling ghash v0.5.1
[INFO] [stderr]    Compiling aes v0.8.4
[INFO] [stderr]    Compiling ctr v0.9.2
[INFO] [stderr]    Compiling aes-gcm v0.10.3
[INFO] [stderr]    Compiling serde_derive v1.0.219
[INFO] [stderr]    Compiling thiserror-impl v2.0.12
[INFO] [stderr]    Compiling async-trait v0.1.88
[INFO] [stderr]    Compiling pest v2.8.0
[INFO] [stderr]    Compiling pest_meta v2.8.0
[INFO] [stderr]    Compiling pest_generator v2.8.0
[INFO] [stderr]    Compiling pest_derive v2.8.0
[INFO] [stderr]    Compiling bitflags v2.9.0
[INFO] [stderr]    Compiling serde_spanned v0.6.8
[INFO] [stderr]    Compiling toml_datetime v0.6.9
[INFO] [stderr]    Compiling json5 v0.4.1
[INFO] [stderr]    Compiling toml_edit v0.22.25
[INFO] [stderr]    Compiling ron v0.8.1
[INFO] [stderr]    Compiling ctrlc v3.4.6
[INFO] [stderr]    Compiling toml v0.8.21
[INFO] [stderr]    Compiling config v0.15.11
[INFO] [stderr]    Compiling sustenet-shared v0.1.4 (/opt/rustwide/workdir)
[INFO] [stdout] warning: unused import: `log_message`
[INFO] [stdout]   --> src/logging.rs:54:14
[INFO] [stdout]    |
[INFO] [stdout] 54 | use crate::{ log_message, utils::constants::DEBUGGING };
[INFO] [stdout]    |              ^^^^^^^^^^^
[INFO] [stdout]    |
[INFO] [stdout]    = note: `#[warn(unused_imports)]` (part of `#[warn(unused)]`) on by default
[INFO] [stdout] 
[INFO] [stdout] 
[INFO] [stderr]     Finished `release` profile [optimized] target(s) in 50.71s
[INFO] [stderr] warning: the following packages contain code that will be rejected by a future version of Rust: nix v0.29.0
[INFO] [stderr] note: to see what the problems were, use the option `--future-incompat-report`, or run `cargo report future-incompatibilities --id 1`
[INFO] running `Command { std: "docker" "inspect" "32ad33b9bcf08a2778ec434e987115d2067b62f56f89d3c4b30fd5f19e4956fc", kill_on_drop: false }`
[INFO] running `Command { std: "docker" "exec" "-e" "SOURCE_DIR=/opt/rustwide/workdir" "-e" "CARGO_HOME=/opt/rustwide/cargo-home" "-e" "RUSTUP_HOME=/opt/rustwide/rustup-home" "-e" "CARGO_TARGET_DIR=/opt/rustwide/target" "-e" "CARGO_INCREMENTAL=0" "-e" "RUST_BACKTRACE=full" "-e" "RUSTFLAGS=--cap-lints=warn" "-e" "RUSTDOCFLAGS=--cap-lints=warn" "-w" "/opt/rustwide/workdir" "--user" "0:0" "32ad33b9bcf08a2778ec434e987115d2067b62f56f89d3c4b30fd5f19e4956fc" "/opt/rustwide/cargo-home/bin/cargo" "+1.100.0-beta.1" "test" "--frozen" "--no-run" "--message-format=json" "--release", kill_on_drop: false }`
[INFO] [stderr]    Compiling sustenet-shared v0.1.4 (/opt/rustwide/workdir)
[INFO] [stdout] warning: unused import: `log_message`
[INFO] [stdout]   --> src/logging.rs:54:14
[INFO] [stdout]    |
[INFO] [stdout] 54 | use crate::{ log_message, utils::constants::DEBUGGING };
[INFO] [stdout]    |              ^^^^^^^^^^^
[INFO] [stdout]    |
[INFO] [stdout]    = note: `#[warn(unused_imports)]` (part of `#[warn(unused)]`) on by default
[INFO] [stdout] 
[INFO] [stdout] 
[INFO] [stdout] warning: unused import: `log_message`
[INFO] [stdout]   --> src/logging.rs:54:14
[INFO] [stdout]    |
[INFO] [stdout] 54 | use crate::{ log_message, utils::constants::DEBUGGING };
[INFO] [stdout]    |              ^^^^^^^^^^^
[INFO] [stdout]    |
[INFO] [stdout]    = note: `#[warn(unused_imports)]` (part of `#[warn(unused)]`) on by default
[INFO] [stdout] 
[INFO] [stdout] 
[INFO] [stderr]     Finished `release` profile [optimized] target(s) in 1.30s
[INFO] [stderr] warning: the following packages contain code that will be rejected by a future version of Rust: nix v0.29.0
[INFO] [stderr] note: to see what the problems were, use the option `--future-incompat-report`, or run `cargo report future-incompatibilities --id 1`
[INFO] running `Command { std: "docker" "inspect" "32ad33b9bcf08a2778ec434e987115d2067b62f56f89d3c4b30fd5f19e4956fc", kill_on_drop: false }`
[INFO] running `Command { std: "docker" "exec" "-e" "SOURCE_DIR=/opt/rustwide/workdir" "-e" "CARGO_HOME=/opt/rustwide/cargo-home" "-e" "RUSTUP_HOME=/opt/rustwide/rustup-home" "-e" "CARGO_TARGET_DIR=/opt/rustwide/target" "-e" "CARGO_INCREMENTAL=0" "-e" "RUST_BACKTRACE=full" "-e" "RUSTFLAGS=--cap-lints=warn" "-e" "RUSTDOCFLAGS=--cap-lints=warn" "-w" "/opt/rustwide/workdir" "--user" "0:0" "32ad33b9bcf08a2778ec434e987115d2067b62f56f89d3c4b30fd5f19e4956fc" "/opt/rustwide/cargo-home/bin/cargo" "+1.100.0-beta.1" "test" "--frozen" "--release", kill_on_drop: false }`
[INFO] [stderr] warning: unused import: `log_message`
[INFO] [stderr]   --> src/logging.rs:54:14
[INFO] [stderr]    |
[INFO] [stderr] 54 | use crate::{ log_message, utils::constants::DEBUGGING };
[INFO] [stderr]    |              ^^^^^^^^^^^
[INFO] [stderr]    |
[INFO] [stderr]    = note: `#[warn(unused_imports)]` (part of `#[warn(unused)]`) on by default
[INFO] [stderr] 
[INFO] [stderr] warning: `sustenet-shared` (lib) generated 1 warning (run `cargo fix --lib -p sustenet-shared` to apply 1 suggestion)
[INFO] [stderr] warning: `sustenet-shared` (lib test) generated 1 warning (1 duplicate)
[INFO] [stderr]     Finished `release` profile [optimized] target(s) in 0.11s
[INFO] [stderr] warning: the following packages contain code that will be rejected by a future version of Rust: nix v0.29.0
[INFO] [stderr] note: to see what the problems were, use the option `--future-incompat-report`, or run `cargo report future-incompatibilities --id 1`
[INFO] [stderr]      Running unittests src/lib.rs (/opt/rustwide/target/release/build/sustenet-shared/6b7be88886cd8551/out/sustenet_shared-6b7be88886cd8551)
[INFO] [stdout] 
[INFO] [stdout] running 8 tests
[INFO] [stdout] test security::tests::test_load_key ... FAILED
[INFO] [stdout] test security::tests::test_create_keys_dir ... FAILED
[INFO] [stdout] test security::tests::test_key_gen_encode_and_decode ... ok
[INFO] [stdout] test security::tests::test_load_all_keys ... FAILED
[INFO] [stdout] test security::tests::test_encrypt_and_decrypt ... ok
[INFO] [stdout] test security::tests::test_save_key_and_load_key ... FAILED
[INFO] [stdout] test security::tests::test_save_key ... ok
[INFO] [stderr] error: test failed, to rerun pass `--lib`
[INFO] [stdout] test security::tests::test_path ... ok
[INFO] [stdout] 
[INFO] [stdout] failures:
[INFO] [stdout] 
[INFO] [stdout] ---- security::tests::test_load_key stdout ----
[INFO] [stdout] 
[INFO] [stdout] thread 'security::tests::test_load_key' (1465) panicked at src/security.rs:205:13:
[INFO] [stdout] Failed to create keys directory: Custom { kind: Other, error: "Failed to create the 'keys' directory." }
[INFO] [stdout] stack backtrace:
[INFO] [stdout]    0:     0x5ad18e1b0671 - <<std[617be2ca0a6fd877]::sys::backtrace::BacktraceLock>::print::DisplayBacktrace as core[a373ad73a504971]::fmt::Display>::fmt
[INFO] [stdout]    1:     0x5ad18e1c490a - core[a373ad73a504971]::fmt::write
[INFO] [stdout]    2:     0x5ad18e1b4b5c - <alloc[2e1b2a31b91974c5]::vec::Vec<u8> as core[a373ad73a504971]::io::write::Write>::write_fmt
[INFO] [stdout]    3:     0x5ad18e18bdf6 - std[617be2ca0a6fd877]::panicking::default_hook::{closure#0}
[INFO] [stdout]    4:     0x5ad18e1a8af9 - std[617be2ca0a6fd877]::panicking::default_hook
[INFO] [stdout]    5:     0x5ad18e13f910 - test[aada8e7e76ba119b]::test_main_inner::{closure#0}
[INFO] [stdout]    6:     0x5ad18e1a8cb2 - std[617be2ca0a6fd877]::panicking::panic_with_hook
[INFO] [stdout]    7:     0x5ad18e18bea2 - std[617be2ca0a6fd877]::panicking::panic_handler::{closure#0}
[INFO] [stdout]    8:     0x5ad18e1849f9 - std[617be2ca0a6fd877]::sys::backtrace::__rust_end_short_backtrace::<std[617be2ca0a6fd877]::panicking::panic_handler::{closure#0}, !>
[INFO] [stdout]    9:     0x5ad18e18caad - __rustc[ea4f61d10b84890b]::rust_begin_unwind
[INFO] [stdout]   10:     0x5ad18e1c503c - core[a373ad73a504971]::panicking::panic_fmt
[INFO] [stdout]   11:     0x5ad18e12d0ea - <sustenet_shared[c240f78bca5976c9]::security::tests::test_load_key::{closure#0} as core[a373ad73a504971]::ops::function::FnOnce<()>>::call_once
[INFO] [stdout]   12:     0x5ad18e132d5b - test[aada8e7e76ba119b]::__rust_begin_short_backtrace::<core[a373ad73a504971]::result::Result<(), alloc[2e1b2a31b91974c5]::string::String>, fn() -> core[a373ad73a504971]::result::Result<(), alloc[2e1b2a31b91974c5]::string::String>>
[INFO] [stdout]   13:     0x5ad18e13ff35 - test[aada8e7e76ba119b]::run_test::{closure#0}
[INFO] [stdout]   14:     0x5ad18e139824 - std[617be2ca0a6fd877]::sys::backtrace::__rust_begin_short_backtrace::<test[aada8e7e76ba119b]::run_test::{closure#1}, ()>
[INFO] [stdout]   15:     0x5ad18e142fc2 - <std[617be2ca0a6fd877]::thread::lifecycle::spawn_unchecked<test[aada8e7e76ba119b]::run_test::{closure#1}, ()>::{closure#1} as core[a373ad73a504971]::ops::function::FnOnce<()>>::call_once::{shim:vtable#0}
[INFO] [stdout]   16:     0x5ad18e1afecf - <std[617be2ca0a6fd877]::sys::thread::unix::Thread>::new::thread_start
[INFO] [stdout]   17:     0x77bd4f2c0dfa - <unknown>
[INFO] [stdout]   18:     0x77bd4f3543d4 - clone
[INFO] [stdout]   19:                0x0 - <unknown>
[INFO] [stdout] 
[INFO] [stdout] ---- security::tests::test_create_keys_dir stdout ----
[INFO] [stdout] 
[INFO] [stdout] thread 'security::tests::test_create_keys_dir' (1461) panicked at src/security.rs:147:17:
[INFO] [stdout] Failed to create keys directory: Custom { kind: Other, error: "Failed to create the 'keys' directory." }
[INFO] [stdout] stack backtrace:
[INFO] [stdout]    0:     0x5ad18e1b0671 - <<std[617be2ca0a6fd877]::sys::backtrace::BacktraceLock>::print::DisplayBacktrace as core[a373ad73a504971]::fmt::Display>::fmt
[INFO] [stdout]    1:     0x5ad18e1c490a - core[a373ad73a504971]::fmt::write
[INFO] [stdout]    2:     0x5ad18e1b4b5c - <alloc[2e1b2a31b91974c5]::vec::Vec<u8> as core[a373ad73a504971]::io::write::Write>::write_fmt
[INFO] [stdout]    3:     0x5ad18e18bdf6 - std[617be2ca0a6fd877]::panicking::default_hook::{closure#0}
[INFO] [stdout]    4:     0x5ad18e1a8af9 - std[617be2ca0a6fd877]::panicking::default_hook
[INFO] [stdout]    5:     0x5ad18e13f910 - test[aada8e7e76ba119b]::test_main_inner::{closure#0}
[INFO] [stdout]    6:     0x5ad18e1a8cb2 - std[617be2ca0a6fd877]::panicking::panic_with_hook
[INFO] [stdout]    7:     0x5ad18e18bea2 - std[617be2ca0a6fd877]::panicking::panic_handler::{closure#0}
[INFO] [stdout]    8:     0x5ad18e1849f9 - std[617be2ca0a6fd877]::sys::backtrace::__rust_end_short_backtrace::<std[617be2ca0a6fd877]::panicking::panic_handler::{closure#0}, !>
[INFO] [stdout]    9:     0x5ad18e18caad - __rustc[ea4f61d10b84890b]::rust_begin_unwind
[INFO] [stdout]   10:     0x5ad18e1c503c - core[a373ad73a504971]::panicking::panic_fmt
[INFO] [stdout]   11:     0x5ad18e12df4c - <sustenet_shared[c240f78bca5976c9]::security::tests::test_create_keys_dir::{closure#0} as core[a373ad73a504971]::ops::function::FnOnce<()>>::call_once
[INFO] [stdout]   12:     0x5ad18e132d5b - test[aada8e7e76ba119b]::__rust_begin_short_backtrace::<core[a373ad73a504971]::result::Result<(), alloc[2e1b2a31b91974c5]::string::String>, fn() -> core[a373ad73a504971]::result::Result<(), alloc[2e1b2a31b91974c5]::string::String>>
[INFO] [stdout]   13:     0x5ad18e13ff35 - test[aada8e7e76ba119b]::run_test::{closure#0}
[INFO] [stdout]   14:     0x5ad18e139824 - std[617be2ca0a6fd877]::sys::backtrace::__rust_begin_short_backtrace::<test[aada8e7e76ba119b]::run_test::{closure#1}, ()>
[INFO] [stdout]   15:     0x5ad18e142fc2 - <std[617be2ca0a6fd877]::thread::lifecycle::spawn_unchecked<test[aada8e7e76ba119b]::run_test::{closure#1}, ()>::{closure#1} as core[a373ad73a504971]::ops::function::FnOnce<()>>::call_once::{shim:vtable#0}
[INFO] [stdout]   16:     0x5ad18e1afecf - <std[617be2ca0a6fd877]::sys::thread::unix::Thread>::new::thread_start
[INFO] [stdout]   17:     0x77bd4f2c0dfa - <unknown>
[INFO] [stdout]   18:     0x77bd4f3543d4 - clone
[INFO] [stdout]   19:                0x0 - <unknown>
[INFO] [stdout] 
[INFO] [stdout] ---- security::tests::test_load_all_keys stdout ----
[INFO] [stdout] 
[INFO] [stdout] thread 'security::tests::test_load_all_keys' (1464) panicked at src/security.rs:227:13:
[INFO] [stdout] Failed to create keys directory: Custom { kind: Other, error: "Failed to create the 'keys' directory." }
[INFO] [stdout] stack backtrace:
[INFO] [stdout]    0:     0x5ad18e1b0671 - <<std[617be2ca0a6fd877]::sys::backtrace::BacktraceLock>::print::DisplayBacktrace as core[a373ad73a504971]::fmt::Display>::fmt
[INFO] [stdout]    1:     0x5ad18e1c490a - core[a373ad73a504971]::fmt::write
[INFO] [stdout]    2:     0x5ad18e1b4b5c - <alloc[2e1b2a31b91974c5]::vec::Vec<u8> as core[a373ad73a504971]::io::write::Write>::write_fmt
[INFO] [stdout]    3:     0x5ad18e18bdf6 - std[617be2ca0a6fd877]::panicking::default_hook::{closure#0}
[INFO] [stdout]    4:     0x5ad18e1a8af9 - std[617be2ca0a6fd877]::panicking::default_hook
[INFO] [stdout]    5:     0x5ad18e13f910 - test[aada8e7e76ba119b]::test_main_inner::{closure#0}
[INFO] [stdout]    6:     0x5ad18e1a8cb2 - std[617be2ca0a6fd877]::panicking::panic_with_hook
[INFO] [stdout]    7:     0x5ad18e18bea2 - std[617be2ca0a6fd877]::panicking::panic_handler::{closure#0}
[INFO] [stdout]    8:     0x5ad18e1849f9 - std[617be2ca0a6fd877]::sys::backtrace::__rust_end_short_backtrace::<std[617be2ca0a6fd877]::panicking::panic_handler::{closure#0}, !>
[INFO] [stdout]    9:     0x5ad18e18caad - __rustc[ea4f61d10b84890b]::rust_begin_unwind
[INFO] [stdout]   10:     0x5ad18e1c503c - core[a373ad73a504971]::panicking::panic_fmt
[INFO] [stdout]   11:     0x5ad18e12dc48 - <sustenet_shared[c240f78bca5976c9]::security::tests::test_load_all_keys::{closure#0} as core[a373ad73a504971]::ops::function::FnOnce<()>>::call_once
[INFO] [stdout]   12:     0x5ad18e132d5b - test[aada8e7e76ba119b]::__rust_begin_short_backtrace::<core[a373ad73a504971]::result::Result<(), alloc[2e1b2a31b91974c5]::string::String>, fn() -> core[a373ad73a504971]::result::Result<(), alloc[2e1b2a31b91974c5]::string::String>>
[INFO] [stdout]   13:     0x5ad18e13ff35 - test[aada8e7e76ba119b]::run_test::{closure#0}
[INFO] [stdout]   14:     0x5ad18e139824 - std[617be2ca0a6fd877]::sys::backtrace::__rust_begin_short_backtrace::<test[aada8e7e76ba119b]::run_test::{closure#1}, ()>
[INFO] [stdout]   15:     0x5ad18e142fc2 - <std[617be2ca0a6fd877]::thread::lifecycle::spawn_unchecked<test[aada8e7e76ba119b]::run_test::{closure#1}, ()>::{closure#1} as core[a373ad73a504971]::ops::function::FnOnce<()>>::call_once::{shim:vtable#0}
[INFO] [stdout]   16:     0x5ad18e1afecf - <std[617be2ca0a6fd877]::sys::thread::unix::Thread>::new::thread_start
[INFO] [stdout]   17:     0x77bd4f2c0dfa - <unknown>
[INFO] [stdout]   18:     0x77bd4f3543d4 - clone
[INFO] [stdout]   19:                0x0 - <unknown>
[INFO] [stdout] 
[INFO] [stdout] ---- security::tests::test_save_key_and_load_key stdout ----
[INFO] [stdout] 
[INFO] [stdout] thread 'security::tests::test_save_key_and_load_key' (1468) panicked at src/security.rs:188:17:
[INFO] [stdout] Failed to save key: Os { code: 2, kind: NotFound, message: "No such file or directory" }
[INFO] [stdout] stack backtrace:
[INFO] [stdout]    0:     0x5ad18e1b0671 - <<std[617be2ca0a6fd877]::sys::backtrace::BacktraceLock>::print::DisplayBacktrace as core[a373ad73a504971]::fmt::Display>::fmt
[INFO] [stdout]    1:     0x5ad18e1c490a - core[a373ad73a504971]::fmt::write
[INFO] [stdout]    2:     0x5ad18e1b4b5c - <alloc[2e1b2a31b91974c5]::vec::Vec<u8> as core[a373ad73a504971]::io::write::Write>::write_fmt
[INFO] [stdout]    3:     0x5ad18e18bdf6 - std[617be2ca0a6fd877]::panicking::default_hook::{closure#0}
[INFO] [stdout]    4:     0x5ad18e1a8af9 - std[617be2ca0a6fd877]::panicking::default_hook
[INFO] [stdout]    5:     0x5ad18e13f910 - test[aada8e7e76ba119b]::test_main_inner::{closure#0}
[INFO] [stdout]    6:     0x5ad18e1a8cb2 - std[617be2ca0a6fd877]::panicking::panic_with_hook
[INFO] [stdout]    7:     0x5ad18e18bea2 - std[617be2ca0a6fd877]::panicking::panic_handler::{closure#0}
[INFO] [stdout]    8:     0x5ad18e1849f9 - std[617be2ca0a6fd877]::sys::backtrace::__rust_end_short_backtrace::<std[617be2ca0a6fd877]::panicking::panic_handler::{closure#0}, !>
[INFO] [stdout]    9:     0x5ad18e18caad - __rustc[ea4f61d10b84890b]::rust_begin_unwind
[INFO] [stdout]   10:     0x5ad18e1c503c - core[a373ad73a504971]::panicking::panic_fmt
[INFO] [stdout]   11:     0x5ad18e12e6af - <sustenet_shared[c240f78bca5976c9]::security::tests::test_save_key_and_load_key::{closure#0} as core[a373ad73a504971]::ops::function::FnOnce<()>>::call_once
[INFO] [stdout]   12:     0x5ad18e132d5b - test[aada8e7e76ba119b]::__rust_begin_short_backtrace::<core[a373ad73a504971]::result::Result<(), alloc[2e1b2a31b91974c5]::string::String>, fn() -> core[a373ad73a504971]::result::Result<(), alloc[2e1b2a31b91974c5]::string::String>>
[INFO] [stdout]   13:     0x5ad18e13ff35 - test[aada8e7e76ba119b]::run_test::{closure#0}
[INFO] [stdout]   14:     0x5ad18e139824 - std[617be2ca0a6fd877]::sys::backtrace::__rust_begin_short_backtrace::<test[aada8e7e76ba119b]::run_test::{closure#1}, ()>
[INFO] [stdout]   15:     0x5ad18e142fc2 - <std[617be2ca0a6fd877]::thread::lifecycle::spawn_unchecked<test[aada8e7e76ba119b]::run_test::{closure#1}, ()>::{closure#1} as core[a373ad73a504971]::ops::function::FnOnce<()>>::call_once::{shim:vtable#0}
[INFO] [stdout]   16:     0x5ad18e1afecf - <std[617be2ca0a6fd877]::sys::thread::unix::Thread>::new::thread_start
[INFO] [stdout]   17:     0x77bd4f2c0dfa - <unknown>
[INFO] [stdout]   18:     0x77bd4f3543d4 - clone
[INFO] [stdout]   19:                0x0 - <unknown>
[INFO] [stdout] 
[INFO] [stdout] 
[INFO] [stdout] failures:
[INFO] [stdout]     security::tests::test_create_keys_dir
[INFO] [stdout]     security::tests::test_load_all_keys
[INFO] [stdout]     security::tests::test_load_key
[INFO] [stdout]     security::tests::test_save_key_and_load_key
[INFO] [stdout] 
[INFO] [stdout] test result: FAILED. 4 passed; 4 failed; 0 ignored; 0 measured; 0 filtered out; finished in 0.07s
[INFO] [stdout] 
[INFO] running `Command { std: "docker" "inspect" "32ad33b9bcf08a2778ec434e987115d2067b62f56f89d3c4b30fd5f19e4956fc", kill_on_drop: false }`
[INFO] running `Command { std: "docker" "rm" "-f" "32ad33b9bcf08a2778ec434e987115d2067b62f56f89d3c4b30fd5f19e4956fc", kill_on_drop: false }`
[INFO] [stdout] 32ad33b9bcf08a2778ec434e987115d2067b62f56f89d3c4b30fd5f19e4956fc
