[INFO] fetching crate surrealguard-diagnostics 0.5.3...
[INFO] testing surrealguard-diagnostics-0.5.3 against 1.100.0-beta.1+cargoflags=--release for beta-release-1.100-2
[INFO] extracting crate surrealguard-diagnostics 0.5.3 into /workspace/builds/worker-7-tc2/source
[INFO] started tweaking crates.io crate surrealguard-diagnostics 0.5.3
[INFO] finished tweaking crates.io crate surrealguard-diagnostics 0.5.3
[INFO] tweaked toml for crates.io crate surrealguard-diagnostics 0.5.3 written to /workspace/builds/worker-7-tc2/source/Cargo.toml
[INFO] validating manifest of crates.io crate surrealguard-diagnostics 0.5.3 on toolchain 1.100.0-beta.1
[INFO] running `Command { std: CARGO_HOME="/workspace/cargo-home" RUSTUP_HOME="/workspace/rustup-home" "/workspace/cargo-home/bin/cargo" "+1.100.0-beta.1" "metadata" "--manifest-path" "Cargo.toml" "--no-deps", kill_on_drop: false }`
[INFO] crate crates.io crate surrealguard-diagnostics 0.5.3 already has a lockfile, it will not be regenerated
[INFO] running `Command { std: CARGO_HOME="/workspace/cargo-home" RUSTUP_HOME="/workspace/rustup-home" "/workspace/cargo-home/bin/cargo" "+1.100.0-beta.1" "fetch" "--manifest-path" "Cargo.toml", kill_on_drop: false }`
[INFO] [stderr] warning: `package.homepage` is redundant with `package.repository`
[INFO] [stderr]   --> Cargo.toml:36:12
[INFO] [stderr]    |
[INFO] [stderr] 36 | homepage = "https://github.com/DrewRidley/surrealguard"
[INFO] [stderr]    |            ^^^^^^^^^^^^^^^^^^^^^^^^^^^^^^^^^^^^^^^^^^^^
[INFO] [stderr] ...
[INFO] [stderr] 41 | repository = "https://github.com/DrewRidley/surrealguard"
[INFO] [stderr]    |              --------------------------------------------
[INFO] [stderr]    |
[INFO] [stderr]    = note: `cargo::redundant_homepage` is set to `warn` by default
[INFO] [stderr] help: consider removing `package.homepage`
[INFO] [stderr] warning: `surrealguard-diagnostics` (manifest) generated 1 warning
[INFO] running `Command { std: "docker" "create" "-v" "/var/lib/crater-agent-workspace/builds/worker-7-tc2/source:/opt/rustwide/workdir:ro,Z" "-v" "/var/lib/crater-agent-workspace/builds/worker-7-tc2/target:/opt/rustwide/target:rw,Z" "-v" "/var/lib/crater-agent-workspace/cargo-home:/opt/rustwide/cargo-home:ro,Z" "-v" "/var/lib/crater-agent-workspace/rustup-home:/opt/rustwide/rustup-home:ro,Z" "-m" "1610612736" "--network" "none" "ghcr.io/rust-lang/crates-build-env/linux@sha256:77db811e55d90add9212f6832c23229e3de5f1c1f9905e8cb07319ea15df73ac" "sleep" "infinity", kill_on_drop: false }`
[INFO] [stdout] 6920dc5ff57f7391267186e87cebf4b7a9f021b216296b20d779c9bf91aeb902
[INFO] running `Command { std: "docker" "start" "6920dc5ff57f7391267186e87cebf4b7a9f021b216296b20d779c9bf91aeb902", kill_on_drop: false }`
[INFO] running `Command { std: "docker" "inspect" "6920dc5ff57f7391267186e87cebf4b7a9f021b216296b20d779c9bf91aeb902", kill_on_drop: false }`
[INFO] running `Command { std: "docker" "exec" "-e" "SOURCE_DIR=/opt/rustwide/workdir" "-e" "CARGO_HOME=/opt/rustwide/cargo-home" "-e" "RUSTUP_HOME=/opt/rustwide/rustup-home" "-e" "CARGO_TARGET_DIR=/opt/rustwide/target" "-w" "/opt/rustwide/workdir" "--user" "0:0" "6920dc5ff57f7391267186e87cebf4b7a9f021b216296b20d779c9bf91aeb902" "/opt/rustwide/cargo-home/bin/cargo" "+1.100.0-beta.1" "metadata" "--no-deps" "--format-version=1", kill_on_drop: false }`
[INFO] running `Command { std: "docker" "inspect" "6920dc5ff57f7391267186e87cebf4b7a9f021b216296b20d779c9bf91aeb902", kill_on_drop: false }`
[INFO] running `Command { std: "docker" "exec" "-e" "SOURCE_DIR=/opt/rustwide/workdir" "-e" "CARGO_HOME=/opt/rustwide/cargo-home" "-e" "RUSTUP_HOME=/opt/rustwide/rustup-home" "-e" "CARGO_TARGET_DIR=/opt/rustwide/target" "-e" "CARGO_INCREMENTAL=0" "-e" "RUST_BACKTRACE=full" "-e" "RUSTFLAGS=--cap-lints=warn" "-e" "RUSTDOCFLAGS=--cap-lints=warn" "-w" "/opt/rustwide/workdir" "--user" "0:0" "6920dc5ff57f7391267186e87cebf4b7a9f021b216296b20d779c9bf91aeb902" "/opt/rustwide/cargo-home/bin/cargo" "+1.100.0-beta.1" "build" "--frozen" "--message-format=json" "--release", kill_on_drop: false }`
[INFO] [stderr] warning: `package.homepage` is redundant with `package.repository`
[INFO] [stderr]   --> Cargo.toml:36:12
[INFO] [stderr]    |
[INFO] [stderr] 36 | homepage = "https://github.com/DrewRidley/surrealguard"
[INFO] [stderr]    |            ^^^^^^^^^^^^^^^^^^^^^^^^^^^^^^^^^^^^^^^^^^^^
[INFO] [stderr] ...
[INFO] [stderr] 41 | repository = "https://github.com/DrewRidley/surrealguard"
[INFO] [stderr]    |              --------------------------------------------
[INFO] [stderr]    |
[INFO] [stderr]    = note: `cargo::redundant_homepage` is set to `warn` by default
[INFO] [stderr] help: consider removing `package.homepage`
[INFO] [stderr] warning: `surrealguard-diagnostics` (manifest) generated 1 warning
[INFO] [stderr]    Compiling tree-sitter-language v0.1.7
[INFO] [stderr]    Compiling serde_json v1.0.149
[INFO] [stderr]    Compiling unicode-ident v1.0.15
[INFO] [stderr]    Compiling itoa v1.0.14
[INFO] [stderr]    Compiling regex-syntax v0.8.10
[INFO] [stderr]    Compiling surrealguard-tree-sitter-surrealql v0.5.3
[INFO] [stderr]    Compiling indexmap v2.14.0
[INFO] [stderr]    Compiling aho-corasick v1.1.3
[INFO] [stderr]    Compiling proc-macro2 v1.0.107
[INFO] [stderr]    Compiling quote v1.0.38
[INFO] [stderr]    Compiling syn v2.0.117
[INFO] [stderr]    Compiling regex-automata v0.4.14
[INFO] [stderr]    Compiling tree-sitter v0.26.6
[INFO] [stderr]    Compiling serde_derive v1.0.228
[INFO] [stderr]    Compiling regex v1.12.3
[INFO] [stderr]    Compiling serde v1.0.228
[INFO] [stderr]    Compiling surrealguard-syntax v0.5.3
[INFO] [stderr]    Compiling surrealguard-diagnostics v0.5.3 (/opt/rustwide/workdir)
[INFO] [stderr]     Finished `release` profile [optimized] target(s) in 36.18s
[INFO] running `Command { std: "docker" "inspect" "6920dc5ff57f7391267186e87cebf4b7a9f021b216296b20d779c9bf91aeb902", kill_on_drop: false }`
[INFO] running `Command { std: "docker" "exec" "-e" "SOURCE_DIR=/opt/rustwide/workdir" "-e" "CARGO_HOME=/opt/rustwide/cargo-home" "-e" "RUSTUP_HOME=/opt/rustwide/rustup-home" "-e" "CARGO_TARGET_DIR=/opt/rustwide/target" "-e" "CARGO_INCREMENTAL=0" "-e" "RUST_BACKTRACE=full" "-e" "RUSTFLAGS=--cap-lints=warn" "-e" "RUSTDOCFLAGS=--cap-lints=warn" "-w" "/opt/rustwide/workdir" "--user" "0:0" "6920dc5ff57f7391267186e87cebf4b7a9f021b216296b20d779c9bf91aeb902" "/opt/rustwide/cargo-home/bin/cargo" "+1.100.0-beta.1" "test" "--frozen" "--no-run" "--message-format=json" "--release", kill_on_drop: false }`
[INFO] [stderr] warning: `package.homepage` is redundant with `package.repository`
[INFO] [stderr]   --> Cargo.toml:36:12
[INFO] [stderr]    |
[INFO] [stderr] 36 | homepage = "https://github.com/DrewRidley/surrealguard"
[INFO] [stderr]    |            ^^^^^^^^^^^^^^^^^^^^^^^^^^^^^^^^^^^^^^^^^^^^
[INFO] [stderr] ...
[INFO] [stderr] 41 | repository = "https://github.com/DrewRidley/surrealguard"
[INFO] [stderr]    |              --------------------------------------------
[INFO] [stderr]    |
[INFO] [stderr]    = note: `cargo::redundant_homepage` is set to `warn` by default
[INFO] [stderr] help: consider removing `package.homepage`
[INFO] [stderr] warning: `surrealguard-diagnostics` (manifest) generated 1 warning
[INFO] [stderr]    Compiling surrealguard-diagnostics v0.5.3 (/opt/rustwide/workdir)
[INFO] [stderr]     Finished `release` profile [optimized] target(s) in 1.53s
[INFO] running `Command { std: "docker" "inspect" "6920dc5ff57f7391267186e87cebf4b7a9f021b216296b20d779c9bf91aeb902", kill_on_drop: false }`
[INFO] running `Command { std: "docker" "exec" "-e" "SOURCE_DIR=/opt/rustwide/workdir" "-e" "CARGO_HOME=/opt/rustwide/cargo-home" "-e" "RUSTUP_HOME=/opt/rustwide/rustup-home" "-e" "CARGO_TARGET_DIR=/opt/rustwide/target" "-e" "CARGO_INCREMENTAL=0" "-e" "RUST_BACKTRACE=full" "-e" "RUSTFLAGS=--cap-lints=warn" "-e" "RUSTDOCFLAGS=--cap-lints=warn" "-w" "/opt/rustwide/workdir" "--user" "0:0" "6920dc5ff57f7391267186e87cebf4b7a9f021b216296b20d779c9bf91aeb902" "/opt/rustwide/cargo-home/bin/cargo" "+1.100.0-beta.1" "test" "--frozen" "--release", kill_on_drop: false }`
[INFO] [stderr] warning: `package.homepage` is redundant with `package.repository`
[INFO] [stderr]   --> Cargo.toml:36:12
[INFO] [stderr]    |
[INFO] [stderr] 36 | homepage = "https://github.com/DrewRidley/surrealguard"
[INFO] [stderr]    |            ^^^^^^^^^^^^^^^^^^^^^^^^^^^^^^^^^^^^^^^^^^^^
[INFO] [stderr] ...
[INFO] [stderr] 41 | repository = "https://github.com/DrewRidley/surrealguard"
[INFO] [stderr]    |              --------------------------------------------
[INFO] [stderr]    |
[INFO] [stderr]    = note: `cargo::redundant_homepage` is set to `warn` by default
[INFO] [stderr] help: consider removing `package.homepage`
[INFO] [stderr] warning: `surrealguard-diagnostics` (manifest) generated 1 warning
[INFO] [stderr]     Finished `release` profile [optimized] target(s) in 0.06s
[INFO] [stderr]      Running unittests src/lib.rs (/opt/rustwide/target/release/build/surrealguard-diagnostics/62983053bff0882e/out/surrealguard_diagnostics-62983053bff0882e)
[INFO] [stdout] 
[INFO] [stdout] running 16 tests
[INFO] [stdout] test finding::tests::finding_carries_its_intrinsic_class ... ok
[INFO] [stdout] test code::tests::codes_report_their_category ... ok
[INFO] [stdout] test policy::tests::per_code_override_applies_to_non_lint_families ... ok
[INFO] [stdout] test code::tests::code_strings_are_stable_public_contract ... ok
[INFO] [stdout] test policy::tests::warnings_as_errors_promotes_non_lint_warnings ... ok
[INFO] [stdout] test catalog::tests::finding_takes_severity_from_the_registry ... ok
[INFO] [stdout] test suppression::tests::code_target_matches_finding_code_text ... ok
[INFO] [stdout] test policy::tests::lint_policy_resolves_allow_warn_and_deny ... ok
[INFO] [stdout] test suppression::tests::ignores_non_suppression_comments ... ok
[INFO] [stdout] test suppression::tests::parses_code_suppression_without_reason ... ok
[INFO] [stdout] test suppression::tests::parses_named_suppression_with_reason ... ok
[INFO] [stdout] test suppression::tests::rejects_blanket_suppression ... ok
[INFO] [stdout] test catalog::tests::entries_are_sorted_and_unique ... ok
[INFO] [stdout] test suppression::tests::rejects_malformed_allow_directive ... ok
[INFO] [stdout] test suppression::tests::named_target_matches_exact_lint_name ... ok
[INFO] [stdout] test catalog::tests::registry_matches_the_catalog_document ... FAILED
[INFO] [stdout] 
[INFO] [stdout] failures:
[INFO] [stdout] 
[INFO] [stdout] ---- catalog::tests::registry_matches_the_catalog_document stdout ----
[INFO] [stdout] 
[INFO] [stdout] thread 'catalog::tests::registry_matches_the_catalog_document' (630) panicked at src/catalog.rs:205:54:
[INFO] [stdout] catalog document exists: Os { code: 2, kind: NotFound, message: "No such file or directory" }
[INFO] [stdout] stack backtrace:
[INFO] [stdout]    0:     0x61d3301d0a61 - <<std[617be2ca0a6fd877]::sys::backtrace::BacktraceLock>::print::DisplayBacktrace as core[a373ad73a504971]::fmt::Display>::fmt
[INFO] [stdout]    1:     0x61d3301e4dba - core[a373ad73a504971]::fmt::write
[INFO] [stdout]    2:     0x61d3301d4c7c - <alloc[2e1b2a31b91974c5]::vec::Vec<u8> as core[a373ad73a504971]::io::write::Write>::write_fmt
[INFO] [stdout]    3:     0x61d3301ac9d6 - std[617be2ca0a6fd877]::panicking::default_hook::{closure#0}
[INFO] [stdout]    4:     0x61d3301c8d99 - std[617be2ca0a6fd877]::panicking::default_hook
[INFO] [stdout]    5:     0x61d330164d60 - test[aada8e7e76ba119b]::test_main_inner::{closure#0}
[INFO] [stdout]    6:     0x61d3301c8f52 - std[617be2ca0a6fd877]::panicking::panic_with_hook
[INFO] [stdout]    7:     0x61d3301aca82 - std[617be2ca0a6fd877]::panicking::panic_handler::{closure#0}
[INFO] [stdout]    8:     0x61d3301a5609 - std[617be2ca0a6fd877]::sys::backtrace::__rust_end_short_backtrace::<std[617be2ca0a6fd877]::panicking::panic_handler::{closure#0}, !>
[INFO] [stdout]    9:     0x61d3301ad68d - __rustc[ea4f61d10b84890b]::rust_begin_unwind
[INFO] [stdout]   10:     0x61d3301e54ec - core[a373ad73a504971]::panicking::panic_fmt
[INFO] [stdout]   11:     0x61d3301e52c2 - core[a373ad73a504971]::result::unwrap_failed
[INFO] [stdout]   12:     0x61d3301572a7 - <surrealguard_diagnostics[2be4cf77a165d193]::catalog::tests::registry_matches_the_catalog_document::{closure#0} as core[a373ad73a504971]::ops::function::FnOnce<()>>::call_once
[INFO] [stdout]   13:     0x61d3301581ab - test[aada8e7e76ba119b]::__rust_begin_short_backtrace::<core[a373ad73a504971]::result::Result<(), alloc[2e1b2a31b91974c5]::string::String>, fn() -> core[a373ad73a504971]::result::Result<(), alloc[2e1b2a31b91974c5]::string::String>>
[INFO] [stdout]   14:     0x61d330165385 - test[aada8e7e76ba119b]::run_test::{closure#0}
[INFO] [stdout]   15:     0x61d33015ec74 - std[617be2ca0a6fd877]::sys::backtrace::__rust_begin_short_backtrace::<test[aada8e7e76ba119b]::run_test::{closure#1}, ()>
[INFO] [stdout]   16:     0x61d330168412 - <std[617be2ca0a6fd877]::thread::lifecycle::spawn_unchecked<test[aada8e7e76ba119b]::run_test::{closure#1}, ()>::{closure#1} as core[a373ad73a504971]::ops::function::FnOnce<()>>::call_once::{shim:vtable#0}
[INFO] [stdout]   17:     0x61d3301cff5f - <std[617be2ca0a6fd877]::sys::thread::unix::Thread>::new::thread_start
[INFO] [stdout]   18:     0x7edac8043dfa - <unknown>
[INFO] [stdout]   19:     0x7edac80d73d4 - clone
[INFO] [stdout]   20:                0x0 - <unknown>
[INFO] [stdout] 
[INFO] [stdout] 
[INFO] [stdout] failures:
[INFO] [stdout]     catalog::tests::registry_matches_the_catalog_document
[INFO] [stdout] 
[INFO] [stdout] test result: FAILED. 15 passed; 1 failed; 0 ignored; 0 measured; 0 filtered out; finished in 0.01s
[INFO] [stdout] 
[INFO] [stderr] error: test failed, to rerun pass `--lib`
[INFO] running `Command { std: "docker" "inspect" "6920dc5ff57f7391267186e87cebf4b7a9f021b216296b20d779c9bf91aeb902", kill_on_drop: false }`
[INFO] running `Command { std: "docker" "rm" "-f" "6920dc5ff57f7391267186e87cebf4b7a9f021b216296b20d779c9bf91aeb902", kill_on_drop: false }`
[INFO] [stdout] 6920dc5ff57f7391267186e87cebf4b7a9f021b216296b20d779c9bf91aeb902
