[INFO] fetching crate surreal-client 1.0.0...
[INFO] testing surreal-client-1.0.0 against 1.99.0-beta.8+cargoflags=--release for beta-release-1.100-2
[INFO] extracting crate surreal-client 1.0.0 into /workspace/builds/worker-4-tc1/source
[INFO] started tweaking crates.io crate surreal-client 1.0.0
[INFO] removed 0 missing examples
[INFO] removed 0 missing tests
[INFO] finished tweaking crates.io crate surreal-client 1.0.0
[INFO] tweaked toml for crates.io crate surreal-client 1.0.0 written to /workspace/builds/worker-4-tc1/source/Cargo.toml
[INFO] validating manifest of crates.io crate surreal-client 1.0.0 on toolchain 1.99.0-beta.8
[INFO] running `Command { std: CARGO_HOME="/workspace/cargo-home" RUSTUP_HOME="/workspace/rustup-home" "/workspace/cargo-home/bin/cargo" "+1.99.0-beta.8" "metadata" "--manifest-path" "Cargo.toml" "--no-deps", kill_on_drop: false }`
[INFO] crate crates.io crate surreal-client 1.0.0 already has a lockfile, it will not be regenerated
[INFO] running `Command { std: CARGO_HOME="/workspace/cargo-home" RUSTUP_HOME="/workspace/rustup-home" "/workspace/cargo-home/bin/cargo" "+1.99.0-beta.8" "fetch" "--manifest-path" "Cargo.toml", kill_on_drop: false }`
[INFO] [stderr]     Updating crates.io index
[INFO] [stderr]  Downloading crates ...
[INFO] [stderr]   Downloaded tokio-tungstenite v0.27.0
[INFO] [stderr]   Downloaded zerofrom v0.1.7
[INFO] [stderr]   Downloaded tungstenite v0.27.0
[INFO] [stderr]   Downloaded toml_edit v0.25.11+spec-1.1.0
[INFO] [stderr]   Downloaded winnow v1.0.2
[INFO] [stderr]   Downloaded wasm-bindgen-futures v0.4.71
[INFO] [stderr]   Downloaded tower-http v0.6.10
[INFO] [stderr]   Downloaded openssl-sys v0.9.115
[INFO] [stderr]   Downloaded web-sys v0.3.98
[INFO] [stderr]   Downloaded mobc v0.9.0
[INFO] [stderr]   Downloaded openssl v0.10.79
[INFO] [stderr]   Downloaded vantage-types-entity v1.0.1
[INFO] [stderr]   Downloaded vantage-core v1.1.0
[INFO] [stderr]   Downloaded vantage-types v1.0.0
[INFO] running `Command { std: "docker" "create" "-v" "/var/lib/crater-agent-workspace/builds/worker-4-tc1/source:/opt/rustwide/workdir:ro,Z" "-v" "/var/lib/crater-agent-workspace/builds/worker-4-tc1/target:/opt/rustwide/target:rw,Z" "-v" "/var/lib/crater-agent-workspace/cargo-home:/opt/rustwide/cargo-home:ro,Z" "-v" "/var/lib/crater-agent-workspace/rustup-home:/opt/rustwide/rustup-home:ro,Z" "-m" "1610612736" "--network" "none" "ghcr.io/rust-lang/crates-build-env/linux@sha256:77db811e55d90add9212f6832c23229e3de5f1c1f9905e8cb07319ea15df73ac" "sleep" "infinity", kill_on_drop: false }`
[INFO] [stdout] 435f27362d821319bac813d7dbb0e85dc65913d9266fe9b0150d314d7e9edbe5
[INFO] running `Command { std: "docker" "start" "435f27362d821319bac813d7dbb0e85dc65913d9266fe9b0150d314d7e9edbe5", kill_on_drop: false }`
[INFO] running `Command { std: "docker" "inspect" "435f27362d821319bac813d7dbb0e85dc65913d9266fe9b0150d314d7e9edbe5", kill_on_drop: false }`
[INFO] running `Command { std: "docker" "exec" "-e" "SOURCE_DIR=/opt/rustwide/workdir" "-e" "CARGO_HOME=/opt/rustwide/cargo-home" "-e" "RUSTUP_HOME=/opt/rustwide/rustup-home" "-e" "CARGO_TARGET_DIR=/opt/rustwide/target" "-w" "/opt/rustwide/workdir" "--user" "0:0" "435f27362d821319bac813d7dbb0e85dc65913d9266fe9b0150d314d7e9edbe5" "/opt/rustwide/cargo-home/bin/cargo" "+1.99.0-beta.8" "metadata" "--no-deps" "--format-version=1", kill_on_drop: false }`
[INFO] running `Command { std: "docker" "inspect" "435f27362d821319bac813d7dbb0e85dc65913d9266fe9b0150d314d7e9edbe5", kill_on_drop: false }`
[INFO] running `Command { std: "docker" "exec" "-e" "SOURCE_DIR=/opt/rustwide/workdir" "-e" "CARGO_HOME=/opt/rustwide/cargo-home" "-e" "RUSTUP_HOME=/opt/rustwide/rustup-home" "-e" "CARGO_TARGET_DIR=/opt/rustwide/target" "-e" "CARGO_INCREMENTAL=0" "-e" "RUST_BACKTRACE=full" "-e" "RUSTFLAGS=--cap-lints=warn" "-e" "RUSTDOCFLAGS=--cap-lints=warn" "-w" "/opt/rustwide/workdir" "--user" "0:0" "435f27362d821319bac813d7dbb0e85dc65913d9266fe9b0150d314d7e9edbe5" "/opt/rustwide/cargo-home/bin/cargo" "+1.99.0-beta.8" "build" "--frozen" "--message-format=json" "--release", kill_on_drop: false }`
[INFO] [stderr]    Compiling proc-macro2 v1.0.106
[INFO] [stderr]    Compiling libc v0.2.186
[INFO] [stderr]    Compiling cfg-if v1.0.4
[INFO] [stderr]    Compiling smallvec v1.15.1
[INFO] [stderr]    Compiling pin-project-lite v0.2.17
[INFO] [stderr]    Compiling bytes v1.11.1
[INFO] [stderr]    Compiling parking_lot_core v0.9.12
[INFO] [stderr]    Compiling scopeguard v1.2.0
[INFO] [stderr]    Compiling futures-core v0.3.32
[INFO] [stderr]    Compiling stable_deref_trait v1.2.1
[INFO] [stderr]    Compiling itoa v1.0.18
[INFO] [stderr]    Compiling once_cell v1.21.4
[INFO] [stderr]    Compiling futures-sink v0.3.32
[INFO] [stderr]    Compiling zerocopy v0.8.48
[INFO] [stderr]    Compiling dunce v1.0.5
[INFO] [stderr]    Compiling serde_core v1.0.228
[INFO] [stderr]    Compiling fs_extra v1.3.0
[INFO] [stderr]    Compiling memchr v2.8.0
[INFO] [stderr]    Compiling slab v0.4.12
[INFO] [stderr]    Compiling zeroize v1.8.2
[INFO] [stderr]    Compiling pkg-config v0.3.33
[INFO] [stderr]    Compiling vcpkg v0.2.15
[INFO] [stderr]    Compiling lock_api v0.4.14
[INFO] [stderr]    Compiling futures-channel v0.3.32
[INFO] [stderr]    Compiling typenum v1.19.0
[INFO] [stderr]    Compiling writeable v0.6.3
[INFO] [stderr]    Compiling futures-io v0.3.32
[INFO] [stderr]    Compiling litemap v0.8.2
[INFO] [stderr]    Compiling futures-task v0.3.32
[INFO] [stderr]    Compiling version_check v0.9.5
[INFO] [stderr]    Compiling serde v1.0.228
[INFO] [stderr]    Compiling rustls-pki-types v1.14.1
[INFO] [stderr]    Compiling tracing-core v0.1.36
[INFO] [stderr]    Compiling utf8_iter v1.0.4
[INFO] [stderr]    Compiling aws-lc-rs v1.17.0
[INFO] [stderr]    Compiling httparse v1.10.1
[INFO] [stderr]    Compiling log v0.4.29
[INFO] [stderr]    Compiling generic-array v0.14.7
[INFO] [stderr]    Compiling hashbrown v0.17.1
[INFO] [stderr]    Compiling equivalent v1.0.2
[INFO] [stderr]    Compiling icu_normalizer_data v2.2.0
[INFO] [stderr]    Compiling icu_properties_data v2.2.0
[INFO] [stderr]    Compiling percent-encoding v2.3.2
[INFO] [stderr]    Compiling getrandom v0.3.4
[INFO] [stderr]    Compiling foreign-types-shared v0.1.1
[INFO] [stderr]    Compiling untrusted v0.9.0
[INFO] [stderr]    Compiling openssl v0.10.79
[INFO] [stderr]    Compiling bitflags v2.11.1
[INFO] [stderr]    Compiling foreign-types v0.3.2
[INFO] [stderr]    Compiling try-lock v0.2.5
[INFO] [stderr]    Compiling native-tls v0.2.18
[INFO] [stderr]    Compiling atomic-waker v1.1.2
[INFO] [stderr]    Compiling tower-service v0.3.3
[INFO] [stderr]    Compiling fnv v1.0.7
[INFO] [stderr]    Compiling rustls v0.23.40
[INFO] [stderr]    Compiling want v0.3.1
[INFO] [stderr]    Compiling form_urlencoded v1.2.2
[INFO] [stderr]    Compiling quote v1.0.45
[INFO] [stderr]    Compiling subtle v2.6.1
[INFO] [stderr]    Compiling zmij v1.0.21
[INFO] [stderr]    Compiling thiserror v2.0.18
[INFO] [stderr]    Compiling indexmap v2.14.0
[INFO] [stderr]    Compiling openssl-probe v0.2.1
[INFO] [stderr]    Compiling owo-colors v4.3.0
[INFO] [stderr]    Compiling syn v2.0.117
[INFO] [stderr]    Compiling http v1.4.0
[INFO] [stderr]    Compiling thiserror v1.0.69
[INFO] [stderr]    Compiling sync_wrapper v1.0.2
[INFO] [stderr]    Compiling getrandom v0.4.2
[INFO] [stderr]    Compiling tower-layer v0.3.3
[INFO] [stderr]    Compiling paste v1.0.15
[INFO] [stderr]    Compiling cpufeatures v0.2.17
[INFO] [stderr]    Compiling jobserver v0.1.35
[INFO] [stderr]    Compiling ipnet v2.12.0
[INFO] [stderr]    Compiling serde_json v1.0.149
[INFO] [stderr]    Compiling ciborium-io v0.2.2
[INFO] [stderr]    Compiling base64 v0.22.1
[INFO] [stderr]    Compiling webpki-roots v1.0.6
[INFO] [stderr]    Compiling ryu v1.0.23
[INFO] [stderr]    Compiling cc v1.2.62
[INFO] [stderr]    Compiling errno v0.3.14
[INFO] [stderr]    Compiling signal-hook-registry v1.4.8
[INFO] [stderr]    Compiling mio v1.2.0
[INFO] [stderr]    Compiling parking_lot v0.12.5
[INFO] [stderr]    Compiling socket2 v0.6.3
[INFO] [stderr]    Compiling getrandom v0.2.17
[INFO] [stderr]    Compiling atty v0.2.14
[INFO] [stderr]    Compiling data-encoding v2.10.0
[INFO] [stderr]    Compiling utf-8 v0.7.6
[INFO] [stderr]    Compiling rand_core v0.9.5
[INFO] [stderr]    Compiling iana-time-zone v0.1.65
[INFO] [stderr]    Compiling webpki-roots v0.26.11
[INFO] [stderr]    Compiling syn v3.0.6
[INFO] [stderr]    Compiling encoding_rs v0.8.35
[INFO] [stderr]    Compiling mime v0.3.17
[INFO] [stderr]    Compiling uuid v1.23.1
[INFO] [stderr]    Compiling hex v0.4.3
[INFO] [stderr]    Compiling cmake v0.1.58
[INFO] [stderr]    Compiling http-body v1.0.1
[INFO] [stderr]    Compiling block-buffer v0.10.4
[INFO] [stderr]    Compiling crypto-common v0.1.7
[INFO] [stderr]    Compiling http-body-util v0.1.3
[INFO] [stderr]    Compiling digest v0.10.7
[INFO] [stderr]    Compiling sha1 v0.10.6
[INFO] [stderr]    Compiling openssl-sys v0.9.115
[INFO] [stderr]    Compiling ring v0.17.14
[INFO] [stderr]    Compiling aws-lc-sys v0.41.0
[INFO] [stderr]    Compiling synstructure v0.13.2
[INFO] [stderr]    Compiling async-trait v0.1.92
[INFO] [stderr]    Compiling zerofrom-derive v0.1.7
[INFO] [stderr]    Compiling yoke-derive v0.8.2
[INFO] [stderr]    Compiling tokio-macros v2.7.0
[INFO] [stderr]    Compiling zerovec-derive v0.11.3
[INFO] [stderr]    Compiling displaydoc v0.2.5
[INFO] [stderr]    Compiling zerocopy-derive v0.8.48
[INFO] [stderr]    Compiling futures-macro v0.3.32
[INFO] [stderr]    Compiling tokio v1.52.3
[INFO] [stderr]    Compiling serde_derive v1.0.228
[INFO] [stderr]    Compiling tracing-attributes v0.1.31
[INFO] [stderr]    Compiling openssl-macros v0.1.1
[INFO] [stderr]    Compiling zerofrom v0.1.7
[INFO] [stderr]    Compiling yoke v0.8.2
[INFO] [stderr]    Compiling thiserror-impl v2.0.18
[INFO] [stderr]    Compiling futures-util v0.3.32
[INFO] [stderr]    Compiling thiserror-impl v1.0.69
[INFO] [stderr]    Compiling zerotrie v0.2.4
[INFO] [stderr]    Compiling vantage-types-entity v1.0.1
[INFO] [stderr]    Compiling zerovec v0.11.6
[INFO] [stderr]    Compiling tracing v0.1.44
[INFO] [stderr]    Compiling tinystr v0.8.3
[INFO] [stderr]    Compiling potential_utf v0.1.5
[INFO] [stderr]    Compiling icu_collections v2.2.0
[INFO] [stderr]    Compiling icu_locale_core v2.2.0
[INFO] [stderr]    Compiling icu_provider v2.2.0
[INFO] [stderr]    Compiling icu_normalizer v2.2.0
[INFO] [stderr]    Compiling icu_properties v2.2.0
[INFO] [stderr]    Compiling serde_urlencoded v0.7.1
[INFO] [stderr]    Compiling chrono v0.4.44
[INFO] [stderr]    Compiling bincode v1.3.3
[INFO] [stderr]    Compiling futures-executor v0.3.32
[INFO] [stderr]    Compiling idna_adapter v1.2.2
[INFO] [stderr]    Compiling idna v1.1.0
[INFO] [stderr]    Compiling futures v0.3.32
[INFO] [stderr]    Compiling url v2.5.8
[INFO] [stderr]    Compiling ppv-lite86 v0.2.21
[INFO] [stderr]    Compiling half v2.7.1
[INFO] [stderr]    Compiling rand_chacha v0.9.0
[INFO] [stderr]    Compiling ciborium-ll v0.2.2
[INFO] [stderr]    Compiling rand v0.9.4
[INFO] [stderr]    Compiling ciborium v0.2.2
[INFO] [stderr]    Compiling tokio-util v0.7.18
[INFO] [stderr]    Compiling tower v0.5.3
[INFO] [stderr]    Compiling tokio-native-tls v0.3.1
[INFO] [stderr]    Compiling vantage-core v1.1.0
[INFO] [stderr]    Compiling vantage-types v1.0.0
[INFO] [stderr]    Compiling tower-http v0.6.10
[INFO] [stderr]    Compiling h2 v0.4.14
[INFO] [stderr]    Compiling hyper v1.9.0
[INFO] [stderr]    Compiling hyper-util v0.1.20
[INFO] [stderr]    Compiling hyper-tls v0.6.0
[INFO] [stderr]    Compiling reqwest v0.12.28
[INFO] [stderr]    Compiling rustls-webpki v0.103.13
[INFO] [stderr]    Compiling tungstenite v0.27.0
[INFO] [stderr]    Compiling tokio-rustls v0.26.4
[INFO] [stderr]    Compiling tokio-tungstenite v0.27.0
[INFO] [stderr]    Compiling surreal-client v1.0.0 (/opt/rustwide/workdir)
[INFO] [stderr]     Finished `release` profile [optimized] target(s) in 2m 33s
[INFO] running `Command { std: "docker" "inspect" "435f27362d821319bac813d7dbb0e85dc65913d9266fe9b0150d314d7e9edbe5", kill_on_drop: false }`
[INFO] running `Command { std: "docker" "exec" "-e" "SOURCE_DIR=/opt/rustwide/workdir" "-e" "CARGO_HOME=/opt/rustwide/cargo-home" "-e" "RUSTUP_HOME=/opt/rustwide/rustup-home" "-e" "CARGO_TARGET_DIR=/opt/rustwide/target" "-e" "CARGO_INCREMENTAL=0" "-e" "RUST_BACKTRACE=full" "-e" "RUSTFLAGS=--cap-lints=warn" "-e" "RUSTDOCFLAGS=--cap-lints=warn" "-w" "/opt/rustwide/workdir" "--user" "0:0" "435f27362d821319bac813d7dbb0e85dc65913d9266fe9b0150d314d7e9edbe5" "/opt/rustwide/cargo-home/bin/cargo" "+1.99.0-beta.8" "test" "--frozen" "--no-run" "--message-format=json" "--release", kill_on_drop: false }`
[INFO] [stderr]    Compiling surreal-client v1.0.0 (/opt/rustwide/workdir)
[INFO] [stderr]     Finished `release` profile [optimized] target(s) in 17.04s
[INFO] running `Command { std: "docker" "inspect" "435f27362d821319bac813d7dbb0e85dc65913d9266fe9b0150d314d7e9edbe5", kill_on_drop: false }`
[INFO] running `Command { std: "docker" "exec" "-e" "SOURCE_DIR=/opt/rustwide/workdir" "-e" "CARGO_HOME=/opt/rustwide/cargo-home" "-e" "RUSTUP_HOME=/opt/rustwide/rustup-home" "-e" "CARGO_TARGET_DIR=/opt/rustwide/target" "-e" "CARGO_INCREMENTAL=0" "-e" "RUST_BACKTRACE=full" "-e" "RUSTFLAGS=--cap-lints=warn" "-e" "RUSTDOCFLAGS=--cap-lints=warn" "-w" "/opt/rustwide/workdir" "--user" "0:0" "435f27362d821319bac813d7dbb0e85dc65913d9266fe9b0150d314d7e9edbe5" "/opt/rustwide/cargo-home/bin/cargo" "+1.99.0-beta.8" "test" "--frozen" "--release", kill_on_drop: false }`
[INFO] [stderr]     Finished `release` profile [optimized] target(s) in 0.21s
[INFO] [stderr]      Running unittests src/lib.rs (/opt/rustwide/target/release/deps/surreal_client-33ffcbaf98532ced)
[INFO] [stdout] 
[INFO] [stdout] running 50 tests
[INFO] [stdout] test cbor_convert::tests::nested_round_trip ... ok
[INFO] [stdout] test cbor_convert::tests::primitives_round_trip ... ok
[INFO] [stdout] test cbor_convert::tests::record_id_becomes_table_colon_id ... ok
[INFO] [stdout] test connection::tests::test_auth_methods ... ok
[INFO] [stdout] test connection::tests::test_connection_builder ... ok
[INFO] [stdout] test cbor_convert::tests::numeric_edges ... ok
[INFO] [stdout] test cbor_convert::tests::surreal_query_response_shape ... ok
[INFO] [stdout] test cbor_convert::tests::cbor_tag_unwraps_to_inner ... ok
[INFO] [stdout] test cbor_convert::tests::numeric_record_id_stringifies ... ok
[INFO] [stdout] test client::tests::test_crud_operations ... ok
[INFO] [stdout] test client::tests::test_complex_analytics_queries ... ok
[INFO] [stdout] test client::tests::test_surrealdb_creation ... ok
[INFO] [stdout] test client::tests::test_bakery_queries_with_parameters ... ok
[INFO] [stdout] test cbor_convert::tests::cbor_bytes_become_base64 ... ok
[INFO] [stdout] test cbor_convert::tests::nan_and_inf_become_null ... ok
[INFO] [stdout] test client::tests::test_connect_and_operations ... ok
[INFO] [stdout] test connection::tests::test_connection_to_client_flow ... ok
[INFO] [stdout] test mocks::engine::tests::test_mock_engine_exact_query_response ... ok
[INFO] [stdout] test mocks::engine::tests::test_exact_matching_only ... ok
[INFO] [stdout] test connection::tests::test_dsn_parsing ... ok
[INFO] [stdout] test connection::tests::test_dsn_with_query_params ... ok
[INFO] [stdout] test live::tests::close_sends_kill_once ... ok
[INFO] [stdout] test live::tests::drop_sends_kill ... ok
[INFO] [stdout] test mocks::engine::tests::test_surreal_mock_builder ... ok
[INFO] [stdout] test connection::tests::test_dsn_auth_level ... ok
[INFO] [stdout] test mocks::engine::tests::test_different_parameter_types ... ok
[INFO] [stdout] test engines::debug::tests::test_debug_engine_wraps_correctly ... ok
[INFO] [stdout] test mocks::engine::tests::test_mock_engine_method_response ... ok
[INFO] [stdout] test mocks::engine::tests::test_mock_engine_method_response_panics_on_unmatch - should panic ... ok
[INFO] [stdout] test mocks::engine::tests::test_mock_engine_exact_response ... ok
[INFO] [stdout] test mocks::engine::tests::test_mock_engine_no_patterns_panics - should panic ... ok
[INFO] [stdout] test live::tests::drop_outside_runtime_does_not_panic ... ok
[INFO] [stdout] test params::tests::test_connect_params_builder ... ok
[INFO] [stdout] test session::tests::test_session_reset ... ok
[INFO] [stdout] test record::tests::test_escape_identifier ... ok
[INFO] [stdout] test record::tests::test_table_creation ... ok
[INFO] [stdout] test params::tests::test_signin_params_root ... ok
[INFO] [stdout] test session::tests::test_session_parameters ... ok
[INFO] [stdout] test params::tests::test_signin_params_to_rpc ... ok
[INFO] [stdout] test params::tests::test_signin_params_namespace_abbreviations ... ok
[INFO] [stdout] test record::tests::test_conversions ... ok
[INFO] [stdout] test record::tests::test_record_id_parsing ... ok
[INFO] [stdout] test record::tests::test_record_id_creation ... ok
[INFO] [stdout] test session::tests::test_session_state_creation ... ok
[INFO] [stdout] test session::tests::test_merge_params ... ok
[INFO] [stdout] test record::tests::test_record_range ... ok
[INFO] [stdout] test record::tests::test_record_id_surql ... ok
[INFO] [stdout] test mocks::engine::tests::test_surreal_mock_builder_panics_on_unmatch - should panic ... ok
[INFO] [stdout] test session::tests::test_session_state_setters ... ok
[INFO] [stdout] test session::tests::test_session_target ... ok
[INFO] [stdout] 
[INFO] [stdout] test result: ok. 50 passed; 0 failed; 0 ignored; 0 measured; 0 filtered out; finished in 0.07s
[INFO] [stdout] 
[INFO] [stderr]      Running tests/live_query.rs (/opt/rustwide/target/release/deps/live_query-26f32ae3f1237b01)
[INFO] [stdout] 
[INFO] [stdout] running 2 tests
[INFO] [stdout] test live_stream_reports_create_update_delete ... FAILED
[INFO] [stdout] test live_notification_carries_the_record ... FAILED
[INFO] [stdout] 
[INFO] [stdout] failures:
[INFO] [stdout] 
[INFO] [stdout] ---- live_stream_reports_create_update_delete stdout ----
[INFO] [stdout] 
[INFO] [stdout] thread 'live_stream_reports_create_update_delete' (4835) panicked at tests/live_query.rs:22:10:
[INFO] [stdout] connect: Connection("Failed to connect to WebSocket: IO error: Connection refused (os error 111)")
[INFO] [stdout] stack backtrace:
[INFO] [stdout]    0:     0x62ca7abee2a1 - <<std[70759c8f55707aa4]::sys::backtrace::BacktraceLock>::print::DisplayBacktrace as core[df12db4294e9bfd3]::fmt::Display>::fmt
[INFO] [stdout]    1:     0x62ca7ac04e5a - core[df12db4294e9bfd3]::fmt::write
[INFO] [stdout]    2:     0x62ca7abf2d0c - <alloc[2182bb758b4b3781]::vec::Vec<u8> as core[df12db4294e9bfd3]::io::write::Write>::write_fmt
[INFO] [stdout]    3:     0x62ca7abc9b66 - std[70759c8f55707aa4]::panicking::default_hook::{closure#0}
[INFO] [stdout]    4:     0x62ca7abe62e9 - std[70759c8f55707aa4]::panicking::default_hook
[INFO] [stdout]    5:     0x62ca7a9faba0 - test[9d35eded1c95d3be]::test_main_inner::<test[9d35eded1c95d3be]::test_main_static::{closure#0}>::{closure#0}
[INFO] [stdout]    6:     0x62ca7abe6612 - std[70759c8f55707aa4]::panicking::panic_with_hook
[INFO] [stdout]    7:     0x62ca7abc9c12 - std[70759c8f55707aa4]::panicking::panic_handler::{closure#0}
[INFO] [stdout]    8:     0x62ca7abc28e9 - std[70759c8f55707aa4]::sys::backtrace::__rust_end_short_backtrace::<std[70759c8f55707aa4]::panicking::panic_handler::{closure#0}, !>
[INFO] [stdout]    9:     0x62ca7abca9fd - __rustc[8fa7c3cbc660c2b3]::rust_begin_unwind
[INFO] [stdout]   10:     0x62ca7ac055bc - core[df12db4294e9bfd3]::panicking::panic_fmt
[INFO] [stdout]   11:     0x62ca7ac05392 - core[df12db4294e9bfd3]::result::unwrap_failed
[INFO] [stdout]   12:     0x62ca7a9c211a - live_query[61b8673d3800e260]::client::{closure#0}
[INFO] [stdout]   13:     0x62ca7a9c2c45 - live_query[61b8673d3800e260]::live_stream_reports_create_update_delete::{closure#0}
[INFO] [stdout]   14:     0x62ca7a9d7ef3 - <tokio[cb13bdeeb46b5106]::runtime::scheduler::current_thread::Context>::enter::<core[df12db4294e9bfd3]::task::poll::Poll<()>, <tokio[cb13bdeeb46b5106]::runtime::scheduler::current_thread::CoreGuard>::block_on<core[df12db4294e9bfd3]::pin::Pin<&mut core[df12db4294e9bfd3]::pin::Pin<&mut dyn core[df12db4294e9bfd3]::future::future::Future<Output = ()>>>>::{closure#0}::{closure#0}>
[INFO] [stdout]   15:     0x62ca7a9ecdfc - <tokio[cb13bdeeb46b5106]::runtime::context::scoped::Scoped<tokio[cb13bdeeb46b5106]::runtime::scheduler::Context>>::set::<<tokio[cb13bdeeb46b5106]::runtime::scheduler::current_thread::CoreGuard>::enter<<tokio[cb13bdeeb46b5106]::runtime::scheduler::current_thread::CoreGuard>::block_on<core[df12db4294e9bfd3]::pin::Pin<&mut core[df12db4294e9bfd3]::pin::Pin<&mut dyn core[df12db4294e9bfd3]::future::future::Future<Output = ()>>>>::{closure#0}, core[df12db4294e9bfd3]::option::Option<()>>::{closure#0}, (alloc[2182bb758b4b3781]::boxed::Box<tokio[cb13bdeeb46b5106]::runtime::scheduler::current_thread::Core>, core[df12db4294e9bfd3]::option::Option<()>)>
[INFO] [stdout]   16:     0x62ca7a9d8517 - <tokio[cb13bdeeb46b5106]::runtime::scheduler::current_thread::CoreGuard>::block_on::<core[df12db4294e9bfd3]::pin::Pin<&mut core[df12db4294e9bfd3]::pin::Pin<&mut dyn core[df12db4294e9bfd3]::future::future::Future<Output = ()>>>>
[INFO] [stdout]   17:     0x62ca7a9ec797 - tokio[cb13bdeeb46b5106]::runtime::context::runtime::enter_runtime::<<tokio[cb13bdeeb46b5106]::runtime::scheduler::current_thread::CurrentThread>::block_on<core[df12db4294e9bfd3]::pin::Pin<&mut dyn core[df12db4294e9bfd3]::future::future::Future<Output = ()>>>::{closure#0}, ()>
[INFO] [stdout]   18:     0x62ca7a9d1ab5 - <tokio[cb13bdeeb46b5106]::runtime::runtime::Runtime>::block_on::<core[df12db4294e9bfd3]::pin::Pin<&mut dyn core[df12db4294e9bfd3]::future::future::Future<Output = ()>>>
[INFO] [stdout]   19:     0x62ca7a9cc09c - <live_query[61b8673d3800e260]::live_stream_reports_create_update_delete::{closure#0} as core[df12db4294e9bfd3]::ops::function::FnOnce<()>>::call_once
[INFO] [stdout]   20:     0x62ca7a9ede8b - test[9d35eded1c95d3be]::__rust_begin_short_backtrace::<core[df12db4294e9bfd3]::result::Result<(), alloc[2182bb758b4b3781]::string::String>, fn() -> core[df12db4294e9bfd3]::result::Result<(), alloc[2182bb758b4b3781]::string::String>>
[INFO] [stdout]   21:     0x62ca7a9fb4f5 - test[9d35eded1c95d3be]::run_test::{closure#0}
[INFO] [stdout]   22:     0x62ca7a9f4db4 - std[70759c8f55707aa4]::sys::backtrace::__rust_begin_short_backtrace::<test[9d35eded1c95d3be]::run_test::{closure#1}, ()>
[INFO] [stdout]   23:     0x62ca7a9fe652 - <std[70759c8f55707aa4]::thread::lifecycle::spawn_unchecked<test[9d35eded1c95d3be]::run_test::{closure#1}, ()>::{closure#1} as core[df12db4294e9bfd3]::ops::function::FnOnce<()>>::call_once::{shim:vtable#0}
[INFO] [stdout]   24:     0x62ca7abed7c9 - <std[70759c8f55707aa4]::sys::thread::unix::Thread>::new::thread_start
[INFO] [stdout]   25:     0x7c122fbe9dfa - <unknown>
[INFO] [stdout]   26:     0x7c122fc7d3d4 - clone
[INFO] [stdout]   27:                0x0 - <unknown>
[INFO] [stdout] 
[INFO] [stdout] ---- live_notification_carries_the_record stdout ----
[INFO] [stdout] 
[INFO] [stdout] thread 'live_notification_carries_the_record' (4834) panicked at tests/live_query.rs:22:10:
[INFO] [stdout] connect: Connection("Failed to connect to WebSocket: IO error: Connection refused (os error 111)")
[INFO] [stdout] stack backtrace:
[INFO] [stdout]    0:     0x62ca7abee2a1 - <<std[70759c8f55707aa4]::sys::backtrace::BacktraceLock>::print::DisplayBacktrace as core[df12db4294e9bfd3]::fmt::Display>::fmt
[INFO] [stdout]    1:     0x62ca7ac04e5a - core[df12db4294e9bfd3]::fmt::write
[INFO] [stdout]    2:     0x62ca7abf2d0c - <alloc[2182bb758b4b3781]::vec::Vec<u8> as core[df12db4294e9bfd3]::io::write::Write>::write_fmt
[INFO] [stdout]    3:     0x62ca7abc9b66 - std[70759c8f55707aa4]::panicking::default_hook::{closure#0}
[INFO] [stdout]    4:     0x62ca7abe62e9 - std[70759c8f55707aa4]::panicking::default_hook
[INFO] [stdout]    5:     0x62ca7a9faba0 - test[9d35eded1c95d3be]::test_main_inner::<test[9d35eded1c95d3be]::test_main_static::{closure#0}>::{closure#0}
[INFO] [stdout]    6:     0x62ca7abe6612 - std[70759c8f55707aa4]::panicking::panic_with_hook
[INFO] [stdout]    7:     0x62ca7abc9c12 - std[70759c8f55707aa4]::panicking::panic_handler::{closure#0}
[INFO] [stdout]    8:     0x62ca7abc28e9 - std[70759c8f55707aa4]::sys::backtrace::__rust_end_short_backtrace::<std[70759c8f55707aa4]::panicking::panic_handler::{closure#0}, !>
[INFO] [stdout]    9:     0x62ca7abca9fd - __rustc[8fa7c3cbc660c2b3]::rust_begin_unwind
[INFO] [stdout]   10:     0x62ca7ac055bc - core[df12db4294e9bfd3]::panicking::panic_fmt
[INFO] [stdout]   11:     0x62ca7ac05392 - core[df12db4294e9bfd3]::result::unwrap_failed
[INFO] [stdout]   12:     0x62ca7a9c211a - live_query[61b8673d3800e260]::client::{closure#0}
[INFO] [stdout]   13:     0x62ca7a9c2365 - live_query[61b8673d3800e260]::live_notification_carries_the_record::{closure#0}
[INFO] [stdout]   14:     0x62ca7a9d7ef3 - <tokio[cb13bdeeb46b5106]::runtime::scheduler::current_thread::Context>::enter::<core[df12db4294e9bfd3]::task::poll::Poll<()>, <tokio[cb13bdeeb46b5106]::runtime::scheduler::current_thread::CoreGuard>::block_on<core[df12db4294e9bfd3]::pin::Pin<&mut core[df12db4294e9bfd3]::pin::Pin<&mut dyn core[df12db4294e9bfd3]::future::future::Future<Output = ()>>>>::{closure#0}::{closure#0}>
[INFO] [stdout]   15:     0x62ca7a9ecdfc - <tokio[cb13bdeeb46b5106]::runtime::context::scoped::Scoped<tokio[cb13bdeeb46b5106]::runtime::scheduler::Context>>::set::<<tokio[cb13bdeeb46b5106]::runtime::scheduler::current_thread::CoreGuard>::enter<<tokio[cb13bdeeb46b5106]::runtime::scheduler::current_thread::CoreGuard>::block_on<core[df12db4294e9bfd3]::pin::Pin<&mut core[df12db4294e9bfd3]::pin::Pin<&mut dyn core[df12db4294e9bfd3]::future::future::Future<Output = ()>>>>::{closure#0}, core[df12db4294e9bfd3]::option::Option<()>>::{closure#0}, (alloc[2182bb758b4b3781]::boxed::Box<tokio[cb13bdeeb46b5106]::runtime::scheduler::current_thread::Core>, core[df12db4294e9bfd3]::option::Option<()>)>
[INFO] [stdout]   16:     0x62ca7a9d8517 - <tokio[cb13bdeeb46b5106]::runtime::scheduler::current_thread::CoreGuard>::block_on::<core[df12db4294e9bfd3]::pin::Pin<&mut core[df12db4294e9bfd3]::pin::Pin<&mut dyn core[df12db4294e9bfd3]::future::future::Future<Output = ()>>>>
[INFO] [stdout]   17:     0x62ca7a9ec797 - tokio[cb13bdeeb46b5106]::runtime::context::runtime::enter_runtime::<<tokio[cb13bdeeb46b5106]::runtime::scheduler::current_thread::CurrentThread>::block_on<core[df12db4294e9bfd3]::pin::Pin<&mut dyn core[df12db4294e9bfd3]::future::future::Future<Output = ()>>>::{closure#0}, ()>
[INFO] [stdout]   18:     0x62ca7a9d1ab5 - <tokio[cb13bdeeb46b5106]::runtime::runtime::Runtime>::block_on::<core[df12db4294e9bfd3]::pin::Pin<&mut dyn core[df12db4294e9bfd3]::future::future::Future<Output = ()>>>
[INFO] [stdout]   19:     0x62ca7a9cbf2c - <live_query[61b8673d3800e260]::live_notification_carries_the_record::{closure#0} as core[df12db4294e9bfd3]::ops::function::FnOnce<()>>::call_once
[INFO] [stdout]   20:     0x62ca7a9ede8b - test[9d35eded1c95d3be]::__rust_begin_short_backtrace::<core[df12db4294e9bfd3]::result::Result<(), alloc[2182bb758b4b3781]::string::String>, fn() -> core[df12db4294e9bfd3]::result::Result<(), alloc[2182bb758b4b3781]::string::String>>
[INFO] [stdout]   21:     0x62ca7a9fb4f5 - test[9d35eded1c95d3be]::run_test::{closure#0}
[INFO] [stdout]   22:     0x62ca7a9f4db4 - std[70759c8f55707aa4]::sys::backtrace::__rust_begin_short_backtrace::<test[9d35eded1c95d3be]::run_test::{closure#1}, ()>
[INFO] [stdout]   23:     0x62ca7a9fe652 - <std[70759c8f55707aa4]::thread::lifecycle::spawn_unchecked<test[9d35eded1c95d3be]::run_test::{closure#1}, ()>::{closure#1} as core[df12db4294e9bfd3]::ops::function::FnOnce<()>>::call_once::{shim:vtable#0}
[INFO] [stdout]   24:     0x62ca7abed7c9 - <std[70759c8f55707aa4]::sys::thread::unix::Thread>::new::thread_start
[INFO] [stdout]   25:     0x7c122fbe9dfa - <unknown>
[INFO] [stdout]   26:     0x7c122fc7d3d4 - clone
[INFO] [stdout]   27:                0x0 - <unknown>
[INFO] [stdout] 
[INFO] [stdout] 
[INFO] [stdout] failures:
[INFO] [stdout]     live_notification_carries_the_record
[INFO] [stdout]     live_stream_reports_create_update_delete
[INFO] [stdout] 
[INFO] [stdout] test result: FAILED. 0 passed; 2 failed; 0 ignored; 0 measured; 0 filtered out; finished in 0.01s
[INFO] [stdout] 
[INFO] [stderr] error: test failed, to rerun pass `--test live_query`
[INFO] running `Command { std: "docker" "inspect" "435f27362d821319bac813d7dbb0e85dc65913d9266fe9b0150d314d7e9edbe5", kill_on_drop: false }`
[INFO] running `Command { std: "docker" "rm" "-f" "435f27362d821319bac813d7dbb0e85dc65913d9266fe9b0150d314d7e9edbe5", kill_on_drop: false }`
[INFO] [stdout] 435f27362d821319bac813d7dbb0e85dc65913d9266fe9b0150d314d7e9edbe5
