[INFO] fetching crate surge-core 1.0.0-beta.65...
[INFO] testing surge-core-1.0.0-beta.65 against 1.99.0-beta.8+cargoflags=--release for beta-release-1.100-2
[INFO] extracting crate surge-core 1.0.0-beta.65 into /workspace/builds/worker-6-tc1/source
[INFO] started tweaking crates.io crate surge-core 1.0.0-beta.65
[INFO] removed 0 missing tests
[INFO] finished tweaking crates.io crate surge-core 1.0.0-beta.65
[INFO] tweaked toml for crates.io crate surge-core 1.0.0-beta.65 written to /workspace/builds/worker-6-tc1/source/Cargo.toml
[INFO] validating manifest of crates.io crate surge-core 1.0.0-beta.65 on toolchain 1.99.0-beta.8
[INFO] running `Command { std: CARGO_HOME="/workspace/cargo-home" RUSTUP_HOME="/workspace/rustup-home" "/workspace/cargo-home/bin/cargo" "+1.99.0-beta.8" "metadata" "--manifest-path" "Cargo.toml" "--no-deps", kill_on_drop: false }`
[INFO] crate crates.io crate surge-core 1.0.0-beta.65 already has a lockfile, it will not be regenerated
[INFO] running `Command { std: CARGO_HOME="/workspace/cargo-home" RUSTUP_HOME="/workspace/rustup-home" "/workspace/cargo-home/bin/cargo" "+1.99.0-beta.8" "fetch" "--manifest-path" "Cargo.toml", kill_on_drop: false }`
[INFO] [stderr]  Downloading crates ...
[INFO] [stderr]   Downloaded hybrid-array v0.4.8
[INFO] [stderr]   Downloaded sysinfo v0.39.6
[INFO] running `Command { std: "docker" "create" "-v" "/var/lib/crater-agent-workspace/builds/worker-6-tc1/source:/opt/rustwide/workdir:ro,Z" "-v" "/var/lib/crater-agent-workspace/builds/worker-6-tc1/target:/opt/rustwide/target:rw,Z" "-v" "/var/lib/crater-agent-workspace/cargo-home:/opt/rustwide/cargo-home:ro,Z" "-v" "/var/lib/crater-agent-workspace/rustup-home:/opt/rustwide/rustup-home:ro,Z" "-m" "1610612736" "--network" "none" "ghcr.io/rust-lang/crates-build-env/linux@sha256:77db811e55d90add9212f6832c23229e3de5f1c1f9905e8cb07319ea15df73ac" "sleep" "infinity", kill_on_drop: false }`
[INFO] [stdout] e7a284192fb034b59e84a29911e9fdce42343a469a117a6e1a1c30d3090c59a8
[INFO] running `Command { std: "docker" "start" "e7a284192fb034b59e84a29911e9fdce42343a469a117a6e1a1c30d3090c59a8", kill_on_drop: false }`
[INFO] running `Command { std: "docker" "inspect" "e7a284192fb034b59e84a29911e9fdce42343a469a117a6e1a1c30d3090c59a8", kill_on_drop: false }`
[INFO] running `Command { std: "docker" "exec" "-e" "SOURCE_DIR=/opt/rustwide/workdir" "-e" "CARGO_HOME=/opt/rustwide/cargo-home" "-e" "RUSTUP_HOME=/opt/rustwide/rustup-home" "-e" "CARGO_TARGET_DIR=/opt/rustwide/target" "-w" "/opt/rustwide/workdir" "--user" "0:0" "e7a284192fb034b59e84a29911e9fdce42343a469a117a6e1a1c30d3090c59a8" "/opt/rustwide/cargo-home/bin/cargo" "+1.99.0-beta.8" "metadata" "--no-deps" "--format-version=1", kill_on_drop: false }`
[INFO] running `Command { std: "docker" "inspect" "e7a284192fb034b59e84a29911e9fdce42343a469a117a6e1a1c30d3090c59a8", kill_on_drop: false }`
[INFO] running `Command { std: "docker" "exec" "-e" "SOURCE_DIR=/opt/rustwide/workdir" "-e" "CARGO_HOME=/opt/rustwide/cargo-home" "-e" "RUSTUP_HOME=/opt/rustwide/rustup-home" "-e" "CARGO_TARGET_DIR=/opt/rustwide/target" "-e" "CARGO_INCREMENTAL=0" "-e" "RUST_BACKTRACE=full" "-e" "RUSTFLAGS=--cap-lints=warn" "-e" "RUSTDOCFLAGS=--cap-lints=warn" "-w" "/opt/rustwide/workdir" "--user" "0:0" "e7a284192fb034b59e84a29911e9fdce42343a469a117a6e1a1c30d3090c59a8" "/opt/rustwide/cargo-home/bin/cargo" "+1.99.0-beta.8" "build" "--frozen" "--message-format=json" "--release", kill_on_drop: false }`
[INFO] [stderr]    Compiling bitflags v2.13.0
[INFO] [stderr]    Compiling typenum v1.19.0
[INFO] [stderr]    Compiling syn v2.0.117
[INFO] [stderr]    Compiling jobserver v0.1.34
[INFO] [stderr]    Compiling syn v3.0.1
[INFO] [stderr]    Compiling errno v0.3.14
[INFO] [stderr]    Compiling parking_lot_core v0.9.12
[INFO] [stderr]    Compiling mio v1.1.1
[INFO] [stderr]    Compiling socket2 v0.6.2
[INFO] [stderr]    Compiling getrandom v0.2.17
[INFO] [stderr]    Compiling rustix v1.1.4
[INFO] [stderr]    Compiling rustls v0.23.37
[INFO] [stderr]    Compiling futures-channel v0.3.32
[INFO] [stderr]    Compiling ipnet v2.12.0
[INFO] [stderr]    Compiling zstd-safe v8.0.0
[INFO] [stderr]    Compiling nix v0.31.3
[INFO] [stderr]    Compiling signal-hook-registry v1.4.8
[INFO] [stderr]    Compiling getrandom v0.4.2
[INFO] [stderr]    Compiling serde_json v1.0.151
[INFO] [stderr]    Compiling filetime v0.2.27
[INFO] [stderr]    Compiling http-body-util v0.1.3
[INFO] [stderr]    Compiling cc v1.5.1
[INFO] [stderr]    Compiling parking_lot v0.12.5
[INFO] [stderr]    Compiling chrono v0.4.45
[INFO] [stderr]    Compiling uuid v1.26.1
[INFO] [stderr]    Compiling quick-xml v0.42.0
[INFO] [stderr]    Compiling sysinfo v0.39.6
[INFO] [stderr]    Compiling fs2 v0.4.3
[INFO] [stderr]    Compiling hybrid-array v0.4.8
[INFO] [stderr]    Compiling crypto-common v0.2.1
[INFO] [stderr]    Compiling ring v0.17.14
[INFO] [stderr]    Compiling zstd-sys v2.1.0+zstd.1.5.7
[INFO] [stderr]    Compiling block-buffer v0.12.0
[INFO] [stderr]    Compiling surge-core v1.0.0-beta.65 (/opt/rustwide/workdir)
[INFO] [stderr]    Compiling xattr v1.6.1
[INFO] [stderr]    Compiling tempfile v3.27.0
[INFO] [stderr]    Compiling tar v0.4.46
[INFO] [stderr]    Compiling digest v0.11.2
[INFO] [stderr]    Compiling sha2 v0.11.0
[INFO] [stderr]    Compiling futures-macro v0.3.34
[INFO] [stderr]    Compiling serde_derive v1.0.229
[INFO] [stderr]    Compiling synstructure v0.13.2
[INFO] [stderr]    Compiling futures-util v0.3.34
[INFO] [stderr]    Compiling thiserror-impl v2.0.21
[INFO] [stderr]    Compiling zerofrom-derive v0.1.6
[INFO] [stderr]    Compiling yoke-derive v0.8.1
[INFO] [stderr]    Compiling zerovec-derive v0.11.2
[INFO] [stderr]    Compiling displaydoc v0.2.5
[INFO] [stderr]    Compiling tokio-macros v2.6.1
[INFO] [stderr]    Compiling tracing-attributes v0.1.31
[INFO] [stderr]    Compiling zerofrom v0.1.6
[INFO] [stderr]    Compiling serde v1.0.229
[INFO] [stderr]    Compiling yoke v0.8.1
[INFO] [stderr]    Compiling thiserror v2.0.21
[INFO] [stderr]    Compiling async-trait v0.1.92
[INFO] [stderr]    Compiling tokio v1.50.0
[INFO] [stderr]    Compiling zerotrie v0.2.3
[INFO] [stderr]    Compiling zerovec v0.11.5
[INFO] [stderr]    Compiling serde_urlencoded v0.7.1
[INFO] [stderr]    Compiling serde_yaml v0.9.34+deprecated
[INFO] [stderr]    Compiling tracing v0.1.44
[INFO] [stderr]    Compiling tinystr v0.8.2
[INFO] [stderr]    Compiling icu_locale_core v2.1.1
[INFO] [stderr]    Compiling potential_utf v0.1.4
[INFO] [stderr]    Compiling icu_collections v2.1.1
[INFO] [stderr]    Compiling icu_provider v2.1.1
[INFO] [stderr]    Compiling icu_normalizer v2.1.1
[INFO] [stderr]    Compiling icu_properties v2.1.2
[INFO] [stderr]    Compiling idna_adapter v1.2.1
[INFO] [stderr]    Compiling idna v1.1.0
[INFO] [stderr]    Compiling url v2.5.8
[INFO] [stderr]    Compiling rustls-webpki v0.103.13
[INFO] [stderr]    Compiling hyper v1.8.1
[INFO] [stderr]    Compiling tower v0.5.3
[INFO] [stderr]    Compiling tokio-util v0.7.18
[INFO] [stderr]    Compiling tower-http v0.6.8
[INFO] [stderr]    Compiling hyper-util v0.1.20
[INFO] [stderr]    Compiling zstd v0.14.0
[INFO] [stderr]    Compiling tokio-rustls v0.26.4
[INFO] [stderr]    Compiling hyper-rustls v0.27.7
[INFO] [stderr]    Compiling reqwest v0.12.28
[INFO] [stderr]     Finished `release` profile [optimized] target(s) in 2m 15s
[INFO] running `Command { std: "docker" "inspect" "e7a284192fb034b59e84a29911e9fdce42343a469a117a6e1a1c30d3090c59a8", kill_on_drop: false }`
[INFO] running `Command { std: "docker" "exec" "-e" "SOURCE_DIR=/opt/rustwide/workdir" "-e" "CARGO_HOME=/opt/rustwide/cargo-home" "-e" "RUSTUP_HOME=/opt/rustwide/rustup-home" "-e" "CARGO_TARGET_DIR=/opt/rustwide/target" "-e" "CARGO_INCREMENTAL=0" "-e" "RUST_BACKTRACE=full" "-e" "RUSTFLAGS=--cap-lints=warn" "-e" "RUSTDOCFLAGS=--cap-lints=warn" "-w" "/opt/rustwide/workdir" "--user" "0:0" "e7a284192fb034b59e84a29911e9fdce42343a469a117a6e1a1c30d3090c59a8" "/opt/rustwide/cargo-home/bin/cargo" "+1.99.0-beta.8" "test" "--frozen" "--no-run" "--message-format=json" "--release", kill_on_drop: false }`
[INFO] [stderr]    Compiling tokio v1.50.0
[INFO] [stderr]    Compiling hyper v1.8.1
[INFO] [stderr]    Compiling tokio-rustls v0.26.4
[INFO] [stderr]    Compiling tower v0.5.3
[INFO] [stderr]    Compiling tokio-util v0.7.18
[INFO] [stderr]    Compiling tower-http v0.6.8
[INFO] [stderr]    Compiling hyper-util v0.1.20
[INFO] [stderr]    Compiling hyper-rustls v0.27.7
[INFO] [stderr]    Compiling reqwest v0.12.28
[INFO] [stderr]    Compiling surge-core v1.0.0-beta.65 (/opt/rustwide/workdir)
[INFO] [stderr]     Finished `release` profile [optimized] target(s) in 1m 46s
[INFO] running `Command { std: "docker" "inspect" "e7a284192fb034b59e84a29911e9fdce42343a469a117a6e1a1c30d3090c59a8", kill_on_drop: false }`
[INFO] running `Command { std: "docker" "exec" "-e" "SOURCE_DIR=/opt/rustwide/workdir" "-e" "CARGO_HOME=/opt/rustwide/cargo-home" "-e" "RUSTUP_HOME=/opt/rustwide/rustup-home" "-e" "CARGO_TARGET_DIR=/opt/rustwide/target" "-e" "CARGO_INCREMENTAL=0" "-e" "RUST_BACKTRACE=full" "-e" "RUSTFLAGS=--cap-lints=warn" "-e" "RUSTDOCFLAGS=--cap-lints=warn" "-w" "/opt/rustwide/workdir" "--user" "0:0" "e7a284192fb034b59e84a29911e9fdce42343a469a117a6e1a1c30d3090c59a8" "/opt/rustwide/cargo-home/bin/cargo" "+1.99.0-beta.8" "test" "--frozen" "--release", kill_on_drop: false }`
[INFO] [stderr]     Finished `release` profile [optimized] target(s) in 0.23s
[INFO] [stderr]      Running unittests src/lib.rs (/opt/rustwide/target/release/deps/surge_core-8ca4ab413299cfd8)
[INFO] [stdout] 
[INFO] [stdout] running 336 tests
[INFO] [stdout] test config::manifest::tests::effective_pack_policy_uses_defaults_when_pack_is_omitted ... ok
[INFO] [stdout] test config::manifest::tests::parse_accepts_pack_policy_override ... ok
[INFO] [stdout] test config::manifest::tests::parse_derives_single_target_id_when_missing ... ok
[INFO] [stdout] test config::manifest::tests::parse_preserves_explicit_single_target_id ... ok
[INFO] [stdout] test config::manifest::tests::parse_rejects_invalid_pack_compression_level ... ok
[INFO] [stdout] test archive::packer::tests::test_packer_buffer_roundtrip ... ok
[INFO] [stdout] test config::manifest::tests::parse_accepts_bounded_install_artifact_cache_policies ... ok
[INFO] [stdout] test config::manifest::tests::parse_rejects_zero_install_artifact_cache_keep_full_count ... ok
[INFO] [stdout] test archive::extractor::tests::test_archive_roundtrip ... ok
[INFO] [stdout] test config::manifest::lookup::chunked_patch_format_tests::chunked_patch_format_defaults_to_v1 ... ok
[INFO] [stdout] test config::installer::tests::installer_manifest_defaults_cache_policy_for_older_manifests ... ok
[INFO] [stdout] test config::manifest::lookup::chunked_patch_format_tests::unknown_chunked_patch_format_keeps_the_compatible_default ... ok
[INFO] [stdout] test config::constants::tests::framework_version_matches_package_version ... ok
[INFO] [stdout] test crypto::hmac_sha256::tests::test_hmac_sha256_rfc4231_vector1 ... ok
[INFO] [stdout] test crypto::hmac_sha256::tests::test_hmac_sha256_rfc4231_vector6 ... ok
[INFO] [stdout] test crypto::sha256::tests::test_sha256_file ... ok
[INFO] [stdout] test crypto::sha256::tests::test_sha256_raw_length ... ok
[INFO] [stdout] test diff::chunked::format::tests::test_chunked_legacy_format_rejects_identity_flags ... ok
[INFO] [stdout] test crypto::sha256::tests::test_sha256_hex_hello ... ok
[INFO] [stdout] test config::manifest::tests::parse_target_compatibility_rules ... ok
[INFO] [stdout] test crypto::hmac_sha256::tests::test_hmac_sha256_output_length ... ok
[INFO] [stdout] test crypto::sha256::tests::test_sha256_hex_empty ... ok
[INFO] [stdout] test config::manifest::lookup::chunked_patch_format_tests::v3_chunked_patch_format_parses ... ok
[INFO] [stdout] test diff::chunked::format::tests::test_chunked_v3_serialization_rules ... ok
[INFO] [stdout] test config::manifest::lookup::chunked_patch_format_tests::chunked_patch_format_two_opts_in_to_identity_chunks ... ok
[INFO] [stdout] test diff::chunked::format::tests::test_chunked_v3_tampered_target_digest_rejected ... ok
[INFO] [stdout] test diff::chunked::format::tests::test_chunked_default_format_is_legacy_and_carries_identity_payloads ... ok
[INFO] [stdout] test diff::chunked::format::tests::test_chunked_v1_patch_still_applies ... ok
[INFO] [stdout] test diff::chunked::format::tests::test_chunked_v3_round_trip_carries_target_digests ... ok
[INFO] [stdout] test diff::chunked::format::tests::test_chunked_unknown_version_rejected ... ok
[INFO] [stdout] test diff::chunked::format::tests::test_chunked_v2_identity_chunks_carry_no_payload ... ok
[INFO] [stdout] test diff::chunked::tests::test_chunked_file_shrank ... ok
[INFO] [stdout] test diff::chunked::tests::test_chunked_file_grew ... ok
[INFO] [stdout] test diff::chunked::tests::in_place_bspatch_all_identity_is_a_noop ... ok
[INFO] [stdout] test archive::packer::tests::test_add_directory_roundtrip_is_deterministic_after_extract_and_repack ... ok
[INFO] [stdout] test config::manifest::tests::parse_accepts_install_artifact_cache_policy_override ... ok
[INFO] [stdout] test diff::wrapper::tests::test_bsdiff_identical ... ok
[INFO] [stdout] test install::runtime_manifest::tests::runtime_manifest_preserves_launch_environment ... ok
[INFO] [stdout] test diff::chunked::tests::test_chunked_roundtrip_identical ... ok
[INFO] [stdout] test diff::chunked::tests::test_chunked_v2_identity_bit_without_old_content_rejected ... ok
[INFO] [stdout] test diff::wrapper::debug_tests::test_memory_stream_get_buffer ... ok
[INFO] [stdout] test diff::chunked::tests::test_chunked_parallel ... ok
[INFO] [stdout] test install::tests::storage_provider_manifest_name_maps_expected_values ... ok
[INFO] [stdout] test install::tests::install_package_locally_repairs_main_executable_mode ... ok
[INFO] [stdout] test installer_bundle::tests::embedded_installer_roundtrip ... ok
[INFO] [stdout] test install::tests::read_runtime_manifest_version_prefers_current_manifest ... ok
[INFO] [stdout] test diff::chunked::tests::test_chunked_roundtrip_different ... ok
[INFO] [stdout] test lock::mutex::tests::test_mutex_initial_state ... ok
[INFO] [stdout] test lock::mutex::tests::test_mutex_release_without_acquire ... ok
[INFO] [stdout] test lock::mutex::tests::test_server_url_default ... ok
[INFO] [stdout] test lock::mutex::tests::test_server_url_custom ... ok
[INFO] [stdout] test install::tests::install_package_locally_restores_runtime_manifests_when_post_copy_work_fails ... ok
[INFO] [stdout] test lock::mutex::tests::test_format_duration ... ok
[INFO] [stdout] test diff::wrapper::tests::test_bsdiff_bspatch_roundtrip ... ok
[INFO] [stdout] test install::tests::write_runtime_manifest_creates_expected_file ... ok
[INFO] [stdout] test install::tests::install_package_locally_preserves_declared_persistent_assets_and_prunes_snapshots ... ok
[INFO] [stdout] test archive::packer::tests::test_add_directory_roundtrip_is_deterministic_with_symlinks_and_exec_bits ... ok
[INFO] [stdout] test pack::builder::tests::test_detect_os_from_rid ... ok
[INFO] [stdout] test pack::builder::tests::test_demoapp_fixture_multi_release_delta_stays_small_and_restorable ... FAILED
[INFO] [stdout] test pack::builder::tests::test_build_full_package_repairs_main_executable_mode_in_archive ... ok
[INFO] [stdout] test pack::builder::tests::test_legacy_appended_bundled_pack_differs_from_canonical_staged_pack ... ok
[INFO] [stdout] test pack::builder::tests::test_native_library_candidates_for_known_rids ... ok
[INFO] [stdout] test pack::builder::tests::test_build_delta_rejects_inconsistent_base_sha256 ... ok
[INFO] [stdout] test pack::builder::tests::test_resolve_surge_dotnet_native_runtime_bundle_accepts_matching_native_lib ... ok
[INFO] [stdout] test pack::builder::tests::test_resolve_surge_dotnet_native_runtime_bundle_requires_matching_native_lib ... ok
[INFO] [stdout] test pack::builder::tests::test_resolve_surge_dotnet_native_runtime_bundle_rejects_cross_host_toolchain_fallback ... ok
[INFO] [stdout] test pack::builder::tests::test_resolve_surge_dotnet_native_runtime_bundle_uses_toolchain_runtime_when_missing_from_artifacts ... ok
[INFO] [stdout] test pack::builder::tests::test_supervisor_binary_name_follows_target_rid ... ok
[INFO] [stdout] test pack::builder::tests::test_package_artifact_creation ... ok
[INFO] [stdout] test platform::detect::tests::test_cpu_count_positive ... ok
[INFO] [stdout] test platform::paths::tests::test_default_install_root_preserves_absolute_paths ... ok
[INFO] [stdout] test platform::paths::tests::test_default_install_root_uses_app_id_when_install_directory_missing ... ok
[INFO] [stdout] test platform::process::descriptors::tests::linux_process_start_time_accepts_non_utf8_command_name ... ok
[INFO] [stdout] test platform::process::descriptors::tests::linux_process_start_time_reads_proc_stat_field ... ok
[INFO] [stdout] test platform::process::tests::current_process_is_reported_alive ... ok
[INFO] [stdout] test pack::builder::tests::test_build_delta_fails_on_corrupt_direct_base_even_if_cached_chain_can_reconstruct_it ... ok
[INFO] [stdout] test platform::detect::tests::test_current_rid_format ... ok
[INFO] [stdout] test platform::process::tests::is_pid_alive_reflects_a_positive_probe ... ok
[INFO] [stdout] test platform::process::tests::process_identity_rejects_a_reused_pid ... ok
[INFO] [stdout] test pack::builder::tests::test_materialized_pack_root_with_bundled_artifacts_roundtrips_deterministically ... ok
[INFO] [stdout] test platform::process::tests::probe_pid_liveness_distinguishes_alive_dead_and_invalid ... ok
[INFO] [stdout] test platform::process::tests::process_identity_reports_an_unreaped_zombie_dead ... ok
[INFO] [stdout] test archive::packer::tests::test_add_directory_roundtrip_is_deterministic_with_multithreaded_zstd ... ok
[INFO] [stdout] test platform::process::tests::exited_process_is_reported_dead ... ok
[INFO] [stdout] test platform::process::tests::spawned_child_does_not_inherit_open_descriptors ... ok
[INFO] [stdout] test platform::process::tests::spawning_a_missing_executable_still_reports_the_error ... ok
[INFO] [stdout] test platform::shortcuts::tests::test_install_shortcuts_linux_startup_with_supervisor ... ok
[INFO] [stdout] test platform::shortcuts::tests::test_install_shortcuts_linux_with_env_vars ... ok
[INFO] [stdout] test platform::shortcuts::tests::test_install_shortcuts_falls_back_to_bundled_surge_icon ... ok
[INFO] [stdout] test platform::shortcuts::tests::test_install_shortcuts_linux_removes_stale_legacy_desktop_entries ... ok
[INFO] [stdout] test releases::artifact_cache::tests::cache_path_for_key_rejects_parent_traversal ... ok
[INFO] [stdout] test releases::artifact_cache::tests::cached_artifact_matches_accepts_existing_file_without_hash ... ok
[INFO] [stdout] test platform::shortcuts::tests::test_install_shortcuts_linux_writes_desktop_and_startup_files ... ok
[INFO] [stdout] test platform::shortcuts::tests::test_install_shortcuts_missing_main_exe_is_error ... ok
[INFO] [stdout] test platform::shortcuts::tests::test_render_linux_shortcut_files_emits_application_and_autostart_entries ... ok
[INFO] [stdout] test releases::artifact_cache::tests::fetch_or_reuse_file_accepts_resumable_backend_restart_after_range_http_200 ... ok
[INFO] [stdout] test platform::process::tests::spawned_child_keeps_standard_streams ... ok
[INFO] [stdout] test diff::chunked::tests::in_place_bspatch_v3_multi_chunk_tamper_leaves_target_untouched ... ok
[INFO] [stdout] test releases::artifact_cache::tests::fetch_or_reuse_file_resumes_existing_partial_download ... ok
[INFO] [stdout] test releases::artifact_cache::tests::fetch_or_reuse_file_replaces_invalid_local_file ... ok
[INFO] [stdout] test releases::artifact_cache::tests::fetch_or_reuse_file_reuses_valid_local_file ... ok
[INFO] [stdout] test releases::artifact_cache::tests::fetch_or_reuse_file_keeps_resumable_partial_after_download_error ... ok
[INFO] [stdout] test pack::builder::tests::test_update_release_index_rejects_existing_index_for_other_app ... ok
[INFO] [stdout] test releases::artifact_cache::tests::prune_cached_artifacts_removes_stale_files_and_empty_directories ... ok
[INFO] [stdout] test releases::channel::tests::test_list_channels ... ok
[INFO] [stdout] test releases::artifact_cache::tests::sha256_matches_file_reports_expected_result ... ok
[INFO] [stdout] test releases::channel::tests::test_list_releases_unknown_channel ... ok
[INFO] [stdout] test releases::delta::sparse_diff::tests::in_memory_tree_collect_matches_expected_metadata ... ok
[INFO] [stdout] test releases::delta::sparse_diff::tests::in_memory_tree_collect_reads_contents_after_long_paths ... ok
[INFO] [stdout] test releases::artifact_cache::tests::fetch_or_reuse_file_downloads_when_hash_is_missing ... ok
[INFO] [stdout] test releases::channel::tests::test_list_releases_on_channel ... ok
[INFO] [stdout] test releases::channel::tests::test_list_channels_empty ... ok
[INFO] [stdout] test releases::artifact_cache::tests::fetch_or_reuse_file_does_not_expose_partial_download_at_final_path ... ok
[INFO] [stdout] test pack::builder::tests::test_build_delta_restores_previous_full_from_delta_chain ... ok
[INFO] [stdout] test releases::artifact_cache::tests::fetch_or_reuse_file_serializes_concurrent_writes_to_same_cache_path ... ok
[INFO] [stdout] test releases::delta::sparse_diff::tests::sparse_patch_round_trips_archives_with_long_paths ... ok
[INFO] [stdout] test releases::delta::tests::test_archive_patch_payload_rejects_invalid_magic ... ok
[INFO] [stdout] test pack::builder::tests::test_build_and_push_breakdown_reports_full_and_delta_timings ... ok
[INFO] [stdout] test pack::builder::tests::test_checkpoint_threshold_keeps_direct_delta ... ok
[INFO] [stdout] test releases::delta::tests::test_delta_target_archive_encoding_reads_sparse_file_patch_settings ... ok
[INFO] [stdout] test releases::delta::tests::test_in_place_chain_steps_match_single_shot_apply ... ok
[INFO] [stdout] test releases::delta::tests::test_in_place_chain_with_verified_cache_detects_external_modification ... ok
[INFO] [stdout] test releases::delta::tests::test_delta_target_archive_encoding_reads_archive_chunked_settings ... ok
[INFO] [stdout] test releases::delta::tests::test_patch_format_from_magic_prefix_detects_archive_formats ... ok
[INFO] [stdout] test releases::delta::tests::test_archive_bsdiff_patch_roundtrip_rebuilds_full_archive_bytes ... ok
[INFO] [stdout] test releases::delta::tests::test_skipped_intermediate_repack_matches_full_repack_chain ... ok
[INFO] [stdout] test releases::delta::tests::test_archive_chunked_patch_roundtrip_rebuilds_full_archive_bytes ... ok
[INFO] [stdout] test diff::chunked::tests::in_place_bspatch_same_size_format2_patches_target_directly ... ok
[INFO] [stdout] test releases::manifest::tests::test_compress_decompress_roundtrip ... ok
[INFO] [stdout] test releases::manifest::tests::test_get_delta_chain_different_channel ... ok
[INFO] [stdout] test releases::manifest::tests::test_get_delta_chain_genesis_without_delta_is_invalid ... ok
[INFO] [stdout] test releases::manifest::tests::test_get_delta_chain_missing_delta ... ok
[INFO] [stdout] test releases::manifest::tests::test_get_delta_chain_success ... ok
[INFO] [stdout] test releases::manifest::tests::test_get_delta_chain_wrong_direction ... ok
[INFO] [stdout] test releases::manifest::tests::test_get_releases_newer_than ... ok
[INFO] [stdout] test releases::manifest::tests::test_get_releases_newer_than_no_results ... ok
[INFO] [stdout] test releases::manifest::tests::test_get_releases_newer_than_treats_stable_as_newer_than_matching_prerelease ... ok
[INFO] [stdout] test releases::manifest::tests::test_parse_and_serialize_roundtrip ... ok
[INFO] [stdout] test releases::manifest::tests::test_selected_delta_none_when_no_descriptors ... ok
[INFO] [stdout] test releases::delta::tests::test_legacy_archive_bsdiff_patch_magic_roundtrip_rebuilds_full_archive_bytes ... ok
[INFO] [stdout] test releases::manifest::tests::test_selected_delta_uses_descriptor_preference ... ok
[INFO] [stdout] test releases::restore::retention::tests::cache_policy_latest_full_keeps_newest_fulls_and_warm_full ... ok
[INFO] [stdout] test releases::restore::retention::tests::cache_policy_just_installed_keeps_only_warm_full ... ok
[INFO] [stdout] test releases::restore::retention::tests::cache_policy_none_keeps_no_artifacts ... ok
[INFO] [stdout] test releases::restore::retention::tests::cache_policy_release_graph_keeps_graph_checkpoints_and_warm_full ... ok
[INFO] [stdout] test releases::restore::tests::test_required_artifacts_prunes_redundant_fulls_and_deltas ... ok
[INFO] [stdout] test releases::restore::tests::test_plan_full_archive_restore_reports_delta_chain_when_direct_full_is_missing ... ok
[INFO] [stdout] test releases::restore::tests::test_restore_full_archive_prefers_direct_full_when_available ... ok
[INFO] [stdout] test releases::restore::tests::test_restore_full_archive_prefers_cached_graph_over_direct_full_download ... ok
[INFO] [stdout] test releases::restore::tests::test_restore_full_archive_rebuilds_from_chunked_deltas_when_direct_full_is_missing ... ok
[INFO] [stdout] test releases::restore::tests::test_restore_full_archive_rebuilds_from_deltas_when_direct_full_is_missing ... ok
[INFO] [stdout] test releases::restore::tests::test_restore_full_archive_uses_local_cache_when_backend_artifacts_are_missing ... ok
[INFO] [stdout] test releases::version::tests::test_build_metadata_does_not_affect_ordering ... ok
[INFO] [stdout] test releases::version::tests::test_complex_comparisons ... ok
[INFO] [stdout] test releases::version::tests::test_equal_versions ... ok
[INFO] [stdout] test releases::version::tests::test_four_part_versions ... ok
[INFO] [stdout] test releases::version::tests::test_greater_major ... ok
[INFO] [stdout] test releases::version::tests::test_greater_minor ... ok
[INFO] [stdout] test releases::version::tests::test_greater_patch ... ok
[INFO] [stdout] test releases::version::tests::test_large_version_numbers ... ok
[INFO] [stdout] test releases::version::tests::test_less_than ... ok
[INFO] [stdout] test releases::version::tests::test_missing_parts_filled_with_zero ... ok
[INFO] [stdout] test releases::version::tests::test_prerelease_versions_compare_by_numeric_suffix ... ok
[INFO] [stdout] test releases::version::tests::test_stable_release_is_newer_than_matching_prerelease ... ok
[INFO] [stdout] test storage::azure::listing::tests::parse_azure_list_blobs_xml_handles_empty_listing ... ok
[INFO] [stdout] test storage::azure::listing::tests::parse_azure_list_blobs_xml_reads_entries_and_marker ... ok
[INFO] [stdout] test storage::azure::requests::tests::azure_resume_http_200_restarts_from_zero_instead_of_reusing_partial ... ok
[INFO] [stdout] test storage::filesystem::tests::test_list_objects_marker_pagination ... ok
[INFO] [stdout] test storage::filesystem::tests::test_list_objects_missing_prefix ... ok
[INFO] [stdout] test storage::filesystem::tests::test_list_objects_recursive ... ok
[INFO] [stdout] test storage::gcs::json_listing::tests::parse_gcs_json_list_response_reads_entries_and_next_page_token ... ok
[INFO] [stdout] test storage::gcs::xml_listing::tests::parse_gcs_xml_list_response_reads_entries_and_marker ... ok
[INFO] [stdout] test storage::github_releases::tests::test_asset_name_roundtrip ... ok
[INFO] [stdout] test storage::github_releases::tests::test_parse_repository_invalid ... ok
[INFO] [stdout] test storage::github_releases::tests::test_parse_repository_valid ... ok
[INFO] [stdout] test storage::s3::tests::resumable_download_response_action_maps_statuses ... ok
[INFO] [stdout] test supervisor::state::tests::restart_args_missing_file_returns_empty ... ok
[INFO] [stdout] test supervisor::state::tests::restart_args_round_trip ... ok
[INFO] [stdout] test supervisor::state::tests::supervisor_exe_path_blank_contents_returns_none ... ok
[INFO] [stdout] test supervisor::state::tests::supervisor_exe_path_missing_file_returns_none ... ok
[INFO] [stdout] test supervisor::state::tests::supervisor_exe_path_round_trip ... ok
[INFO] [stdout] test supervisor::stub::tests::test_find_latest_app_dir_complex_versions ... ok
[INFO] [stdout] test supervisor::stub::tests::test_find_latest_app_dir_empty ... ok
[INFO] [stdout] test supervisor::stub::tests::test_find_latest_app_dir_ignores_non_app_dirs ... ok
[INFO] [stdout] test supervisor::stub::tests::test_find_latest_app_dir_multiple ... ok
[INFO] [stdout] test supervisor::stub::tests::test_find_latest_app_dir_prefers_stable_app_directory ... ok
[INFO] [stdout] test supervisor::stub::tests::test_find_latest_app_dir_single ... ok
[INFO] [stdout] test supervisor::supervisor::tests::test_process_info_default ... ok
[INFO] [stdout] test supervisor::supervisor::tests::test_process_state_display ... ok
[INFO] [stdout] test supervisor::supervisor::tests::test_supervisor_initial_state ... ok
[INFO] [stdout] test supervisor::supervisor::tests::test_supervisor_stop_when_not_running ... ok
[INFO] [stdout] test update::manager::apply::delta::tests::sparse_classifier_matches_dispatch_normalization ... ok
[INFO] [stdout] test update::manager::apply::full_fallback::tests::rebuilds_a_missing_full_from_the_previous_full_and_the_delta_and_verifies_it ... ok
[INFO] [stdout] test update::manager::apply::full_fallback::tests::rejects_a_rebuilt_full_whose_hash_does_not_match_the_manifest ... ok
[INFO] [stdout] test update::manager::apply::tests::verification_failure_classification_covers_hash_and_patch_errors ... ok
[INFO] [stdout] test releases::restore::tests::test_restore_full_archive_rebuilds_from_archive_chunked_deltas_when_direct_full_is_missing ... ok
[INFO] [stdout] test update::manager::apply::tests::verify_budget_allows_bounded_failures_then_aborts ... ok
[INFO] [stdout] test update::manager::current_install::tests::bind_absolute_parent_resolves_parent_alias_without_resolving_final_symlink ... ok
[INFO] [stdout] test update::manager::current_install::tests::legacy_manifest_rejects_non_executable_supervisor_paths ... ok
[INFO] [stdout] test releases::delta::tests::test_legacy_archive_chunked_patch_magic_roundtrip_rebuilds_full_archive_bytes ... ok
[INFO] [stdout] test update::manager::apply::tests::verify_abort_is_not_ordinary_verification_failure ... ok
[INFO] [stdout] test update::manager::current_install::tests::runtime_manifest_rejects_main_exe_outside_the_install ... ok
[INFO] [stdout] test update::manager::current_install::tests::legacy_manifest_without_resolvable_main_exe_is_rejected ... ok
[INFO] [stdout] test update::manager::current_install::tests::safe_relative_path_rejects_escape_and_absolute_paths ... ok
[INFO] [stdout] test update::manager::current_install::tests::legacy_manifest_uses_local_supervisor_executable_identity ... ok
[INFO] [stdout] test update::manager::external_finalize::plan::tests::external_plan_does_not_serialize_storage_credentials ... ok
[INFO] [stdout] test update::manager::external_finalize::plan::tests::external_plan_rejects_unsupervised_current_or_target_release ... ok
[INFO] [stdout] test update::manager::external_finalize::quiesce::linux_tests::metadata_errors_during_exit_are_revalidated_before_failing ... ok
[INFO] [stdout] test update::manager::external_finalize::quiesce::linux_tests::enumeration_excludes_threads_and_quiescence_waits_for_application_exit ... ok
[INFO] [stdout] test update::manager::external_finalize::quiesce::linux_tests::threaded_application_helper ... ok
[INFO] [stdout] test update::manager::external_finalize::quiesce::linux_tests::unverifiable_live_metadata_fails_closed_without_signalling ... ok
[INFO] [stdout] test update::manager::external_finalize::quiesce::tests::mismatched_process_metadata_fails_closed_without_signalling ... ok
[INFO] [stdout] test update::manager::external_finalize::quiesce::linux_tests::repeated_scans_tolerate_multithreaded_shutdown ... ok
[INFO] [stdout] test update::manager::external_finalize::runner::tests::accepted_handoff_preserves_the_exact_previous_snapshot ... ok
[INFO] [stdout] test update::manager::external_finalize::runner::tests::failed_recovery_rename_restores_the_target_directory ... ok
[INFO] [stdout] test update::manager::external_finalize::runner::tests::failed_target_is_replaced_by_previous_application ... ok
[INFO] [stdout] test update::manager::external_finalize::runner::tests::terminal_status_write_reports_exhausted_retries ... ok
[INFO] [stdout] test update::manager::external_finalize::runner::tests::terminal_status_write_retries_transient_failure ... ok
[INFO] [stdout] test update::manager::external_finalize::schedule::tests::active_executable_symlink_cannot_escape_application_directory ... ok
[INFO] [stdout] test update::manager::external_finalize::schedule::tests::handshake_marker_requires_matching_operation ... ok
[INFO] [stdout] test update::manager::lifecycle::process_quiescence::discovery::tests::proc_exe_deleted_suffix_is_ignored_for_matching ... ok
[INFO] [stdout] test update::manager::lifecycle::process_quiescence::discovery::tests::proc_exe_path_preserves_existing_filename_with_deleted_suffix ... ok
[INFO] [stdout] test update::manager::lifecycle::process_quiescence::tests::active_app_process_is_terminated_before_swap ... ok
[INFO] [stdout] test diff::chunked::tests::in_place_bspatch_v3_digests_verify_without_full_read ... ok
[INFO] [stdout] test update::manager::lifecycle::process_quiescence::tests::in_process_updater_refuses_swap_without_signalling_itself ... FAILED
[INFO] [stdout] test update::manager::lifecycle::process_quiescence::tests::in_process_updater_swaps_without_signalling_itself_when_explicitly_allowed ... FAILED
[INFO] [stdout] test update::manager::lifecycle::process_quiescence::tests::interpreted_active_app_refuses_swap_without_signalling_running_process ... ok
[INFO] [stdout] test update::manager::lifecycle::process_quiescence::tests::native_app_process_fixture ... ok
[INFO] [stdout] test update::manager::lifecycle::process_quiescence::tests::superseded_app_exe_detection_matches_retained_directories_only ... ok
[INFO] [stdout] test update::manager::lifecycle::tests::restart_supervisor_classifies_an_empty_target_executable_without_spawning ... ok
[INFO] [stdout] test update::manager::lifecycle::process_quiescence::tests::shared_symlink_entrypoint_refuses_swap_without_signalling_unrelated_process ... ok
[INFO] [stdout] test update::manager::lifecycle::tests::supervisor_watch_args_include_handoff_version_before_child_args ... ok
[INFO] [stdout] test update::manager::release_index::tests::resolver_falls_back_to_legacy_delta_with_empty_from_version ... ok
[INFO] [stdout] test update::manager::release_index::tests::resolver_picks_delta_matching_current_install_version ... ok
[INFO] [stdout] test update::manager::release_index::tests::resolver_returns_none_when_no_delta_matches_or_is_legacy ... ok
[INFO] [stdout] test update::manager::tests::download_and_apply_rejects_identity_changed_after_same_manager_check ... ok
[INFO] [stdout] test update::manager::tests::restore_check_state_preserves_the_checked_release_index ... ok
[INFO] [stdout] test update::manager::tests::restore_check_state_rejects_different_installation ... ok
[INFO] [stdout] test update::manager::tests::restore_check_state_rejects_each_changed_installed_identity_field ... ok
[INFO] [stdout] test update::manager::tests::restore_check_state_rejects_retargeted_install_symlink ... ok
[INFO] [stdout] test update::manager::tests::restore_check_state_requires_exact_current_version_text ... ok
[INFO] [stdout] test update::manager::tests::test_check_for_updates_after_channel_switch ... ok
[INFO] [stdout] test update::manager::external_finalize::quiesce::linux_tests::exited_leader_with_live_worker_is_force_stopped_before_activation ... ok
[INFO] [stdout] test update::manager::tests::test_check_for_updates_falls_back_to_full_for_unsupported_descriptor ... ok
[INFO] [stdout] test update::manager::tests::test_check_for_updates_genesis_without_delta_uses_full_strategy ... ok
[INFO] [stdout] test update::manager::tests::test_check_for_updates_prefers_app_scoped_prefix_when_root_index_is_mismatched ... ok
[INFO] [stdout] test update::manager::tests::test_check_for_updates_rejects_mismatched_app_id ... ok
[INFO] [stdout] test update::manager::tests::test_check_for_updates_requires_app_scoped_prefix_when_it_is_derivable ... ok
[INFO] [stdout] test update::manager::tests::test_check_for_updates_treats_stable_as_newer_than_matching_prerelease ... ok
[INFO] [stdout] test update::manager::tests::test_check_for_updates_uses_descriptor_delta_chain ... ok
[INFO] [stdout] test update::manager::tests::test_check_for_updates_loads_required_app_scoped_prefix ... ok
[INFO] [stdout] test update::manager::external_finalize::quiesce::tests::quiesce_stops_only_the_exact_updating_executable ... ok
[INFO] [stdout] test update::manager::tests::test_download_and_apply_delta_failure_does_not_cache_intermediate_restored_fulls ... ok
[INFO] [stdout] test update::manager::tests::test_download_and_apply_delta_falls_back_to_full_when_rebuilt_archive_hash_mismatches ... ok
[INFO] [stdout] test update::manager::tests::test_download_and_apply_delta_aborts_when_verification_failures_exhaust_budget ... ok
[INFO] [stdout] test update::manager::tests::test_download_and_apply_delta_rebuilds_current_full_from_installed_app_when_cache_chain_is_missing ... ok
[INFO] [stdout] test update::manager::tests::test_download_and_apply_delta_prefers_app_scoped_release_index_lineage ... ok
[INFO] [stdout] test update::manager::tests::test_download_and_apply_delta_restores_missing_base_full ... ok
[INFO] [stdout] test update::manager::tests::test_download_and_apply_failure_backoff_escalates_from_previous_failed_attempt ... ok
[INFO] [stdout] test update::manager::lifecycle::tests::restart_supervisor_retries_once_when_pid_file_never_appears ... ok
[INFO] [stdout] test update::manager::tests::test_download_and_apply_full_removes_non_persistent_files_and_directories ... ok
[INFO] [stdout] demo
[INFO] [stdout] test update::manager::tests::test_download_and_apply_full_strategy_rebuilds_missing_full_from_release_graph ... ok
[INFO] [stdout] test update::manager::tests::test_download_and_apply_latest_full_artifact_retention_prunes_old_fulls_and_deltas ... ok
[INFO] [stdout] test update::manager::tests::test_download_and_apply_full_installs_shortcuts ... ok
[INFO] [stdout] test update::manager::tests::test_download_and_apply_delta_retries_release_graph_when_installed_app_base_drifts ... ok
[INFO] [stdout] test update::manager::tests::test_download_and_apply_none_artifact_retention_prunes_local_artifact_cache ... ok
[INFO] [stdout] test update::manager::tests::test_download_and_apply_full_installs_files ... ok
[INFO] [stdout] test update::manager::tests::test_download_and_apply_moves_previous_active_into_version_snapshot ... ok
[INFO] [stdout] test update::manager::tests::test_download_and_apply_prunes_old_version_snapshots_to_retention_limit ... ok
[INFO] [stdout] test update::manager::tests::test_download_and_apply_persists_current_phase_for_finalize_substeps ... ok
[INFO] [stdout] test update::manager::tests::test_download_and_apply_reports_incremental_progress_for_delta_chain ... ok
[INFO] [stdout] test update::manager::tests::test_download_and_apply_reports_incremental_progress_for_full_update ... ok
[INFO] [stdout] test update::manager::tests::test_download_and_apply_quiesces_installed_executable_when_target_name_changes ... ok
[INFO] [stdout] test update::manager::tests::test_download_and_apply_reports_incremental_progress_for_single_sparse_delta ... ok
[INFO] [stdout] test update::manager::tests::test_download_and_apply_mixed_sparse_and_archive_chain_drops_stale_carried_tree ... ok
[INFO] [stdout] test update::manager::tests::test_download_and_apply_writes_failed_status_when_storage_artifact_missing ... ok
[INFO] [stdout] test update::manager::tests::test_download_and_apply_sparse_delta_failure_reports_filename_through_shared_handler ... ok
[INFO] [stdout] test update::manager::tests::test_download_and_apply_with_zero_retention_removes_version_snapshots ... ok
[INFO] [stdout] test update::manager::tests::test_os_normalization ... ok
[INFO] [stdout] test update::manager::tests::test_progress_info_default ... ok
[INFO] [stdout] test update::manager::tests::test_release_rid_filter ... ok
[INFO] [stdout] test update::manager::tests::test_request_supervisor_shutdown_noop_when_supervisor_is_unknown ... ok
[INFO] [stdout] test update::manager::tests::test_request_supervisor_shutdown_times_out_when_supervisor_does_not_exit ... ok
[INFO] [stdout] test update::manager::tests::test_latest_following_node_uses_delta_after_many_checkpoint_releases ... ok
[INFO] [stdout] test update::manager::tests::test_request_supervisor_shutdown_waits_for_pid_file_to_disappear ... ok
[INFO] [stdout] test update::manager::tests::test_set_channel_and_version_validate_input ... ok
[INFO] [stdout] test update::manager::tests::test_update_info_creation ... ok
[INFO] [stdout] test update::manager::tests::test_update_manager_no_storage ... ok
[INFO] [stdout] test update::manager::tests::test_update_manager_rejects_embedded_credentials ... ok
[INFO] [stdout] test update::status::handoff::tests::delayed_convergence_preserves_update_work_completed_at ... ok
[INFO] [stdout] test update::manager::tests::test_download_and_apply_quiesces_previous_swap_before_reuse ... ok
[INFO] [stdout] test update::status::handoff::tests::restart_handoff_can_classify_an_invalid_executable ... ok
[INFO] [stdout] test update::status::handoff::tests::in_progress_convergence_falls_back_to_last_progress_timestamp ... ok
[INFO] [stdout] test update::status::tests::confirm_supervisor_restart_detects_fresh_pid_file ... ok
[INFO] [stdout] test update::status::tests::confirm_supervisor_restart_returns_false_when_supervisor_id_empty ... ok
[INFO] [stdout] test update::status::handoff::tests::restart_handoff_helpers_distinguish_child_exit_and_convergence ... ok
[INFO] [stdout] test update::status::tests::convergence_state_as_str_round_trips_through_serde ... ok
[INFO] [stdout] test update::status::tests::in_progress_record_serializes_current_phase_only_when_set ... ok
[INFO] [stdout] test update::status::tests::legacy_status_json_without_retry_fields_still_deserializes ... ok
[INFO] [stdout] test update::status::tests::pending_restart_can_classify_restart_handoff_failure ... ok
[INFO] [stdout] test update::status::tests::read_returns_none_when_file_missing ... ok
[INFO] [stdout] test update::status::tests::retry_schedule_doubles_per_consecutive_failure_until_cap ... ok
[INFO] [stdout] test update::status::tests::retry_schedule_resets_for_other_target_or_non_retry_safe_failure ... ok
[INFO] [stdout] test update::status::tests::retry_schedule_starts_at_base_without_a_previous_failure ... ok
[INFO] [stdout] test update::status::tests::round_trip_converged_record ... ok
[INFO] [stdout] test update::status::tests::round_trip_failed_record_preserves_pre_attempt_version ... ok
[INFO] [stdout] test update::status::tests::round_trip_in_progress_record_with_current_phase ... ok
[INFO] [stdout] test update::status::tests::round_trip_pending_restart_record ... ok
[INFO] [stdout] test update::status::tests::with_current_phase_sets_only_for_in_progress_records ... ok
[INFO] [stdout] test update::status::tests::with_retry_schedule_at_only_stamps_failed_records_and_omits_unset_fields ... ok
[INFO] [stdout] test update::status::tests::write_overwrites_existing_record ... ok
[INFO] [stdout] test update::status::worker::tests::dead_worker_pid_fails_attempt_immediately_even_with_fresh_progress ... ok
[INFO] [stdout] test update::status::worker::tests::external_helper_takeover_survives_parent_guard_drop ... ok
[INFO] [stdout] test update::status::worker::tests::fresh_in_progress_without_worker_marker_is_left_alone ... ok
[INFO] [stdout] test update::status::worker::tests::live_foreign_worker_is_never_abandoned_within_the_stalled_work_deadline ... ok
[INFO] [stdout] test update::status::worker::tests::live_foreign_worker_stalled_past_deadline_is_failed_as_retry_safe ... ok
[INFO] [stdout] test update::status::worker::tests::live_worker_excludes_a_second_update_attempt ... ok
[INFO] [stdout] test update::status::worker::tests::reused_current_pid_does_not_own_worker_marker ... ok
[INFO] [stdout] test update::status::worker::tests::stale_in_progress_owned_by_current_worker_is_left_in_progress ... ok
[INFO] [stdout] test update::status::worker::tests::stale_in_progress_package_apply_becomes_retry_safe_failed_when_abandoned ... ok
[INFO] [stdout] test update::status::tests::confirm_supervisor_restart_times_out_when_pid_file_missing ... ok
[INFO] [stdout] test update::status::worker::tests::worker_marker_for_other_target_does_not_classify_record ... ok
[INFO] [stdout] test diff::chunked::tests::in_place_bspatch_falls_back_when_sizes_differ ... ok
[INFO] [stdout] test update::manager::tests::test_finalize_starts_supervisor_when_none_was_running ... ok
[INFO] [stdout] test update::manager::tests::test_restart_supervisor_handoff_starts_new_child_after_watched_process_exits ... ok
[INFO] [stdout] test releases::delta::sparse_equivalence::directory_newer_side_matches_archive_build ... ok
[INFO] [stdout] test releases::delta::sparse_equivalence::parallel_file_passes_produce_identical_payloads ... ok
[INFO] [stdout] test releases::delta::tests::test_sparse_file_patch_reports_incremental_apply_progress ... ok
[INFO] [stdout] test releases::delta::tests::test_sparse_file_patch_roundtrip_rebuilds_full_archive_bytes ... ok
[INFO] [stdout] test diff::chunked::tests::test_chunked_bspatch_file_with_sha256_matches_output ... ok
[INFO] [stdout] test diff::chunked::tests::in_place_bspatch_falls_back_for_legacy_format ... ok
[INFO] [stdout] test releases::delta::sparse_equivalence::in_memory_sparse_patch_is_byte_identical_to_disk_build ... ok
[INFO] [stdout] test releases::delta::sparse_equivalence::in_memory_sparse_patch_mode_changes_match_disk_build ... ok
[INFO] [stdout] test releases::delta::sparse_diff::tests::reused_tree_builds_byte_identical_patch ... ok
[INFO] [stdout] test releases::delta::tests::test_sparse_file_patch_roundtrip_rebuilds_full_archive_bytes_multithreaded ... ok
[INFO] [stdout] test diff::chunked::tests::test_chunked_file_roundtrip_avoids_full_in_memory_inputs ... ok
[INFO] [stdout] 
[INFO] [stdout] failures:
[INFO] [stdout] 
[INFO] [stdout] ---- pack::builder::tests::test_demoapp_fixture_multi_release_delta_stays_small_and_restorable stdout ----
[INFO] [stdout] 
[INFO] [stdout] thread 'pack::builder::tests::test_demoapp_fixture_multi_release_delta_stays_small_and_restorable' (2542) panicked at src/pack/builder.rs:596:83:
[INFO] [stdout] called `Result::unwrap()` on an `Err` value: Os { code: 2, kind: NotFound, message: "No such file or directory" }
[INFO] [stdout] stack backtrace:
[INFO] [stdout]    0:     0x5a4478b03111 - <<std[70759c8f55707aa4]::sys::backtrace::BacktraceLock>::print::DisplayBacktrace as core[df12db4294e9bfd3]::fmt::Display>::fmt
[INFO] [stdout]    1:     0x5a4478b1a87a - core[df12db4294e9bfd3]::fmt::write
[INFO] [stdout]    2:     0x5a4478b082cc - <alloc[2182bb758b4b3781]::vec::Vec<u8> as core[df12db4294e9bfd3]::io::write::Write>::write_fmt
[INFO] [stdout]    3:     0x5a4478ad8f96 - std[70759c8f55707aa4]::panicking::default_hook::{closure#0}
[INFO] [stdout]    4:     0x5a4478af8289 - std[70759c8f55707aa4]::panicking::default_hook
[INFO] [stdout]    5:     0x5a4478863ca0 - test[9d35eded1c95d3be]::test_main_inner::<test[9d35eded1c95d3be]::test_main_static::{closure#0}>::{closure#0}
[INFO] [stdout]    6:     0x5a4478af85b2 - std[70759c8f55707aa4]::panicking::panic_with_hook
[INFO] [stdout]    7:     0x5a4478ad9042 - std[70759c8f55707aa4]::panicking::panic_handler::{closure#0}
[INFO] [stdout]    8:     0x5a4478ad16f9 - std[70759c8f55707aa4]::sys::backtrace::__rust_end_short_backtrace::<std[70759c8f55707aa4]::panicking::panic_handler::{closure#0}, !>
[INFO] [stdout]    9:     0x5a4478ada1bd - __rustc[8fa7c3cbc660c2b3]::rust_begin_unwind
[INFO] [stdout]   10:     0x5a4478b1afdc - core[df12db4294e9bfd3]::panicking::panic_fmt
[INFO] [stdout]   11:     0x5a4478b1adb2 - core[df12db4294e9bfd3]::result::unwrap_failed
[INFO] [stdout]   12:     0x5a44784ffa63 - surge_core[6c36f5ea06c5a4a8]::pack::builder::tests::write_demoapp_fixture_artifacts
[INFO] [stdout]   13:     0x5a44784f18d4 - surge_core[6c36f5ea06c5a4a8]::pack::builder::tests::test_demoapp_fixture_multi_release_delta_stays_small_and_restorable::{closure#0}
[INFO] [stdout]   14:     0x5a4478637673 - <tokio[8097d885414152dc]::runtime::scheduler::current_thread::Context>::enter::<core[df12db4294e9bfd3]::task::poll::Poll<()>, <tokio[8097d885414152dc]::runtime::scheduler::current_thread::CoreGuard>::block_on<core[df12db4294e9bfd3]::pin::Pin<&mut core[df12db4294e9bfd3]::pin::Pin<&mut dyn core[df12db4294e9bfd3]::future::future::Future<Output = ()>>>>::{closure#0}::{closure#0}>
[INFO] [stdout]   15:     0x5a447851235c - <tokio[8097d885414152dc]::runtime::context::scoped::Scoped<tokio[8097d885414152dc]::runtime::scheduler::Context>>::set::<<tokio[8097d885414152dc]::runtime::scheduler::current_thread::CoreGuard>::enter<<tokio[8097d885414152dc]::runtime::scheduler::current_thread::CoreGuard>::block_on<core[df12db4294e9bfd3]::pin::Pin<&mut core[df12db4294e9bfd3]::pin::Pin<&mut dyn core[df12db4294e9bfd3]::future::future::Future<Output = ()>>>>::{closure#0}, core[df12db4294e9bfd3]::option::Option<()>>::{closure#0}, (alloc[2182bb758b4b3781]::boxed::Box<tokio[8097d885414152dc]::runtime::scheduler::current_thread::Core>, core[df12db4294e9bfd3]::option::Option<()>)>
[INFO] [stdout]   16:     0x5a44786392e7 - <tokio[8097d885414152dc]::runtime::scheduler::current_thread::CoreGuard>::block_on::<core[df12db4294e9bfd3]::pin::Pin<&mut core[df12db4294e9bfd3]::pin::Pin<&mut dyn core[df12db4294e9bfd3]::future::future::Future<Output = ()>>>>
[INFO] [stdout]   17:     0x5a44786b70c7 - tokio[8097d885414152dc]::runtime::context::runtime::enter_runtime::<<tokio[8097d885414152dc]::runtime::scheduler::current_thread::CurrentThread>::block_on<core[df12db4294e9bfd3]::pin::Pin<&mut dyn core[df12db4294e9bfd3]::future::future::Future<Output = ()>>>::{closure#0}, ()>
[INFO] [stdout]   18:     0x5a4478637335 - <tokio[8097d885414152dc]::runtime::runtime::Runtime>::block_on::<core[df12db4294e9bfd3]::pin::Pin<&mut dyn core[df12db4294e9bfd3]::future::future::Future<Output = ()>>>
[INFO] [stdout]   19:     0x5a4478500cfa - surge_core[6c36f5ea06c5a4a8]::pack::builder::tests::test_demoapp_fixture_multi_release_delta_stays_small_and_restorable
[INFO] [stdout]   20:     0x5a44785555a9 - <surge_core[6c36f5ea06c5a4a8]::pack::builder::tests::test_demoapp_fixture_multi_release_delta_stays_small_and_restorable::{closure#0} as core[df12db4294e9bfd3]::ops::function::FnOnce<()>>::call_once
[INFO] [stdout]   21:     0x5a4478856f8b - test[9d35eded1c95d3be]::__rust_begin_short_backtrace::<core[df12db4294e9bfd3]::result::Result<(), alloc[2182bb758b4b3781]::string::String>, fn() -> core[df12db4294e9bfd3]::result::Result<(), alloc[2182bb758b4b3781]::string::String>>
[INFO] [stdout]   22:     0x5a44788645f5 - test[9d35eded1c95d3be]::run_test::{closure#0}
[INFO] [stdout]   23:     0x5a447885deb4 - std[70759c8f55707aa4]::sys::backtrace::__rust_begin_short_backtrace::<test[9d35eded1c95d3be]::run_test::{closure#1}, ()>
[INFO] [stdout]   24:     0x5a4478867752 - <std[70759c8f55707aa4]::thread::lifecycle::spawn_unchecked<test[9d35eded1c95d3be]::run_test::{closure#1}, ()>::{closure#1} as core[df12db4294e9bfd3]::ops::function::FnOnce<()>>::call_once::{shim:vtable#0}
[INFO] [stdout]   25:     0x5a4478b01cf9 - <std[70759c8f55707aa4]::sys::thread::unix::Thread>::new::thread_start
[INFO] [stdout]   26:     0x7c48596b8dfa - <unknown>
[INFO] [stdout]   27:     0x7c485974c3d4 - clone
[INFO] [stdout]   28:                0x0 - <unknown>
[INFO] [stdout] 
[INFO] [stdout] ---- update::manager::lifecycle::process_quiescence::tests::in_process_updater_refuses_swap_without_signalling_itself stdout ----
[INFO] [stdout] 
[INFO] [stdout] thread 'update::manager::lifecycle::process_quiescence::tests::in_process_updater_refuses_swap_without_signalling_itself' (3252) panicked at src/update/manager/lifecycle/process_quiescence.rs:437:91:
[INFO] [stdout] called `Result::unwrap()` on an `Err` value: Os { code: 18, kind: CrossesDevices, message: "Invalid cross-device link" }
[INFO] [stdout] stack backtrace:
[INFO] [stdout]    0:     0x5a4478b03111 - <<std[70759c8f55707aa4]::sys::backtrace::BacktraceLock>::print::DisplayBacktrace as core[df12db4294e9bfd3]::fmt::Display>::fmt
[INFO] [stdout]    1:     0x5a4478b1a87a - core[df12db4294e9bfd3]::fmt::write
[INFO] [stdout]    2:     0x5a4478b082cc - <alloc[2182bb758b4b3781]::vec::Vec<u8> as core[df12db4294e9bfd3]::io::write::Write>::write_fmt
[INFO] [stdout]    3:     0x5a4478ad8f96 - std[70759c8f55707aa4]::panicking::default_hook::{closure#0}
[INFO] [stdout]    4:     0x5a4478af8289 - std[70759c8f55707aa4]::panicking::default_hook
[INFO] [stdout]    5:     0x5a4478863ca0 - test[9d35eded1c95d3be]::test_main_inner::<test[9d35eded1c95d3be]::test_main_static::{closure#0}>::{closure#0}
[INFO] [stdout]    6:     0x5a4478af85b2 - std[70759c8f55707aa4]::panicking::panic_with_hook
[INFO] [stdout]    7:     0x5a4478ad9042 - std[70759c8f55707aa4]::panicking::panic_handler::{closure#0}
[INFO] [stdout]    8:     0x5a4478ad16f9 - std[70759c8f55707aa4]::sys::backtrace::__rust_end_short_backtrace::<std[70759c8f55707aa4]::panicking::panic_handler::{closure#0}, !>
[INFO] [stdout]    9:     0x5a4478ada1bd - __rustc[8fa7c3cbc660c2b3]::rust_begin_unwind
[INFO] [stdout]   10:     0x5a4478b1afdc - core[df12db4294e9bfd3]::panicking::panic_fmt
[INFO] [stdout]   11:     0x5a4478b1adb2 - core[df12db4294e9bfd3]::result::unwrap_failed
[INFO] [stdout]   12:     0x5a4478633258 - surge_core[6c36f5ea06c5a4a8]::update::manager::lifecycle::process_quiescence::tests::in_process_updater_refuses_swap_without_signalling_itself
[INFO] [stdout]   13:     0x5a4478563ee9 - <surge_core[6c36f5ea06c5a4a8]::update::manager::lifecycle::process_quiescence::tests::in_process_updater_refuses_swap_without_signalling_itself::{closure#0} as core[df12db4294e9bfd3]::ops::function::FnOnce<()>>::call_once
[INFO] [stdout]   14:     0x5a4478856f8b - test[9d35eded1c95d3be]::__rust_begin_short_backtrace::<core[df12db4294e9bfd3]::result::Result<(), alloc[2182bb758b4b3781]::string::String>, fn() -> core[df12db4294e9bfd3]::result::Result<(), alloc[2182bb758b4b3781]::string::String>>
[INFO] [stdout]   15:     0x5a44788645f5 - test[9d35eded1c95d3be]::run_test::{closure#0}
[INFO] [stdout]   16:     0x5a447885deb4 - std[70759c8f55707aa4]::sys::backtrace::__rust_begin_short_backtrace::<test[9d35eded1c95d3be]::run_test::{closure#1}, ()>
[INFO] [stdout]   17:     0x5a4478867752 - <std[70759c8f55707aa4]::thread::lifecycle::spawn_unchecked<test[9d35eded1c95d3be]::run_test::{closure#1}, ()>::{closure#1} as core[df12db4294e9bfd3]::ops::function::FnOnce<()>>::call_once::{shim:vtable#0}
[INFO] [stdout]   18:     0x5a4478b01cf9 - <std[70759c8f55707aa4]::sys::thread::unix::Thread>::new::thread_start
[INFO] [stdout]   19:     0x7c48596b8dfa - <unknown>
[INFO] [stdout]   20:     0x7c485974c3d4 - clone
[INFO] [stdout]   21:                0x0 - <unknown>
[INFO] [stdout] 
[INFO] [stdout] ---- update::manager::lifecycle::process_quiescence::tests::in_process_updater_swaps_without_signalling_itself_when_explicitly_allowed stdout ----
[INFO] [stdout] 
[INFO] [stdout] thread 'update::manager::lifecycle::process_quiescence::tests::in_process_updater_swaps_without_signalling_itself_when_explicitly_allowed' (3253) panicked at src/update/manager/lifecycle/process_quiescence.rs:450:91:
[INFO] [stdout] called `Result::unwrap()` on an `Err` value: Os { code: 18, kind: CrossesDevices, message: "Invalid cross-device link" }
[INFO] [stdout] stack backtrace:
[INFO] [stdout]    0:     0x5a4478b03111 - <<std[70759c8f55707aa4]::sys::backtrace::BacktraceLock>::print::DisplayBacktrace as core[df12db4294e9bfd3]::fmt::Display>::fmt
[INFO] [stdout]    1:     0x5a4478b1a87a - core[df12db4294e9bfd3]::fmt::write
[INFO] [stdout]    2:     0x5a4478b082cc - <alloc[2182bb758b4b3781]::vec::Vec<u8> as core[df12db4294e9bfd3]::io::write::Write>::write_fmt
[INFO] [stdout]    3:     0x5a4478ad8f96 - std[70759c8f55707aa4]::panicking::default_hook::{closure#0}
[INFO] [stdout]    4:     0x5a4478af8289 - std[70759c8f55707aa4]::panicking::default_hook
[INFO] [stdout]    5:     0x5a4478863ca0 - test[9d35eded1c95d3be]::test_main_inner::<test[9d35eded1c95d3be]::test_main_static::{closure#0}>::{closure#0}
[INFO] [stdout]    6:     0x5a4478af85b2 - std[70759c8f55707aa4]::panicking::panic_with_hook
[INFO] [stdout]    7:     0x5a4478ad9042 - std[70759c8f55707aa4]::panicking::panic_handler::{closure#0}
[INFO] [stdout]    8:     0x5a4478ad16f9 - std[70759c8f55707aa4]::sys::backtrace::__rust_end_short_backtrace::<std[70759c8f55707aa4]::panicking::panic_handler::{closure#0}, !>
[INFO] [stdout]    9:     0x5a4478ada1bd - __rustc[8fa7c3cbc660c2b3]::rust_begin_unwind
[INFO] [stdout]   10:     0x5a4478b1afdc - core[df12db4294e9bfd3]::panicking::panic_fmt
[INFO] [stdout]   11:     0x5a4478b1adb2 - core[df12db4294e9bfd3]::result::unwrap_failed
[INFO] [stdout]   12:     0x5a447863412b - surge_core[6c36f5ea06c5a4a8]::update::manager::lifecycle::process_quiescence::tests::in_process_updater_swaps_without_signalling_itself_when_explicitly_allowed
[INFO] [stdout]   13:     0x5a4478563f49 - <surge_core[6c36f5ea06c5a4a8]::update::manager::lifecycle::process_quiescence::tests::in_process_updater_swaps_without_signalling_itself_when_explicitly_allowed::{closure#0} as core[df12db4294e9bfd3]::ops::function::FnOnce<()>>::call_once
[INFO] [stdout]   14:     0x5a4478856f8b - test[9d35eded1c95d3be]::__rust_begin_short_backtrace::<core[df12db4294e9bfd3]::result::Result<(), alloc[2182bb758b4b3781]::string::String>, fn() -> core[df12db4294e9bfd3]::result::Result<(), alloc[2182bb758b4b3781]::string::String>>
[INFO] [stdout]   15:     0x5a44788645f5 - test[9d35eded1c95d3be]::run_test::{closure#0}
[INFO] [stdout]   16:     0x5a447885deb4 - std[70759c8f55707aa4]::sys::backtrace::__rust_begin_short_backtrace::<test[9d35eded1c95d3be]::run_test::{closure#1}, ()>
[INFO] [stdout]   17:     0x5a4478867752 - <std[70759c8f55707aa4]::thread::lifecycle::spawn_unchecked<test[9d35eded1c95d3be]::run_test::{closure#1}, ()>::{closure#1} as core[df12db4294e9bfd3]::ops::function::FnOnce<()>>::call_once::{shim:vtable#0}
[INFO] [stdout]   18:     0x5a4478b01cf9 - <std[70759c8f55707aa4]::sys::thread::unix::Thread>::new::thread_start
[INFO] [stdout]   19:     0x7c48596b8dfa - <unknown>
[INFO] [stdout]   20:     0x7c485974c3d4 - clone
[INFO] [stdout]   21:                0x0 - <unknown>
[INFO] [stdout] 
[INFO] [stdout] 
[INFO] [stdout] failures:
[INFO] [stdout]     pack::builder::tests::test_demoapp_fixture_multi_release_delta_stays_small_and_restorable
[INFO] [stdout]     update::manager::lifecycle::process_quiescence::tests::in_process_updater_refuses_swap_without_signalling_itself
[INFO] [stdout]     update::manager::lifecycle::process_quiescence::tests::in_process_updater_swaps_without_signalling_itself_when_explicitly_allowed
[INFO] [stdout] 
[INFO] [stdout] test result: FAILED. 333 passed; 3 failed; 0 ignored; 0 measured; 0 filtered out; finished in 27.34s
[INFO] [stdout] 
[INFO] [stderr] error: test failed, to rerun pass `--lib`
[INFO] running `Command { std: "docker" "inspect" "e7a284192fb034b59e84a29911e9fdce42343a469a117a6e1a1c30d3090c59a8", kill_on_drop: false }`
[INFO] running `Command { std: "docker" "rm" "-f" "e7a284192fb034b59e84a29911e9fdce42343a469a117a6e1a1c30d3090c59a8", kill_on_drop: false }`
[INFO] [stdout] e7a284192fb034b59e84a29911e9fdce42343a469a117a6e1a1c30d3090c59a8
