[INFO] fetching crate surfer2 0.1.0...
[INFO] testing surfer2-0.1.0 against 1.99.0-beta.8+cargoflags=--release for beta-release-1.100-2
[INFO] extracting crate surfer2 0.1.0 into /workspace/builds/worker-1-tc1/source
[INFO] started tweaking crates.io crate surfer2 0.1.0
[INFO] removed 0 missing tests
[INFO] finished tweaking crates.io crate surfer2 0.1.0
[INFO] tweaked toml for crates.io crate surfer2 0.1.0 written to /workspace/builds/worker-1-tc1/source/Cargo.toml
[INFO] validating manifest of crates.io crate surfer2 0.1.0 on toolchain 1.99.0-beta.8
[INFO] running `Command { std: CARGO_HOME="/workspace/cargo-home" RUSTUP_HOME="/workspace/rustup-home" "/workspace/cargo-home/bin/cargo" "+1.99.0-beta.8" "metadata" "--manifest-path" "Cargo.toml" "--no-deps", kill_on_drop: false }`
[INFO] crate crates.io crate surfer2 0.1.0 already has a lockfile, it will not be regenerated
[INFO] running `Command { std: CARGO_HOME="/workspace/cargo-home" RUSTUP_HOME="/workspace/rustup-home" "/workspace/cargo-home/bin/cargo" "+1.99.0-beta.8" "fetch" "--manifest-path" "Cargo.toml", kill_on_drop: false }`
[INFO] [stderr]  Downloading crates ...
[INFO] [stderr]   Downloaded clap v4.5.48
[INFO] [stderr]   Downloaded clap_builder v4.5.48
[INFO] [stderr]   Downloaded spade v2.13.1
[INFO] running `Command { std: "docker" "create" "-v" "/var/lib/crater-agent-workspace/builds/worker-1-tc1/source:/opt/rustwide/workdir:ro,Z" "-v" "/var/lib/crater-agent-workspace/builds/worker-1-tc1/target:/opt/rustwide/target:rw,Z" "-v" "/var/lib/crater-agent-workspace/cargo-home:/opt/rustwide/cargo-home:ro,Z" "-v" "/var/lib/crater-agent-workspace/rustup-home:/opt/rustwide/rustup-home:ro,Z" "-m" "1610612736" "--network" "none" "ghcr.io/rust-lang/crates-build-env/linux@sha256:77db811e55d90add9212f6832c23229e3de5f1c1f9905e8cb07319ea15df73ac" "sleep" "infinity", kill_on_drop: false }`
[INFO] [stdout] 3203faf8061f6ead9127d0938eac8c609fe5dedfca0440768379aef7d82d0ac1
[INFO] running `Command { std: "docker" "start" "3203faf8061f6ead9127d0938eac8c609fe5dedfca0440768379aef7d82d0ac1", kill_on_drop: false }`
[INFO] running `Command { std: "docker" "inspect" "3203faf8061f6ead9127d0938eac8c609fe5dedfca0440768379aef7d82d0ac1", kill_on_drop: false }`
[INFO] running `Command { std: "docker" "exec" "-e" "SOURCE_DIR=/opt/rustwide/workdir" "-e" "CARGO_HOME=/opt/rustwide/cargo-home" "-e" "RUSTUP_HOME=/opt/rustwide/rustup-home" "-e" "CARGO_TARGET_DIR=/opt/rustwide/target" "-w" "/opt/rustwide/workdir" "--user" "0:0" "3203faf8061f6ead9127d0938eac8c609fe5dedfca0440768379aef7d82d0ac1" "/opt/rustwide/cargo-home/bin/cargo" "+1.99.0-beta.8" "metadata" "--no-deps" "--format-version=1", kill_on_drop: false }`
[INFO] running `Command { std: "docker" "inspect" "3203faf8061f6ead9127d0938eac8c609fe5dedfca0440768379aef7d82d0ac1", kill_on_drop: false }`
[INFO] running `Command { std: "docker" "exec" "-e" "SOURCE_DIR=/opt/rustwide/workdir" "-e" "CARGO_HOME=/opt/rustwide/cargo-home" "-e" "RUSTUP_HOME=/opt/rustwide/rustup-home" "-e" "CARGO_TARGET_DIR=/opt/rustwide/target" "-e" "CARGO_INCREMENTAL=0" "-e" "RUST_BACKTRACE=full" "-e" "RUSTFLAGS=--cap-lints=warn" "-e" "RUSTDOCFLAGS=--cap-lints=warn" "-w" "/opt/rustwide/workdir" "--user" "0:0" "3203faf8061f6ead9127d0938eac8c609fe5dedfca0440768379aef7d82d0ac1" "/opt/rustwide/cargo-home/bin/cargo" "+1.99.0-beta.8" "build" "--frozen" "--message-format=json" "--release", kill_on_drop: false }`
[INFO] [stderr]    Compiling proc-macro2 v1.0.107
[INFO] [stderr]    Compiling unicode-ident v1.0.24
[INFO] [stderr]    Compiling quote v1.0.47
[INFO] [stderr]    Compiling autocfg v1.5.1
[INFO] [stderr]    Compiling version_check v0.9.5
[INFO] [stderr]    Compiling thiserror v2.0.19
[INFO] [stderr]    Compiling foldhash v0.1.5
[INFO] [stderr]    Compiling equivalent v1.0.2
[INFO] [stderr]    Compiling allocator-api2 v0.2.21
[INFO] [stderr]    Compiling robust v1.2.0
[INFO] [stderr]    Compiling smallvec v1.15.2
[INFO] [stderr]    Compiling rustc-hash v2.1.3
[INFO] [stderr]    Compiling num-traits v0.2.19
[INFO] [stderr]    Compiling slotmap v1.1.1
[INFO] [stderr]    Compiling syn v3.0.2
[INFO] [stderr]    Compiling hashbrown v0.15.5
[INFO] [stderr]    Compiling spade v2.13.1
[INFO] [stderr]    Compiling thiserror-impl v2.0.19
[INFO] [stderr]    Compiling surfer2 v0.1.0 (/opt/rustwide/workdir)
[INFO] [stderr]     Finished `release` profile [optimized] target(s) in 13.50s
[INFO] running `Command { std: "docker" "inspect" "3203faf8061f6ead9127d0938eac8c609fe5dedfca0440768379aef7d82d0ac1", kill_on_drop: false }`
[INFO] running `Command { std: "docker" "exec" "-e" "SOURCE_DIR=/opt/rustwide/workdir" "-e" "CARGO_HOME=/opt/rustwide/cargo-home" "-e" "RUSTUP_HOME=/opt/rustwide/rustup-home" "-e" "CARGO_TARGET_DIR=/opt/rustwide/target" "-e" "CARGO_INCREMENTAL=0" "-e" "RUST_BACKTRACE=full" "-e" "RUSTFLAGS=--cap-lints=warn" "-e" "RUSTDOCFLAGS=--cap-lints=warn" "-w" "/opt/rustwide/workdir" "--user" "0:0" "3203faf8061f6ead9127d0938eac8c609fe5dedfca0440768379aef7d82d0ac1" "/opt/rustwide/cargo-home/bin/cargo" "+1.99.0-beta.8" "test" "--frozen" "--no-run" "--message-format=json" "--release", kill_on_drop: false }`
[INFO] [stderr]    Compiling crossbeam-utils v0.8.22
[INFO] [stderr]    Compiling serde_core v1.0.229
[INFO] [stderr]    Compiling zerocopy v0.8.54
[INFO] [stderr]    Compiling crossbeam-epoch v0.9.20
[INFO] [stderr]    Compiling crossbeam-deque v0.8.7
[INFO] [stderr]    Compiling zmij v1.0.23
[INFO] [stderr]    Compiling serde v1.0.229
[INFO] [stderr]    Compiling libc v0.2.186
[INFO] [stderr]    Compiling serde_json v1.0.151
[INFO] [stderr]    Compiling memchr v2.8.3
[INFO] [stderr]    Compiling either v1.16.0
[INFO] [stderr]    Compiling cfg-if v1.0.4
[INFO] [stderr]    Compiling rayon-core v1.13.0
[INFO] [stderr]    Compiling ciborium-io v0.2.2
[INFO] [stderr]    Compiling syn v2.0.119
[INFO] [stderr]    Compiling serde_derive v1.0.229
[INFO] [stderr]    Compiling itoa v1.0.18
[INFO] [stderr]    Compiling clap_lex v0.7.7
[INFO] [stderr]    Compiling anstyle v1.0.14
[INFO] [stderr]    Compiling plotters-backend v0.3.7
[INFO] [stderr]    Compiling regex-syntax v0.8.11
[INFO] [stderr]    Compiling itertools v0.10.5
[INFO] [stderr]    Compiling cast v0.3.0
[INFO] [stderr]    Compiling same-file v1.0.6
[INFO] [stderr]    Compiling plotters-svg v0.3.7
[INFO] [stderr]    Compiling walkdir v2.5.0
[INFO] [stderr]    Compiling anes v0.1.6
[INFO] [stderr]    Compiling oorandom v11.1.5
[INFO] [stderr]    Compiling plotters v0.3.7
[INFO] [stderr]    Compiling clap_builder v4.5.48
[INFO] [stderr]    Compiling once_cell v1.21.4
[INFO] [stderr]    Compiling quick-xml v0.41.0
[INFO] [stderr]    Compiling is-terminal v0.4.17
[INFO] [stderr]    Compiling rayon v1.12.0
[INFO] [stderr]    Compiling criterion-plot v0.5.0
[INFO] [stderr]    Compiling regex-automata v0.4.16
[INFO] [stderr]    Compiling clap v4.5.48
[INFO] [stderr]    Compiling zerocopy-derive v0.8.54
[INFO] [stderr]    Compiling tinytemplate v1.2.1
[INFO] [stderr]    Compiling regex v1.13.1
[INFO] [stderr]    Compiling half v2.7.1
[INFO] [stderr]    Compiling ciborium-ll v0.2.2
[INFO] [stderr]    Compiling ciborium v0.2.2
[INFO] [stderr]    Compiling criterion v0.5.1
[INFO] [stderr]    Compiling surfer2 v0.1.0 (/opt/rustwide/workdir)
[INFO] [stderr]     Finished `release` profile [optimized] target(s) in 1m 23s
[INFO] running `Command { std: "docker" "inspect" "3203faf8061f6ead9127d0938eac8c609fe5dedfca0440768379aef7d82d0ac1", kill_on_drop: false }`
[INFO] running `Command { std: "docker" "exec" "-e" "SOURCE_DIR=/opt/rustwide/workdir" "-e" "CARGO_HOME=/opt/rustwide/cargo-home" "-e" "RUSTUP_HOME=/opt/rustwide/rustup-home" "-e" "CARGO_TARGET_DIR=/opt/rustwide/target" "-e" "CARGO_INCREMENTAL=0" "-e" "RUST_BACKTRACE=full" "-e" "RUSTFLAGS=--cap-lints=warn" "-e" "RUSTDOCFLAGS=--cap-lints=warn" "-w" "/opt/rustwide/workdir" "--user" "0:0" "3203faf8061f6ead9127d0938eac8c609fe5dedfca0440768379aef7d82d0ac1" "/opt/rustwide/cargo-home/bin/cargo" "+1.99.0-beta.8" "test" "--frozen" "--release", kill_on_drop: false }`
[INFO] [stderr]     Finished `release` profile [optimized] target(s) in 0.13s
[INFO] [stderr]      Running unittests src/lib.rs (/opt/rustwide/target/release/deps/surfer2-52b3082e0d1953d6)
[INFO] [stdout] 
[INFO] [stdout] running 36 tests
[INFO] [stdout] test input::tests::closing_duplicate_stripped ... ok
[INFO] [stdout] test event::collapse::tests::type_order_matches_upstream ... ok
[INFO] [stdout] test event::indexed_heap::tests::equal_keys_stable_heap_property ... ok
[INFO] [stdout] test event::indexed_heap::tests::push_pop_sorted ... ok
[INFO] [stdout] test dcel::cycles::tests::bounded_validation_names_unreachable_halfedge ... ok
[INFO] [stdout] test event::collapse::tests::component_before_time ... ok
[INFO] [stdout] test event::collapse::tests::equal_events_remain_equal ... ok
[INFO] [stdout] test input::tests::rejects_zero_weight ... ok
[INFO] [stdout] test dcel::tests::face_walk_failures_are_retained_on_incomplete_cycle_detail ... ok
[INFO] [stdout] test input::tests::unit_square_polygon ... ok
[INFO] [stdout] test numeric::polynomial::tests::quadratic_roots_simple ... ok
[INFO] [stdout] test propagator::tests::junction_eps_uses_extent_not_origin ... ok
[INFO] [stdout] test numeric::polynomial::tests::static_triangle_det_constant ... ok
[INFO] [stdout] test triangulation::collapse::tests::south_edge_line_hit_is_6us_before_det_root ... ok
[INFO] [stdout] test input::tests::hole_inside_square ... ok
[INFO] [stdout] test triangulation::basic::tests::ring_reversal_same_interior ... ok
[INFO] [stdout] test triangulation::basic::tests::square_cdt ... ok
[INFO] [stdout] test dcel::tests::build_dcel_returns_validated_skeleton_for_finished_propagation ... ok
[INFO] [stdout] test dcel::cycles::tests::bounded_validation_names_face_without_root ... ok
[INFO] [stdout] test geometry::tests::orient_ccw ... ok
[INFO] [stdout] test event::collapse::tests::never_is_largest ... ok
[INFO] [stdout] test input::tests::rejects_crossing ... ok
[INFO] [stdout] test triangulation::collapse::tests::always_on_line_is_not_a_recent_hit ... ok
[INFO] [stdout] test event::collapse::tests::secondary_key_descending ... ok
[INFO] [stdout] test geometry::tests::bits_roundtrip ... ok
[INFO] [stdout] test wavefront::split_leftover::tests::opposing_parallel_is_non_intersecting ... ok
[INFO] [stdout] test wavefront::split_leftover::tests::leftover_schedule_and_resolve_table ... ok
[INFO] [stdout] test wavefront::split_leftover::tests::perpendicular_is_finite ... ok
[INFO] [stdout] test wavefront::supporting_line::tests::parallel_same_dir_uses_normal ... ok
[INFO] [stdout] test wavefront::split_leftover::tests::opposing_poorly_conditioned_is_weight_independent ... ok
[INFO] [stdout] test wavefront::split_leftover::tests::nearly_parallel_is_degenerate ... ok
[INFO] [stdout] test wavefront::split_leftover::tests::weighted_but_well_conditioned_is_finite ... ok
[INFO] [stdout] test wavefront::split_leftover::tests::same_direction_parallel_is_finite ... ok
[INFO] [stdout] test wavefront::supporting_line::tests::perpendicular_intersection ... ok
[INFO] [stdout] test wavefront::split_leftover::tests::weight_above_velocity_cap_stays_finite ... ok
[INFO] [stdout] test wavefront::supporting_line::tests::unit_square_edge_normal ... ok
[INFO] [stdout] 
[INFO] [stdout] test result: ok. 36 passed; 0 failed; 0 ignored; 0 measured; 0 filtered out; finished in 0.01s
[INFO] [stdout] 
[INFO] [stderr]      Running tests/differential.rs (/opt/rustwide/target/release/deps/differential-fd2a1fd330330f10)
[INFO] [stdout] 
[INFO] [stdout] running 22 tests
[INFO] [stdout] test differential_exact_convex_small ... ignored, requires C++ surfer binaries
[INFO] [stdout] test differential_fast_convex_small ... ignored, requires C++ surfer binaries
[INFO] [stdout] test differential_fast_corpus_soft ... ignored, requires C++ surfer binaries
[INFO] [stdout] test degree_one_simple_no_panic ... ok
[INFO] [stdout] test component_modes_convex03 ... ok
[INFO] [stdout] test iso_simple3_and_issue2_counts ... ok
[INFO] [stdout] test degree_one_interior2_events ... ok
[INFO] [stdout] test convex_frozen_segment_counts ... ok
[INFO] [stdout] test spoke1 ... ok
[INFO] [stdout] test degree_one_on_ch_count ... ok
[INFO] [stdout] test spoke1_interior_count ... ok
[INFO] [stdout] test oracle_bins_optional_presence ... ok
[INFO] [stdout] test corpus_strict_count_gates ... ok
[INFO] [stdout] test convex_allseq_has_unbounded_hull ... ok
[INFO] [stdout] test uniform_scale_invariance ... ok
[INFO] [stdout] test transform_translation_invariance ... ok
[INFO] [stdout] test ring_start_rotation_invariance ... ok
[INFO] [stdout] test fuzz_invalid_inputs_no_panic ... ok
[INFO] [stdout] test convex10_oracle_bits_gate ... ok
[INFO] [stdout] test degree_one_oracle_bits_gates ... ok
[INFO] [stdout] test weighted_oracle_bits_gates ... ok
[INFO] [stdout] test skip_inf_count_equation_gates ... ok
[INFO] [stdout] 
[INFO] [stdout] test result: ok. 19 passed; 0 failed; 3 ignored; 0 measured; 0 filtered out; finished in 0.02s
[INFO] [stdout] 
[INFO] [stderr]      Running tests/gis.rs (/opt/rustwide/target/release/deps/gis-8d8aac02e5e474be)
[INFO] [stdout] 
[INFO] [stdout] running 19 tests
[INFO] [stdout] test lake10623_matches_cpp_exact_interior ... FAILED
[INFO] [stdout] test lake9706_cpp_double_node_progress ... FAILED
[INFO] [stdout] test lake9706_load_and_skeleton ... FAILED
[INFO] [stdout] test graph_matcher_accepts_ambiguous_star_self ... ok
[INFO] [stdout] test graph_matcher_solves_independent_ambiguous_stars ... ok
[INFO] [stdout] test graph_matcher_relabels_equivalent_stars ... ok
[INFO] [stdout] test lake10623_load_and_skeleton ... FAILED
[INFO] [stdout] test graph_matcher_finds_nongreedy_bijection ... ok
[INFO] [stdout] test graph_matcher_rejects_ambiguous_unmatchable_and_rewired ... ok
[INFO] [stdout] test offset_rejects_bad_time_and_does_not_panic ... ok
[INFO] [stdout] test graph_matcher_nearest_is_unbounded ... ok
[INFO] [stdout] test public_api_surface_smoke ... ok
[INFO] [stdout] test rectangle_with_hole_skeleton_and_offset_smoke ... ok
[INFO] [stdout] test graph_matcher_couples_spatial_components_linked_by_edges ... ok
[INFO] [stdout] test dcel_contract_unit_square_and_hole ... ok
[INFO] [stdout] test graph_matcher_rejects_missing_edge_and_one_sided_proximity ... ok
[INFO] [stdout] test unit_square_interior_skeleton_smoke ... ok
[INFO] [stdout] test lake9706_matches_cpp_double_interior ... FAILED
[INFO] [stdout] test graph_matcher_permuted_triangle ... ok
[INFO] [stdout] 
[INFO] [stdout] failures:
[INFO] [stdout] 
[INFO] [stdout] ---- lake10623_matches_cpp_exact_interior stdout ----
[INFO] [stdout] 
[INFO] [stdout] thread 'lake10623_matches_cpp_exact_interior' (1480) panicked at tests/gis.rs:648:51:
[INFO] [stdout] cpp exact obj: Os { code: 2, kind: NotFound, message: "No such file or directory" }
[INFO] [stdout] stack backtrace:
[INFO] [stdout]    0:     0x60d1840803e6 - <<std[70759c8f55707aa4]::sys::backtrace::BacktraceLock>::print::DisplayBacktrace as core[df12db4294e9bfd3]::fmt::Display>::fmt
[INFO] [stdout]    1:     0x60d1840075fa - core[df12db4294e9bfd3]::fmt::write
[INFO] [stdout]    2:     0x60d1840859ac - <alloc[2182bb758b4b3781]::vec::Vec<u8> as core[df12db4294e9bfd3]::io::write::Write>::write_fmt
[INFO] [stdout]    3:     0x60d18405d212 - std[70759c8f55707aa4]::panicking::default_hook::{closure#0}
[INFO] [stdout]    4:     0x60d184078a61 - std[70759c8f55707aa4]::panicking::default_hook
[INFO] [stdout]    5:     0x60d184078c42 - std[70759c8f55707aa4]::panicking::panic_with_hook
[INFO] [stdout]    6:     0x60d18405d2c2 - std[70759c8f55707aa4]::panicking::panic_handler::{closure#0}
[INFO] [stdout]    7:     0x60d184056009 - std[70759c8f55707aa4]::sys::backtrace::__rust_end_short_backtrace::<std[70759c8f55707aa4]::panicking::panic_handler::{closure#0}, !>
[INFO] [stdout]    8:     0x60d18405df6d - __rustc[8fa7c3cbc660c2b3]::rust_begin_unwind
[INFO] [stdout]    9:     0x60d184007cec - core[df12db4294e9bfd3]::panicking::panic_fmt
[INFO] [stdout]   10:     0x60d184007ac2 - core[df12db4294e9bfd3]::result::unwrap_failed
[INFO] [stdout]   11:     0x60d18403218e - <gis[b151339b2ccec7b8]::lake10623_matches_cpp_exact_interior::{closure#0} as core[df12db4294e9bfd3]::ops::function::FnOnce<()>>::call_once
[INFO] [stdout]   12:     0x60d1840ccd4b - test[9d35eded1c95d3be]::__rust_begin_short_backtrace::<core[df12db4294e9bfd3]::result::Result<(), alloc[2182bb758b4b3781]::string::String>, fn() -> core[df12db4294e9bfd3]::result::Result<(), alloc[2182bb758b4b3781]::string::String>>
[INFO] [stdout]   13:     0x60d1840daea1 - test[9d35eded1c95d3be]::run_test::{closure#0}
[INFO] [stdout]   14:     0x60d1840d45b4 - std[70759c8f55707aa4]::sys::backtrace::__rust_begin_short_backtrace::<test[9d35eded1c95d3be]::run_test::{closure#1}, ()>
[INFO] [stdout]   15:     0x60d1840decc2 - <std[70759c8f55707aa4]::thread::lifecycle::spawn_unchecked<test[9d35eded1c95d3be]::run_test::{closure#1}, ()>::{closure#1} as core[df12db4294e9bfd3]::ops::function::FnOnce<()>>::call_once::{shim:vtable#0}
[INFO] [stdout]   16:     0x60d18407f5be - <std[70759c8f55707aa4]::sys::thread::unix::Thread>::new::thread_start
[INFO] [stdout]   17:     0x7d6659410dfa - <unknown>
[INFO] [stdout]   18:     0x7d66594a43d4 - clone
[INFO] [stdout]   19:                0x0 - <unknown>
[INFO] [stdout] 
[INFO] [stdout] ---- lake9706_cpp_double_node_progress stdout ----
[INFO] [stdout] 
[INFO] [stdout] thread 'lake9706_cpp_double_node_progress' (1481) panicked at tests/gis.rs:483:51:
[INFO] [stdout] cpp obj: Os { code: 2, kind: NotFound, message: "No such file or directory" }
[INFO] [stdout] stack backtrace:
[INFO] [stdout]    0:     0x60d1840803e6 - <<std[70759c8f55707aa4]::sys::backtrace::BacktraceLock>::print::DisplayBacktrace as core[df12db4294e9bfd3]::fmt::Display>::fmt
[INFO] [stdout]    1:     0x60d1840075fa - core[df12db4294e9bfd3]::fmt::write
[INFO] [stdout]    2:     0x60d1840859ac - <alloc[2182bb758b4b3781]::vec::Vec<u8> as core[df12db4294e9bfd3]::io::write::Write>::write_fmt
[INFO] [stdout]    3:     0x60d18405d212 - std[70759c8f55707aa4]::panicking::default_hook::{closure#0}
[INFO] [stdout]    4:     0x60d184078a61 - std[70759c8f55707aa4]::panicking::default_hook
[INFO] [stdout]    5:     0x60d184078c42 - std[70759c8f55707aa4]::panicking::panic_with_hook
[INFO] [stdout]    6:     0x60d18405d2c2 - std[70759c8f55707aa4]::panicking::panic_handler::{closure#0}
[INFO] [stdout]    7:     0x60d184056009 - std[70759c8f55707aa4]::sys::backtrace::__rust_end_short_backtrace::<std[70759c8f55707aa4]::panicking::panic_handler::{closure#0}, !>
[INFO] [stdout]    8:     0x60d18405df6d - __rustc[8fa7c3cbc660c2b3]::rust_begin_unwind
[INFO] [stdout]    9:     0x60d184007cec - core[df12db4294e9bfd3]::panicking::panic_fmt
[INFO] [stdout]   10:     0x60d184007ac2 - core[df12db4294e9bfd3]::result::unwrap_failed
[INFO] [stdout]   11:     0x60d18402fe2a - <gis[b151339b2ccec7b8]::lake9706_cpp_double_node_progress::{closure#0} as core[df12db4294e9bfd3]::ops::function::FnOnce<()>>::call_once
[INFO] [stdout]   12:     0x60d1840ccd4b - test[9d35eded1c95d3be]::__rust_begin_short_backtrace::<core[df12db4294e9bfd3]::result::Result<(), alloc[2182bb758b4b3781]::string::String>, fn() -> core[df12db4294e9bfd3]::result::Result<(), alloc[2182bb758b4b3781]::string::String>>
[INFO] [stdout]   13:     0x60d1840daea1 - test[9d35eded1c95d3be]::run_test::{closure#0}
[INFO] [stdout]   14:     0x60d1840d45b4 - std[70759c8f55707aa4]::sys::backtrace::__rust_begin_short_backtrace::<test[9d35eded1c95d3be]::run_test::{closure#1}, ()>
[INFO] [stdout]   15:     0x60d1840decc2 - <std[70759c8f55707aa4]::thread::lifecycle::spawn_unchecked<test[9d35eded1c95d3be]::run_test::{closure#1}, ()>::{closure#1} as core[df12db4294e9bfd3]::ops::function::FnOnce<()>>::call_once::{shim:vtable#0}
[INFO] [stdout]   16:     0x60d18407f5be - <std[70759c8f55707aa4]::sys::thread::unix::Thread>::new::thread_start
[INFO] [stdout]   17:     0x7d6659410dfa - <unknown>
[INFO] [stdout]   18:     0x7d66594a43d4 - clone
[INFO] [stdout]   19:                0x0 - <unknown>
[INFO] [stdout] 
[INFO] [stdout] ---- lake9706_load_and_skeleton stdout ----
[INFO] [stdout] 
[INFO] [stdout] thread 'lake9706_load_and_skeleton' (1482) panicked at tests/gis.rs:458:41:
[INFO] [stdout] load 9706: "No such file or directory (os error 2)"
[INFO] [stdout] stack backtrace:
[INFO] [stdout]    0:     0x60d1840803e6 - <<std[70759c8f55707aa4]::sys::backtrace::BacktraceLock>::print::DisplayBacktrace as core[df12db4294e9bfd3]::fmt::Display>::fmt
[INFO] [stdout]    1:     0x60d1840075fa - core[df12db4294e9bfd3]::fmt::write
[INFO] [stdout]    2:     0x60d1840859ac - <alloc[2182bb758b4b3781]::vec::Vec<u8> as core[df12db4294e9bfd3]::io::write::Write>::write_fmt
[INFO] [stdout]    3:     0x60d18405d212 - std[70759c8f55707aa4]::panicking::default_hook::{closure#0}
[INFO] [stdout]    4:     0x60d184078a61 - std[70759c8f55707aa4]::panicking::default_hook
[INFO] [stdout]    5:     0x60d184078c42 - std[70759c8f55707aa4]::panicking::panic_with_hook
[INFO] [stdout]    6:     0x60d18405d2c2 - std[70759c8f55707aa4]::panicking::panic_handler::{closure#0}
[INFO] [stdout]    7:     0x60d184056009 - std[70759c8f55707aa4]::sys::backtrace::__rust_end_short_backtrace::<std[70759c8f55707aa4]::panicking::panic_handler::{closure#0}, !>
[INFO] [stdout]    8:     0x60d18405df6d - __rustc[8fa7c3cbc660c2b3]::rust_begin_unwind
[INFO] [stdout]    9:     0x60d184007cec - core[df12db4294e9bfd3]::panicking::panic_fmt
[INFO] [stdout]   10:     0x60d184007ac2 - core[df12db4294e9bfd3]::result::unwrap_failed
[INFO] [stdout]   11:     0x60d18402dcee - <gis[b151339b2ccec7b8]::lake9706_load_and_skeleton::{closure#0} as core[df12db4294e9bfd3]::ops::function::FnOnce<()>>::call_once
[INFO] [stdout]   12:     0x60d1840ccd4b - test[9d35eded1c95d3be]::__rust_begin_short_backtrace::<core[df12db4294e9bfd3]::result::Result<(), alloc[2182bb758b4b3781]::string::String>, fn() -> core[df12db4294e9bfd3]::result::Result<(), alloc[2182bb758b4b3781]::string::String>>
[INFO] [stdout]   13:     0x60d1840daea1 - test[9d35eded1c95d3be]::run_test::{closure#0}
[INFO] [stdout]   14:     0x60d1840d45b4 - std[70759c8f55707aa4]::sys::backtrace::__rust_begin_short_backtrace::<test[9d35eded1c95d3be]::run_test::{closure#1}, ()>
[INFO] [stdout]   15:     0x60d1840decc2 - <std[70759c8f55707aa4]::thread::lifecycle::spawn_unchecked<test[9d35eded1c95d3be]::run_test::{closure#1}, ()>::{closure#1} as core[df12db4294e9bfd3]::ops::function::FnOnce<()>>::call_once::{shim:vtable#0}
[INFO] [stdout]   16:     0x60d18407f5be - <std[70759c8f55707aa4]::sys::thread::unix::Thread>::new::thread_start
[INFO] [stdout]   17:     0x7d6659410dfa - <unknown>
[INFO] [stdout]   18:     0x7d66594a43d4 - clone
[INFO] [stdout]   19:                0x0 - <unknown>
[INFO] [stdout] 
[INFO] [stdout] ---- lake10623_load_and_skeleton stdout ----
[INFO] [stdout] 
[INFO] [stdout] thread 'lake10623_load_and_skeleton' (1479) panicked at tests/gis.rs:569:51:
[INFO] [stdout] cpp exact obj: Os { code: 2, kind: NotFound, message: "No such file or directory" }
[INFO] [stdout] stack backtrace:
[INFO] [stdout]    0:     0x60d1840803e6 - <<std[70759c8f55707aa4]::sys::backtrace::BacktraceLock>::print::DisplayBacktrace as core[df12db4294e9bfd3]::fmt::Display>::fmt
[INFO] [stdout]    1:     0x60d1840075fa - core[df12db4294e9bfd3]::fmt::write
[INFO] [stdout]    2:     0x60d1840859ac - <alloc[2182bb758b4b3781]::vec::Vec<u8> as core[df12db4294e9bfd3]::io::write::Write>::write_fmt
[INFO] [stdout]    3:     0x60d18405d212 - std[70759c8f55707aa4]::panicking::default_hook::{closure#0}
[INFO] [stdout]    4:     0x60d184078a61 - std[70759c8f55707aa4]::panicking::default_hook
[INFO] [stdout]    5:     0x60d184078c42 - std[70759c8f55707aa4]::panicking::panic_with_hook
[INFO] [stdout]    6:     0x60d18405d2c2 - std[70759c8f55707aa4]::panicking::panic_handler::{closure#0}
[INFO] [stdout]    7:     0x60d184056009 - std[70759c8f55707aa4]::sys::backtrace::__rust_end_short_backtrace::<std[70759c8f55707aa4]::panicking::panic_handler::{closure#0}, !>
[INFO] [stdout]    8:     0x60d18405df6d - __rustc[8fa7c3cbc660c2b3]::rust_begin_unwind
[INFO] [stdout]    9:     0x60d184007cec - core[df12db4294e9bfd3]::panicking::panic_fmt
[INFO] [stdout]   10:     0x60d184007ac2 - core[df12db4294e9bfd3]::result::unwrap_failed
[INFO] [stdout]   11:     0x60d18402ec3f - <gis[b151339b2ccec7b8]::lake10623_load_and_skeleton::{closure#0} as core[df12db4294e9bfd3]::ops::function::FnOnce<()>>::call_once
[INFO] [stdout]   12:     0x60d1840ccd4b - test[9d35eded1c95d3be]::__rust_begin_short_backtrace::<core[df12db4294e9bfd3]::result::Result<(), alloc[2182bb758b4b3781]::string::String>, fn() -> core[df12db4294e9bfd3]::result::Result<(), alloc[2182bb758b4b3781]::string::String>>
[INFO] [stdout]   13:     0x60d1840daea1 - test[9d35eded1c95d3be]::run_test::{closure#0}
[INFO] [stdout]   14:     0x60d1840d45b4 - std[70759c8f55707aa4]::sys::backtrace::__rust_begin_short_backtrace::<test[9d35eded1c95d3be]::run_test::{closure#1}, ()>
[INFO] [stdout]   15:     0x60d1840decc2 - <std[70759c8f55707aa4]::thread::lifecycle::spawn_unchecked<test[9d35eded1c95d3be]::run_test::{closure#1}, ()>::{closure#1} as core[df12db4294e9bfd3]::ops::function::FnOnce<()>>::call_once::{shim:vtable#0}
[INFO] [stdout]   16:     0x60d18407f5be - <std[70759c8f55707aa4]::sys::thread::unix::Thread>::new::thread_start
[INFO] [stdout]   17:     0x7d6659410dfa - <unknown>
[INFO] [stdout]   18:     0x7d66594a43d4 - clone
[INFO] [stdout]   19:                0x0 - <unknown>
[INFO] [stdout] 
[INFO] [stdout] ---- lake9706_matches_cpp_double_interior stdout ----
[INFO] [stdout] 
[INFO] [stdout] thread 'lake9706_matches_cpp_double_interior' (1483) panicked at tests/gis.rs:552:51:
[INFO] [stdout] cpp obj: Os { code: 2, kind: NotFound, message: "No such file or directory" }
[INFO] [stdout] stack backtrace:
[INFO] [stdout]    0:     0x60d1840803e6 - <<std[70759c8f55707aa4]::sys::backtrace::BacktraceLock>::print::DisplayBacktrace as core[df12db4294e9bfd3]::fmt::Display>::fmt
[INFO] [stdout]    1:     0x60d1840075fa - core[df12db4294e9bfd3]::fmt::write
[INFO] [stdout]    2:     0x60d1840859ac - <alloc[2182bb758b4b3781]::vec::Vec<u8> as core[df12db4294e9bfd3]::io::write::Write>::write_fmt
[INFO] [stdout]    3:     0x60d18405d212 - std[70759c8f55707aa4]::panicking::default_hook::{closure#0}
[INFO] [stdout]    4:     0x60d184078a61 - std[70759c8f55707aa4]::panicking::default_hook
[INFO] [stdout]    5:     0x60d184078c42 - std[70759c8f55707aa4]::panicking::panic_with_hook
[INFO] [stdout]    6:     0x60d18405d2c2 - std[70759c8f55707aa4]::panicking::panic_handler::{closure#0}
[INFO] [stdout]    7:     0x60d184056009 - std[70759c8f55707aa4]::sys::backtrace::__rust_end_short_backtrace::<std[70759c8f55707aa4]::panicking::panic_handler::{closure#0}, !>
[INFO] [stdout]    8:     0x60d18405df6d - __rustc[8fa7c3cbc660c2b3]::rust_begin_unwind
[INFO] [stdout]    9:     0x60d184007cec - core[df12db4294e9bfd3]::panicking::panic_fmt
[INFO] [stdout]   10:     0x60d184007ac2 - core[df12db4294e9bfd3]::result::unwrap_failed
[INFO] [stdout]   11:     0x60d184032eba - <gis[b151339b2ccec7b8]::lake9706_matches_cpp_double_interior::{closure#0} as core[df12db4294e9bfd3]::ops::function::FnOnce<()>>::call_once
[INFO] [stdout]   12:     0x60d1840ccd4b - test[9d35eded1c95d3be]::__rust_begin_short_backtrace::<core[df12db4294e9bfd3]::result::Result<(), alloc[2182bb758b4b3781]::string::String>, fn() -> core[df12db4294e9bfd3]::result::Result<(), alloc[2182bb758b4b3781]::string::String>>
[INFO] [stdout]   13:     0x60d1840daea1 - test[9d35eded1c95d3be]::run_test::{closure#0}
[INFO] [stdout]   14:     0x60d1840d45b4 - std[70759c8f55707aa4]::sys::backtrace::__rust_begin_short_backtrace::<test[9d35eded1c95d3be]::run_test::{closure#1}, ()>
[INFO] [stdout]   15:     0x60d1840decc2 - <std[70759c8f55707aa4]::thread::lifecycle::spawn_unchecked<test[9d35eded1c95d3be]::run_test::{closure#1}, ()>::{closure#1} as core[df12db4294e9bfd3]::ops::function::FnOnce<()>>::call_once::{shim:vtable#0}
[INFO] [stdout]   16:     0x60d18407f5be - <std[70759c8f55707aa4]::sys::thread::unix::Thread>::new::thread_start
[INFO] [stdout]   17:     0x7d6659410dfa - <unknown>
[INFO] [stdout]   18:     0x7d66594a43d4 - clone
[INFO] [stdout]   19:                0x0 - <unknown>
[INFO] [stdout] 
[INFO] [stdout] 
[INFO] [stdout] failures:
[INFO] [stdout]     lake10623_load_and_skeleton
[INFO] [stdout]     lake10623_matches_cpp_exact_interior
[INFO] [stdout]     lake9706_cpp_double_node_progress
[INFO] [stdout]     lake9706_load_and_skeleton
[INFO] [stdout]     lake9706_matches_cpp_double_interior
[INFO] [stdout] 
[INFO] [stdout] test result: FAILED. 14 passed; 5 failed; 0 ignored; 0 measured; 0 filtered out; finished in 0.01s
[INFO] [stdout] 
[INFO] [stderr] error: test failed, to rerun pass `--test gis`
[INFO] running `Command { std: "docker" "inspect" "3203faf8061f6ead9127d0938eac8c609fe5dedfca0440768379aef7d82d0ac1", kill_on_drop: false }`
[INFO] running `Command { std: "docker" "rm" "-f" "3203faf8061f6ead9127d0938eac8c609fe5dedfca0440768379aef7d82d0ac1", kill_on_drop: false }`
[INFO] [stdout] 3203faf8061f6ead9127d0938eac8c609fe5dedfca0440768379aef7d82d0ac1
