[INFO] fetching crate surf-pool 0.1.2...
[INFO] testing surf-pool-0.1.2 against 1.100.0-beta.1+cargoflags=--release for beta-release-1.100-2
[INFO] extracting crate surf-pool 0.1.2 into /workspace/builds/worker-6-tc2/source
[INFO] started tweaking crates.io crate surf-pool 0.1.2
[INFO] finished tweaking crates.io crate surf-pool 0.1.2
[INFO] tweaked toml for crates.io crate surf-pool 0.1.2 written to /workspace/builds/worker-6-tc2/source/Cargo.toml
[INFO] validating manifest of crates.io crate surf-pool 0.1.2 on toolchain 1.100.0-beta.1
[INFO] running `Command { std: CARGO_HOME="/workspace/cargo-home" RUSTUP_HOME="/workspace/rustup-home" "/workspace/cargo-home/bin/cargo" "+1.100.0-beta.1" "metadata" "--manifest-path" "Cargo.toml" "--no-deps", kill_on_drop: false }`
[INFO] crate crates.io crate surf-pool 0.1.2 already has a lockfile, it will not be regenerated
[INFO] running `Command { std: CARGO_HOME="/workspace/cargo-home" RUSTUP_HOME="/workspace/rustup-home" "/workspace/cargo-home/bin/cargo" "+1.100.0-beta.1" "fetch" "--manifest-path" "Cargo.toml", kill_on_drop: false }`
[INFO] running `Command { std: "docker" "create" "-v" "/var/lib/crater-agent-workspace/builds/worker-6-tc2/source:/opt/rustwide/workdir:ro,Z" "-v" "/var/lib/crater-agent-workspace/builds/worker-6-tc2/target:/opt/rustwide/target:rw,Z" "-v" "/var/lib/crater-agent-workspace/cargo-home:/opt/rustwide/cargo-home:ro,Z" "-v" "/var/lib/crater-agent-workspace/rustup-home:/opt/rustwide/rustup-home:ro,Z" "-m" "1610612736" "--network" "none" "ghcr.io/rust-lang/crates-build-env/linux@sha256:77db811e55d90add9212f6832c23229e3de5f1c1f9905e8cb07319ea15df73ac" "sleep" "infinity", kill_on_drop: false }`
[INFO] [stdout] c2dc4276780e67120c71002aafa17f1f23bdaa2cc80800a379da5550e41e47d7
[INFO] running `Command { std: "docker" "start" "c2dc4276780e67120c71002aafa17f1f23bdaa2cc80800a379da5550e41e47d7", kill_on_drop: false }`
[INFO] running `Command { std: "docker" "inspect" "c2dc4276780e67120c71002aafa17f1f23bdaa2cc80800a379da5550e41e47d7", kill_on_drop: false }`
[INFO] running `Command { std: "docker" "exec" "-e" "SOURCE_DIR=/opt/rustwide/workdir" "-e" "CARGO_HOME=/opt/rustwide/cargo-home" "-e" "RUSTUP_HOME=/opt/rustwide/rustup-home" "-e" "CARGO_TARGET_DIR=/opt/rustwide/target" "-w" "/opt/rustwide/workdir" "--user" "0:0" "c2dc4276780e67120c71002aafa17f1f23bdaa2cc80800a379da5550e41e47d7" "/opt/rustwide/cargo-home/bin/cargo" "+1.100.0-beta.1" "metadata" "--no-deps" "--format-version=1", kill_on_drop: false }`
[INFO] running `Command { std: "docker" "inspect" "c2dc4276780e67120c71002aafa17f1f23bdaa2cc80800a379da5550e41e47d7", kill_on_drop: false }`
[INFO] running `Command { std: "docker" "exec" "-e" "SOURCE_DIR=/opt/rustwide/workdir" "-e" "CARGO_HOME=/opt/rustwide/cargo-home" "-e" "RUSTUP_HOME=/opt/rustwide/rustup-home" "-e" "CARGO_TARGET_DIR=/opt/rustwide/target" "-e" "CARGO_INCREMENTAL=0" "-e" "RUST_BACKTRACE=full" "-e" "RUSTFLAGS=--cap-lints=warn" "-e" "RUSTDOCFLAGS=--cap-lints=warn" "-w" "/opt/rustwide/workdir" "--user" "0:0" "c2dc4276780e67120c71002aafa17f1f23bdaa2cc80800a379da5550e41e47d7" "/opt/rustwide/cargo-home/bin/cargo" "+1.100.0-beta.1" "build" "--frozen" "--message-format=json" "--release", kill_on_drop: false }`
[INFO] [stderr]    Compiling version_check v0.9.3
[INFO] [stderr]    Compiling proc-macro2 v1.0.28
[INFO] [stderr]    Compiling unicode-xid v0.2.2
[INFO] [stderr]    Compiling syn v1.0.74
[INFO] [stderr]    Compiling libc v0.2.99
[INFO] [stderr]    Compiling typenum v1.13.0
[INFO] [stderr]    Compiling cc v1.0.69
[INFO] [stderr]    Compiling autocfg v1.0.1
[INFO] [stderr]    Compiling futures-core v0.3.16
[INFO] [stderr]    Compiling pkg-config v0.3.19
[INFO] [stderr]    Compiling memchr v2.4.0
[INFO] [stderr]    Compiling pin-project-lite v0.2.7
[INFO] [stderr]    Compiling log v0.4.14
[INFO] [stderr]    Compiling futures-io v0.3.16
[INFO] [stderr]    Compiling proc-macro-hack v0.5.19
[INFO] [stderr]    Compiling serde_derive v1.0.127
[INFO] [stderr]    Compiling fastrand v1.5.0
[INFO] [stderr]    Compiling serde v1.0.127
[INFO] [stderr]    Compiling parking v2.0.0
[INFO] [stderr]    Compiling opaque-debug v0.3.0
[INFO] [stderr]    Compiling cache-padded v1.1.1
[INFO] [stderr]    Compiling waker-fn v1.1.0
[INFO] [stderr]    Compiling concurrent-queue v1.2.2
[INFO] [stderr]    Compiling slab v0.4.4
[INFO] [stderr]    Compiling event-listener v2.5.1
[INFO] [stderr]    Compiling percent-encoding v2.1.0
[INFO] [stderr]    Compiling once_cell v1.8.0
[INFO] [stderr]    Compiling lazy_static v1.4.0
[INFO] [stderr]    Compiling ppv-lite86 v0.2.10
[INFO] [stderr]    Compiling generic-array v0.14.4
[INFO] [stderr]    Compiling value-bag v1.0.0-alpha.7
[INFO] [stderr]    Compiling standback v0.2.17
[INFO] [stderr]    Compiling unicase v2.6.0
[INFO] [stderr]    Compiling tinyvec_macros v0.1.0
[INFO] [stderr]    Compiling matches v0.1.9
[INFO] [stderr]    Compiling tinyvec v1.3.1
[INFO] [stderr]    Compiling crossbeam-utils v0.8.5
[INFO] [stderr]    Compiling const_fn v0.4.8
[INFO] [stderr]    Compiling cpuid-bool v0.2.0
[INFO] [stderr]    Compiling async-task v4.0.3
[INFO] [stderr]    Compiling itoa v0.4.7
[INFO] [stderr]    Compiling quote v1.0.9
[INFO] [stderr]    Compiling socket2 v0.4.1
[INFO] [stderr]    Compiling getrandom v0.2.3
[INFO] [stderr]    Compiling ryu v1.0.5
[INFO] [stderr]    Compiling num_cpus v1.13.0
[INFO] [stderr]    Compiling rand_core v0.6.3
[INFO] [stderr]    Compiling getrandom v0.1.16
[INFO] [stderr]    Compiling form_urlencoded v1.0.1
[INFO] [stderr]    Compiling async-channel v1.6.1
[INFO] [stderr]    Compiling time v0.2.27
[INFO] [stderr]    Compiling atomic-waker v1.0.0
[INFO] [stderr]    Compiling unicode-bidi v0.3.6
[INFO] [stderr]    Compiling futures-channel v0.3.16
[INFO] [stderr]    Compiling rand_chacha v0.3.1
[INFO] [stderr]    Compiling rand_core v0.5.1
[INFO] [stderr]    Compiling lock_api v0.4.4
[INFO] [stderr]    Compiling futures-lite v1.12.0
[INFO] [stderr]    Compiling libnghttp2-sys v0.1.6+1.43.0
[INFO] [stderr]    Compiling libz-sys v1.1.3
[INFO] [stderr]    Compiling openssl-sys v0.9.65
[INFO] [stderr]    Compiling curl-sys v0.4.45+curl-7.78.0
[INFO] [stderr]    Compiling tracing-core v0.1.18
[INFO] [stderr]    Compiling cipher v0.2.5
[INFO] [stderr]    Compiling digest v0.9.0
[INFO] [stderr]    Compiling universal-hash v0.4.1
[INFO] [stderr]    Compiling aes-soft v0.6.4
[INFO] [stderr]    Compiling crypto-mac v0.10.1
[INFO] [stderr]    Compiling ctr v0.6.0
[INFO] [stderr]    Compiling block-buffer v0.9.0
[INFO] [stderr]    Compiling polyval v0.4.5
[INFO] [stderr]    Compiling hmac v0.10.1
[INFO] [stderr]    Compiling aead v0.3.2
[INFO] [stderr]    Compiling cookie v0.14.4
[INFO] [stderr]    Compiling async-mutex v1.4.0
[INFO] [stderr]    Compiling anyhow v1.0.42
[INFO] [stderr]    Compiling cpufeatures v0.1.5
[INFO] [stderr]    Compiling curl v0.4.38
[INFO] [stderr]    Compiling serde_json v1.0.66
[INFO] [stderr]    Compiling sha2 v0.9.5
[INFO] [stderr]    Compiling hkdf v0.10.0
[INFO] [stderr]    Compiling aes v0.6.0
[INFO] [stderr]    Compiling spinning_top v0.2.4
[INFO] [stderr]    Compiling rand v0.8.4
[INFO] [stderr]    Compiling rand_chacha v0.2.2
[INFO] [stderr]    Compiling ghash v0.3.1
[INFO] [stderr]    Compiling futures-macro v0.3.16
[INFO] [stderr]    Compiling async-lock v2.4.0
[INFO] [stderr]    Compiling aes-gcm v0.8.0
[INFO] [stderr]    Compiling futures-task v0.3.16
[INFO] [stderr]    Compiling openssl-probe v0.1.4
[INFO] [stderr]    Compiling futures-sink v0.3.16
[INFO] [stderr]    Compiling base64 v0.13.0
[INFO] [stderr]    Compiling isahc v0.9.14
[INFO] [stderr]    Compiling async-trait v0.1.51
[INFO] [stderr]    Compiling http-types v2.12.0
[INFO] [stderr]    Compiling proc-macro-nested v0.1.7
[INFO] [stderr]    Compiling bytes v1.0.1
[INFO] [stderr]    Compiling rand v0.7.3
[INFO] [stderr]    Compiling sluice v0.5.4
[INFO] [stderr]    Compiling flume v0.9.2
[INFO] [stderr]    Compiling unicode-normalization v0.1.19
[INFO] [stderr]    Compiling mime_guess v2.0.3
[INFO] [stderr]    Compiling futures-util v0.3.16
[INFO] [stderr]    Compiling bytes v0.5.6
[INFO] [stderr]    Compiling async-executor v1.4.1
[INFO] [stderr]    Compiling blocking v1.0.2
[INFO] [stderr]    Compiling http v0.2.4
[INFO] [stderr]    Compiling infer v0.2.3
[INFO] [stderr]    Compiling encoding_rs v0.8.28
[INFO] [stderr]    Compiling dashmap v4.0.2
[INFO] [stderr]    Compiling mime v0.3.16
[INFO] [stderr]    Compiling async-weighted-semaphore v0.2.1
[INFO] [stderr]    Compiling idna v0.2.3
[INFO] [stderr]    Compiling ctor v0.1.20
[INFO] [stderr]    Compiling time-macros-impl v0.1.2
[INFO] [stderr]    Compiling pin-project-internal v1.0.8
[INFO] [stderr]    Compiling thiserror-impl v1.0.26
[INFO] [stderr]    Compiling tracing-attributes v0.1.15
[INFO] [stderr]    Compiling async-attributes v1.1.2
[INFO] [stderr]    Compiling time-macros v0.1.1
[INFO] [stderr]    Compiling thiserror v1.0.26
[INFO] [stderr]    Compiling polling v2.1.0
[INFO] [stderr]    Compiling tracing v0.1.26
[INFO] [stderr]    Compiling kv-log-macro v1.0.7
[INFO] [stderr]    Compiling async-io v1.6.0
[INFO] [stderr]    Compiling pin-project v1.0.8
[INFO] [stderr]    Compiling tracing-futures v0.2.5
[INFO] [stderr]    Compiling async-global-executor v2.0.2
[INFO] [stderr]    Compiling async-std v1.9.0
[INFO] [stderr]    Compiling url v2.2.2
[INFO] [stderr]    Compiling serde_qs v0.8.4
[INFO] [stderr]    Compiling serde_urlencoded v0.7.0
[INFO] [stderr]    Compiling http-client v6.4.1
[INFO] [stderr]    Compiling surf v2.2.0
[INFO] [stderr]    Compiling surf-pool v0.1.2 (/opt/rustwide/workdir)
[INFO] [stdout] warning: field `health_check` is never read
[INFO] [stdout]   --> src/lib.rs:17:5
[INFO] [stdout]    |
[INFO] [stdout] 14 | pub struct SurfPool {
[INFO] [stdout]    |            -------- field in this struct
[INFO] [stdout] ...
[INFO] [stdout] 17 |     health_check: Option<surf::Request>,
[INFO] [stdout]    |     ^^^^^^^^^^^^
[INFO] [stdout]    |
[INFO] [stdout]    = note: `SurfPool` has derived impls for the traits `Debug` and `Clone`, but these are intentionally ignored during dead code analysis
[INFO] [stdout]    = note: `#[warn(dead_code)]` (part of `#[warn(unused)]`) on by default
[INFO] [stdout] 
[INFO] [stdout] 
[INFO] [stdout] warning: field `sg` is never read
[INFO] [stdout]    --> src/lib.rs:126:5
[INFO] [stdout]     |
[INFO] [stdout] 125 | pub struct Handler {
[INFO] [stdout]     |            ------- field in this struct
[INFO] [stdout] 126 |     sg: SemaphoreGuardArc,
[INFO] [stdout]     |     ^^
[INFO] [stdout]     |
[INFO] [stdout]     = note: `Handler` has a derived impl for the trait `Debug`, but this is intentionally ignored during dead code analysis
[INFO] [stdout] 
[INFO] [stdout] 
[INFO] [stderr]     Finished `release` profile [optimized] target(s) in 1m 00s
[INFO] running `Command { std: "docker" "inspect" "c2dc4276780e67120c71002aafa17f1f23bdaa2cc80800a379da5550e41e47d7", kill_on_drop: false }`
[INFO] running `Command { std: "docker" "exec" "-e" "SOURCE_DIR=/opt/rustwide/workdir" "-e" "CARGO_HOME=/opt/rustwide/cargo-home" "-e" "RUSTUP_HOME=/opt/rustwide/rustup-home" "-e" "CARGO_TARGET_DIR=/opt/rustwide/target" "-e" "CARGO_INCREMENTAL=0" "-e" "RUST_BACKTRACE=full" "-e" "RUSTFLAGS=--cap-lints=warn" "-e" "RUSTDOCFLAGS=--cap-lints=warn" "-w" "/opt/rustwide/workdir" "--user" "0:0" "c2dc4276780e67120c71002aafa17f1f23bdaa2cc80800a379da5550e41e47d7" "/opt/rustwide/cargo-home/bin/cargo" "+1.100.0-beta.1" "test" "--frozen" "--no-run" "--message-format=json" "--release", kill_on_drop: false }`
[INFO] [stderr]    Compiling surf-pool v0.1.2 (/opt/rustwide/workdir)
[INFO] [stdout] warning: field `health_check` is never read
[INFO] [stdout]   --> src/lib.rs:17:5
[INFO] [stdout]    |
[INFO] [stdout] 14 | pub struct SurfPool {
[INFO] [stdout]    |            -------- field in this struct
[INFO] [stdout] ...
[INFO] [stdout] 17 |     health_check: Option<surf::Request>,
[INFO] [stdout]    |     ^^^^^^^^^^^^
[INFO] [stdout]    |
[INFO] [stdout]    = note: `SurfPool` has derived impls for the traits `Debug` and `Clone`, but these are intentionally ignored during dead code analysis
[INFO] [stdout]    = note: `#[warn(dead_code)]` (part of `#[warn(unused)]`) on by default
[INFO] [stdout] 
[INFO] [stdout] 
[INFO] [stdout] warning: field `sg` is never read
[INFO] [stdout]    --> src/lib.rs:126:5
[INFO] [stdout]     |
[INFO] [stdout] 125 | pub struct Handler {
[INFO] [stdout]     |            ------- field in this struct
[INFO] [stdout] 126 |     sg: SemaphoreGuardArc,
[INFO] [stdout]     |     ^^
[INFO] [stdout]     |
[INFO] [stdout]     = note: `Handler` has a derived impl for the trait `Debug`, but this is intentionally ignored during dead code analysis
[INFO] [stdout] 
[INFO] [stdout] 
[INFO] [stdout] warning: field `health_check` is never read
[INFO] [stdout]   --> src/lib.rs:17:5
[INFO] [stdout]    |
[INFO] [stdout] 14 | pub struct SurfPool {
[INFO] [stdout]    |            -------- field in this struct
[INFO] [stdout] ...
[INFO] [stdout] 17 |     health_check: Option<surf::Request>,
[INFO] [stdout]    |     ^^^^^^^^^^^^
[INFO] [stdout]    |
[INFO] [stdout]    = note: `SurfPool` has derived impls for the traits `Debug` and `Clone`, but these are intentionally ignored during dead code analysis
[INFO] [stdout]    = note: `#[warn(dead_code)]` (part of `#[warn(unused)]`) on by default
[INFO] [stdout] 
[INFO] [stdout] 
[INFO] [stdout] warning: field `sg` is never read
[INFO] [stdout]    --> src/lib.rs:126:5
[INFO] [stdout]     |
[INFO] [stdout] 125 | pub struct Handler {
[INFO] [stdout]     |            ------- field in this struct
[INFO] [stdout] 126 |     sg: SemaphoreGuardArc,
[INFO] [stdout]     |     ^^
[INFO] [stdout]     |
[INFO] [stdout]     = note: `Handler` has a derived impl for the trait `Debug`, but this is intentionally ignored during dead code analysis
[INFO] [stdout] 
[INFO] [stdout] 
[INFO] [stderr]     Finished `release` profile [optimized] target(s) in 4.63s
[INFO] running `Command { std: "docker" "inspect" "c2dc4276780e67120c71002aafa17f1f23bdaa2cc80800a379da5550e41e47d7", kill_on_drop: false }`
[INFO] running `Command { std: "docker" "exec" "-e" "SOURCE_DIR=/opt/rustwide/workdir" "-e" "CARGO_HOME=/opt/rustwide/cargo-home" "-e" "RUSTUP_HOME=/opt/rustwide/rustup-home" "-e" "CARGO_TARGET_DIR=/opt/rustwide/target" "-e" "CARGO_INCREMENTAL=0" "-e" "RUST_BACKTRACE=full" "-e" "RUSTFLAGS=--cap-lints=warn" "-e" "RUSTDOCFLAGS=--cap-lints=warn" "-w" "/opt/rustwide/workdir" "--user" "0:0" "c2dc4276780e67120c71002aafa17f1f23bdaa2cc80800a379da5550e41e47d7" "/opt/rustwide/cargo-home/bin/cargo" "+1.100.0-beta.1" "test" "--frozen" "--release", kill_on_drop: false }`
[INFO] [stderr] warning: field `health_check` is never read
[INFO] [stderr]   --> src/lib.rs:17:5
[INFO] [stderr]    |
[INFO] [stderr] 14 | pub struct SurfPool {
[INFO] [stderr]    |            -------- field in this struct
[INFO] [stderr] ...
[INFO] [stderr] 17 |     health_check: Option<surf::Request>,
[INFO] [stderr]    |     ^^^^^^^^^^^^
[INFO] [stderr]    |
[INFO] [stderr]    = note: `SurfPool` has derived impls for the traits `Debug` and `Clone`, but these are intentionally ignored during dead code analysis
[INFO] [stderr]    = note: `#[warn(dead_code)]` (part of `#[warn(unused)]`) on by default
[INFO] [stderr] 
[INFO] [stderr] warning: field `sg` is never read
[INFO] [stderr]    --> src/lib.rs:126:5
[INFO] [stderr]     |
[INFO] [stderr] 125 | pub struct Handler {
[INFO] [stderr]     |            ------- field in this struct
[INFO] [stderr] 126 |     sg: SemaphoreGuardArc,
[INFO] [stderr]     |     ^^
[INFO] [stderr]     |
[INFO] [stderr]     = note: `Handler` has a derived impl for the trait `Debug`, but this is intentionally ignored during dead code analysis
[INFO] [stderr] 
[INFO] [stderr] warning: `surf-pool` (lib) generated 2 warnings
[INFO] [stderr] warning: `surf-pool` (lib test) generated 2 warnings (2 duplicates)
[INFO] [stderr]     Finished `release` profile [optimized] target(s) in 0.19s
[INFO] [stderr]      Running unittests src/lib.rs (/opt/rustwide/target/release/build/surf-pool/d29f07f7e78a683a/out/surf_pool-d29f07f7e78a683a)
[INFO] [stdout] 
[INFO] [stdout] running 2 tests
[INFO] [stdout] test tests::not_pre_connected_pool ... FAILED
[INFO] [stdout] test tests::with_pre_connected_pool ... FAILED
[INFO] [stdout] 
[INFO] [stdout] failures:
[INFO] [stdout] 
[INFO] [stdout] ---- tests::not_pre_connected_pool stdout ----
[INFO] [stdout] 
[INFO] [stdout] thread 'tests::not_pre_connected_pool' (3169) panicked at src/lib.rs:237:14:
[INFO] [stdout] called `Result::unwrap()` on an `Err` value: CouldntResolveHost: couldn't resolve host name
[INFO] [stdout] stack backtrace:
[INFO] [stdout]    0:     0x5a0a4978be31 - <<std[617be2ca0a6fd877]::sys::backtrace::BacktraceLock>::print::DisplayBacktrace as core[a373ad73a504971]::fmt::Display>::fmt
[INFO] [stdout]    1:     0x5a0a497a103a - core[a373ad73a504971]::fmt::write
[INFO] [stdout]    2:     0x5a0a4979043c - <alloc[2e1b2a31b91974c5]::vec::Vec<u8> as core[a373ad73a504971]::io::write::Write>::write_fmt
[INFO] [stdout]    3:     0x5a0a49766e96 - std[617be2ca0a6fd877]::panicking::default_hook::{closure#0}
[INFO] [stdout]    4:     0x5a0a49783b29 - std[617be2ca0a6fd877]::panicking::default_hook
[INFO] [stdout]    5:     0x5a0a4967c060 - test[aada8e7e76ba119b]::test_main_inner::{closure#0}
[INFO] [stdout]    6:     0x5a0a49783ce2 - std[617be2ca0a6fd877]::panicking::panic_with_hook
[INFO] [stdout]    7:     0x5a0a49766f42 - std[617be2ca0a6fd877]::panicking::panic_handler::{closure#0}
[INFO] [stdout]    8:     0x5a0a4975fb79 - std[617be2ca0a6fd877]::sys::backtrace::__rust_end_short_backtrace::<std[617be2ca0a6fd877]::panicking::panic_handler::{closure#0}, !>
[INFO] [stdout]    9:     0x5a0a49767d3d - __rustc[ea4f61d10b84890b]::rust_begin_unwind
[INFO] [stdout]   10:     0x5a0a497a181c - core[a373ad73a504971]::panicking::panic_fmt
[INFO] [stdout]   11:     0x5a0a497a15f2 - core[a373ad73a504971]::result::unwrap_failed
[INFO] [stdout]   12:     0x5a0a4965c1c6 - <std[617be2ca0a6fd877]::thread::local::LocalKey<core[a373ad73a504971]::cell::Cell<*const async_std[660515dadc70bf0e]::task::task_locals_wrapper::TaskLocalsWrapper>>>::with::<<async_std[660515dadc70bf0e]::task::task_locals_wrapper::TaskLocalsWrapper>::set_current<<async_std[660515dadc70bf0e]::task::builder::SupportTaskLocals<surf_pool[ff425962b960d923]::tests::not_pre_connected_pool::{closure#0}> as core[a373ad73a504971]::future::future::Future>::poll::{closure#0}, core[a373ad73a504971]::task::poll::Poll<()>>::{closure#0}, core[a373ad73a504971]::task::poll::Poll<()>>
[INFO] [stdout]   13:     0x5a0a4966dfb2 - <futures_lite[3ad455f751284073]::future::Or<async_std[660515dadc70bf0e]::task::builder::SupportTaskLocals<surf_pool[ff425962b960d923]::tests::not_pre_connected_pool::{closure#0}>, <async_executor[6cdb8dac9b9f4ed]::Executor>::run<(), async_std[660515dadc70bf0e]::task::builder::SupportTaskLocals<surf_pool[ff425962b960d923]::tests::not_pre_connected_pool::{closure#0}>>::{closure#0}::{closure#0}> as core[a373ad73a504971]::future::future::Future>::poll
[INFO] [stdout]   14:     0x5a0a49668546 - async_io[cf063afcd172b4b6]::driver::block_on::<(), <async_executor[6cdb8dac9b9f4ed]::LocalExecutor>::run<(), async_std[660515dadc70bf0e]::task::builder::SupportTaskLocals<surf_pool[ff425962b960d923]::tests::not_pre_connected_pool::{closure#0}>>::{closure#0}>
[INFO] [stdout]   15:     0x5a0a4965cf84 - <std[617be2ca0a6fd877]::thread::local::LocalKey<core[a373ad73a504971]::cell::Cell<usize>>>::with::<<async_std[660515dadc70bf0e]::task::builder::Builder>::blocking<surf_pool[ff425962b960d923]::tests::not_pre_connected_pool::{closure#0}, ()>::{closure#0}, ()>
[INFO] [stdout]   16:     0x5a0a49663397 - <async_std[660515dadc70bf0e]::task::builder::Builder>::blocking::<surf_pool[ff425962b960d923]::tests::not_pre_connected_pool::{closure#0}, ()>
[INFO] [stdout]   17:     0x5a0a4966f3f8 - <surf_pool[ff425962b960d923]::tests::not_pre_connected_pool::{closure#0} as core[a373ad73a504971]::ops::function::FnOnce<()>>::call_once
[INFO] [stdout]   18:     0x5a0a4966f4ab - test[aada8e7e76ba119b]::__rust_begin_short_backtrace::<core[a373ad73a504971]::result::Result<(), alloc[2e1b2a31b91974c5]::string::String>, fn() -> core[a373ad73a504971]::result::Result<(), alloc[2e1b2a31b91974c5]::string::String>>
[INFO] [stdout]   19:     0x5a0a4967c685 - test[aada8e7e76ba119b]::run_test::{closure#0}
[INFO] [stdout]   20:     0x5a0a49675f74 - std[617be2ca0a6fd877]::sys::backtrace::__rust_begin_short_backtrace::<test[aada8e7e76ba119b]::run_test::{closure#1}, ()>
[INFO] [stdout]   21:     0x5a0a4967f712 - <std[617be2ca0a6fd877]::thread::lifecycle::spawn_unchecked<test[aada8e7e76ba119b]::run_test::{closure#1}, ()>::{closure#1} as core[a373ad73a504971]::ops::function::FnOnce<()>>::call_once::{shim:vtable#0}
[INFO] [stdout]   22:     0x5a0a4978b06f - <std[617be2ca0a6fd877]::sys::thread::unix::Thread>::new::thread_start
[INFO] [stdout]   23:     0x74b7d393ddfa - <unknown>
[INFO] [stdout]   24:     0x74b7d39d13d4 - clone
[INFO] [stdout]   25:                0x0 - <unknown>
[INFO] [stdout] 
[INFO] [stdout] ---- tests::with_pre_connected_pool stdout ----
[INFO] [stdout] 
[INFO] [stdout] thread 'tests::with_pre_connected_pool' (3170) panicked at src/lib.rs:210:14:
[INFO] [stdout] called `Result::unwrap()` on an `Err` value: CouldntResolveHost: couldn't resolve host name
[INFO] [stdout] stack backtrace:
[INFO] [stdout]    0:     0x5a0a4978be31 - <<std[617be2ca0a6fd877]::sys::backtrace::BacktraceLock>::print::DisplayBacktrace as core[a373ad73a504971]::fmt::Display>::fmt
[INFO] [stdout]    1:     0x5a0a497a103a - core[a373ad73a504971]::fmt::write
[INFO] [stdout]    2:     0x5a0a4979043c - <alloc[2e1b2a31b91974c5]::vec::Vec<u8> as core[a373ad73a504971]::io::write::Write>::write_fmt
[INFO] [stdout]    3:     0x5a0a49766e96 - std[617be2ca0a6fd877]::panicking::default_hook::{closure#0}
[INFO] [stdout]    4:     0x5a0a49783b29 - std[617be2ca0a6fd877]::panicking::default_hook
[INFO] [stdout]    5:     0x5a0a4967c060 - test[aada8e7e76ba119b]::test_main_inner::{closure#0}
[INFO] [stdout]    6:     0x5a0a49783ce2 - std[617be2ca0a6fd877]::panicking::panic_with_hook
[INFO] [stdout]    7:     0x5a0a49766f42 - std[617be2ca0a6fd877]::panicking::panic_handler::{closure#0}
[INFO] [stdout]    8:     0x5a0a4975fb79 - std[617be2ca0a6fd877]::sys::backtrace::__rust_end_short_backtrace::<std[617be2ca0a6fd877]::panicking::panic_handler::{closure#0}, !>
[INFO] [stdout]    9:     0x5a0a49767d3d - __rustc[ea4f61d10b84890b]::rust_begin_unwind
[INFO] [stdout]   10:     0x5a0a497a181c - core[a373ad73a504971]::panicking::panic_fmt
[INFO] [stdout]   11:     0x5a0a497a15f2 - core[a373ad73a504971]::result::unwrap_failed
[INFO] [stdout]   12:     0x5a0a4965cb60 - <std[617be2ca0a6fd877]::thread::local::LocalKey<core[a373ad73a504971]::cell::Cell<*const async_std[660515dadc70bf0e]::task::task_locals_wrapper::TaskLocalsWrapper>>>::with::<<async_std[660515dadc70bf0e]::task::task_locals_wrapper::TaskLocalsWrapper>::set_current<<async_std[660515dadc70bf0e]::task::builder::SupportTaskLocals<surf_pool[ff425962b960d923]::tests::with_pre_connected_pool::{closure#0}> as core[a373ad73a504971]::future::future::Future>::poll::{closure#0}, core[a373ad73a504971]::task::poll::Poll<()>>::{closure#0}, core[a373ad73a504971]::task::poll::Poll<()>>
[INFO] [stdout]   13:     0x5a0a4966e0f2 - <futures_lite[3ad455f751284073]::future::Or<async_std[660515dadc70bf0e]::task::builder::SupportTaskLocals<surf_pool[ff425962b960d923]::tests::with_pre_connected_pool::{closure#0}>, <async_executor[6cdb8dac9b9f4ed]::Executor>::run<(), async_std[660515dadc70bf0e]::task::builder::SupportTaskLocals<surf_pool[ff425962b960d923]::tests::with_pre_connected_pool::{closure#0}>>::{closure#0}::{closure#0}> as core[a373ad73a504971]::future::future::Future>::poll
[INFO] [stdout]   14:     0x5a0a49669246 - async_io[cf063afcd172b4b6]::driver::block_on::<(), <async_executor[6cdb8dac9b9f4ed]::LocalExecutor>::run<(), async_std[660515dadc70bf0e]::task::builder::SupportTaskLocals<surf_pool[ff425962b960d923]::tests::with_pre_connected_pool::{closure#0}>>::{closure#0}>
[INFO] [stdout]   15:     0x5a0a4965d1e4 - <std[617be2ca0a6fd877]::thread::local::LocalKey<core[a373ad73a504971]::cell::Cell<usize>>>::with::<<async_std[660515dadc70bf0e]::task::builder::Builder>::blocking<surf_pool[ff425962b960d923]::tests::with_pre_connected_pool::{closure#0}, ()>::{closure#0}, ()>
[INFO] [stdout]   16:     0x5a0a49663637 - <async_std[660515dadc70bf0e]::task::builder::Builder>::blocking::<surf_pool[ff425962b960d923]::tests::with_pre_connected_pool::{closure#0}, ()>
[INFO] [stdout]   17:     0x5a0a4966f438 - <surf_pool[ff425962b960d923]::tests::with_pre_connected_pool::{closure#0} as core[a373ad73a504971]::ops::function::FnOnce<()>>::call_once
[INFO] [stdout]   18:     0x5a0a4966f4ab - test[aada8e7e76ba119b]::__rust_begin_short_backtrace::<core[a373ad73a504971]::result::Result<(), alloc[2e1b2a31b91974c5]::string::String>, fn() -> core[a373ad73a504971]::result::Result<(), alloc[2e1b2a31b91974c5]::string::String>>
[INFO] [stdout]   19:     0x5a0a4967c685 - test[aada8e7e76ba119b]::run_test::{closure#0}
[INFO] [stdout]   20:     0x5a0a49675f74 - std[617be2ca0a6fd877]::sys::backtrace::__rust_begin_short_backtrace::<test[aada8e7e76ba119b]::run_test::{closure#1}, ()>
[INFO] [stdout]   21:     0x5a0a4967f712 - <std[617be2ca0a6fd877]::thread::lifecycle::spawn_unchecked<test[aada8e7e76ba119b]::run_test::{closure#1}, ()>::{closure#1} as core[a373ad73a504971]::ops::function::FnOnce<()>>::call_once::{shim:vtable#0}
[INFO] [stdout]   22:     0x5a0a4978b06f - <std[617be2ca0a6fd877]::sys::thread::unix::Thread>::new::thread_start
[INFO] [stdout]   23:     0x74b7d393ddfa - <unknown>
[INFO] [stdout]   24:     0x74b7d39d13d4 - clone
[INFO] [stdout]   25:                0x0 - <unknown>
[INFO] [stdout] 
[INFO] [stdout] 
[INFO] [stdout] failures:
[INFO] [stdout]     tests::not_pre_connected_pool
[INFO] [stdout]     tests::with_pre_connected_pool
[INFO] [stdout] 
[INFO] [stdout] test result: FAILED. 0 passed; 2 failed; 0 ignored; 0 measured; 0 filtered out; finished in 0.04s
[INFO] [stdout] 
[INFO] [stderr] error: test failed, to rerun pass `--lib`
[INFO] running `Command { std: "docker" "inspect" "c2dc4276780e67120c71002aafa17f1f23bdaa2cc80800a379da5550e41e47d7", kill_on_drop: false }`
[INFO] running `Command { std: "docker" "rm" "-f" "c2dc4276780e67120c71002aafa17f1f23bdaa2cc80800a379da5550e41e47d7", kill_on_drop: false }`
[INFO] [stdout] c2dc4276780e67120c71002aafa17f1f23bdaa2cc80800a379da5550e41e47d7
