[INFO] fetching crate surelock 0.1.1...
[INFO] testing surelock-0.1.1 against 1.100.0-beta.1+cargoflags=--release for beta-release-1.100-2
[INFO] extracting crate surelock 0.1.1 into /workspace/builds/worker-6-tc2/source
[INFO] started tweaking crates.io crate surelock 0.1.1
[INFO] removed 0 missing tests
[INFO] finished tweaking crates.io crate surelock 0.1.1
[INFO] tweaked toml for crates.io crate surelock 0.1.1 written to /workspace/builds/worker-6-tc2/source/Cargo.toml
[INFO] validating manifest of crates.io crate surelock 0.1.1 on toolchain 1.100.0-beta.1
[INFO] running `Command { std: CARGO_HOME="/workspace/cargo-home" RUSTUP_HOME="/workspace/rustup-home" "/workspace/cargo-home/bin/cargo" "+1.100.0-beta.1" "metadata" "--manifest-path" "Cargo.toml" "--no-deps", kill_on_drop: false }`
[INFO] crate crates.io crate surelock 0.1.1 already has a lockfile, it will not be regenerated
[INFO] running `Command { std: CARGO_HOME="/workspace/cargo-home" RUSTUP_HOME="/workspace/rustup-home" "/workspace/cargo-home/bin/cargo" "+1.100.0-beta.1" "fetch" "--manifest-path" "Cargo.toml", kill_on_drop: false }`
[INFO] running `Command { std: "docker" "create" "-v" "/var/lib/crater-agent-workspace/builds/worker-6-tc2/source:/opt/rustwide/workdir:ro,Z" "-v" "/var/lib/crater-agent-workspace/builds/worker-6-tc2/target:/opt/rustwide/target:rw,Z" "-v" "/var/lib/crater-agent-workspace/cargo-home:/opt/rustwide/cargo-home:ro,Z" "-v" "/var/lib/crater-agent-workspace/rustup-home:/opt/rustwide/rustup-home:ro,Z" "-m" "1610612736" "--network" "none" "ghcr.io/rust-lang/crates-build-env/linux@sha256:77db811e55d90add9212f6832c23229e3de5f1c1f9905e8cb07319ea15df73ac" "sleep" "infinity", kill_on_drop: false }`
[INFO] [stdout] e1a2a2ed109c8d75326511c252e2cc612b71788d73851b9647fcbb227d3fbf32
[INFO] running `Command { std: "docker" "start" "e1a2a2ed109c8d75326511c252e2cc612b71788d73851b9647fcbb227d3fbf32", kill_on_drop: false }`
[INFO] running `Command { std: "docker" "inspect" "e1a2a2ed109c8d75326511c252e2cc612b71788d73851b9647fcbb227d3fbf32", kill_on_drop: false }`
[INFO] running `Command { std: "docker" "exec" "-e" "SOURCE_DIR=/opt/rustwide/workdir" "-e" "CARGO_HOME=/opt/rustwide/cargo-home" "-e" "RUSTUP_HOME=/opt/rustwide/rustup-home" "-e" "CARGO_TARGET_DIR=/opt/rustwide/target" "-w" "/opt/rustwide/workdir" "--user" "0:0" "e1a2a2ed109c8d75326511c252e2cc612b71788d73851b9647fcbb227d3fbf32" "/opt/rustwide/cargo-home/bin/cargo" "+1.100.0-beta.1" "metadata" "--no-deps" "--format-version=1", kill_on_drop: false }`
[INFO] running `Command { std: "docker" "inspect" "e1a2a2ed109c8d75326511c252e2cc612b71788d73851b9647fcbb227d3fbf32", kill_on_drop: false }`
[INFO] running `Command { std: "docker" "exec" "-e" "SOURCE_DIR=/opt/rustwide/workdir" "-e" "CARGO_HOME=/opt/rustwide/cargo-home" "-e" "RUSTUP_HOME=/opt/rustwide/rustup-home" "-e" "CARGO_TARGET_DIR=/opt/rustwide/target" "-e" "CARGO_INCREMENTAL=0" "-e" "RUST_BACKTRACE=full" "-e" "RUSTFLAGS=--cap-lints=warn" "-e" "RUSTDOCFLAGS=--cap-lints=warn" "-w" "/opt/rustwide/workdir" "--user" "0:0" "e1a2a2ed109c8d75326511c252e2cc612b71788d73851b9647fcbb227d3fbf32" "/opt/rustwide/cargo-home/bin/cargo" "+1.100.0-beta.1" "build" "--frozen" "--message-format=json" "--release", kill_on_drop: false }`
[INFO] [stderr]    Compiling proc-macro2 v1.0.106
[INFO] [stderr]    Compiling quote v1.0.45
[INFO] [stderr]    Compiling unicode-ident v1.0.24
[INFO] [stderr]    Compiling thiserror v2.0.18
[INFO] [stderr]    Compiling syn v2.0.117
[INFO] [stderr]    Compiling thiserror-impl v2.0.18
[INFO] [stderr]    Compiling surelock v0.1.1 (/opt/rustwide/workdir)
[INFO] [stdout] warning: use of deprecated method `core::sync::atomic::Atomic::<usize>::fetch_update`: renamed to `try_update` for consistency
[INFO] [stdout]    --> src/locksmith.rs:145:18
[INFO] [stdout]     |
[INFO] [stdout] 145 |                 .fetch_update(Ordering::Relaxed, Ordering::Relaxed, |n| {
[INFO] [stdout]     |                  ^^^^^^^^^^^^
[INFO] [stdout]     |
[INFO] [stdout]     = note: `#[warn(deprecated)]` on by default
[INFO] [stdout] help: replace the use of the deprecated method
[INFO] [stdout]     |
[INFO] [stdout] 145 -                 .fetch_update(Ordering::Relaxed, Ordering::Relaxed, |n| {
[INFO] [stdout] 145 +                 .try_update(Ordering::Relaxed, Ordering::Relaxed, |n| {
[INFO] [stdout]     |
[INFO] [stdout] 
[INFO] [stdout] 
[INFO] [stderr] warning: unused dependency `thiserror`
[INFO] [stderr]   --> Cargo.toml:11:15
[INFO] [stderr]    |
[INFO] [stderr] 11 | [dependencies.thiserror]
[INFO] [stderr]    |               ^^^^^^^^^^
[INFO] [stderr]    |
[INFO] [stderr]    = note: `cargo::unused_dependencies` is set to `warn` by default
[INFO] [stderr] help: consider removing the dependency on `thiserror`
[INFO] [stderr] warning: `surelock` (manifest) generated 1 warning
[INFO] [stderr]     Finished `release` profile [optimized] target(s) in 5.31s
[INFO] running `Command { std: "docker" "inspect" "e1a2a2ed109c8d75326511c252e2cc612b71788d73851b9647fcbb227d3fbf32", kill_on_drop: false }`
[INFO] running `Command { std: "docker" "exec" "-e" "SOURCE_DIR=/opt/rustwide/workdir" "-e" "CARGO_HOME=/opt/rustwide/cargo-home" "-e" "RUSTUP_HOME=/opt/rustwide/rustup-home" "-e" "CARGO_TARGET_DIR=/opt/rustwide/target" "-e" "CARGO_INCREMENTAL=0" "-e" "RUST_BACKTRACE=full" "-e" "RUSTFLAGS=--cap-lints=warn" "-e" "RUSTDOCFLAGS=--cap-lints=warn" "-w" "/opt/rustwide/workdir" "--user" "0:0" "e1a2a2ed109c8d75326511c252e2cc612b71788d73851b9647fcbb227d3fbf32" "/opt/rustwide/cargo-home/bin/cargo" "+1.100.0-beta.1" "test" "--frozen" "--no-run" "--message-format=json" "--release", kill_on_drop: false }`
[INFO] [stderr]    Compiling libc v0.2.184
[INFO] [stderr]    Compiling cfg-if v1.0.4
[INFO] [stderr]    Compiling getrandom v0.3.4
[INFO] [stderr]    Compiling serde_core v1.0.228
[INFO] [stderr]    Compiling zerocopy v0.8.48
[INFO] [stderr]    Compiling equivalent v1.0.2
[INFO] [stderr]    Compiling hashbrown v0.16.1
[INFO] [stderr]    Compiling winnow v0.5.40
[INFO] [stderr]    Compiling toml_datetime v0.6.3
[INFO] [stderr]    Compiling parking_lot_core v0.9.12
[INFO] [stderr]    Compiling anyhow v1.0.102
[INFO] [stderr]    Compiling zmij v1.0.21
[INFO] [stderr]    Compiling scopeguard v1.2.0
[INFO] [stderr]    Compiling winnow v1.0.1
[INFO] [stderr]    Compiling syn v2.0.117
[INFO] [stderr]    Compiling futures-core v0.3.32
[INFO] [stderr]    Compiling slab v0.4.12
[INFO] [stderr]    Compiling lock_api v0.4.14
[INFO] [stderr]    Compiling serde v1.0.228
[INFO] [stderr]    Compiling smallvec v1.15.1
[INFO] [stderr]    Compiling either v1.15.0
[INFO] [stderr]    Compiling target-triple v1.0.0
[INFO] [stderr]    Compiling serde_json v1.0.149
[INFO] [stderr]    Compiling futures-task v0.3.32
[INFO] [stderr]    Compiling pin-project-lite v0.2.17
[INFO] [stderr]    Compiling futures-util v0.3.32
[INFO] [stderr]    Compiling memchr v2.8.0
[INFO] [stderr]    Compiling itoa v1.0.18
[INFO] [stderr]    Compiling pretty-hex v0.4.2
[INFO] [stderr]    Compiling toml_writer v1.1.1+spec-1.1.0
[INFO] [stderr]    Compiling sdd v3.0.10
[INFO] [stderr]    Compiling lazy_static v1.5.0
[INFO] [stderr]    Compiling termcolor v1.4.1
[INFO] [stderr]    Compiling glob v0.3.3
[INFO] [stderr]    Compiling log v0.4.29
[INFO] [stderr]    Compiling once_cell v1.21.4
[INFO] [stderr]    Compiling spin v0.9.8
[INFO] [stderr]    Compiling scc v2.4.0
[INFO] [stderr]    Compiling toml_parser v1.1.2+spec-1.1.0
[INFO] [stderr]    Compiling indexmap v2.13.1
[INFO] [stderr]    Compiling rand_core v0.9.5
[INFO] [stderr]    Compiling rand_xoshiro v0.7.0
[INFO] [stderr]    Compiling parking_lot v0.12.5
[INFO] [stderr]    Compiling toml_edit v0.20.2
[INFO] [stderr]    Compiling futures-executor v0.3.32
[INFO] [stderr]    Compiling thiserror-impl v2.0.18
[INFO] [stderr]    Compiling serial_test_derive v3.4.0
[INFO] [stderr]    Compiling serde_derive v1.0.228
[INFO] [stderr]    Compiling serde_spanned v1.1.1
[INFO] [stderr]    Compiling toml_datetime v1.1.1+spec-1.1.0
[INFO] [stderr]    Compiling toml v1.1.2+spec-1.1.0
[INFO] [stderr]    Compiling serial_test v3.4.0
[INFO] [stderr]    Compiling thiserror v2.0.18
[INFO] [stderr]    Compiling surelock v0.1.1 (/opt/rustwide/workdir)
[INFO] [stdout] warning: use of deprecated method `core::sync::atomic::Atomic::<usize>::fetch_update`: renamed to `try_update` for consistency
[INFO] [stdout]    --> src/locksmith.rs:145:18
[INFO] [stdout]     |
[INFO] [stdout] 145 |                 .fetch_update(Ordering::Relaxed, Ordering::Relaxed, |n| {
[INFO] [stdout]     |                  ^^^^^^^^^^^^
[INFO] [stdout]     |
[INFO] [stdout]     = note: `#[warn(deprecated)]` on by default
[INFO] [stdout] help: replace the use of the deprecated method
[INFO] [stdout]     |
[INFO] [stdout] 145 -                 .fetch_update(Ordering::Relaxed, Ordering::Relaxed, |n| {
[INFO] [stdout] 145 +                 .try_update(Ordering::Relaxed, Ordering::Relaxed, |n| {
[INFO] [stdout]     |
[INFO] [stdout] 
[INFO] [stdout] 
[INFO] [stderr]    Compiling proc-macro-crate v2.0.2
[INFO] [stderr]    Compiling bolero-generator-derive v0.13.4
[INFO] [stderr]    Compiling trybuild v1.0.116
[INFO] [stderr]    Compiling bolero-generator v0.13.5
[INFO] [stderr]    Compiling ppv-lite86 v0.2.21
[INFO] [stderr]    Compiling rand_chacha v0.9.0
[INFO] [stderr]    Compiling rand v0.9.2
[INFO] [stderr]    Compiling bolero-engine v0.13.4
[INFO] [stderr]    Compiling bolero v0.13.4
[INFO] [stdout] warning: use of deprecated method `core::sync::atomic::Atomic::<usize>::fetch_update`: renamed to `try_update` for consistency
[INFO] [stdout]    --> src/locksmith.rs:145:18
[INFO] [stdout]     |
[INFO] [stdout] 145 |                 .fetch_update(Ordering::Relaxed, Ordering::Relaxed, |n| {
[INFO] [stdout]     |                  ^^^^^^^^^^^^
[INFO] [stdout]     |
[INFO] [stdout]     = note: `#[warn(deprecated)]` on by default
[INFO] [stdout] help: replace the use of the deprecated method
[INFO] [stdout]     |
[INFO] [stdout] 145 -                 .fetch_update(Ordering::Relaxed, Ordering::Relaxed, |n| {
[INFO] [stdout] 145 +                 .try_update(Ordering::Relaxed, Ordering::Relaxed, |n| {
[INFO] [stdout]     |
[INFO] [stdout] 
[INFO] [stdout] 
[INFO] [stderr] warning: unused dependency `thiserror`
[INFO] [stderr]   --> Cargo.toml:11:15
[INFO] [stderr]    |
[INFO] [stderr] 11 | [dependencies.thiserror]
[INFO] [stderr]    |               ^^^^^^^^^^
[INFO] [stderr]    |
[INFO] [stderr]    = note: `cargo::unused_dependencies` is set to `warn` by default
[INFO] [stderr] help: consider removing the dependency on `thiserror`
[INFO] [stderr] warning: `surelock` (manifest) generated 1 warning
[INFO] [stderr]     Finished `release` profile [optimized] target(s) in 59.08s
[INFO] running `Command { std: "docker" "inspect" "e1a2a2ed109c8d75326511c252e2cc612b71788d73851b9647fcbb227d3fbf32", kill_on_drop: false }`
[INFO] running `Command { std: "docker" "exec" "-e" "SOURCE_DIR=/opt/rustwide/workdir" "-e" "CARGO_HOME=/opt/rustwide/cargo-home" "-e" "RUSTUP_HOME=/opt/rustwide/rustup-home" "-e" "CARGO_TARGET_DIR=/opt/rustwide/target" "-e" "CARGO_INCREMENTAL=0" "-e" "RUST_BACKTRACE=full" "-e" "RUSTFLAGS=--cap-lints=warn" "-e" "RUSTDOCFLAGS=--cap-lints=warn" "-w" "/opt/rustwide/workdir" "--user" "0:0" "e1a2a2ed109c8d75326511c252e2cc612b71788d73851b9647fcbb227d3fbf32" "/opt/rustwide/cargo-home/bin/cargo" "+1.100.0-beta.1" "test" "--frozen" "--release", kill_on_drop: false }`
[INFO] [stderr] warning: use of deprecated method `core::sync::atomic::Atomic::<usize>::fetch_update`: renamed to `try_update` for consistency
[INFO] [stderr]    --> src/locksmith.rs:145:18
[INFO] [stderr]     |
[INFO] [stderr] 145 |                 .fetch_update(Ordering::Relaxed, Ordering::Relaxed, |n| {
[INFO] [stderr]     |                  ^^^^^^^^^^^^
[INFO] [stderr]     |
[INFO] [stderr]     = note: `#[warn(deprecated)]` on by default
[INFO] [stderr] help: replace the use of the deprecated method
[INFO] [stderr]     |
[INFO] [stderr] 145 -                 .fetch_update(Ordering::Relaxed, Ordering::Relaxed, |n| {
[INFO] [stderr] 145 +                 .try_update(Ordering::Relaxed, Ordering::Relaxed, |n| {
[INFO] [stderr]     |
[INFO] [stderr] 
[INFO] [stderr] warning: `surelock` (lib) generated 1 warning (run `cargo fix --lib -p surelock` to apply 1 suggestion)
[INFO] [stderr] warning: `surelock` (lib test) generated 1 warning (1 duplicate)
[INFO] [stderr] warning: unused dependency `thiserror`
[INFO] [stderr]   --> Cargo.toml:11:15
[INFO] [stderr]    |
[INFO] [stderr] 11 | [dependencies.thiserror]
[INFO] [stderr]    |               ^^^^^^^^^^
[INFO] [stderr]    |
[INFO] [stderr]    = note: `cargo::unused_dependencies` is set to `warn` by default
[INFO] [stderr] help: consider removing the dependency on `thiserror`
[INFO] [stderr] warning: `surelock` (manifest) generated 1 warning
[INFO] [stderr]     Finished `release` profile [optimized] target(s) in 0.15s
[INFO] [stderr]      Running unittests src/lib.rs (/opt/rustwide/target/release/build/surelock/3fb95817b64aa997/out/surelock-3fb95817b64aa997)
[INFO] [stdout] 
[INFO] [stdout] running 0 tests
[INFO] [stdout] 
[INFO] [stdout] test result: ok. 0 passed; 0 failed; 0 ignored; 0 measured; 0 filtered out; finished in 0.00s
[INFO] [stdout] 
[INFO] [stderr]      Running tests/compile_fail.rs (/opt/rustwide/target/release/build/surelock/932200cb2cc366de/out/compile_fail-932200cb2cc366de)
[INFO] [stdout] 
[INFO] [stdout] running 1 test
[INFO] [stderr]    Compiling proc-macro2 v1.0.106
[INFO] [stderr]    Compiling libc v0.2.184
[INFO] [stderr]    Compiling unicode-ident v1.0.24
[INFO] [stderr]    Compiling quote v1.0.45
[INFO] [stderr]     Checking cfg-if v1.0.4
[INFO] [stderr]    Compiling getrandom v0.3.4
[INFO] [stderr]    Compiling hashbrown v0.16.1
[INFO] [stderr]    Compiling zerocopy v0.8.48
[INFO] [stderr]    Compiling toml_datetime v0.6.3
[INFO] [stderr]    Compiling winnow v0.5.40
[INFO] [stderr]    Compiling anyhow v1.0.102
[INFO] [stderr]    Compiling parking_lot_core v0.9.12
[INFO] [stderr]     Checking scopeguard v1.2.0
[INFO] [stderr]     Checking smallvec v1.15.1
[INFO] [stderr]     Checking futures-task v0.3.32
[INFO] [stderr]     Checking futures-core v0.3.32
[INFO] [stderr]     Checking lock_api v0.4.14
[INFO] [stderr]     Checking pin-project-lite v0.2.17
[INFO] [stderr]     Checking slab v0.4.12
[INFO] [stderr]    Compiling thiserror v2.0.18
[INFO] [stderr]     Checking pretty-hex v0.4.2
[INFO] [stderr]     Checking lazy_static v1.5.0
[INFO] [stderr]     Checking sdd v3.0.10
[INFO] [stderr]     Checking once_cell v1.21.4
[INFO] [stderr]     Checking log v0.4.29
[INFO] [stderr]     Checking futures-util v0.3.32
[INFO] [stderr]     Checking spin v0.9.8
[INFO] [stderr]     Checking scc v2.4.0
[INFO] [stderr]    Compiling syn v2.0.117
[INFO] [stderr]    Compiling indexmap v2.13.1
[INFO] [stderr]     Checking futures-executor v0.3.32
[INFO] [stderr]     Checking rand_core v0.9.5
[INFO] [stderr]     Checking parking_lot v0.12.5
[INFO] [stderr]     Checking rand_xoshiro v0.7.0
[INFO] [stderr]    Compiling toml_edit v0.20.2
[INFO] [stderr]    Compiling proc-macro-crate v2.0.2
[INFO] [stderr]    Compiling thiserror-impl v2.0.18
[INFO] [stderr]    Compiling serial_test_derive v3.4.0
[INFO] [stderr]    Compiling bolero-generator-derive v0.13.4
[INFO] [stderr]     Checking serial_test v3.4.0
[INFO] [stderr]     Checking bolero-generator v0.13.5
[INFO] [stderr]     Checking ppv-lite86 v0.2.21
[INFO] [stderr]     Checking rand_chacha v0.9.0
[INFO] [stderr]     Checking rand v0.9.2
[INFO] [stderr]     Checking surelock v0.1.1 (/opt/rustwide/workdir)
[INFO] [stderr] warning: use of deprecated method `core::sync::atomic::Atomic::<usize>::fetch_update`: renamed to `try_update` for consistency
[INFO] [stderr]    --> /opt/rustwide/workdir/src/locksmith.rs:145:18
[INFO] [stderr]     |
[INFO] [stderr] 145 |                 .fetch_update(Ordering::Relaxed, Ordering::Relaxed, |n| {
[INFO] [stderr]     |                  ^^^^^^^^^^^^
[INFO] [stderr]     |
[INFO] [stderr]     = note: `#[warn(deprecated)]` on by default
[INFO] [stderr] help: replace the use of the deprecated method
[INFO] [stderr]     |
[INFO] [stderr] 145 -                 .fetch_update(Ordering::Relaxed, Ordering::Relaxed, |n| {
[INFO] [stderr] 145 +                 .try_update(Ordering::Relaxed, Ordering::Relaxed, |n| {
[INFO] [stderr]     |
[INFO] [stderr] 
[INFO] [stderr] warning: `surelock` (lib) generated 1 warning (run `cargo fix --lib -p surelock` to apply 1 suggestion)
[INFO] [stderr]     Checking bolero-engine v0.13.4
[INFO] [stderr]     Checking bolero v0.13.4
[INFO] [stderr]     Checking surelock-tests v0.0.0 (/opt/rustwide/target/tests/trybuild/surelock)
[INFO] [stderr]     Finished `dev` profile [unoptimized + debuginfo] target(s) in 19.37s
[INFO] [stderr] 
[INFO] [stderr] 
[INFO] [stderr] test tests/compile_fail/key_escape_from_scope.rs ... ok
[INFO] [stdout] test compile_fail ... FAILED
[INFO] [stderr] test tests/compile_fail/key_reuse_after_consumption.rs ... mismatch
[INFO] [stdout] 
[INFO] [stderr] 
[INFO] [stdout] failures:
[INFO] [stderr] EXPECTED:
[INFO] [stdout] 
[INFO] [stderr] ┈┈┈┈┈┈┈┈┈┈┈┈┈┈┈┈┈┈┈┈┈┈┈┈┈┈┈┈┈┈┈┈┈┈┈┈┈┈┈┈┈┈┈┈┈┈┈┈┈┈┈┈┈┈┈┈┈┈┈┈
[INFO] [stdout] ---- compile_fail stdout ----
[INFO] [stderr] error[E0382]: use of moved value: `key`
[INFO] [stdout] 
[INFO] [stderr]   --> tests/compile_fail/key_reuse_after_consumption.rs:16:28
[INFO] [stdout] thread 'compile_fail' (1314) panicked at /opt/rustwide/cargo-home/registry/src/index.crates.io-1949cf8c6b5b557f/trybuild-1.0.116/src/run.rs:102:13:
[INFO] [stderr]    |
[INFO] [stdout] 2 of 4 tests failed
[INFO] [stderr] 10 |     lock_scope(|key| {
[INFO] [stdout] stack backtrace:
[INFO] [stderr]    |                 --- move occurs because `key` has type `MutexKey<'_, Bottom>`, which does not implement the `Copy` trait
[INFO] [stdout]    0:     0x61bfe3092095 - <unknown>
[INFO] [stderr] 11 |         // First lock consumes the key
[INFO] [stdout]    1:     0x61bfe3071504 - <unknown>
[INFO] [stderr] 12 |         let (guard_a, _new_key) = key.lock(&a);
[INFO] [stdout]    2:     0x61bfe309173b - <unknown>
[INFO] [stderr]    |                                       -------- `key` moved due to this method call
[INFO] [stdout]    3:     0x61bfe3091339 - <unknown>
[INFO] [stderr] ...
[INFO] [stdout]    4:     0x61bfe3090fba - <unknown>
[INFO] [stderr] 16 |         let (guard_b, _) = key.lock(&b);
[INFO] [stdout]    5:     0x61bfe3090aeb - <unknown>
[INFO] [stderr]    |                            ^^^ value used here after move
[INFO] [stdout]    6:     0x61bfe30b6961 - <unknown>
[INFO] [stderr]    |
[INFO] [stdout]    7:     0x61bfe30b6919 - <unknown>
[INFO] [stderr] note: `MutexKey::<'scope, Lvl>::lock` takes ownership of the receiver `self`, which moves `key`
[INFO] [stdout]    8:     0x61bfe30b6e0c - <unknown>
[INFO] [stderr]   --> src/key.rs
[INFO] [stdout]    9:     0x61bfe307139b - <unknown>
[INFO] [stderr]    |
[INFO] [stdout]   10:     0x61bfe3148705 - <unknown>
[INFO] [stderr]    |     pub fn lock<'a, L: Lockable<'a>>(self, target: &'a L) -> (L::Guard, MutexKey<'scope, L::MaxLvl>)
[INFO] [stdout]   11:     0x61bfe306ea49 - <unknown>
[INFO] [stderr]    |                                      ^^^^
[INFO] [stdout]   12:     0x61bfe306fd09 - <unknown>
[INFO] [stderr] 
[INFO] [stdout]   13:     0x61bfe30d0cbb - <unknown>
[INFO] [stderr] warning: unused variable: `guard_a`
[INFO] [stdout]   14:     0x61bfe30ccf46 - <unknown>
[INFO] [stderr]   --> tests/compile_fail/key_reuse_after_consumption.rs:12:14
[INFO] [stdout]   15:     0x61bfe30cc76c - <unknown>
[INFO] [stderr]    |
[INFO] [stdout]   16:     0x61bfe30ea5dc - <unknown>
[INFO] [stderr] 12 |         let (guard_a, _new_key) = key.lock(&a);
[INFO] [stdout]   17:     0x61bfe30b87e8 - <unknown>
[INFO] [stderr]    |              ^^^^^^^ help: if this is intentional, prefix it with an underscore: `_guard_a`
[INFO] [stdout]   18:     0x7d41fba20dfa - <unknown>
[INFO] [stderr]    |
[INFO] [stdout]   19:     0x7d41fbab43d4 - clone
[INFO] [stderr]    = note: `#[warn(unused_variables)]` (part of `#[warn(unused)]`) on by default
[INFO] [stdout]   20:                0x0 - <unknown>
[INFO] [stderr] 
[INFO] [stdout] 
[INFO] [stderr] warning: unused variable: `guard_b`
[INFO] [stdout] 
[INFO] [stderr]   --> tests/compile_fail/key_reuse_after_consumption.rs:16:14
[INFO] [stdout] failures:
[INFO] [stderr]    |
[INFO] [stdout]     compile_fail
[INFO] [stderr] 16 |         let (guard_b, _) = key.lock(&b);
[INFO] [stdout] 
[INFO] [stderr]    |              ^^^^^^^ help: if this is intentional, prefix it with an underscore: `_guard_b`
[INFO] [stdout] test result: FAILED. 0 passed; 1 failed; 0 ignored; 0 measured; 0 filtered out; finished in 28.43s
[INFO] [stderr] ┈┈┈┈┈┈┈┈┈┈┈┈┈┈┈┈┈┈┈┈┈┈┈┈┈┈┈┈┈┈┈┈┈┈┈┈┈┈┈┈┈┈┈┈┈┈┈┈┈┈┈┈┈┈┈┈┈┈┈┈
[INFO] [stdout] 
[INFO] [stderr] 
[INFO] [stderr] ACTUAL OUTPUT:
[INFO] [stderr] ┈┈┈┈┈┈┈┈┈┈┈┈┈┈┈┈┈┈┈┈┈┈┈┈┈┈┈┈┈┈┈┈┈┈┈┈┈┈┈┈┈┈┈┈┈┈┈┈┈┈┈┈┈┈┈┈┈┈┈┈
[INFO] [stderr] error[E0382]: use of moved value: `key`
[INFO] [stderr]   --> tests/compile_fail/key_reuse_after_consumption.rs:16:28
[INFO] [stderr]    |
[INFO] [stderr] 10 |     lock_scope(|key| {
[INFO] [stderr]    |                 --- move occurs because `key` has type `MutexKey<'_, Bottom>`, which does not implement the `Copy` trait
[INFO] [stderr] 11 |         // First lock consumes the key
[INFO] [stderr] 12 |         let (guard_a, _new_key) = key.lock(&a);
[INFO] [stderr]    |                                       -------- `key` moved due to this method call
[INFO] [stderr] ...
[INFO] [stderr] 16 |         let (guard_b, _) = key.lock(&b);
[INFO] [stderr]    |                            ^^^ value used here after move
[INFO] [stderr]    |
[INFO] [stderr] note: `surelock::key::MutexKey::<'scope, Lvl>::lock` takes ownership of the receiver `self`, which moves `key`
[INFO] [stderr]   --> src/key.rs
[INFO] [stderr]    |
[INFO] [stderr]    |     pub fn lock<'a, L: Lockable<'a>>(self, target: &'a L) -> (L::Guard, MutexKey<'scope, L::MaxLvl>)
[INFO] [stderr]    |                                      ^^^^
[INFO] [stderr] 
[INFO] [stderr] warning: unused variable: `guard_a`
[INFO] [stderr]   --> tests/compile_fail/key_reuse_after_consumption.rs:12:14
[INFO] [stderr]    |
[INFO] [stderr] 12 |         let (guard_a, _new_key) = key.lock(&a);
[INFO] [stderr]    |              ^^^^^^^ help: if this is intentional, prefix it with an underscore: `_guard_a`
[INFO] [stderr]    |
[INFO] [stderr]    = note: `#[warn(unused_variables)]` (part of `#[warn(unused)]`) on by default
[INFO] [stderr] 
[INFO] [stderr] warning: unused variable: `guard_b`
[INFO] [stderr]   --> tests/compile_fail/key_reuse_after_consumption.rs:16:14
[INFO] [stderr]    |
[INFO] [stderr] 16 |         let (guard_b, _) = key.lock(&b);
[INFO] [stderr]    |              ^^^^^^^ help: if this is intentional, prefix it with an underscore: `_guard_b`
[INFO] [stderr] ┈┈┈┈┈┈┈┈┈┈┈┈┈┈┈┈┈┈┈┈┈┈┈┈┈┈┈┈┈┈┈┈┈┈┈┈┈┈┈┈┈┈┈┈┈┈┈┈┈┈┈┈┈┈┈┈┈┈┈┈
[INFO] [stderr] note: If the actual output is the correct output you can bless it by rerunning
[INFO] [stderr]       your test with the environment variable TRYBUILD=overwrite
[INFO] [stderr] 
[INFO] [stderr] test tests/compile_fail/keyhandle_nesting.rs ... ok
[INFO] [stderr] test tests/compile_fail/wrong_level_order.rs ... mismatch
[INFO] [stderr] 
[INFO] [stderr] EXPECTED:
[INFO] [stderr] ┈┈┈┈┈┈┈┈┈┈┈┈┈┈┈┈┈┈┈┈┈┈┈┈┈┈┈┈┈┈┈┈┈┈┈┈┈┈┈┈┈┈┈┈┈┈┈┈┈┈┈┈┈┈┈┈┈┈┈┈
[INFO] [stderr] error[E0277]: `Level<2>` cannot be acquired after `Level<5>`
[INFO] [stderr]   --> tests/compile_fail/wrong_level_order.rs:19:34
[INFO] [stderr]    |
[INFO] [stderr] 19 |         let (_, _key) = key.lock(&low);
[INFO] [stderr]    |                             ---- ^^^^ the trait `LockAfter<Level<5>>` is not implemented for `Level<2>`
[INFO] [stderr]    |                             |
[INFO] [stderr]    |                             required by a bound introduced by this call
[INFO] [stderr]    |
[INFO] [stderr]    = note: locks must be acquired in ascending level order; once a higher-levelled lock is held, lower-levelled locks cannot be acquired for this key
[INFO] [stderr] help: the following other types implement trait `LockAfter<Before>`
[INFO] [stderr]   --> src/level.rs
[INFO] [stderr]    |
[INFO] [stderr]    |               impl LockAfter<Bottom> for Level<$n> {}
[INFO] [stderr]    |               ^^^^^^^^^^^^^^^^^^^^^^^^^^^^^^^^^^^^ `Level<2>` implements `LockAfter<Bottom>`
[INFO] [stderr] ...
[INFO] [stderr]    |               impl LockAfter<Level<$first>> for Level<$rest> {}
[INFO] [stderr]    |               ^^^^^^^^^^^^^^^^^^^^^^^^^^^^^^^^^^^^^^^^^^^^^^
[INFO] [stderr]    |               |
[INFO] [stderr]    |               `Level<2>` implements `LockAfter<Level<0>>`
[INFO] [stderr]    |               `Level<2>` implements `LockAfter<Level<1>>`
[INFO] [stderr] ...
[INFO] [stderr]    | / generate_level_impls!(
[INFO] [stderr]    | |     64,
[INFO] [stderr]    | |     [
[INFO] [stderr]    | |         0, 1, 2, 3, 4, 5, 6, 7, 8, 9, 10, 11, 12, 13, 14, 15, 16, 17, 18, 19, 20, 21, 22, 23, 24,
[INFO] [stderr] ...  |
[INFO] [stderr]    | | );
[INFO] [stderr]    | |_- in this macro invocation
[INFO] [stderr] note: required by a bound in `MutexKey::<'scope, Lvl>::lock`
[INFO] [stderr]   --> src/key.rs
[INFO] [stderr]    |
[INFO] [stderr]    |     pub fn lock<'a, L: Lockable<'a>>(self, target: &'a L) -> (L::Guard, MutexKey<'scope, L::MaxLvl>)
[INFO] [stderr]    |            ---- required by a bound in this associated function
[INFO] [stderr]    |     where
[INFO] [stderr]    |         L::MinLvl: LockAfter<Lvl>,
[INFO] [stderr]    |                    ^^^^^^^^^^^^^^ required by this bound in `MutexKey::<'scope, Lvl>::lock`
[INFO] [stderr]    = note: this error originates in the macro `generate_level_impls` (in Nightly builds, run with -Z macro-backtrace for more info)
[INFO] [stderr] ┈┈┈┈┈┈┈┈┈┈┈┈┈┈┈┈┈┈┈┈┈┈┈┈┈┈┈┈┈┈┈┈┈┈┈┈┈┈┈┈┈┈┈┈┈┈┈┈┈┈┈┈┈┈┈┈┈┈┈┈
[INFO] [stderr] 
[INFO] [stderr] ACTUAL OUTPUT:
[INFO] [stderr] ┈┈┈┈┈┈┈┈┈┈┈┈┈┈┈┈┈┈┈┈┈┈┈┈┈┈┈┈┈┈┈┈┈┈┈┈┈┈┈┈┈┈┈┈┈┈┈┈┈┈┈┈┈┈┈┈┈┈┈┈
[INFO] [stderr] error[E0277]: `Level<2>` cannot be acquired after `Level<5>`
[INFO] [stderr]   --> tests/compile_fail/wrong_level_order.rs:19:34
[INFO] [stderr]    |
[INFO] [stderr] 19 |         let (_, _key) = key.lock(&low);
[INFO] [stderr]    |                             ---- ^^^^ the trait `LockAfter<Level<5>>` is not implemented for `Level<2>`
[INFO] [stderr]    |                             |
[INFO] [stderr]    |                             required by a bound introduced by this call
[INFO] [stderr]    |
[INFO] [stderr]    = note: locks must be acquired in ascending level order; once a higher-levelled lock is held, lower-levelled locks cannot be acquired for this key
[INFO] [stderr] help: `Level<2>` implements trait `LockAfter<Before>`
[INFO] [stderr]   --> src/level.rs
[INFO] [stderr]    |
[INFO] [stderr]    |             impl LockAfter<Bottom> for Level<$n> {}
[INFO] [stderr]    |             ^^^^^^^^^^^^^^^^^^^^^^^^^^^^^^^^^^^^ `LockAfter<Bottom>`
[INFO] [stderr] ...
[INFO] [stderr]    |             impl LockAfter<Level<$first>> for Level<$rest> {}
[INFO] [stderr]    |             ^^^^^^^^^^^^^^^^^^^^^^^^^^^^^^^^^^^^^^^^^^^^^^
[INFO] [stderr]    |             |
[INFO] [stderr]    |             `LockAfter<Level<0>>`
[INFO] [stderr]    |             `LockAfter<Level<1>>`
[INFO] [stderr] ...
[INFO] [stderr]    | generate_level_impls!(16, [0, 1, 2, 3, 4, 5, 6, 7, 8, 9, 10, 11, 12, 13, 14, 15]);
[INFO] [stderr]    | --------------------------------------------------------------------------------- in this macro invocation
[INFO] [stderr] note: required by a bound in `MutexKey::<'scope, Lvl>::lock`
[INFO] [stderr]   --> src/key.rs
[INFO] [stderr]    |
[INFO] [stderr]    | impl<'scope, Lvl: IsLevel> MutexKey<'scope, Lvl> {
[INFO] [stderr] ...
[INFO] [stderr]    |     pub fn lock<'a, L: Lockable<'a>>(self, target: &'a L) -> (L::Guard, MutexKey<'scope, L::MaxLvl>)
[INFO] [stderr]    |     where
[INFO] [stderr]    |         L::MinLvl: LockAfter<Lvl>,
[INFO] [stderr]    |                    ^^^^^^^^^^^^^^ required by this bound in `MutexKey::<'scope, Lvl>::lock`
[INFO] [stderr]    = note: this error originates in the macro `generate_level_impls` (in Nightly builds, run with -Z macro-backtrace for more info)
[INFO] [stderr] ┈┈┈┈┈┈┈┈┈┈┈┈┈┈┈┈┈┈┈┈┈┈┈┈┈┈┈┈┈┈┈┈┈┈┈┈┈┈┈┈┈┈┈┈┈┈┈┈┈┈┈┈┈┈┈┈┈┈┈┈
[INFO] [stderr] note: If the actual output is the correct output you can bless it by rerunning
[INFO] [stderr]       your test with the environment variable TRYBUILD=overwrite
[INFO] [stderr] 
[INFO] [stderr] 
[INFO] [stderr] 
[INFO] [stderr] error: test failed, to rerun pass `--test compile_fail`
[INFO] running `Command { std: "docker" "inspect" "e1a2a2ed109c8d75326511c252e2cc612b71788d73851b9647fcbb227d3fbf32", kill_on_drop: false }`
[INFO] running `Command { std: "docker" "rm" "-f" "e1a2a2ed109c8d75326511c252e2cc612b71788d73851b9647fcbb227d3fbf32", kill_on_drop: false }`
[INFO] [stdout] e1a2a2ed109c8d75326511c252e2cc612b71788d73851b9647fcbb227d3fbf32
