[INFO] fetching crate supply_chain 0.2.0...
[INFO] testing supply_chain-0.2.0 against 1.99.0-beta.8+cargoflags=--release for beta-release-1.100-2
[INFO] extracting crate supply_chain 0.2.0 into /workspace/builds/worker-1-tc1/source
[INFO] started tweaking crates.io crate supply_chain 0.2.0
[INFO] removed 0 missing tests
[INFO] finished tweaking crates.io crate supply_chain 0.2.0
[INFO] tweaked toml for crates.io crate supply_chain 0.2.0 written to /workspace/builds/worker-1-tc1/source/Cargo.toml
[INFO] validating manifest of crates.io crate supply_chain 0.2.0 on toolchain 1.99.0-beta.8
[INFO] running `Command { std: CARGO_HOME="/workspace/cargo-home" RUSTUP_HOME="/workspace/rustup-home" "/workspace/cargo-home/bin/cargo" "+1.99.0-beta.8" "metadata" "--manifest-path" "Cargo.toml" "--no-deps", kill_on_drop: false }`
[INFO] crate crates.io crate supply_chain 0.2.0 already has a lockfile, it will not be regenerated
[INFO] running `Command { std: CARGO_HOME="/workspace/cargo-home" RUSTUP_HOME="/workspace/rustup-home" "/workspace/cargo-home/bin/cargo" "+1.99.0-beta.8" "fetch" "--manifest-path" "Cargo.toml", kill_on_drop: false }`
[INFO] [stderr]     Updating crates.io index
[INFO] [stderr]  Downloading crates ...
[INFO] [stderr]   Downloaded wait-timeout v0.2.1
[INFO] [stderr]   Downloaded console v0.16.4
[INFO] [stderr]   Downloaded assert_cmd v2.2.2
[INFO] [stderr]   Downloaded difflib v0.4.0
[INFO] [stderr]   Downloaded predicates-tree v1.0.13
[INFO] [stderr]   Downloaded termtree v0.5.1
[INFO] [stderr]   Downloaded predicates v3.1.4
[INFO] [stderr]   Downloaded similar-asserts v2.0.0
[INFO] [stderr]   Downloaded similar v3.2.0
[INFO] [stderr]   Downloaded predicates-core v1.0.10
[INFO] running `Command { std: "docker" "create" "-v" "/var/lib/crater-agent-workspace/builds/worker-1-tc1/source:/opt/rustwide/workdir:ro,Z" "-v" "/var/lib/crater-agent-workspace/builds/worker-1-tc1/target:/opt/rustwide/target:rw,Z" "-v" "/var/lib/crater-agent-workspace/cargo-home:/opt/rustwide/cargo-home:ro,Z" "-v" "/var/lib/crater-agent-workspace/rustup-home:/opt/rustwide/rustup-home:ro,Z" "-m" "1610612736" "--network" "none" "ghcr.io/rust-lang/crates-build-env/linux@sha256:77db811e55d90add9212f6832c23229e3de5f1c1f9905e8cb07319ea15df73ac" "sleep" "infinity", kill_on_drop: false }`
[INFO] [stdout] c5397ee5f6a10400a364fe7dc93590eb599c2d27e04b27566493b7b5e3cc2e21
[INFO] running `Command { std: "docker" "start" "c5397ee5f6a10400a364fe7dc93590eb599c2d27e04b27566493b7b5e3cc2e21", kill_on_drop: false }`
[INFO] running `Command { std: "docker" "inspect" "c5397ee5f6a10400a364fe7dc93590eb599c2d27e04b27566493b7b5e3cc2e21", kill_on_drop: false }`
[INFO] running `Command { std: "docker" "exec" "-e" "SOURCE_DIR=/opt/rustwide/workdir" "-e" "CARGO_HOME=/opt/rustwide/cargo-home" "-e" "RUSTUP_HOME=/opt/rustwide/rustup-home" "-e" "CARGO_TARGET_DIR=/opt/rustwide/target" "-w" "/opt/rustwide/workdir" "--user" "0:0" "c5397ee5f6a10400a364fe7dc93590eb599c2d27e04b27566493b7b5e3cc2e21" "/opt/rustwide/cargo-home/bin/cargo" "+1.99.0-beta.8" "metadata" "--no-deps" "--format-version=1", kill_on_drop: false }`
[INFO] running `Command { std: "docker" "inspect" "c5397ee5f6a10400a364fe7dc93590eb599c2d27e04b27566493b7b5e3cc2e21", kill_on_drop: false }`
[INFO] running `Command { std: "docker" "exec" "-e" "SOURCE_DIR=/opt/rustwide/workdir" "-e" "CARGO_HOME=/opt/rustwide/cargo-home" "-e" "RUSTUP_HOME=/opt/rustwide/rustup-home" "-e" "CARGO_TARGET_DIR=/opt/rustwide/target" "-e" "CARGO_INCREMENTAL=0" "-e" "RUST_BACKTRACE=full" "-e" "RUSTFLAGS=--cap-lints=warn" "-e" "RUSTDOCFLAGS=--cap-lints=warn" "-w" "/opt/rustwide/workdir" "--user" "0:0" "c5397ee5f6a10400a364fe7dc93590eb599c2d27e04b27566493b7b5e3cc2e21" "/opt/rustwide/cargo-home/bin/cargo" "+1.99.0-beta.8" "build" "--frozen" "--message-format=json" "--release", kill_on_drop: false }`
[INFO] [stderr]    Compiling libc v0.2.189
[INFO] [stderr]    Compiling serde_core v1.0.229
[INFO] [stderr]    Compiling zmij v1.0.23
[INFO] [stderr]    Compiling serde_json v1.0.151
[INFO] [stderr]    Compiling anyhow v1.0.104
[INFO] [stderr]    Compiling unicode-segmentation v1.13.3
[INFO] [stderr]    Compiling similar v3.2.0
[INFO] [stderr]    Compiling console v0.16.4
[INFO] [stderr]    Compiling similar-asserts v2.0.0
[INFO] [stderr]    Compiling supply_chain v0.2.0 (/opt/rustwide/workdir)
[INFO] [stderr]     Finished `release` profile [optimized] target(s) in 46.47s
[INFO] running `Command { std: "docker" "inspect" "c5397ee5f6a10400a364fe7dc93590eb599c2d27e04b27566493b7b5e3cc2e21", kill_on_drop: false }`
[INFO] running `Command { std: "docker" "exec" "-e" "SOURCE_DIR=/opt/rustwide/workdir" "-e" "CARGO_HOME=/opt/rustwide/cargo-home" "-e" "RUSTUP_HOME=/opt/rustwide/rustup-home" "-e" "CARGO_TARGET_DIR=/opt/rustwide/target" "-e" "CARGO_INCREMENTAL=0" "-e" "RUST_BACKTRACE=full" "-e" "RUSTFLAGS=--cap-lints=warn" "-e" "RUSTDOCFLAGS=--cap-lints=warn" "-w" "/opt/rustwide/workdir" "--user" "0:0" "c5397ee5f6a10400a364fe7dc93590eb599c2d27e04b27566493b7b5e3cc2e21" "/opt/rustwide/cargo-home/bin/cargo" "+1.99.0-beta.8" "test" "--frozen" "--no-run" "--message-format=json" "--release", kill_on_drop: false }`
[INFO] [stderr]    Compiling rustix v1.1.4
[INFO] [stderr]    Compiling predicates-core v1.0.10
[INFO] [stderr]    Compiling aho-corasick v1.1.5
[INFO] [stderr]    Compiling getrandom v0.4.3
[INFO] [stderr]    Compiling assert_cmd v2.2.2
[INFO] [stderr]    Compiling termtree v0.5.1
[INFO] [stderr]    Compiling difflib v0.4.0
[INFO] [stderr]    Compiling cfg-if v1.0.4
[INFO] [stderr]    Compiling bitflags v2.13.1
[INFO] [stderr]    Compiling predicates-tree v1.0.13
[INFO] [stderr]    Compiling wait-timeout v0.2.1
[INFO] [stderr]    Compiling once_cell v1.21.4
[INFO] [stderr]    Compiling predicates v3.1.4
[INFO] [stderr]    Compiling fastrand v2.5.0
[INFO] [stderr]    Compiling regex-automata v0.4.18
[INFO] [stderr]    Compiling tempfile v3.27.0
[INFO] [stderr]    Compiling bstr v1.13.1
[INFO] [stderr]    Compiling regex v1.13.1
[INFO] [stderr]    Compiling supply_chain v0.2.0 (/opt/rustwide/workdir)
[INFO] [stderr]     Finished `release` profile [optimized] target(s) in 41.59s
[INFO] running `Command { std: "docker" "inspect" "c5397ee5f6a10400a364fe7dc93590eb599c2d27e04b27566493b7b5e3cc2e21", kill_on_drop: false }`
[INFO] running `Command { std: "docker" "exec" "-e" "SOURCE_DIR=/opt/rustwide/workdir" "-e" "CARGO_HOME=/opt/rustwide/cargo-home" "-e" "RUSTUP_HOME=/opt/rustwide/rustup-home" "-e" "CARGO_TARGET_DIR=/opt/rustwide/target" "-e" "CARGO_INCREMENTAL=0" "-e" "RUST_BACKTRACE=full" "-e" "RUSTFLAGS=--cap-lints=warn" "-e" "RUSTDOCFLAGS=--cap-lints=warn" "-w" "/opt/rustwide/workdir" "--user" "0:0" "c5397ee5f6a10400a364fe7dc93590eb599c2d27e04b27566493b7b5e3cc2e21" "/opt/rustwide/cargo-home/bin/cargo" "+1.99.0-beta.8" "test" "--frozen" "--release", kill_on_drop: false }`
[INFO] [stderr]     Finished `release` profile [optimized] target(s) in 0.08s
[INFO] [stderr]      Running unittests src/lib.rs (/opt/rustwide/target/release/deps/supply_chain-6c5aaeb5e4a5dade)
[INFO] [stdout] 
[INFO] [stdout] running 10 tests
[INFO] [stdout] test tests::normalize_report_rejects_invalid_json ... ok
[INFO] [stdout] test tests::normalize_report_rejects_invalid_utf8 ... ok
[INFO] [stdout] test tests::remove_avatars_preserves_non_avatar_values ... ok
[INFO] [stdout] test tests::remove_avatars_removes_nested_avatar_fields ... ok
[INFO] [stdout] test tests::normalize_report_removes_avatars_and_pretty_prints ... ok
[INFO] [stdout] test tests::generate_report_includes_stderr_when_command_fails ... FAILED
[INFO] [stdout] test tests::check_impl_forwards_args ... FAILED
[INFO] [stdout] test tests::check_impl_writes_and_checks_snapshot ... FAILED
[INFO] [stdout] test tests::check_impl_reports_mismatched_snapshot ... FAILED
[INFO] [stdout] test tests::check_impl_reports_missing_snapshot ... FAILED
[INFO] [stdout] 
[INFO] [stdout] failures:
[INFO] [stdout] 
[INFO] [stdout] ---- tests::generate_report_includes_stderr_when_command_fails stdout ----
[INFO] [stdout] 
[INFO] [stdout] thread 'tests::generate_report_includes_stderr_when_command_fails' (837) panicked at src/lib.rs:233:9:
[INFO] [stdout] command failed: cd "/tmp/.tmpszoA0P" && "cargo" "supply-chain" "json" "--no-dev"
[INFO] [stdout] error: no such command: `supply-chain`
[INFO] [stdout] 
[INFO] [stdout] help: view all installed commands with `cargo --list`
[INFO] [stdout] help: find a package to install `supply-chain` with `cargo search cargo-supply-chain`
[INFO] [stdout] stack backtrace:
[INFO] [stdout]    0:     0x5c67324e2d21 - <<std[70759c8f55707aa4]::sys::backtrace::BacktraceLock>::print::DisplayBacktrace as core[df12db4294e9bfd3]::fmt::Display>::fmt
[INFO] [stdout]    1:     0x5c67324f955a - core[df12db4294e9bfd3]::fmt::write
[INFO] [stdout]    2:     0x5c67324e8bcc - <alloc[2182bb758b4b3781]::vec::Vec<u8> as core[df12db4294e9bfd3]::io::write::Write>::write_fmt
[INFO] [stdout]    3:     0x5c67324bd0a6 - std[70759c8f55707aa4]::panicking::default_hook::{closure#0}
[INFO] [stdout]    4:     0x5c67324da779 - std[70759c8f55707aa4]::panicking::default_hook
[INFO] [stdout]    5:     0x5c67323d0320 - test[9d35eded1c95d3be]::test_main_inner::<test[9d35eded1c95d3be]::test_main_static::{closure#0}>::{closure#0}
[INFO] [stdout]    6:     0x5c67324da932 - std[70759c8f55707aa4]::panicking::panic_with_hook
[INFO] [stdout]    7:     0x5c67324bd152 - std[70759c8f55707aa4]::panicking::panic_handler::{closure#0}
[INFO] [stdout]    8:     0x5c67324b5699 - std[70759c8f55707aa4]::sys::backtrace::__rust_end_short_backtrace::<std[70759c8f55707aa4]::panicking::panic_handler::{closure#0}, !>
[INFO] [stdout]    9:     0x5c67324bde5d - __rustc[8fa7c3cbc660c2b3]::rust_begin_unwind
[INFO] [stdout]   10:     0x5c67324f9c8c - core[df12db4294e9bfd3]::panicking::panic_fmt
[INFO] [stdout]   11:     0x5c67323b5d93 - supply_chain[b9534d12b7b6ac17]::tests::generate_report_includes_stderr_when_command_fails
[INFO] [stdout]   12:     0x5c67323bd1b9 - <supply_chain[b9534d12b7b6ac17]::tests::generate_report_includes_stderr_when_command_fails::{closure#0} as core[df12db4294e9bfd3]::ops::function::FnOnce<()>>::call_once
[INFO] [stdout]   13:     0x5c67323c360b - test[9d35eded1c95d3be]::__rust_begin_short_backtrace::<core[df12db4294e9bfd3]::result::Result<(), alloc[2182bb758b4b3781]::string::String>, fn() -> core[df12db4294e9bfd3]::result::Result<(), alloc[2182bb758b4b3781]::string::String>>
[INFO] [stdout]   14:     0x5c67323d0c75 - test[9d35eded1c95d3be]::run_test::{closure#0}
[INFO] [stdout]   15:     0x5c67323ca534 - std[70759c8f55707aa4]::sys::backtrace::__rust_begin_short_backtrace::<test[9d35eded1c95d3be]::run_test::{closure#1}, ()>
[INFO] [stdout]   16:     0x5c67323d3dd2 - <std[70759c8f55707aa4]::thread::lifecycle::spawn_unchecked<test[9d35eded1c95d3be]::run_test::{closure#1}, ()>::{closure#1} as core[df12db4294e9bfd3]::ops::function::FnOnce<()>>::call_once::{shim:vtable#0}
[INFO] [stdout]   17:     0x5c67324e2019 - <std[70759c8f55707aa4]::sys::thread::unix::Thread>::new::thread_start
[INFO] [stdout]   18:     0x7b4cebdfddfa - <unknown>
[INFO] [stdout]   19:     0x7b4cebe913d4 - clone
[INFO] [stdout]   20:                0x0 - <unknown>
[INFO] [stdout] 
[INFO] [stdout] ---- tests::check_impl_forwards_args stdout ----
[INFO] [stdout] 
[INFO] [stdout] thread 'tests::check_impl_forwards_args' (833) panicked at src/lib.rs:217:9:
[INFO] [stdout] assertion `left == right` failed
[INFO] [stdout]   left: "command failed: cd \".\" && \"cargo\" \"supply-chain\" \"json\" \"--no-dev\" \"--no-such-flag\"\nError: `--no-such-flag` is not expected in this context"
[INFO] [stdout]  right: "command failed: cd \".\" && \"cargo\" \"supply-chain\" \"json\" \"--no-dev\" \"--no-such-flag\"\nerror: no such command: `supply-chain`\n\nhelp: view all installed commands with `cargo --list`\nhelp: find a package to install `supply-chain` with `cargo search cargo-supply-chain`"
[INFO] [stdout] stack backtrace:
[INFO] [stdout]    0:     0x5c67324e2d21 - <<std[70759c8f55707aa4]::sys::backtrace::BacktraceLock>::print::DisplayBacktrace as core[df12db4294e9bfd3]::fmt::Display>::fmt
[INFO] [stdout]    1:     0x5c67324f955a - core[df12db4294e9bfd3]::fmt::write
[INFO] [stdout]    2:     0x5c67324e8bcc - <alloc[2182bb758b4b3781]::vec::Vec<u8> as core[df12db4294e9bfd3]::io::write::Write>::write_fmt
[INFO] [stdout]    3:     0x5c67324bd0a6 - std[70759c8f55707aa4]::panicking::default_hook::{closure#0}
[INFO] [stdout]    4:     0x5c67324da779 - std[70759c8f55707aa4]::panicking::default_hook
[INFO] [stdout]    5:     0x5c67323d0320 - test[9d35eded1c95d3be]::test_main_inner::<test[9d35eded1c95d3be]::test_main_static::{closure#0}>::{closure#0}
[INFO] [stdout]    6:     0x5c67324da932 - std[70759c8f55707aa4]::panicking::panic_with_hook
[INFO] [stdout]    7:     0x5c67324bd152 - std[70759c8f55707aa4]::panicking::panic_handler::{closure#0}
[INFO] [stdout]    8:     0x5c67324b5699 - std[70759c8f55707aa4]::sys::backtrace::__rust_end_short_backtrace::<std[70759c8f55707aa4]::panicking::panic_handler::{closure#0}, !>
[INFO] [stdout]    9:     0x5c67324bde5d - __rustc[8fa7c3cbc660c2b3]::rust_begin_unwind
[INFO] [stdout]   10:     0x5c67324f9c8c - core[df12db4294e9bfd3]::panicking::panic_fmt
[INFO] [stdout]   11:     0x5c67324f9ba3 - core[df12db4294e9bfd3]::panicking::assert_failed_inner
[INFO] [stdout]   12:     0x5c67323c15ff - core[df12db4294e9bfd3]::panicking::assert_failed::<&str, alloc[2182bb758b4b3781]::string::String>
[INFO] [stdout]   13:     0x5c67323b3274 - supply_chain[b9534d12b7b6ac17]::tests::check_impl_forwards_args
[INFO] [stdout]   14:     0x5c67323bd019 - <supply_chain[b9534d12b7b6ac17]::tests::check_impl_forwards_args::{closure#0} as core[df12db4294e9bfd3]::ops::function::FnOnce<()>>::call_once
[INFO] [stdout]   15:     0x5c67323c360b - test[9d35eded1c95d3be]::__rust_begin_short_backtrace::<core[df12db4294e9bfd3]::result::Result<(), alloc[2182bb758b4b3781]::string::String>, fn() -> core[df12db4294e9bfd3]::result::Result<(), alloc[2182bb758b4b3781]::string::String>>
[INFO] [stdout]   16:     0x5c67323d0c75 - test[9d35eded1c95d3be]::run_test::{closure#0}
[INFO] [stdout]   17:     0x5c67323ca534 - std[70759c8f55707aa4]::sys::backtrace::__rust_begin_short_backtrace::<test[9d35eded1c95d3be]::run_test::{closure#1}, ()>
[INFO] [stdout]   18:     0x5c67323d3dd2 - <std[70759c8f55707aa4]::thread::lifecycle::spawn_unchecked<test[9d35eded1c95d3be]::run_test::{closure#1}, ()>::{closure#1} as core[df12db4294e9bfd3]::ops::function::FnOnce<()>>::call_once::{shim:vtable#0}
[INFO] [stdout]   19:     0x5c67324e2019 - <std[70759c8f55707aa4]::sys::thread::unix::Thread>::new::thread_start
[INFO] [stdout]   20:     0x7b4cebdfddfa - <unknown>
[INFO] [stdout]   21:     0x7b4cebe913d4 - clone
[INFO] [stdout]   22:                0x0 - <unknown>
[INFO] [stdout] 
[INFO] [stdout] ---- tests::check_impl_writes_and_checks_snapshot stdout ----
[INFO] [stdout] 
[INFO] [stdout] thread 'tests::check_impl_writes_and_checks_snapshot' (836) panicked at src/lib.rs:171:46:
[INFO] [stdout] called `Result::unwrap()` on an `Err` value: command failed: cd "." && "cargo" "supply-chain" "json" "--no-dev"
[INFO] [stdout] error: no such command: `supply-chain`
[INFO] [stdout] 
[INFO] [stdout] help: view all installed commands with `cargo --list`
[INFO] [stdout] help: find a package to install `supply-chain` with `cargo search cargo-supply-chain`
[INFO] [stdout] 
[INFO] [stdout] Stack backtrace:
[INFO] [stdout]    0: <anyhow::Error>::msg::<alloc::string::String>
[INFO] [stdout]    1: supply_chain::check_impl::<[&std::ffi::os_str::OsStr; 0], &std::ffi::os_str::OsStr, &std::path::PathBuf>
[INFO] [stdout]    2: supply_chain::tests::check_impl_writes_and_checks_snapshot
[INFO] [stdout]    3: <supply_chain::tests::check_impl_writes_and_checks_snapshot::{closure#0} as core::ops::function::FnOnce<()>>::call_once
[INFO] [stdout]    4: test::__rust_begin_short_backtrace::<core::result::Result<(), alloc::string::String>, fn() -> core::result::Result<(), alloc::string::String>>
[INFO] [stdout]    5: test::run_test::{closure#0}
[INFO] [stdout]    6: std::sys::backtrace::__rust_begin_short_backtrace::<test::run_test::{closure#1}, ()>
[INFO] [stdout]    7: <std::thread::lifecycle::spawn_unchecked<test::run_test::{closure#1}, ()>::{closure#1} as core::ops::function::FnOnce<()>>::call_once::{shim:vtable#0}
[INFO] [stdout]    8: <std::sys::thread::unix::Thread>::new::thread_start
[INFO] [stdout]    9: <unknown>
[INFO] [stdout]   10: clone
[INFO] [stdout] stack backtrace:
[INFO] [stdout]    0:     0x5c67324e2d21 - <<std[70759c8f55707aa4]::sys::backtrace::BacktraceLock>::print::DisplayBacktrace as core[df12db4294e9bfd3]::fmt::Display>::fmt
[INFO] [stdout]    1:     0x5c67324f955a - core[df12db4294e9bfd3]::fmt::write
[INFO] [stdout]    2:     0x5c67324e8bcc - <alloc[2182bb758b4b3781]::vec::Vec<u8> as core[df12db4294e9bfd3]::io::write::Write>::write_fmt
[INFO] [stdout]    3:     0x5c67324bd0a6 - std[70759c8f55707aa4]::panicking::default_hook::{closure#0}
[INFO] [stdout]    4:     0x5c67324da779 - std[70759c8f55707aa4]::panicking::default_hook
[INFO] [stdout]    5:     0x5c67323d0320 - test[9d35eded1c95d3be]::test_main_inner::<test[9d35eded1c95d3be]::test_main_static::{closure#0}>::{closure#0}
[INFO] [stdout]    6:     0x5c67324da932 - std[70759c8f55707aa4]::panicking::panic_with_hook
[INFO] [stdout]    7:     0x5c67324bd152 - std[70759c8f55707aa4]::panicking::panic_handler::{closure#0}
[INFO] [stdout]    8:     0x5c67324b5699 - std[70759c8f55707aa4]::sys::backtrace::__rust_end_short_backtrace::<std[70759c8f55707aa4]::panicking::panic_handler::{closure#0}, !>
[INFO] [stdout]    9:     0x5c67324bde5d - __rustc[8fa7c3cbc660c2b3]::rust_begin_unwind
[INFO] [stdout]   10:     0x5c67324f9c8c - core[df12db4294e9bfd3]::panicking::panic_fmt
[INFO] [stdout]   11:     0x5c67324f9a62 - core[df12db4294e9bfd3]::result::unwrap_failed
[INFO] [stdout]   12:     0x5c67323b38b7 - supply_chain[b9534d12b7b6ac17]::tests::check_impl_writes_and_checks_snapshot
[INFO] [stdout]   13:     0x5c67323bd059 - <supply_chain[b9534d12b7b6ac17]::tests::check_impl_writes_and_checks_snapshot::{closure#0} as core[df12db4294e9bfd3]::ops::function::FnOnce<()>>::call_once
[INFO] [stdout]   14:     0x5c67323c360b - test[9d35eded1c95d3be]::__rust_begin_short_backtrace::<core[df12db4294e9bfd3]::result::Result<(), alloc[2182bb758b4b3781]::string::String>, fn() -> core[df12db4294e9bfd3]::result::Result<(), alloc[2182bb758b4b3781]::string::String>>
[INFO] [stdout]   15:     0x5c67323d0c75 - test[9d35eded1c95d3be]::run_test::{closure#0}
[INFO] [stdout]   16:     0x5c67323ca534 - std[70759c8f55707aa4]::sys::backtrace::__rust_begin_short_backtrace::<test[9d35eded1c95d3be]::run_test::{closure#1}, ()>
[INFO] [stdout]   17:     0x5c67323d3dd2 - <std[70759c8f55707aa4]::thread::lifecycle::spawn_unchecked<test[9d35eded1c95d3be]::run_test::{closure#1}, ()>::{closure#1} as core[df12db4294e9bfd3]::ops::function::FnOnce<()>>::call_once::{shim:vtable#0}
[INFO] [stdout]   18:     0x5c67324e2019 - <std[70759c8f55707aa4]::sys::thread::unix::Thread>::new::thread_start
[INFO] [stdout]   19:     0x7b4cebdfddfa - <unknown>
[INFO] [stdout]   20:     0x7b4cebe913d4 - clone
[INFO] [stdout]   21:                0x0 - <unknown>
[INFO] [stdout] 
[INFO] [stdout] ---- tests::check_impl_reports_mismatched_snapshot stdout ----
[INFO] [stdout] 
[INFO] [stdout] thread 'tests::check_impl_reports_mismatched_snapshot' (834) panicked at src/lib.rs:206:9:
[INFO] [stdout] assertion failed: message.contains("expected")
[INFO] [stdout] stack backtrace:
[INFO] [stdout]    0:     0x5c67324e2d21 - <<std[70759c8f55707aa4]::sys::backtrace::BacktraceLock>::print::DisplayBacktrace as core[df12db4294e9bfd3]::fmt::Display>::fmt
[INFO] [stdout]    1:     0x5c67324f955a - core[df12db4294e9bfd3]::fmt::write
[INFO] [stdout]    2:     0x5c67324e8bcc - <alloc[2182bb758b4b3781]::vec::Vec<u8> as core[df12db4294e9bfd3]::io::write::Write>::write_fmt
[INFO] [stdout]    3:     0x5c67324bd0a6 - std[70759c8f55707aa4]::panicking::default_hook::{closure#0}
[INFO] [stdout]    4:     0x5c67324da779 - std[70759c8f55707aa4]::panicking::default_hook
[INFO] [stdout]    5:     0x5c67323d0320 - test[9d35eded1c95d3be]::test_main_inner::<test[9d35eded1c95d3be]::test_main_static::{closure#0}>::{closure#0}
[INFO] [stdout]    6:     0x5c67324da932 - std[70759c8f55707aa4]::panicking::panic_with_hook
[INFO] [stdout]    7:     0x5c67324bd184 - std[70759c8f55707aa4]::panicking::panic_handler::{closure#0}
[INFO] [stdout]    8:     0x5c67324b5699 - std[70759c8f55707aa4]::sys::backtrace::__rust_end_short_backtrace::<std[70759c8f55707aa4]::panicking::panic_handler::{closure#0}, !>
[INFO] [stdout]    9:     0x5c67324bde5d - __rustc[8fa7c3cbc660c2b3]::rust_begin_unwind
[INFO] [stdout]   10:     0x5c67324f9c8c - core[df12db4294e9bfd3]::panicking::panic_fmt
[INFO] [stdout]   11:     0x5c67324f9c52 - core[df12db4294e9bfd3]::panicking::panic
[INFO] [stdout]   12:     0x5c67323b3c29 - supply_chain[b9534d12b7b6ac17]::tests::check_impl_reports_mismatched_snapshot
[INFO] [stdout]   13:     0x5c67323bd159 - <supply_chain[b9534d12b7b6ac17]::tests::check_impl_reports_mismatched_snapshot::{closure#0} as core[df12db4294e9bfd3]::ops::function::FnOnce<()>>::call_once
[INFO] [stdout]   14:     0x5c67323c360b - test[9d35eded1c95d3be]::__rust_begin_short_backtrace::<core[df12db4294e9bfd3]::result::Result<(), alloc[2182bb758b4b3781]::string::String>, fn() -> core[df12db4294e9bfd3]::result::Result<(), alloc[2182bb758b4b3781]::string::String>>
[INFO] [stdout]   15:     0x5c67323d0c75 - test[9d35eded1c95d3be]::run_test::{closure#0}
[INFO] [stdout]   16:     0x5c67323ca534 - std[70759c8f55707aa4]::sys::backtrace::__rust_begin_short_backtrace::<test[9d35eded1c95d3be]::run_test::{closure#1}, ()>
[INFO] [stdout]   17:     0x5c67323d3dd2 - <std[70759c8f55707aa4]::thread::lifecycle::spawn_unchecked<test[9d35eded1c95d3be]::run_test::{closure#1}, ()>::{closure#1} as core[df12db4294e9bfd3]::ops::function::FnOnce<()>>::call_once::{shim:vtable#0}
[INFO] [stdout]   18:     0x5c67324e2019 - <std[70759c8f55707aa4]::sys::thread::unix::Thread>::new::thread_start
[INFO] [stdout]   19:     0x7b4cebdfddfa - <unknown>
[INFO] [stdout]   20:     0x7b4cebe913d4 - clone
[INFO] [stdout]   21:                0x0 - <unknown>
[INFO] [stdout] 
[INFO] [stdout] ---- tests::check_impl_reports_missing_snapshot stdout ----
[INFO] [stdout] 
[INFO] [stdout] thread 'tests::check_impl_reports_missing_snapshot' (835) panicked at src/lib.rs:184:9:
[INFO] [stdout] assertion `left == right` failed
[INFO] [stdout]   left: "failed to read `/tmp/.tmpnqTPfM/missing.json`"
[INFO] [stdout]  right: "command failed: cd \".\" && \"cargo\" \"supply-chain\" \"json\" \"--no-dev\"\nerror: no such command: `supply-chain`\n\nhelp: view all installed commands with `cargo --list`\nhelp: find a package to install `supply-chain` with `cargo search cargo-supply-chain`"
[INFO] [stdout] stack backtrace:
[INFO] [stdout]    0:     0x5c67324e2d21 - <<std[70759c8f55707aa4]::sys::backtrace::BacktraceLock>::print::DisplayBacktrace as core[df12db4294e9bfd3]::fmt::Display>::fmt
[INFO] [stdout]    1:     0x5c67324f955a - core[df12db4294e9bfd3]::fmt::write
[INFO] [stdout]    2:     0x5c67324e8bcc - <alloc[2182bb758b4b3781]::vec::Vec<u8> as core[df12db4294e9bfd3]::io::write::Write>::write_fmt
[INFO] [stdout]    3:     0x5c67324bd0a6 - std[70759c8f55707aa4]::panicking::default_hook::{closure#0}
[INFO] [stdout]    4:     0x5c67324da779 - std[70759c8f55707aa4]::panicking::default_hook
[INFO] [stdout]    5:     0x5c67323d0320 - test[9d35eded1c95d3be]::test_main_inner::<test[9d35eded1c95d3be]::test_main_static::{closure#0}>::{closure#0}
[INFO] [stdout]    6:     0x5c67324da932 - std[70759c8f55707aa4]::panicking::panic_with_hook
[INFO] [stdout]    7:     0x5c67324bd152 - std[70759c8f55707aa4]::panicking::panic_handler::{closure#0}
[INFO] [stdout]    8:     0x5c67324b5699 - std[70759c8f55707aa4]::sys::backtrace::__rust_end_short_backtrace::<std[70759c8f55707aa4]::panicking::panic_handler::{closure#0}, !>
[INFO] [stdout]    9:     0x5c67324bde5d - __rustc[8fa7c3cbc660c2b3]::rust_begin_unwind
[INFO] [stdout]   10:     0x5c67324f9c8c - core[df12db4294e9bfd3]::panicking::panic_fmt
[INFO] [stdout]   11:     0x5c67324f9ba3 - core[df12db4294e9bfd3]::panicking::assert_failed_inner
[INFO] [stdout]   12:     0x5c67323c1595 - core[df12db4294e9bfd3]::panicking::assert_failed::<alloc[2182bb758b4b3781]::string::String, alloc[2182bb758b4b3781]::string::String>
[INFO] [stdout]   13:     0x5c67323b360b - supply_chain[b9534d12b7b6ac17]::tests::check_impl_reports_missing_snapshot
[INFO] [stdout]   14:     0x5c67323bd039 - <supply_chain[b9534d12b7b6ac17]::tests::check_impl_reports_missing_snapshot::{closure#0} as core[df12db4294e9bfd3]::ops::function::FnOnce<()>>::call_once
[INFO] [stdout]   15:     0x5c67323c360b - test[9d35eded1c95d3be]::__rust_begin_short_backtrace::<core[df12db4294e9bfd3]::result::Result<(), alloc[2182bb758b4b3781]::string::String>, fn() -> core[df12db4294e9bfd3]::result::Result<(), alloc[2182bb758b4b3781]::string::String>>
[INFO] [stdout]   16:     0x5c67323d0c75 - test[9d35eded1c95d3be]::run_test::{closure#0}
[INFO] [stdout]   17:     0x5c67323ca534 - std[70759c8f55707aa4]::sys::backtrace::__rust_begin_short_backtrace::<test[9d35eded1c95d3be]::run_test::{closure#1}, ()>
[INFO] [stdout]   18:     0x5c67323d3dd2 - <std[70759c8f55707aa4]::thread::lifecycle::spawn_unchecked<test[9d35eded1c95d3be]::run_test::{closure#1}, ()>::{closure#1} as core[df12db4294e9bfd3]::ops::function::FnOnce<()>>::call_once::{shim:vtable#0}
[INFO] [stdout]   19:     0x5c67324e2019 - <std[70759c8f55707aa4]::sys::thread::unix::Thread>::new::thread_start
[INFO] [stdout]   20:     0x7b4cebdfddfa - <unknown>
[INFO] [stdout]   21:     0x7b4cebe913d4 - clone
[INFO] [stdout]   22:                0x0 - <unknown>
[INFO] [stdout] 
[INFO] [stdout] 
[INFO] [stdout] failures:
[INFO] [stdout]     tests::check_impl_forwards_args
[INFO] [stdout]     tests::check_impl_reports_mismatched_snapshot
[INFO] [stdout]     tests::check_impl_reports_missing_snapshot
[INFO] [stdout]     tests::check_impl_writes_and_checks_snapshot
[INFO] [stdout]     tests::generate_report_includes_stderr_when_command_fails
[INFO] [stdout] 
[INFO] [stdout] test result: FAILED. 5 passed; 5 failed; 0 ignored; 0 measured; 0 filtered out; finished in 0.22s
[INFO] [stdout] 
[INFO] [stderr] error: test failed, to rerun pass `--lib`
[INFO] running `Command { std: "docker" "inspect" "c5397ee5f6a10400a364fe7dc93590eb599c2d27e04b27566493b7b5e3cc2e21", kill_on_drop: false }`
[INFO] running `Command { std: "docker" "rm" "-f" "c5397ee5f6a10400a364fe7dc93590eb599c2d27e04b27566493b7b5e3cc2e21", kill_on_drop: false }`
[INFO] [stdout] c5397ee5f6a10400a364fe7dc93590eb599c2d27e04b27566493b7b5e3cc2e21
