[INFO] fetching crate supi-cli 1.0.1...
[INFO] testing supi-cli-1.0.1 against 1.99.0-beta.8+cargoflags=--release for beta-release-1.100-2
[INFO] extracting crate supi-cli 1.0.1 into /workspace/builds/worker-1-tc1/source
[INFO] started tweaking crates.io crate supi-cli 1.0.1
[INFO] removed 0 missing tests
[INFO] finished tweaking crates.io crate supi-cli 1.0.1
[INFO] tweaked toml for crates.io crate supi-cli 1.0.1 written to /workspace/builds/worker-1-tc1/source/Cargo.toml
[INFO] validating manifest of crates.io crate supi-cli 1.0.1 on toolchain 1.99.0-beta.8
[INFO] running `Command { std: CARGO_HOME="/workspace/cargo-home" RUSTUP_HOME="/workspace/rustup-home" "/workspace/cargo-home/bin/cargo" "+1.99.0-beta.8" "metadata" "--manifest-path" "Cargo.toml" "--no-deps", kill_on_drop: false }`
[INFO] crate crates.io crate supi-cli 1.0.1 already has a lockfile, it will not be regenerated
[INFO] running `Command { std: CARGO_HOME="/workspace/cargo-home" RUSTUP_HOME="/workspace/rustup-home" "/workspace/cargo-home/bin/cargo" "+1.99.0-beta.8" "fetch" "--manifest-path" "Cargo.toml", kill_on_drop: false }`
[INFO] [stderr]     Updating crates.io index
[INFO] [stderr]  Downloading crates ...
[INFO] [stderr]   Downloaded serial-unix v0.4.0
[INFO] [stderr]   Downloaded shell-words v1.1.0
[INFO] [stderr]   Downloaded termios v0.2.2
[INFO] [stderr]   Downloaded ioctl-rs v0.1.6
[INFO] [stderr]   Downloaded portable-pty v0.8.1
[INFO] [stderr]   Downloaded serial v0.4.0
[INFO] [stderr]   Downloaded serial-windows v0.4.0
[INFO] [stderr]   Downloaded nix v0.25.1
[INFO] running `Command { std: "docker" "create" "-v" "/var/lib/crater-agent-workspace/builds/worker-1-tc1/source:/opt/rustwide/workdir:ro,Z" "-v" "/var/lib/crater-agent-workspace/builds/worker-1-tc1/target:/opt/rustwide/target:rw,Z" "-v" "/var/lib/crater-agent-workspace/cargo-home:/opt/rustwide/cargo-home:ro,Z" "-v" "/var/lib/crater-agent-workspace/rustup-home:/opt/rustwide/rustup-home:ro,Z" "-m" "1610612736" "--network" "none" "ghcr.io/rust-lang/crates-build-env/linux@sha256:77db811e55d90add9212f6832c23229e3de5f1c1f9905e8cb07319ea15df73ac" "sleep" "infinity", kill_on_drop: false }`
[INFO] [stdout] 2a71eee94a729e3b49f4eab138280f233364744776133f23022966112f2238f1
[INFO] running `Command { std: "docker" "start" "2a71eee94a729e3b49f4eab138280f233364744776133f23022966112f2238f1", kill_on_drop: false }`
[INFO] running `Command { std: "docker" "inspect" "2a71eee94a729e3b49f4eab138280f233364744776133f23022966112f2238f1", kill_on_drop: false }`
[INFO] running `Command { std: "docker" "exec" "-e" "SOURCE_DIR=/opt/rustwide/workdir" "-e" "CARGO_HOME=/opt/rustwide/cargo-home" "-e" "RUSTUP_HOME=/opt/rustwide/rustup-home" "-e" "CARGO_TARGET_DIR=/opt/rustwide/target" "-w" "/opt/rustwide/workdir" "--user" "0:0" "2a71eee94a729e3b49f4eab138280f233364744776133f23022966112f2238f1" "/opt/rustwide/cargo-home/bin/cargo" "+1.99.0-beta.8" "metadata" "--no-deps" "--format-version=1", kill_on_drop: false }`
[INFO] running `Command { std: "docker" "inspect" "2a71eee94a729e3b49f4eab138280f233364744776133f23022966112f2238f1", kill_on_drop: false }`
[INFO] running `Command { std: "docker" "exec" "-e" "SOURCE_DIR=/opt/rustwide/workdir" "-e" "CARGO_HOME=/opt/rustwide/cargo-home" "-e" "RUSTUP_HOME=/opt/rustwide/rustup-home" "-e" "CARGO_TARGET_DIR=/opt/rustwide/target" "-e" "CARGO_INCREMENTAL=0" "-e" "RUST_BACKTRACE=full" "-e" "RUSTFLAGS=--cap-lints=warn" "-e" "RUSTDOCFLAGS=--cap-lints=warn" "-w" "/opt/rustwide/workdir" "--user" "0:0" "2a71eee94a729e3b49f4eab138280f233364744776133f23022966112f2238f1" "/opt/rustwide/cargo-home/bin/cargo" "+1.99.0-beta.8" "build" "--frozen" "--message-format=json" "--release", kill_on_drop: false }`
[INFO] [stderr]    Compiling libc v0.2.177
[INFO] [stderr]    Compiling proc-macro2 v1.0.103
[INFO] [stderr]    Compiling anstyle-query v1.1.4
[INFO] [stderr]    Compiling nix v0.29.0
[INFO] [stderr]    Compiling clap_lex v0.7.6
[INFO] [stderr]    Compiling rustix v0.38.44
[INFO] [stderr]    Compiling anstream v0.6.21
[INFO] [stderr]    Compiling clap_builder v4.5.50
[INFO] [stderr]    Compiling quote v1.0.41
[INFO] [stderr]    Compiling syn v2.0.108
[INFO] [stderr]    Compiling signal-hook-registry v1.4.6
[INFO] [stderr]    Compiling mio v1.0.4
[INFO] [stderr]    Compiling parking_lot_core v0.9.12
[INFO] [stderr]    Compiling socket2 v0.6.1
[INFO] [stderr]    Compiling parking_lot v0.12.5
[INFO] [stderr]    Compiling signal-hook v0.3.18
[INFO] [stderr]    Compiling signal-hook-mio v0.2.4
[INFO] [stderr]    Compiling crossterm v0.28.1
[INFO] [stderr]    Compiling tokio-macros v2.6.0
[INFO] [stderr]    Compiling clap_derive v4.5.49
[INFO] [stderr]    Compiling tokio v1.48.0
[INFO] [stderr]    Compiling clap v4.5.50
[INFO] [stderr]    Compiling tokio-util v0.7.16
[INFO] [stderr]    Compiling signal-hook-tokio v0.3.1
[INFO] [stderr]    Compiling tokio-stream v0.1.17
[INFO] [stderr]    Compiling supi-cli v1.0.1 (/opt/rustwide/workdir)
[INFO] [stdout] warning: field `hotkey` is never read
[INFO] [stdout]   --> src/hotkey.rs:17:5
[INFO] [stdout]    |
[INFO] [stdout] 16 | pub struct HotkeyListener {
[INFO] [stdout]    |            -------------- field in this struct
[INFO] [stdout] 17 |     hotkey: char,
[INFO] [stdout]    |     ^^^^^^
[INFO] [stdout]    |
[INFO] [stdout]    = note: `#[warn(dead_code)]` (part of `#[warn(unused)]`) on by default
[INFO] [stdout] 
[INFO] [stdout] 
[INFO] [stdout] warning: method `hotkey` is never used
[INFO] [stdout]   --> src/hotkey.rs:93:12
[INFO] [stdout]    |
[INFO] [stdout] 31 | impl HotkeyListener {
[INFO] [stdout]    | ------------------- method in this implementation
[INFO] [stdout] ...
[INFO] [stdout] 93 |     pub fn hotkey(&self) -> char {
[INFO] [stdout]    |            ^^^^^^
[INFO] [stdout] 
[INFO] [stdout] 
[INFO] [stdout] warning: method `einfo` is never used
[INFO] [stdout]    --> src/output.rs:103:12
[INFO] [stdout]     |
[INFO] [stdout]  64 | impl Output {
[INFO] [stdout]     | ----------- method in this implementation
[INFO] [stdout] ...
[INFO] [stdout] 103 |     pub fn einfo(&self, msg: &str) {
[INFO] [stdout]     |            ^^^^^
[INFO] [stdout] 
[INFO] [stdout] 
[INFO] [stderr]     Finished `release` profile [optimized] target(s) in 31.79s
[INFO] running `Command { std: "docker" "inspect" "2a71eee94a729e3b49f4eab138280f233364744776133f23022966112f2238f1", kill_on_drop: false }`
[INFO] running `Command { std: "docker" "exec" "-e" "SOURCE_DIR=/opt/rustwide/workdir" "-e" "CARGO_HOME=/opt/rustwide/cargo-home" "-e" "RUSTUP_HOME=/opt/rustwide/rustup-home" "-e" "CARGO_TARGET_DIR=/opt/rustwide/target" "-e" "CARGO_INCREMENTAL=0" "-e" "RUST_BACKTRACE=full" "-e" "RUSTFLAGS=--cap-lints=warn" "-e" "RUSTDOCFLAGS=--cap-lints=warn" "-w" "/opt/rustwide/workdir" "--user" "0:0" "2a71eee94a729e3b49f4eab138280f233364744776133f23022966112f2238f1" "/opt/rustwide/cargo-home/bin/cargo" "+1.99.0-beta.8" "test" "--frozen" "--no-run" "--message-format=json" "--release", kill_on_drop: false }`
[INFO] [stderr]    Compiling aho-corasick v1.1.3
[INFO] [stderr]    Compiling memoffset v0.6.5
[INFO] [stderr]    Compiling ioctl-rs v0.1.6
[INFO] [stderr]    Compiling termios v0.2.2
[INFO] [stderr]    Compiling serial-core v0.4.0
[INFO] [stderr]    Compiling float-cmp v0.10.0
[INFO] [stderr]    Compiling thiserror-impl v1.0.69
[INFO] [stderr]    Compiling normalize-line-endings v0.3.0
[INFO] [stderr]    Compiling assert_cmd v2.0.17
[INFO] [stderr]    Compiling getrandom v0.3.4
[INFO] [stderr]    Compiling wait-timeout v0.2.1
[INFO] [stderr]    Compiling shell-words v1.1.0
[INFO] [stderr]    Compiling downcast-rs v1.2.1
[INFO] [stdout] warning: field `hotkey` is never read
[INFO] [stdout]   --> src/hotkey.rs:17:5
[INFO] [stdout]    |
[INFO] [stdout] 16 | pub struct HotkeyListener {
[INFO] [stdout]    |            -------------- field in this struct
[INFO] [stdout] 17 |     hotkey: char,
[INFO] [stdout]    |     ^^^^^^
[INFO] [stdout]    |
[INFO] [stdout]    = note: `#[warn(dead_code)]` (part of `#[warn(unused)]`) on by default
[INFO] [stdout] 
[INFO] [stdout] 
[INFO] [stdout] warning: method `hotkey` is never used
[INFO] [stdout]   --> src/hotkey.rs:93:12
[INFO] [stdout]    |
[INFO] [stdout] 31 | impl HotkeyListener {
[INFO] [stdout]    | ------------------- method in this implementation
[INFO] [stdout] ...
[INFO] [stdout] 93 |     pub fn hotkey(&self) -> char {
[INFO] [stdout]    |            ^^^^^^
[INFO] [stdout] 
[INFO] [stdout] 
[INFO] [stdout] warning: method `einfo` is never used
[INFO] [stdout]    --> src/output.rs:103:12
[INFO] [stdout]     |
[INFO] [stdout]  64 | impl Output {
[INFO] [stdout]     | ----------- method in this implementation
[INFO] [stdout] ...
[INFO] [stdout] 103 |     pub fn einfo(&self, msg: &str) {
[INFO] [stdout]     |            ^^^^^
[INFO] [stdout] 
[INFO] [stdout] 
[INFO] [stderr]    Compiling serial-unix v0.4.0
[INFO] [stderr]    Compiling nix v0.25.1
[INFO] [stderr]    Compiling serial v0.4.0
[INFO] [stderr]    Compiling tempfile v3.23.0
[INFO] [stderr]    Compiling thiserror v1.0.69
[INFO] [stderr]    Compiling filedescriptor v0.8.3
[INFO] [stderr]    Compiling regex-automata v0.4.13
[INFO] [stderr]    Compiling portable-pty v0.8.1
[INFO] [stderr]    Compiling regex v1.12.2
[INFO] [stderr]    Compiling bstr v1.12.0
[INFO] [stderr]    Compiling predicates v3.1.3
[INFO] [stderr]    Compiling supi-cli v1.0.1 (/opt/rustwide/workdir)
[INFO] [stdout] warning: field `hotkey` is never read
[INFO] [stdout]   --> src/hotkey.rs:17:5
[INFO] [stdout]    |
[INFO] [stdout] 16 | pub struct HotkeyListener {
[INFO] [stdout]    |            -------------- field in this struct
[INFO] [stdout] 17 |     hotkey: char,
[INFO] [stdout]    |     ^^^^^^
[INFO] [stdout]    |
[INFO] [stdout]    = note: `#[warn(dead_code)]` (part of `#[warn(unused)]`) on by default
[INFO] [stdout] 
[INFO] [stdout] 
[INFO] [stdout] warning: method `hotkey` is never used
[INFO] [stdout]   --> src/hotkey.rs:93:12
[INFO] [stdout]    |
[INFO] [stdout] 31 | impl HotkeyListener {
[INFO] [stdout]    | ------------------- method in this implementation
[INFO] [stdout] ...
[INFO] [stdout] 93 |     pub fn hotkey(&self) -> char {
[INFO] [stdout]    |            ^^^^^^
[INFO] [stdout] 
[INFO] [stdout] 
[INFO] [stdout] warning: method `einfo` is never used
[INFO] [stdout]    --> src/output.rs:103:12
[INFO] [stdout]     |
[INFO] [stdout]  64 | impl Output {
[INFO] [stdout]     | ----------- method in this implementation
[INFO] [stdout] ...
[INFO] [stdout] 103 |     pub fn einfo(&self, msg: &str) {
[INFO] [stdout]     |            ^^^^^
[INFO] [stdout] 
[INFO] [stdout] 
[INFO] [stderr]     Finished `release` profile [optimized] target(s) in 26.63s
[INFO] running `Command { std: "docker" "inspect" "2a71eee94a729e3b49f4eab138280f233364744776133f23022966112f2238f1", kill_on_drop: false }`
[INFO] running `Command { std: "docker" "exec" "-e" "SOURCE_DIR=/opt/rustwide/workdir" "-e" "CARGO_HOME=/opt/rustwide/cargo-home" "-e" "RUSTUP_HOME=/opt/rustwide/rustup-home" "-e" "CARGO_TARGET_DIR=/opt/rustwide/target" "-e" "CARGO_INCREMENTAL=0" "-e" "RUST_BACKTRACE=full" "-e" "RUSTFLAGS=--cap-lints=warn" "-e" "RUSTDOCFLAGS=--cap-lints=warn" "-w" "/opt/rustwide/workdir" "--user" "0:0" "2a71eee94a729e3b49f4eab138280f233364744776133f23022966112f2238f1" "/opt/rustwide/cargo-home/bin/cargo" "+1.99.0-beta.8" "test" "--frozen" "--release", kill_on_drop: false }`
[INFO] [stderr] warning: field `hotkey` is never read
[INFO] [stderr]   --> src/hotkey.rs:17:5
[INFO] [stderr]    |
[INFO] [stderr] 16 | pub struct HotkeyListener {
[INFO] [stderr]    |            -------------- field in this struct
[INFO] [stderr] 17 |     hotkey: char,
[INFO] [stderr]    |     ^^^^^^
[INFO] [stderr]    |
[INFO] [stderr]    = note: `#[warn(dead_code)]` (part of `#[warn(unused)]`) on by default
[INFO] [stderr] 
[INFO] [stderr] warning: method `hotkey` is never used
[INFO] [stderr]   --> src/hotkey.rs:93:12
[INFO] [stderr]    |
[INFO] [stderr] 31 | impl HotkeyListener {
[INFO] [stderr]    | ------------------- method in this implementation
[INFO] [stderr] ...
[INFO] [stderr] 93 |     pub fn hotkey(&self) -> char {
[INFO] [stderr]    |            ^^^^^^
[INFO] [stderr] 
[INFO] [stderr] warning: method `einfo` is never used
[INFO] [stderr]    --> src/output.rs:103:12
[INFO] [stderr]     |
[INFO] [stderr]  64 | impl Output {
[INFO] [stderr]     | ----------- method in this implementation
[INFO] [stderr] ...
[INFO] [stderr] 103 |     pub fn einfo(&self, msg: &str) {
[INFO] [stderr]     |            ^^^^^
[INFO] [stderr] 
[INFO] [stderr] warning: `supi-cli` (bin "supi") generated 3 warnings
[INFO] [stderr] warning: `supi-cli` (bin "supi" test) generated 3 warnings (3 duplicates)
[INFO] [stderr]     Finished `release` profile [optimized] target(s) in 0.12s
[INFO] [stderr]      Running unittests src/main.rs (/opt/rustwide/target/release/deps/supi-10674f32e3b25689)
[INFO] [stderr]      Running tests/cli_bugfix_process_group_cleanup.rs (/opt/rustwide/target/release/deps/cli_bugfix_process_group_cleanup-5e8e5d5442ee3103)
[INFO] [stdout] 
[INFO] [stdout] running 0 tests
[INFO] [stdout] 
[INFO] [stdout] test result: ok. 0 passed; 0 failed; 0 ignored; 0 measured; 0 filtered out; finished in 0.00s
[INFO] [stdout] 
[INFO] [stdout] 
[INFO] [stdout] running 2 tests
[INFO] [stdout] test test_process_group_cleanup_on_restart ... FAILED
[INFO] [stderr] error: test failed, to rerun pass `--test cli_bugfix_process_group_cleanup`
[INFO] [stdout] test test_process_group_cleanup_on_shutdown ... FAILED
[INFO] [stdout] 
[INFO] [stdout] failures:
[INFO] [stdout] 
[INFO] [stdout] ---- test_process_group_cleanup_on_restart stdout ----
[INFO] [stdout] 
[INFO] [stdout] thread 'test_process_group_cleanup_on_restart' (1337) panicked at tests/cli_bugfix_process_group_cleanup.rs:252:9:
[INFO] [stdout] Bash process should be running
[INFO] [stdout] stack backtrace:
[INFO] [stdout]    0:     0x5c0511cd40f1 - <<std[70759c8f55707aa4]::sys::backtrace::BacktraceLock>::print::DisplayBacktrace as core[df12db4294e9bfd3]::fmt::Display>::fmt
[INFO] [stdout]    1:     0x5c0511ce931a - core[df12db4294e9bfd3]::fmt::write
[INFO] [stdout]    2:     0x5c0511cd91dc - <alloc[2182bb758b4b3781]::vec::Vec<u8> as core[df12db4294e9bfd3]::io::write::Write>::write_fmt
[INFO] [stdout]    3:     0x5c0511caec56 - std[70759c8f55707aa4]::panicking::default_hook::{closure#0}
[INFO] [stdout]    4:     0x5c0511ccc079 - std[70759c8f55707aa4]::panicking::default_hook
[INFO] [stdout]    5:     0x5c0511c57930 - test[9d35eded1c95d3be]::test_main_inner::<test[9d35eded1c95d3be]::test_main_static::{closure#0}>::{closure#0}
[INFO] [stdout]    6:     0x5c0511ccc232 - std[70759c8f55707aa4]::panicking::panic_with_hook
[INFO] [stdout]    7:     0x5c0511caed34 - std[70759c8f55707aa4]::panicking::panic_handler::{closure#0}
[INFO] [stdout]    8:     0x5c0511ca7379 - std[70759c8f55707aa4]::sys::backtrace::__rust_end_short_backtrace::<std[70759c8f55707aa4]::panicking::panic_handler::{closure#0}, !>
[INFO] [stdout]    9:     0x5c0511cafacd - __rustc[8fa7c3cbc660c2b3]::rust_begin_unwind
[INFO] [stdout]   10:     0x5c0511ce9a7c - core[df12db4294e9bfd3]::panicking::panic_fmt
[INFO] [stdout]   11:     0x5c0511c43dd3 - <cli_bugfix_process_group_cleanup[fca2b7fb8cc416d6]::test_process_group_cleanup_on_restart::{closure#0} as core[df12db4294e9bfd3]::ops::function::FnOnce<()>>::call_once
[INFO] [stdout]   12:     0x5c0511c4ac1b - test[9d35eded1c95d3be]::__rust_begin_short_backtrace::<core[df12db4294e9bfd3]::result::Result<(), alloc[2182bb758b4b3781]::string::String>, fn() -> core[df12db4294e9bfd3]::result::Result<(), alloc[2182bb758b4b3781]::string::String>>
[INFO] [stdout]   13:     0x5c0511c58285 - test[9d35eded1c95d3be]::run_test::{closure#0}
[INFO] [stdout]   14:     0x5c0511c51b44 - std[70759c8f55707aa4]::sys::backtrace::__rust_begin_short_backtrace::<test[9d35eded1c95d3be]::run_test::{closure#1}, ()>
[INFO] [stdout]   15:     0x5c0511c5b3e2 - <std[70759c8f55707aa4]::thread::lifecycle::spawn_unchecked<test[9d35eded1c95d3be]::run_test::{closure#1}, ()>::{closure#1} as core[df12db4294e9bfd3]::ops::function::FnOnce<()>>::call_once::{shim:vtable#0}
[INFO] [stdout]   16:     0x5c0511cd37d9 - <std[70759c8f55707aa4]::sys::thread::unix::Thread>::new::thread_start
[INFO] [stdout]   17:     0x7beb7b070dfa - <unknown>
[INFO] [stdout]   18:     0x7beb7b1043d4 - clone
[INFO] [stdout]   19:                0x0 - <unknown>
[INFO] [stdout] 
[INFO] [stdout] ---- test_process_group_cleanup_on_shutdown stdout ----
[INFO] [stdout] 
[INFO] [stdout] thread 'test_process_group_cleanup_on_shutdown' (1338) panicked at tests/cli_bugfix_process_group_cleanup.rs:101:9:
[INFO] [stdout] Bash process should be running
[INFO] [stdout] stack backtrace:
[INFO] [stdout]    0:     0x5c0511cd40f1 - <<std[70759c8f55707aa4]::sys::backtrace::BacktraceLock>::print::DisplayBacktrace as core[df12db4294e9bfd3]::fmt::Display>::fmt
[INFO] [stdout]    1:     0x5c0511ce931a - core[df12db4294e9bfd3]::fmt::write
[INFO] [stdout]    2:     0x5c0511cd91dc - <alloc[2182bb758b4b3781]::vec::Vec<u8> as core[df12db4294e9bfd3]::io::write::Write>::write_fmt
[INFO] [stdout]    3:     0x5c0511caec56 - std[70759c8f55707aa4]::panicking::default_hook::{closure#0}
[INFO] [stdout]    4:     0x5c0511ccc079 - std[70759c8f55707aa4]::panicking::default_hook
[INFO] [stdout]    5:     0x5c0511c57930 - test[9d35eded1c95d3be]::test_main_inner::<test[9d35eded1c95d3be]::test_main_static::{closure#0}>::{closure#0}
[INFO] [stdout]    6:     0x5c0511ccc232 - std[70759c8f55707aa4]::panicking::panic_with_hook
[INFO] [stdout]    7:     0x5c0511caed34 - std[70759c8f55707aa4]::panicking::panic_handler::{closure#0}
[INFO] [stdout]    8:     0x5c0511ca7379 - std[70759c8f55707aa4]::sys::backtrace::__rust_end_short_backtrace::<std[70759c8f55707aa4]::panicking::panic_handler::{closure#0}, !>
[INFO] [stdout]    9:     0x5c0511cafacd - __rustc[8fa7c3cbc660c2b3]::rust_begin_unwind
[INFO] [stdout]   10:     0x5c0511ce9a7c - core[df12db4294e9bfd3]::panicking::panic_fmt
[INFO] [stdout]   11:     0x5c0511c459b2 - <cli_bugfix_process_group_cleanup[fca2b7fb8cc416d6]::test_process_group_cleanup_on_shutdown::{closure#0} as core[df12db4294e9bfd3]::ops::function::FnOnce<()>>::call_once
[INFO] [stdout]   12:     0x5c0511c4ac1b - test[9d35eded1c95d3be]::__rust_begin_short_backtrace::<core[df12db4294e9bfd3]::result::Result<(), alloc[2182bb758b4b3781]::string::String>, fn() -> core[df12db4294e9bfd3]::result::Result<(), alloc[2182bb758b4b3781]::string::String>>
[INFO] [stdout]   13:     0x5c0511c58285 - test[9d35eded1c95d3be]::run_test::{closure#0}
[INFO] [stdout]   14:     0x5c0511c51b44 - std[70759c8f55707aa4]::sys::backtrace::__rust_begin_short_backtrace::<test[9d35eded1c95d3be]::run_test::{closure#1}, ()>
[INFO] [stdout]   15:     0x5c0511c5b3e2 - <std[70759c8f55707aa4]::thread::lifecycle::spawn_unchecked<test[9d35eded1c95d3be]::run_test::{closure#1}, ()>::{closure#1} as core[df12db4294e9bfd3]::ops::function::FnOnce<()>>::call_once::{shim:vtable#0}
[INFO] [stdout]   16:     0x5c0511cd37d9 - <std[70759c8f55707aa4]::sys::thread::unix::Thread>::new::thread_start
[INFO] [stdout]   17:     0x7beb7b070dfa - <unknown>
[INFO] [stdout]   18:     0x7beb7b1043d4 - clone
[INFO] [stdout]   19:                0x0 - <unknown>
[INFO] [stdout] 
[INFO] [stdout] 
[INFO] [stdout] failures:
[INFO] [stdout]     test_process_group_cleanup_on_restart
[INFO] [stdout]     test_process_group_cleanup_on_shutdown
[INFO] [stdout] 
[INFO] [stdout] test result: FAILED. 0 passed; 2 failed; 0 ignored; 0 measured; 0 filtered out; finished in 2.03s
[INFO] [stdout] 
[INFO] running `Command { std: "docker" "inspect" "2a71eee94a729e3b49f4eab138280f233364744776133f23022966112f2238f1", kill_on_drop: false }`
[INFO] running `Command { std: "docker" "rm" "-f" "2a71eee94a729e3b49f4eab138280f233364744776133f23022966112f2238f1", kill_on_drop: false }`
[INFO] [stdout] 2a71eee94a729e3b49f4eab138280f233364744776133f23022966112f2238f1
