[INFO] fetching crate supersigil-rust 0.14.0...
[INFO] testing supersigil-rust-0.14.0 against 1.100.0-beta.1+cargoflags=--release for beta-release-1.100-2
[INFO] extracting crate supersigil-rust 0.14.0 into /workspace/builds/worker-4-tc2/source
[INFO] started tweaking crates.io crate supersigil-rust 0.14.0
[INFO] removed 0 missing tests
[INFO] finished tweaking crates.io crate supersigil-rust 0.14.0
[INFO] tweaked toml for crates.io crate supersigil-rust 0.14.0 written to /workspace/builds/worker-4-tc2/source/Cargo.toml
[INFO] validating manifest of crates.io crate supersigil-rust 0.14.0 on toolchain 1.100.0-beta.1
[INFO] running `Command { std: CARGO_HOME="/workspace/cargo-home" RUSTUP_HOME="/workspace/rustup-home" "/workspace/cargo-home/bin/cargo" "+1.100.0-beta.1" "metadata" "--manifest-path" "Cargo.toml" "--no-deps", kill_on_drop: false }`
[INFO] crate crates.io crate supersigil-rust 0.14.0 already has a lockfile, it will not be regenerated
[INFO] running `Command { std: CARGO_HOME="/workspace/cargo-home" RUSTUP_HOME="/workspace/rustup-home" "/workspace/cargo-home/bin/cargo" "+1.100.0-beta.1" "fetch" "--manifest-path" "Cargo.toml", kill_on_drop: false }`
[INFO] running `Command { std: "docker" "create" "-v" "/var/lib/crater-agent-workspace/builds/worker-4-tc2/source:/opt/rustwide/workdir:ro,Z" "-v" "/var/lib/crater-agent-workspace/builds/worker-4-tc2/target:/opt/rustwide/target:rw,Z" "-v" "/var/lib/crater-agent-workspace/cargo-home:/opt/rustwide/cargo-home:ro,Z" "-v" "/var/lib/crater-agent-workspace/rustup-home:/opt/rustwide/rustup-home:ro,Z" "-m" "1610612736" "--network" "none" "ghcr.io/rust-lang/crates-build-env/linux@sha256:77db811e55d90add9212f6832c23229e3de5f1c1f9905e8cb07319ea15df73ac" "sleep" "infinity", kill_on_drop: false }`
[INFO] [stdout] 0906a0059d9a2550f4f7de485a183689d3428b35601811d5eb8e7bc337b38efa
[INFO] running `Command { std: "docker" "start" "0906a0059d9a2550f4f7de485a183689d3428b35601811d5eb8e7bc337b38efa", kill_on_drop: false }`
[INFO] running `Command { std: "docker" "inspect" "0906a0059d9a2550f4f7de485a183689d3428b35601811d5eb8e7bc337b38efa", kill_on_drop: false }`
[INFO] running `Command { std: "docker" "exec" "-e" "SOURCE_DIR=/opt/rustwide/workdir" "-e" "CARGO_HOME=/opt/rustwide/cargo-home" "-e" "RUSTUP_HOME=/opt/rustwide/rustup-home" "-e" "CARGO_TARGET_DIR=/opt/rustwide/target" "-w" "/opt/rustwide/workdir" "--user" "0:0" "0906a0059d9a2550f4f7de485a183689d3428b35601811d5eb8e7bc337b38efa" "/opt/rustwide/cargo-home/bin/cargo" "+1.100.0-beta.1" "metadata" "--no-deps" "--format-version=1", kill_on_drop: false }`
[INFO] running `Command { std: "docker" "inspect" "0906a0059d9a2550f4f7de485a183689d3428b35601811d5eb8e7bc337b38efa", kill_on_drop: false }`
[INFO] running `Command { std: "docker" "exec" "-e" "SOURCE_DIR=/opt/rustwide/workdir" "-e" "CARGO_HOME=/opt/rustwide/cargo-home" "-e" "RUSTUP_HOME=/opt/rustwide/rustup-home" "-e" "CARGO_TARGET_DIR=/opt/rustwide/target" "-e" "CARGO_INCREMENTAL=0" "-e" "RUST_BACKTRACE=full" "-e" "RUSTFLAGS=--cap-lints=warn" "-e" "RUSTDOCFLAGS=--cap-lints=warn" "-w" "/opt/rustwide/workdir" "--user" "0:0" "0906a0059d9a2550f4f7de485a183689d3428b35601811d5eb8e7bc337b38efa" "/opt/rustwide/cargo-home/bin/cargo" "+1.100.0-beta.1" "build" "--frozen" "--message-format=json" "--release", kill_on_drop: false }`
[INFO] [stderr]    Compiling memchr v2.8.0
[INFO] [stderr]    Compiling regex-syntax v0.8.10
[INFO] [stderr]    Compiling winnow v1.0.2
[INFO] [stderr]    Compiling toml_writer v1.1.1+spec-1.1.0
[INFO] [stderr]    Compiling serde_core v1.0.228
[INFO] [stderr]    Compiling thiserror v2.0.18
[INFO] [stderr]    Compiling libyaml-rs v0.3.0
[INFO] [stderr]    Compiling ryu v1.0.23
[INFO] [stderr]    Compiling glob v0.3.3
[INFO] [stderr]    Compiling unicode-id v0.3.6
[INFO] [stderr]    Compiling serde v1.0.228
[INFO] [stderr]    Compiling quote v1.0.45
[INFO] [stderr]    Compiling markdown v1.0.0
[INFO] [stderr]    Compiling toml_parser v1.1.2+spec-1.1.0
[INFO] [stderr]    Compiling syn v2.0.117
[INFO] [stderr]    Compiling aho-corasick v1.1.4
[INFO] [stderr]    Compiling quick-xml v0.39.2
[INFO] [stderr]    Compiling yaml_serde v0.10.4
[INFO] [stderr]    Compiling toml v1.1.2+spec-1.1.0
[INFO] [stderr]    Compiling regex-automata v0.4.14
[INFO] [stderr]    Compiling toml_datetime v1.1.1+spec-1.1.0
[INFO] [stderr]    Compiling serde_spanned v1.1.1
[INFO] [stderr]    Compiling supersigil-core v0.14.0
[INFO] [stderr]    Compiling regex v1.12.3
[INFO] [stderr]    Compiling supersigil-evidence v0.14.0
[INFO] [stderr]    Compiling supersigil-parser v0.14.0
[INFO] [stderr]    Compiling supersigil-rust-macros v0.14.0
[INFO] [stderr]    Compiling supersigil-rust v0.14.0 (/opt/rustwide/workdir)
[INFO] [stderr]     Finished `release` profile [optimized] target(s) in 39.80s
[INFO] running `Command { std: "docker" "inspect" "0906a0059d9a2550f4f7de485a183689d3428b35601811d5eb8e7bc337b38efa", kill_on_drop: false }`
[INFO] running `Command { std: "docker" "exec" "-e" "SOURCE_DIR=/opt/rustwide/workdir" "-e" "CARGO_HOME=/opt/rustwide/cargo-home" "-e" "RUSTUP_HOME=/opt/rustwide/rustup-home" "-e" "CARGO_TARGET_DIR=/opt/rustwide/target" "-e" "CARGO_INCREMENTAL=0" "-e" "RUST_BACKTRACE=full" "-e" "RUSTFLAGS=--cap-lints=warn" "-e" "RUSTDOCFLAGS=--cap-lints=warn" "-w" "/opt/rustwide/workdir" "--user" "0:0" "0906a0059d9a2550f4f7de485a183689d3428b35601811d5eb8e7bc337b38efa" "/opt/rustwide/cargo-home/bin/cargo" "+1.100.0-beta.1" "test" "--frozen" "--no-run" "--message-format=json" "--release", kill_on_drop: false }`
[INFO] [stderr]    Compiling target-triple v1.0.0
[INFO] [stderr]    Compiling serde_json v1.0.149
[INFO] [stderr]    Compiling getrandom v0.4.2
[INFO] [stderr]    Compiling tempfile v3.27.0
[INFO] [stderr]    Compiling trybuild v1.0.116
[INFO] [stderr]    Compiling supersigil-rust v0.14.0 (/opt/rustwide/workdir)
[INFO] [stderr]     Finished `release` profile [optimized] target(s) in 17.24s
[INFO] running `Command { std: "docker" "inspect" "0906a0059d9a2550f4f7de485a183689d3428b35601811d5eb8e7bc337b38efa", kill_on_drop: false }`
[INFO] running `Command { std: "docker" "exec" "-e" "SOURCE_DIR=/opt/rustwide/workdir" "-e" "CARGO_HOME=/opt/rustwide/cargo-home" "-e" "RUSTUP_HOME=/opt/rustwide/rustup-home" "-e" "CARGO_TARGET_DIR=/opt/rustwide/target" "-e" "CARGO_INCREMENTAL=0" "-e" "RUST_BACKTRACE=full" "-e" "RUSTFLAGS=--cap-lints=warn" "-e" "RUSTDOCFLAGS=--cap-lints=warn" "-w" "/opt/rustwide/workdir" "--user" "0:0" "0906a0059d9a2550f4f7de485a183689d3428b35601811d5eb8e7bc337b38efa" "/opt/rustwide/cargo-home/bin/cargo" "+1.100.0-beta.1" "test" "--frozen" "--release", kill_on_drop: false }`
[INFO] [stderr]     Finished `release` profile [optimized] target(s) in 0.12s
[INFO] [stderr]      Running unittests src/lib.rs (/opt/rustwide/target/release/build/supersigil-rust/c205c8a718e14d4e/out/supersigil_rust-c205c8a718e14d4e)
[INFO] [stdout] 
[INFO] [stdout] running 48 tests
[INFO] [stdout] test discover::tests::discovers_async_test_with_tokio ... ok
[INFO] [stdout] test discover::tests::discover_invalid_syntax_returns_parse_error ... ok
[INFO] [stdout] test build_support::tests::input_paths_includes_supersigil_toml ... ok
[INFO] [stdout] test discover::tests::discover_nonexistent_file_returns_io_error ... ok
[INFO] [stdout] test build_support::tests::input_paths_includes_spec_files ... ok
[INFO] [stdout] test build_support::tests::emit_writes_one_line_per_input ... ok
[INFO] [stdout] test discover::tests::discovers_snapshot_test_with_insta ... ok
[INFO] [stdout] test build_support::tests::input_paths_empty_specs_still_has_toml ... ok
[INFO] [stdout] test discover::tests::discovers_tests_inside_mod_block ... ok
[INFO] [stdout] test discover::tests::async_helper_with_verifies_produces_no_evidence ... ok
[INFO] [stdout] test build_support::tests::emit_writes_rerun_lines_for_spec_files ... ok
[INFO] [stdout] test discover::tests::discovers_proptest_with_verifies ... ok
[INFO] [stdout] test discover::tests::discovers_path_qualified_verifies_attribute ... ok
[INFO] [stdout] test discover::tests::empty_fragment_ref_is_rejected ... ok
[INFO] [stdout] test build_support::tests::input_paths_combines_toml_and_specs ... ok
[INFO] [stdout] test discover::tests::discovers_multiple_targets ... ok
[INFO] [stdout] test discover::tests::fragmentless_ref_is_rejected_by_plugin_discovery ... ok
[INFO] [stdout] test discover::tests::rust_plugin_returns_empty_for_no_rs_files ... ok
[INFO] [stdout] test discover::tests::unit_test_provenance_is_rust_attribute ... ok
[INFO] [stdout] test discover::tests::rust_plugin_plans_discovery_inputs_include_src_when_test_globs_configured ... ok
[INFO] [stdout] test discover::tests::rust_plugin_errors_when_no_supported_test_items_are_found ... ok
[INFO] [stdout] test discover::tests::rust_plugin_plans_discovery_inputs_infers_rust_defaults_when_tests_absent ... ok
[INFO] [stdout] test discover::tests::workspace_metadata_single_crate_manifest ... ok
[INFO] [stdout] test discover::tests::workspace_metadata_missing_repository_field ... ok
[INFO] [stdout] test discover::tests::document_level_ref_is_rejected ... ok
[INFO] [stdout] test discover::tests::workspace_metadata_malformed_toml ... ok
[INFO] [stdout] test discover::tests::discovers_unit_test_with_verifies ... ok
[INFO] [stdout] test discover::tests::workspace_metadata_no_cargo_toml ... ok
[INFO] [stdout] test discover::tests::no_evidence_for_tests_without_verifies ... ok
[INFO] [stdout] test discover::tests::rust_plugin_parallel_discovery_matches_serial_results ... ok
[INFO] [stdout] test discover::tests::workspace_metadata_workspace_manifest ... ok
[INFO] [stdout] test discover::tests::rust_plugin_plans_discovery_inputs_skip_fixture_directories ... ok
[INFO] [stdout] test scope::tests::match_explicit_scope_returns_longest_prefix ... ok
[INFO] [stdout] test discover::tests::rust_plugin_discovers_across_multiple_files ... ok
[INFO] [stdout] test scope::tests::match_explicit_scope_returns_none_when_no_prefix_matches ... ok
[INFO] [stdout] test scope::tests::multi_project_explicit_scope_simple_match ... ok
[INFO] [stdout] test scope::tests::multi_project_explicit_scope_unknown_project_errors ... ok
[INFO] [stdout] test scope::tests::multi_project_path_inference_unambiguous_resolves ... ok
[INFO] [stdout] test scope::tests::multi_project_path_inference_ambiguous_errors ... ok
[INFO] [stdout] test discover::tests::workspace_metadata_workspace_takes_precedence_over_package ... ok
[INFO] [stdout] test scope::tests::multi_project_explicit_scope_longest_prefix_wins ... ok
[INFO] [stdout] test discover::tests::rust_plugin_plans_discovery_inputs_traverse_workspace_members ... ok
[INFO] [stdout] test discover::tests::rust_plugin_skips_non_rs_files ... ok
[INFO] [stdout] test discover::tests::rust_plugin_continues_past_per_file_errors ... ok
[INFO] [stdout] test discover::tests::workspace_metadata_unrecognized_host_returns_none ... ok
[INFO] [stdout] test scope::tests::single_project_resolves_to_none_project ... ok
[INFO] [stdout] test scope::tests::multi_project_explicit_scope_no_match_errors ... ok
[INFO] [stderr]      Running tests/trybuild.rs (/opt/rustwide/target/release/build/supersigil-rust/cdf0864238135a36/out/trybuild-cdf0864238135a36)
[INFO] [stdout] test build_support::tests::emit_writes_rerun_lines_for_toml ... ok
[INFO] [stdout] 
[INFO] [stdout] test result: ok. 48 passed; 0 failed; 0 ignored; 0 measured; 0 filtered out; finished in 0.02s
[INFO] [stdout] 
[INFO] [stdout] 
[INFO] [stdout] running 4 tests
[INFO] [stderr]    Compiling proc-macro2 v1.0.106
[INFO] [stderr]    Compiling serde_core v1.0.228
[INFO] [stderr]    Compiling unicode-ident v1.0.24
[INFO] [stderr]    Compiling quote v1.0.45
[INFO] [stderr]    Compiling serde v1.0.228
[INFO] [stderr]    Compiling thiserror v2.0.18
[INFO] [stderr]    Compiling memchr v2.8.0
[INFO] [stderr]    Compiling winnow v1.0.2
[INFO] [stderr]    Compiling equivalent v1.0.2
[INFO] [stderr]    Compiling regex-syntax v0.8.10
[INFO] [stderr]    Compiling hashbrown v0.17.0
[INFO] [stderr]    Compiling libyaml-rs v0.3.0
[INFO] [stderr]    Compiling ryu v1.0.23
[INFO] [stderr]    Compiling itoa v1.0.18
[INFO] [stderr]    Compiling toml_writer v1.1.1+spec-1.1.0
[INFO] [stderr]    Compiling unicode-id v0.3.6
[INFO] [stderr]    Compiling aho-corasick v1.1.4
[INFO] [stderr]    Compiling toml_parser v1.1.2+spec-1.1.0
[INFO] [stderr]    Compiling glob v0.3.3
[INFO] [stderr]    Compiling indexmap v2.14.0
[INFO] [stderr]    Compiling libc v0.2.186
[INFO] [stderr]    Compiling quick-xml v0.39.2
[INFO] [stderr]    Compiling markdown v1.0.0
[INFO] [stderr]    Compiling syn v2.0.117
[INFO] [stderr]    Compiling rustix v1.1.4
[INFO] [stderr]    Compiling getrandom v0.4.2
[INFO] [stderr]     Checking bitflags v2.11.1
[INFO] [stderr]     Checking cfg-if v1.0.4
[INFO] [stderr]     Checking linux-raw-sys v0.12.1
[INFO] [stderr]     Checking once_cell v1.21.4
[INFO] [stderr]     Checking fastrand v2.4.1
[INFO] [stderr]     Checking regex-automata v0.4.14
[INFO] [stderr]     Checking serde_spanned v1.1.1
[INFO] [stderr]     Checking toml_datetime v1.1.1+spec-1.1.0
[INFO] [stderr]     Checking toml v1.1.2+spec-1.1.0
[INFO] [stderr]     Checking tempfile v3.27.0
[INFO] [stderr]     Checking regex v1.12.3
[INFO] [stderr]    Compiling serde_derive v1.0.228
[INFO] [stderr]    Compiling thiserror-impl v2.0.18
[INFO] [stderr]     Checking yaml_serde v0.10.4
[INFO] [stderr]     Checking supersigil-core v0.14.0
[INFO] [stderr]     Checking supersigil-evidence v0.14.0
[INFO] [stderr]    Compiling supersigil-parser v0.14.0
[INFO] [stderr]    Compiling supersigil-rust-macros v0.14.0
[INFO] [stderr]     Checking supersigil-rust v0.14.0 (/opt/rustwide/workdir)
[INFO] [stderr]     Checking supersigil-rust-tests v0.0.0 (/opt/rustwide/target/tests/trybuild/supersigil-rust)
[INFO] [stderr]     Finished `dev` profile [unoptimized + debuginfo] target(s) in 39.77s
[INFO] [stderr] 
[INFO] [stderr] 
[INFO] [stdout] test verifies_missing_config_at_project_root ... ok
[INFO] [stderr] test tests/fixtures/fail/missing_config_at_project_root.rs ... ok
[INFO] [stderr] 
[INFO] [stderr] 
[INFO] [stderr]     Checking supersigil-rust-tests v0.0.0 (/opt/rustwide/target/tests/trybuild/supersigil-rust)
[INFO] [stderr]     Finished `dev` profile [unoptimized + debuginfo] target(s) in 0.13s
[INFO] [stderr] 
[INFO] [stderr] 
[INFO] [stderr] test tests/fixtures/fail/unresolved_criterion_ref.rs ... mismatch
[INFO] [stderr] 
[INFO] [stderr] EXPECTED:
[INFO] [stderr] ┈┈┈┈┈┈┈┈┈┈┈┈┈┈┈┈┈┈┈┈┈┈┈┈┈┈┈┈┈┈┈┈┈┈┈┈┈┈┈┈┈┈┈┈┈┈┈┈┈┈┈┈┈┈┈┈┈┈┈┈
[INFO] [stderr] error: unresolved criterion reference "nonexistent/doc#missing-criterion": no matching criterion found in the specification graph
[INFO] [stderr]  --> tests/fixtures/fail/unresolved_criterion_ref.rs:5:12
[INFO] [stderr]   |
[INFO] [stderr] 5 | #[verifies("nonexistent/doc#missing-criterion")]
[INFO] [stderr]   |            ^^^^^^^^^^^^^^^^^^^^^^^^^^^^^^^^^^^
[INFO] [stderr] ┈┈┈┈┈┈┈┈┈┈┈┈┈┈┈┈┈┈┈┈┈┈┈┈┈┈┈┈┈┈┈┈┈┈┈┈┈┈┈┈┈┈┈┈┈┈┈┈┈┈┈┈┈┈┈┈┈┈┈┈
[INFO] [stderr] 
[INFO] [stderr] ACTUAL OUTPUT:
[INFO] [stderr] ┈┈┈┈┈┈┈┈┈┈┈┈┈┈┈┈┈┈┈┈┈┈┈┈┈┈┈┈┈┈┈┈┈┈┈┈┈┈┈┈┈┈┈┈┈┈┈┈┈┈┈┈┈┈┈┈┈┈┈┈
[INFO] [stderr] error: SUPERSIGIL_PROJECT_ROOT is set to "$DIR/tests/fixtures/no-config-project" but no supersigil.toml was found at that path
[INFO] [stderr]  --> tests/fixtures/fail/unresolved_criterion_ref.rs:5:1
[INFO] [stderr]   |
[INFO] [stderr] 5 | #[verifies("nonexistent/doc#missing-criterion")]
[INFO] [stderr]   | ^^^^^^^^^^^^^^^^^^^^^^^^^^^^^^^^^^^^^^^^^^^^^^^^
[INFO] [stderr]   |
[INFO] [stderr]   = note: this error originates in the attribute macro `verifies` (in Nightly builds, run with -Z macro-backtrace for more info)
[INFO] [stderr] ┈┈┈┈┈┈┈┈┈┈┈┈┈┈┈┈┈┈┈┈┈┈┈┈┈┈┈┈┈┈┈┈┈┈┈┈┈┈┈┈┈┈┈┈┈┈┈┈┈┈┈┈┈┈┈┈┈┈┈┈
[INFO] [stderr] note: If the actual output is the correct output you can bless it by rerunning
[INFO] [stderr]       your test with the environment variable TRYBUILD=overwrite
[INFO] [stderr] 
[INFO] [stderr] 
[INFO] [stderr] 
[INFO] [stdout] test verifies_graph_validation ... FAILED
[INFO] [stderr]     Checking supersigil-rust-tests v0.0.0 (/opt/rustwide/target/tests/trybuild/supersigil-rust)
[INFO] [stderr]     Finished `dev` profile [unoptimized + debuginfo] target(s) in 0.15s
[INFO] [stderr] 
[INFO] [stderr] 
[INFO] [stdout] test verifies_malformed_spec_parse_error ... FAILED
[INFO] [stderr] test tests/fixtures/fail/malformed_spec_parse_error.rs ... mismatch
[INFO] [stderr] 
[INFO] [stderr] EXPECTED:
[INFO] [stderr] ┈┈┈┈┈┈┈┈┈┈┈┈┈┈┈┈┈┈┈┈┈┈┈┈┈┈┈┈┈┈┈┈┈┈┈┈┈┈┈┈┈┈┈┈┈┈┈┈┈┈┈┈┈┈┈┈┈┈┈┈
[INFO] [stderr] error: supersigil: failed to parse spec files: $DIR/tests/fixtures/malformed-spec-project/specs/broken.md: $DIR/tests/fixtures/malformed-spec-project/specs/broken.md:10:1: XML syntax error: mismatched closing tag: expected `</Criterion>`, found `</__root>`
[INFO] [stderr]  --> tests/fixtures/fail/malformed_spec_parse_error.rs:5:1
[INFO] [stderr]   |
[INFO] [stderr] 5 | #[verifies("broken/req#crit-1")]
[INFO] [stderr]   | ^^^^^^^^^^^^^^^^^^^^^^^^^^^^^^^^
[INFO] [stderr]   |
[INFO] [stderr]   = note: this error originates in the attribute macro `verifies` (in Nightly builds, run with -Z macro-backtrace for more info)
[INFO] [stderr] ┈┈┈┈┈┈┈┈┈┈┈┈┈┈┈┈┈┈┈┈┈┈┈┈┈┈┈┈┈┈┈┈┈┈┈┈┈┈┈┈┈┈┈┈┈┈┈┈┈┈┈┈┈┈┈┈┈┈┈┈
[INFO] [stderr] 
[INFO] [stderr] ACTUAL OUTPUT:
[INFO] [stderr] ┈┈┈┈┈┈┈┈┈┈┈┈┈┈┈┈┈┈┈┈┈┈┈┈┈┈┈┈┈┈┈┈┈┈┈┈┈┈┈┈┈┈┈┈┈┈┈┈┈┈┈┈┈┈┈┈┈┈┈┈
[INFO] [stderr] error: SUPERSIGIL_PROJECT_ROOT is set to "$DIR/tests/fixtures/no-config-project" but no supersigil.toml was found at that path
[INFO] [stderr]  --> tests/fixtures/fail/malformed_spec_parse_error.rs:5:1
[INFO] [stderr]   |
[INFO] [stderr] 5 | #[verifies("broken/req#crit-1")]
[INFO] [stderr]   | ^^^^^^^^^^^^^^^^^^^^^^^^^^^^^^^^
[INFO] [stderr]   |
[INFO] [stderr]   = note: this error originates in the attribute macro `verifies` (in Nightly builds, run with -Z macro-backtrace for more info)
[INFO] [stderr] ┈┈┈┈┈┈┈┈┈┈┈┈┈┈┈┈┈┈┈┈┈┈┈┈┈┈┈┈┈┈┈┈┈┈┈┈┈┈┈┈┈┈┈┈┈┈┈┈┈┈┈┈┈┈┈┈┈┈┈┈
[INFO] [stderr] note: If the actual output is the correct output you can bless it by rerunning
[INFO] [stderr]       your test with the environment variable TRYBUILD=overwrite
[INFO] [stderr] 
[INFO] [stderr] 
[INFO] [stderr] 
[INFO] [stderr]    Compiling serde_core v1.0.228
[INFO] [stderr]    Compiling memchr v2.8.0
[INFO] [stderr]    Compiling regex-syntax v0.8.10
[INFO] [stderr]    Compiling equivalent v1.0.2
[INFO] [stderr]    Compiling winnow v1.0.2
[INFO] [stderr]    Compiling hashbrown v0.17.0
[INFO] [stderr]    Compiling toml_writer v1.1.1+spec-1.1.0
[INFO] [stderr]    Compiling libyaml-rs v0.3.0
[INFO] [stderr]    Compiling unicode-ident v1.0.24
[INFO] [stderr]    Compiling itoa v1.0.18
[INFO] [stderr]    Compiling ryu v1.0.23
[INFO] [stderr]    Compiling thiserror v2.0.18
[INFO] [stderr]    Compiling glob v0.3.3
[INFO] [stderr]    Compiling libc v0.2.186
[INFO] [stderr]    Compiling bitflags v2.11.1
[INFO] [stderr]    Compiling cfg-if v1.0.4
[INFO] [stderr]    Compiling linux-raw-sys v0.12.1
[INFO] [stderr]    Compiling once_cell v1.21.4
[INFO] [stderr]    Compiling fastrand v2.4.1
[INFO] [stderr]    Compiling proc-macro2 v1.0.106
[INFO] [stderr]    Compiling toml_parser v1.1.2+spec-1.1.0
[INFO] [stderr]    Compiling rustix v1.1.4
[INFO] [stderr]    Compiling indexmap v2.14.0
[INFO] [stderr]    Compiling aho-corasick v1.1.4
[INFO] [stderr]    Compiling quote v1.0.45
[INFO] [stderr]    Compiling syn v2.0.117
[INFO] [stdout] test verifies_macro has been running for over 60 seconds
[INFO] [stderr]    Compiling getrandom v0.4.2
[INFO] [stderr]    Compiling regex-automata v0.4.14
[INFO] [stderr]    Compiling tempfile v3.27.0
[INFO] [stderr]    Compiling serde_spanned v1.1.1
[INFO] [stderr]    Compiling toml_datetime v1.1.1+spec-1.1.0
[INFO] [stderr]    Compiling serde v1.0.228
[INFO] [stderr]    Compiling toml v1.1.2+spec-1.1.0
[INFO] [stderr]    Compiling yaml_serde v0.10.4
[INFO] [stderr]    Compiling regex v1.12.3
[INFO] [stderr]    Compiling supersigil-core v0.14.0
[INFO] [stderr]    Compiling supersigil-evidence v0.14.0
[INFO] [stderr]    Compiling supersigil-rust v0.14.0 (/opt/rustwide/workdir)
[INFO] [stderr]    Compiling supersigil-rust-tests v0.0.0 (/opt/rustwide/target/tests/trybuild/supersigil-rust)
[INFO] [stderr]     Finished `dev` profile [unoptimized + debuginfo] target(s) in 23.70s
[INFO] [stderr] 
[INFO] [stderr] 
[INFO] [stderr] test tests/fixtures/pass/basic_test_function.rs [should pass] ... error
[INFO] [stderr] ┈┈┈┈┈┈┈┈┈┈┈┈┈┈┈┈┈┈┈┈┈┈┈┈┈┈┈┈┈┈┈┈┈┈┈┈┈┈┈┈┈┈┈┈┈┈┈┈┈┈┈┈┈┈┈┈┈┈┈┈
[INFO] [stderr] error: SUPERSIGIL_PROJECT_ROOT is set to "$DIR/tests/fixtures/no-config-project" but no supersigil.toml was found at that path
[INFO] [stderr]  --> tests/fixtures/pass/basic_test_function.rs:3:1
[INFO] [stderr]   |
[INFO] [stderr] 3 | #[verifies("req/auth#crit-1")]
[INFO] [stderr]   | ^^^^^^^^^^^^^^^^^^^^^^^^^^^^^^
[INFO] [stderr]   |
[INFO] [stderr]   = note: this error originates in the attribute macro `verifies` (in Nightly builds, run with -Z macro-backtrace for more info)
[INFO] [stderr] ┈┈┈┈┈┈┈┈┈┈┈┈┈┈┈┈┈┈┈┈┈┈┈┈┈┈┈┈┈┈┈┈┈┈┈┈┈┈┈┈┈┈┈┈┈┈┈┈┈┈┈┈┈┈┈┈┈┈┈┈
[INFO] [stderr] 
[INFO] [stderr] test tests/fixtures/pass/multiple_criteria.rs [should pass] ... error
[INFO] [stderr] ┈┈┈┈┈┈┈┈┈┈┈┈┈┈┈┈┈┈┈┈┈┈┈┈┈┈┈┈┈┈┈┈┈┈┈┈┈┈┈┈┈┈┈┈┈┈┈┈┈┈┈┈┈┈┈┈┈┈┈┈
[INFO] [stderr] error: SUPERSIGIL_PROJECT_ROOT is set to "$DIR/tests/fixtures/no-config-project" but no supersigil.toml was found at that path
[INFO] [stderr]  --> tests/fixtures/pass/multiple_criteria.rs:3:1
[INFO] [stderr]   |
[INFO] [stderr] 3 | #[verifies("req/auth#crit-1", "req/auth#crit-2")]
[INFO] [stderr]   | ^^^^^^^^^^^^^^^^^^^^^^^^^^^^^^^^^^^^^^^^^^^^^^^^^
[INFO] [stderr]   |
[INFO] [stderr]   = note: this error originates in the attribute macro `verifies` (in Nightly builds, run with -Z macro-backtrace for more info)
[INFO] [stderr] ┈┈┈┈┈┈┈┈┈┈┈┈┈┈┈┈┈┈┈┈┈┈┈┈┈┈┈┈┈┈┈┈┈┈┈┈┈┈┈┈┈┈┈┈┈┈┈┈┈┈┈┈┈┈┈┈┈┈┈┈
[INFO] [stderr] 
[INFO] [stderr] test tests/fixtures/pass/on_async_test.rs [should pass] ... error
[INFO] [stderr] ┈┈┈┈┈┈┈┈┈┈┈┈┈┈┈┈┈┈┈┈┈┈┈┈┈┈┈┈┈┈┈┈┈┈┈┈┈┈┈┈┈┈┈┈┈┈┈┈┈┈┈┈┈┈┈┈┈┈┈┈
[INFO] [stderr] error: SUPERSIGIL_PROJECT_ROOT is set to "$DIR/tests/fixtures/no-config-project" but no supersigil.toml was found at that path
[INFO] [stderr]  --> tests/fixtures/pass/on_async_test.rs:3:1
[INFO] [stderr]   |
[INFO] [stderr] 3 | #[verifies("req/api#crit-1")]
[INFO] [stderr]   | ^^^^^^^^^^^^^^^^^^^^^^^^^^^^^
[INFO] [stderr]   |
[INFO] [stderr]   = note: this error originates in the attribute macro `verifies` (in Nightly builds, run with -Z macro-backtrace for more info)
[INFO] [stderr] ┈┈┈┈┈┈┈┈┈┈┈┈┈┈┈┈┈┈┈┈┈┈┈┈┈┈┈┈┈┈┈┈┈┈┈┈┈┈┈┈┈┈┈┈┈┈┈┈┈┈┈┈┈┈┈┈┈┈┈┈
[INFO] [stderr] 
[INFO] [stderr] test tests/fixtures/pass/validation_off_accepts_any_ref.rs [should pass] ... error
[INFO] [stderr] ┈┈┈┈┈┈┈┈┈┈┈┈┈┈┈┈┈┈┈┈┈┈┈┈┈┈┈┈┈┈┈┈┈┈┈┈┈┈┈┈┈┈┈┈┈┈┈┈┈┈┈┈┈┈┈┈┈┈┈┈
[INFO] [stderr] error: SUPERSIGIL_PROJECT_ROOT is set to "$DIR/tests/fixtures/no-config-project" but no supersigil.toml was found at that path
[INFO] [stderr]  --> tests/fixtures/pass/validation_off_accepts_any_ref.rs:5:1
[INFO] [stderr]   |
[INFO] [stderr] 5 | #[verifies("any/doc#any-criterion")]
[INFO] [stderr]   | ^^^^^^^^^^^^^^^^^^^^^^^^^^^^^^^^^^^^
[INFO] [stderr]   |
[INFO] [stderr]   = note: this error originates in the attribute macro `verifies` (in Nightly builds, run with -Z macro-backtrace for more info)
[INFO] [stderr] ┈┈┈┈┈┈┈┈┈┈┈┈┈┈┈┈┈┈┈┈┈┈┈┈┈┈┈┈┈┈┈┈┈┈┈┈┈┈┈┈┈┈┈┈┈┈┈┈┈┈┈┈┈┈┈┈┈┈┈┈
[INFO] [stderr] 
[INFO] [stderr] test tests/fixtures/fail/empty_fragment_ref.rs [should fail to compile] ... ok
[INFO] [stderr] test tests/fixtures/fail/fragmentless_ref.rs [should fail to compile] ... ok
[INFO] [stderr] test tests/fixtures/fail/malformed_empty_args.rs [should fail to compile] ... ok
[INFO] [stderr] test tests/fixtures/fail/malformed_not_string.rs [should fail to compile] ... ok
[INFO] [stderr] test tests/fixtures/fail/unsupported_item_struct.rs [should fail to compile] ... ok
[INFO] [stderr] 
[INFO] [stderr] 
[INFO] [stdout] test verifies_macro ... FAILED
[INFO] [stdout] 
[INFO] [stdout] failures:
[INFO] [stdout] 
[INFO] [stdout] ---- verifies_graph_validation stdout ----
[INFO] [stdout] 
[INFO] [stdout] thread 'verifies_graph_validation' (965) panicked at /opt/rustwide/cargo-home/registry/src/index.crates.io-1949cf8c6b5b557f/trybuild-1.0.116/src/run.rs:102:13:
[INFO] [stdout] 1 of 1 tests failed
[INFO] [stdout] stack backtrace:
[INFO] [stdout]    0:     0x5aa09858dc71 - <<std[617be2ca0a6fd877]::sys::backtrace::BacktraceLock>::print::DisplayBacktrace as core[a373ad73a504971]::fmt::Display>::fmt
[INFO] [stdout]    1:     0x5aa0985a3f5a - core[a373ad73a504971]::fmt::write
[INFO] [stdout]    2:     0x5aa0985924bc - <alloc[2e1b2a31b91974c5]::vec::Vec<u8> as core[a373ad73a504971]::io::write::Write>::write_fmt
[INFO] [stdout]    3:     0x5aa098566f26 - std[617be2ca0a6fd877]::panicking::default_hook::{closure#0}
[INFO] [stdout]    4:     0x5aa098585109 - std[617be2ca0a6fd877]::panicking::default_hook
[INFO] [stdout]    5:     0x5aa09851e470 - test[aada8e7e76ba119b]::test_main_inner::{closure#0}
[INFO] [stdout]    6:     0x5aa0985852c2 - std[617be2ca0a6fd877]::panicking::panic_with_hook
[INFO] [stdout]    7:     0x5aa098566fd2 - std[617be2ca0a6fd877]::panicking::panic_handler::{closure#0}
[INFO] [stdout]    8:     0x5aa09855f699 - std[617be2ca0a6fd877]::sys::backtrace::__rust_end_short_backtrace::<std[617be2ca0a6fd877]::panicking::panic_handler::{closure#0}, !>
[INFO] [stdout]    9:     0x5aa098567c7d - __rustc[ea4f61d10b84890b]::rust_begin_unwind
[INFO] [stdout]   10:     0x5aa0985a46cc - core[a373ad73a504971]::panicking::panic_fmt
[INFO] [stdout]   11:     0x5aa09847094b - <trybuild[9cff5cca385487df]::Runner>::run
[INFO] [stdout]   12:     0x5aa098473a60 - <trybuild[9cff5cca385487df]::TestCases as core[a373ad73a504971]::ops::drop::Drop>::drop
[INFO] [stdout]   13:     0x5aa098469a9a - <trybuild[5283cb9153f99283]::verifies_graph_validation::{closure#0} as core[a373ad73a504971]::ops::function::FnOnce<()>>::call_once
[INFO] [stdout]   14:     0x5aa0985118bb - test[aada8e7e76ba119b]::__rust_begin_short_backtrace::<core[a373ad73a504971]::result::Result<(), alloc[2e1b2a31b91974c5]::string::String>, fn() -> core[a373ad73a504971]::result::Result<(), alloc[2e1b2a31b91974c5]::string::String>>
[INFO] [stdout]   15:     0x5aa09851ea95 - test[aada8e7e76ba119b]::run_test::{closure#0}
[INFO] [stdout]   16:     0x5aa098518384 - std[617be2ca0a6fd877]::sys::backtrace::__rust_begin_short_backtrace::<test[aada8e7e76ba119b]::run_test::{closure#1}, ()>
[INFO] [stdout]   17:     0x5aa098521b22 - <std[617be2ca0a6fd877]::thread::lifecycle::spawn_unchecked<test[aada8e7e76ba119b]::run_test::{closure#1}, ()>::{closure#1} as core[a373ad73a504971]::ops::function::FnOnce<()>>::call_once::{shim:vtable#0}
[INFO] [stdout]   18:     0x5aa09858cecf - <std[617be2ca0a6fd877]::sys::thread::unix::Thread>::new::thread_start
[INFO] [stdout]   19:     0x78ebe5332dfa - <unknown>
[INFO] [stdout]   20:     0x78ebe53c63d4 - clone
[INFO] [stdout]   21:                0x0 - <unknown>
[INFO] [stdout] 
[INFO] [stdout] ---- verifies_malformed_spec_parse_error stdout ----
[INFO] [stdout] 
[INFO] [stdout] thread 'verifies_malformed_spec_parse_error' (967) panicked at /opt/rustwide/cargo-home/registry/src/index.crates.io-1949cf8c6b5b557f/trybuild-1.0.116/src/run.rs:102:13:
[INFO] [stdout] 1 of 1 tests failed
[INFO] [stdout] stack backtrace:
[INFO] [stdout]    0:     0x5aa09858dc71 - <<std[617be2ca0a6fd877]::sys::backtrace::BacktraceLock>::print::DisplayBacktrace as core[a373ad73a504971]::fmt::Display>::fmt
[INFO] [stdout]    1:     0x5aa0985a3f5a - core[a373ad73a504971]::fmt::write
[INFO] [stdout]    2:     0x5aa0985924bc - <alloc[2e1b2a31b91974c5]::vec::Vec<u8> as core[a373ad73a504971]::io::write::Write>::write_fmt
[INFO] [stdout]    3:     0x5aa098566f26 - std[617be2ca0a6fd877]::panicking::default_hook::{closure#0}
[INFO] [stdout]    4:     0x5aa098585109 - std[617be2ca0a6fd877]::panicking::default_hook
[INFO] [stdout]    5:     0x5aa09851e470 - test[aada8e7e76ba119b]::test_main_inner::{closure#0}
[INFO] [stdout]    6:     0x5aa0985852c2 - std[617be2ca0a6fd877]::panicking::panic_with_hook
[INFO] [stdout]    7:     0x5aa098566fd2 - std[617be2ca0a6fd877]::panicking::panic_handler::{closure#0}
[INFO] [stdout]    8:     0x5aa09855f699 - std[617be2ca0a6fd877]::sys::backtrace::__rust_end_short_backtrace::<std[617be2ca0a6fd877]::panicking::panic_handler::{closure#0}, !>
[INFO] [stdout]    9:     0x5aa098567c7d - __rustc[ea4f61d10b84890b]::rust_begin_unwind
[INFO] [stdout]   10:     0x5aa0985a46cc - core[a373ad73a504971]::panicking::panic_fmt
[INFO] [stdout]   11:     0x5aa09847094b - <trybuild[9cff5cca385487df]::Runner>::run
[INFO] [stdout]   12:     0x5aa098473a60 - <trybuild[9cff5cca385487df]::TestCases as core[a373ad73a504971]::ops::drop::Drop>::drop
[INFO] [stdout]   13:     0x5aa098469c3a - <trybuild[5283cb9153f99283]::verifies_malformed_spec_parse_error::{closure#0} as core[a373ad73a504971]::ops::function::FnOnce<()>>::call_once
[INFO] [stdout]   14:     0x5aa0985118bb - test[aada8e7e76ba119b]::__rust_begin_short_backtrace::<core[a373ad73a504971]::result::Result<(), alloc[2e1b2a31b91974c5]::string::String>, fn() -> core[a373ad73a504971]::result::Result<(), alloc[2e1b2a31b91974c5]::string::String>>
[INFO] [stdout]   15:     0x5aa09851ea95 - test[aada8e7e76ba119b]::run_test::{closure#0}
[INFO] [stdout]   16:     0x5aa098518384 - std[617be2ca0a6fd877]::sys::backtrace::__rust_begin_short_backtrace::<test[aada8e7e76ba119b]::run_test::{closure#1}, ()>
[INFO] [stdout]   17:     0x5aa098521b22 - <std[617be2ca0a6fd877]::thread::lifecycle::spawn_unchecked<test[aada8e7e76ba119b]::run_test::{closure#1}, ()>::{closure#1} as core[a373ad73a504971]::ops::function::FnOnce<()>>::call_once::{shim:vtable#0}
[INFO] [stdout]   18:     0x5aa09858cecf - <std[617be2ca0a6fd877]::sys::thread::unix::Thread>::new::thread_start
[INFO] [stdout]   19:     0x78ebe5332dfa - <unknown>
[INFO] [stdout]   20:     0x78ebe53c63d4 - clone
[INFO] [stdout]   21:                0x0 - <unknown>
[INFO] [stdout] 
[INFO] [stdout] ---- verifies_macro stdout ----
[INFO] [stdout] 
[INFO] [stdout] thread 'verifies_macro' (966) panicked at /opt/rustwide/cargo-home/registry/src/index.crates.io-1949cf8c6b5b557f/trybuild-1.0.116/src/run.rs:102:13:
[INFO] [stdout] 4 of 9 tests failed
[INFO] [stdout] stack backtrace:
[INFO] [stdout]    0:     0x5aa09858dc71 - <<std[617be2ca0a6fd877]::sys::backtrace::BacktraceLock>::print::DisplayBacktrace as core[a373ad73a504971]::fmt::Display>::fmt
[INFO] [stdout]    1:     0x5aa0985a3f5a - core[a373ad73a504971]::fmt::write
[INFO] [stdout]    2:     0x5aa0985924bc - <alloc[2e1b2a31b91974c5]::vec::Vec<u8> as core[a373ad73a504971]::io::write::Write>::write_fmt
[INFO] [stdout]    3:     0x5aa098566f26 - std[617be2ca0a6fd877]::panicking::default_hook::{closure#0}
[INFO] [stdout]    4:     0x5aa098585109 - std[617be2ca0a6fd877]::panicking::default_hook
[INFO] [stdout]    5:     0x5aa09851e470 - test[aada8e7e76ba119b]::test_main_inner::{closure#0}
[INFO] [stdout]    6:     0x5aa0985852c2 - std[617be2ca0a6fd877]::panicking::panic_with_hook
[INFO] [stdout]    7:     0x5aa098566fd2 - std[617be2ca0a6fd877]::panicking::panic_handler::{closure#0}
[INFO] [stdout]    8:     0x5aa09855f699 - std[617be2ca0a6fd877]::sys::backtrace::__rust_end_short_backtrace::<std[617be2ca0a6fd877]::panicking::panic_handler::{closure#0}, !>
[INFO] [stdout]    9:     0x5aa098567c7d - __rustc[ea4f61d10b84890b]::rust_begin_unwind
[INFO] [stdout]   10:     0x5aa0985a46cc - core[a373ad73a504971]::panicking::panic_fmt
[INFO] [stdout]   11:     0x5aa09847094b - <trybuild[9cff5cca385487df]::Runner>::run
[INFO] [stdout]   12:     0x5aa098473a60 - <trybuild[9cff5cca385487df]::TestCases as core[a373ad73a504971]::ops::drop::Drop>::drop
[INFO] [stdout]   13:     0x5aa0984697ad - trybuild[5283cb9153f99283]::verifies_macro
[INFO] [stdout]   14:     0x5aa0984699d9 - <trybuild[5283cb9153f99283]::verifies_macro::{closure#0} as core[a373ad73a504971]::ops::function::FnOnce<()>>::call_once
[INFO] [stdout]   15:     0x5aa0985118bb - test[aada8e7e76ba119b]::__rust_begin_short_backtrace::<core[a373ad73a504971]::result::Result<(), alloc[2e1b2a31b91974c5]::string::String>, fn() -> core[a373ad73a504971]::result::Result<(), alloc[2e1b2a31b91974c5]::string::String>>
[INFO] [stdout]   16:     0x5aa09851ea95 - test[aada8e7e76ba119b]::run_test::{closure#0}
[INFO] [stdout]   17:     0x5aa098518384 - std[617be2ca0a6fd877]::sys::backtrace::__rust_begin_short_backtrace::<test[aada8e7e76ba119b]::run_test::{closure#1}, ()>
[INFO] [stdout]   18:     0x5aa098521b22 - <std[617be2ca0a6fd877]::thread::lifecycle::spawn_unchecked<test[aada8e7e76ba119b]::run_test::{closure#1}, ()>::{closure#1} as core[a373ad73a504971]::ops::function::FnOnce<()>>::call_once::{shim:vtable#0}
[INFO] [stdout]   19:     0x5aa09858cecf - <std[617be2ca0a6fd877]::sys::thread::unix::Thread>::new::thread_start
[INFO] [stdout]   20:     0x78ebe5332dfa - <unknown>
[INFO] [stdout]   21:     0x78ebe53c63d4 - clone
[INFO] [stdout]   22:                0x0 - <unknown>
[INFO] [stdout] 
[INFO] [stdout] 
[INFO] [stdout] failures:
[INFO] [stdout]     verifies_graph_validation
[INFO] [stdout]     verifies_macro
[INFO] [stdout]     verifies_malformed_spec_parse_error
[INFO] [stdout] 
[INFO] [stdout] test result: FAILED. 1 passed; 3 failed; 0 ignored; 0 measured; 0 filtered out; finished in 102.08s
[INFO] [stdout] 
[INFO] [stderr] error: test failed, to rerun pass `--test trybuild`
[INFO] running `Command { std: "docker" "inspect" "0906a0059d9a2550f4f7de485a183689d3428b35601811d5eb8e7bc337b38efa", kill_on_drop: false }`
[INFO] running `Command { std: "docker" "rm" "-f" "0906a0059d9a2550f4f7de485a183689d3428b35601811d5eb8e7bc337b38efa", kill_on_drop: false }`
[INFO] [stdout] 0906a0059d9a2550f4f7de485a183689d3428b35601811d5eb8e7bc337b38efa
