[INFO] fetching crate supabase-client-query 0.2.2...
[INFO] testing supabase-client-query-0.2.2 against 1.99.0-beta.8+cargoflags=--release for beta-release-1.100-2
[INFO] extracting crate supabase-client-query 0.2.2 into /workspace/builds/worker-5-tc1/source
[INFO] started tweaking crates.io crate supabase-client-query 0.2.2
[INFO] removed 0 missing tests
[INFO] finished tweaking crates.io crate supabase-client-query 0.2.2
[INFO] tweaked toml for crates.io crate supabase-client-query 0.2.2 written to /workspace/builds/worker-5-tc1/source/Cargo.toml
[INFO] validating manifest of crates.io crate supabase-client-query 0.2.2 on toolchain 1.99.0-beta.8
[INFO] running `Command { std: CARGO_HOME="/workspace/cargo-home" RUSTUP_HOME="/workspace/rustup-home" "/workspace/cargo-home/bin/cargo" "+1.99.0-beta.8" "metadata" "--manifest-path" "Cargo.toml" "--no-deps", kill_on_drop: false }`
[INFO] crate crates.io crate supabase-client-query 0.2.2 already has a lockfile, it will not be regenerated
[INFO] running `Command { std: CARGO_HOME="/workspace/cargo-home" RUSTUP_HOME="/workspace/rustup-home" "/workspace/cargo-home/bin/cargo" "+1.99.0-beta.8" "fetch" "--manifest-path" "Cargo.toml", kill_on_drop: false }`
[INFO] [stderr]     Updating crates.io index
[INFO] [stderr]  Downloading crates ...
[INFO] [stderr]   Downloaded supabase-client-core v0.2.2
[INFO] [stderr]   Downloaded sdd v3.0.10
[INFO] [stderr]   Downloaded serial_test v3.3.1
[INFO] [stderr]   Downloaded serial_test_derive v3.3.1
[INFO] [stderr]   Downloaded scc v2.4.0
[INFO] running `Command { std: "docker" "create" "-v" "/var/lib/crater-agent-workspace/builds/worker-5-tc1/source:/opt/rustwide/workdir:ro,Z" "-v" "/var/lib/crater-agent-workspace/builds/worker-5-tc1/target:/opt/rustwide/target:rw,Z" "-v" "/var/lib/crater-agent-workspace/cargo-home:/opt/rustwide/cargo-home:ro,Z" "-v" "/var/lib/crater-agent-workspace/rustup-home:/opt/rustwide/rustup-home:ro,Z" "-m" "1610612736" "--network" "none" "ghcr.io/rust-lang/crates-build-env/linux@sha256:77db811e55d90add9212f6832c23229e3de5f1c1f9905e8cb07319ea15df73ac" "sleep" "infinity", kill_on_drop: false }`
[INFO] [stdout] 7d70af47c9f5dd7c0b0fb715c5561f0df56808f4f5f1fdee77fce2142a11271f
[INFO] running `Command { std: "docker" "start" "7d70af47c9f5dd7c0b0fb715c5561f0df56808f4f5f1fdee77fce2142a11271f", kill_on_drop: false }`
[INFO] running `Command { std: "docker" "inspect" "7d70af47c9f5dd7c0b0fb715c5561f0df56808f4f5f1fdee77fce2142a11271f", kill_on_drop: false }`
[INFO] running `Command { std: "docker" "exec" "-e" "SOURCE_DIR=/opt/rustwide/workdir" "-e" "CARGO_HOME=/opt/rustwide/cargo-home" "-e" "RUSTUP_HOME=/opt/rustwide/rustup-home" "-e" "CARGO_TARGET_DIR=/opt/rustwide/target" "-w" "/opt/rustwide/workdir" "--user" "0:0" "7d70af47c9f5dd7c0b0fb715c5561f0df56808f4f5f1fdee77fce2142a11271f" "/opt/rustwide/cargo-home/bin/cargo" "+1.99.0-beta.8" "metadata" "--no-deps" "--format-version=1", kill_on_drop: false }`
[INFO] running `Command { std: "docker" "inspect" "7d70af47c9f5dd7c0b0fb715c5561f0df56808f4f5f1fdee77fce2142a11271f", kill_on_drop: false }`
[INFO] running `Command { std: "docker" "exec" "-e" "SOURCE_DIR=/opt/rustwide/workdir" "-e" "CARGO_HOME=/opt/rustwide/cargo-home" "-e" "RUSTUP_HOME=/opt/rustwide/rustup-home" "-e" "CARGO_TARGET_DIR=/opt/rustwide/target" "-e" "CARGO_INCREMENTAL=0" "-e" "RUST_BACKTRACE=full" "-e" "RUSTFLAGS=--cap-lints=warn" "-e" "RUSTDOCFLAGS=--cap-lints=warn" "-w" "/opt/rustwide/workdir" "--user" "0:0" "7d70af47c9f5dd7c0b0fb715c5561f0df56808f4f5f1fdee77fce2142a11271f" "/opt/rustwide/cargo-home/bin/cargo" "+1.99.0-beta.8" "build" "--frozen" "--message-format=json" "--release", kill_on_drop: false }`
[INFO] [stderr]    Compiling syn v2.0.114
[INFO] [stderr]    Compiling libc v0.2.181
[INFO] [stderr]    Compiling openssl-sys v0.9.111
[INFO] [stderr]    Compiling openssl v0.10.75
[INFO] [stderr]    Compiling native-tls v0.2.14
[INFO] [stderr]    Compiling log v0.4.29
[INFO] [stderr]    Compiling rustls v0.23.36
[INFO] [stderr]    Compiling webpki-roots v1.0.6
[INFO] [stderr]    Compiling http-body-util v0.1.3
[INFO] [stderr]    Compiling serde_json v1.0.149
[INFO] [stderr]    Compiling mio v1.1.1
[INFO] [stderr]    Compiling socket2 v0.6.2
[INFO] [stderr]    Compiling getrandom v0.2.17
[INFO] [stderr]    Compiling getrandom v0.3.4
[INFO] [stderr]    Compiling uuid v1.20.0
[INFO] [stderr]    Compiling ring v0.17.14
[INFO] [stderr]    Compiling synstructure v0.13.2
[INFO] [stderr]    Compiling rustls-webpki v0.103.9
[INFO] [stderr]    Compiling tokio-macros v2.6.0
[INFO] [stderr]    Compiling zerovec-derive v0.11.2
[INFO] [stderr]    Compiling displaydoc v0.2.5
[INFO] [stderr]    Compiling tracing-attributes v0.1.31
[INFO] [stderr]    Compiling openssl-macros v0.1.1
[INFO] [stderr]    Compiling serde_derive v1.0.228
[INFO] [stderr]    Compiling thiserror-impl v2.0.18
[INFO] [stderr]    Compiling zerofrom-derive v0.1.6
[INFO] [stderr]    Compiling yoke-derive v0.8.1
[INFO] [stderr]    Compiling tokio v1.49.0
[INFO] [stderr]    Compiling zerofrom v0.1.6
[INFO] [stderr]    Compiling tracing v0.1.44
[INFO] [stderr]    Compiling yoke v0.8.1
[INFO] [stderr]    Compiling zerovec v0.11.5
[INFO] [stderr]    Compiling zerotrie v0.2.3
[INFO] [stderr]    Compiling thiserror v2.0.18
[INFO] [stderr]    Compiling tinystr v0.8.2
[INFO] [stderr]    Compiling potential_utf v0.1.4
[INFO] [stderr]    Compiling icu_collections v2.1.1
[INFO] [stderr]    Compiling icu_locale_core v2.1.1
[INFO] [stderr]    Compiling serde v1.0.228
[INFO] [stderr]    Compiling serde_urlencoded v0.7.1
[INFO] [stderr]    Compiling chrono v0.4.43
[INFO] [stderr]    Compiling icu_provider v2.1.1
[INFO] [stderr]    Compiling icu_normalizer v2.1.1
[INFO] [stderr]    Compiling icu_properties v2.1.2
[INFO] [stderr]    Compiling tokio-util v0.7.18
[INFO] [stderr]    Compiling tokio-native-tls v0.3.1
[INFO] [stderr]    Compiling tokio-rustls v0.26.4
[INFO] [stderr]    Compiling h2 v0.4.13
[INFO] [stderr]    Compiling tower v0.5.3
[INFO] [stderr]    Compiling idna_adapter v1.2.1
[INFO] [stderr]    Compiling tower-http v0.6.8
[INFO] [stderr]    Compiling idna v1.1.0
[INFO] [stderr]    Compiling url v2.5.8
[INFO] [stderr]    Compiling hyper v1.8.1
[INFO] [stderr]    Compiling hyper-util v0.1.20
[INFO] [stderr]    Compiling hyper-tls v0.6.0
[INFO] [stderr]    Compiling hyper-rustls v0.27.7
[INFO] [stderr]    Compiling reqwest v0.12.28
[INFO] [stderr]    Compiling supabase-client-core v0.2.2
[INFO] [stderr]    Compiling supabase-client-query v0.2.2 (/opt/rustwide/workdir)
[INFO] [stderr]     Finished `release` profile [optimized] target(s) in 1m 00s
[INFO] running `Command { std: "docker" "inspect" "7d70af47c9f5dd7c0b0fb715c5561f0df56808f4f5f1fdee77fce2142a11271f", kill_on_drop: false }`
[INFO] running `Command { std: "docker" "exec" "-e" "SOURCE_DIR=/opt/rustwide/workdir" "-e" "CARGO_HOME=/opt/rustwide/cargo-home" "-e" "RUSTUP_HOME=/opt/rustwide/rustup-home" "-e" "CARGO_TARGET_DIR=/opt/rustwide/target" "-e" "CARGO_INCREMENTAL=0" "-e" "RUST_BACKTRACE=full" "-e" "RUSTFLAGS=--cap-lints=warn" "-e" "RUSTDOCFLAGS=--cap-lints=warn" "-w" "/opt/rustwide/workdir" "--user" "0:0" "7d70af47c9f5dd7c0b0fb715c5561f0df56808f4f5f1fdee77fce2142a11271f" "/opt/rustwide/cargo-home/bin/cargo" "+1.99.0-beta.8" "test" "--frozen" "--no-run" "--message-format=json" "--release", kill_on_drop: false }`
[INFO] [stderr]    Compiling futures-macro v0.3.31
[INFO] [stderr]    Compiling hyper v1.8.1
[INFO] [stderr]    Compiling num_cpus v1.17.0
[INFO] [stderr]    Compiling parking_lot_core v0.9.12
[INFO] [stderr]    Compiling regex-automata v0.4.14
[INFO] [stderr]    Compiling sdd v3.0.10
[INFO] [stderr]    Compiling assert-json-diff v2.0.2
[INFO] [stderr]    Compiling serial_test_derive v3.3.1
[INFO] [stderr]    Compiling deadpool v0.12.3
[INFO] [stderr]    Compiling parking_lot v0.12.5
[INFO] [stderr]    Compiling scc v2.4.0
[INFO] [stderr]    Compiling futures-util v0.3.31
[INFO] [stderr]    Compiling regex v1.12.3
[INFO] [stderr]    Compiling hyper-util v0.1.20
[INFO] [stderr]    Compiling tower v0.5.3
[INFO] [stderr]    Compiling futures-executor v0.3.31
[INFO] [stderr]    Compiling futures v0.3.31
[INFO] [stderr]    Compiling serial_test v3.3.1
[INFO] [stderr]    Compiling tower-http v0.6.8
[INFO] [stderr]    Compiling hyper-rustls v0.27.7
[INFO] [stderr]    Compiling hyper-tls v0.6.0
[INFO] [stderr]    Compiling wiremock v0.6.5
[INFO] [stderr]    Compiling reqwest v0.12.28
[INFO] [stderr]    Compiling supabase-client-core v0.2.2
[INFO] [stderr]    Compiling supabase-client-query v0.2.2 (/opt/rustwide/workdir)
[INFO] [stderr]     Finished `release` profile [optimized] target(s) in 56.80s
[INFO] running `Command { std: "docker" "inspect" "7d70af47c9f5dd7c0b0fb715c5561f0df56808f4f5f1fdee77fce2142a11271f", kill_on_drop: false }`
[INFO] running `Command { std: "docker" "exec" "-e" "SOURCE_DIR=/opt/rustwide/workdir" "-e" "CARGO_HOME=/opt/rustwide/cargo-home" "-e" "RUSTUP_HOME=/opt/rustwide/rustup-home" "-e" "CARGO_TARGET_DIR=/opt/rustwide/target" "-e" "CARGO_INCREMENTAL=0" "-e" "RUST_BACKTRACE=full" "-e" "RUSTFLAGS=--cap-lints=warn" "-e" "RUSTDOCFLAGS=--cap-lints=warn" "-w" "/opt/rustwide/workdir" "--user" "0:0" "7d70af47c9f5dd7c0b0fb715c5561f0df56808f4f5f1fdee77fce2142a11271f" "/opt/rustwide/cargo-home/bin/cargo" "+1.99.0-beta.8" "test" "--frozen" "--release", kill_on_drop: false }`
[INFO] [stderr]     Finished `release` profile [optimized] target(s) in 0.26s
[INFO] [stderr]      Running unittests src/lib.rs (/opt/rustwide/target/release/deps/supabase_client_query-a84ec473164099aa)
[INFO] [stdout] 
[INFO] [stdout] running 270 tests
[INFO] [stdout] test builder::tests::test_json_to_sql_param_null ... ok
[INFO] [stdout] test builder::tests::test_json_to_sql_param_int_large ... ok
[INFO] [stdout] test builder::tests::test_json_to_sql_param_json_array ... ok
[INFO] [stdout] test builder::tests::test_json_to_sql_param_int_small ... ok
[INFO] [stdout] test builder::tests::test_json_to_sql_param_bool ... ok
[INFO] [stdout] test builder::tests::test_json_to_sql_param_string ... ok
[INFO] [stdout] test builder::tests::test_json_to_sql_param_uuid_string ... ok
[INFO] [stdout] test builder::tests::test_json_to_sql_param_float ... ok
[INFO] [stdout] test builder::tests::test_json_to_sql_param_json_object ... ok
[INFO] [stdout] test builder::tests::test_typed_query_builder_delete ... ok
[INFO] [stdout] test builder::tests::test_select_quoted_column_passes_through ... ok
[INFO] [stdout] test builder::tests::test_insert_many_empty ... ok
[INFO] [stdout] test builder::tests::test_typed_query_builder_update ... ok
[INFO] [stdout] test builder::tests::test_update_sets_up_clauses ... ok
[INFO] [stdout] test builder::tests::test_select_empty ... ok
[INFO] [stdout] test builder::tests::test_select_named_columns ... ok
[INFO] [stdout] test builder::tests::test_delete_creates_builder ... ok
[INFO] [stdout] test builder::tests::test_insert_many_sets_up_many_rows ... ok
[INFO] [stdout] test csv_select::tests::test_csv_accept_header ... ok
[INFO] [stdout] test builder::tests::test_upsert_many_sets_up_many_rows ... ok
[INFO] [stdout] test backend::tests::test_query_backend_debug_rest ... ok
[INFO] [stdout] test builder::tests::test_select_star ... ok
[INFO] [stdout] test builder::tests::test_typed_query_builder_insert ... ok
[INFO] [stdout] test builder::tests::test_typed_query_builder_select_columns ... ok
[INFO] [stdout] test builder::tests::test_select_count_expression_passes_through ... ok
[INFO] [stdout] test backend::tests::test_query_backend_rest_construction ... ok
[INFO] [stdout] test builder::tests::test_typed_query_builder_select ... ok
[INFO] [stdout] test backend::tests::test_query_backend_clone ... ok
[INFO] [stdout] test builder::tests::test_insert_sets_up_clauses ... ok
[INFO] [stdout] test delete::tests::test_execute_delete_success_no_returning ... ok
[INFO] [stdout] test delete::tests::test_schema_sets_override ... ok
[INFO] [stdout] test builder::tests::test_upsert_sets_up_clauses ... ok
[INFO] [stdout] test builder::tests::test_typed_query_builder_upsert ... ok
[INFO] [stdout] test filter::tests::test_contains_adds_array_range_filter ... ok
[INFO] [stdout] test filter::tests::test_filter_collector_all_methods ... ok
[INFO] [stdout] test filter::tests::test_filter_collector_into_conditions ... ok
[INFO] [stdout] test filter::tests::test_filter_collector_into_single_condition_empty ... ok
[INFO] [stdout] test filter::tests::test_filter_collector_into_single_condition_multiple ... ok
[INFO] [stdout] test filter::tests::test_filter_collector_into_single_condition_single ... ok
[INFO] [stdout] test filter::tests::test_filter_collector_invalid_column_skipped ... ok
[INFO] [stdout] test csv_select::tests::test_csv_execute_error ... ok
[INFO] [stdout] test csv_select::tests::test_csv_builder_modifiable ... ok
[INFO] [stdout] test csv_select::tests::test_csv_schema_sets_override ... ok
[INFO] [stdout] test csv_select::tests::test_csv_builder_filterable ... ok
[INFO] [stdout] test csv_select::tests::test_csv_execute_empty_result ... ok
[INFO] [stdout] test csv_select::tests::test_csv_execute_success ... ok
[INFO] [stdout] test delete::tests::test_execute_delete_success_with_returning ... ok
[INFO] [stdout] test filter::tests::test_filter_raw_sql ... ok
[INFO] [stdout] test delete::tests::test_select_columns_specific ... ok
[INFO] [stdout] test filter::tests::test_contained_by_adds_array_range_filter ... ok
[INFO] [stdout] test delete::tests::test_execute_delete_error ... ok
[INFO] [stdout] test delete::tests::test_select_columns_empty ... ok
[INFO] [stdout] test delete::tests::test_select_columns_complex_expression ... ok
[INFO] [stdout] test delete::tests::test_select_sets_returning_star ... ok
[INFO] [stdout] test delete::tests::test_select_columns_star ... ok
[INFO] [stdout] test filter::tests::test_invalid_column_name_in_is_silently_ignored ... ok
[INFO] [stdout] test filter::tests::test_eq_adds_comparison_filter ... ok
[INFO] [stdout] test filter::tests::test_gte_adds_comparison_filter ... ok
[INFO] [stdout] test filter::tests::test_ilike_adds_pattern_filter ... ok
[INFO] [stdout] test filter::tests::test_is_true ... ok
[INFO] [stdout] test filter::tests::test_invalid_column_name_in_like_silently_ignored ... ok
[INFO] [stdout] test filter::tests::test_invalid_column_name_silently_ignored ... ok
[INFO] [stdout] test filter::tests::test_in_with_values ... ok
[INFO] [stdout] test filter::tests::test_invalid_column_name_in_neq_silently_ignored ... ok
[INFO] [stdout] test filter::tests::test_gt_adds_comparison_filter ... ok
[INFO] [stdout] test filter::tests::test_is_false ... ok
[INFO] [stdout] test filter::tests::test_match_filter_creates_match_conditions ... ok
[INFO] [stdout] test filter::tests::test_is_null ... ok
[INFO] [stdout] test filter::tests::test_like_adds_pattern_filter ... ok
[INFO] [stdout] test filter::tests::test_lte_adds_comparison_filter ... ok
[INFO] [stdout] test filter::tests::test_lt_adds_comparison_filter ... ok
[INFO] [stdout] test filter::tests::test_is_not_null ... ok
[INFO] [stdout] test geojson_select::tests::test_geojson_accept_header ... ok
[INFO] [stdout] test filter::tests::test_neq_adds_comparison_filter ... ok
[INFO] [stdout] test filter::tests::test_not_wraps_in_not ... ok
[INFO] [stdout] test filter::tests::test_overlaps_adds_array_range_filter ... ok
[INFO] [stdout] test filter::tests::test_or_filter_wraps_in_or ... ok
[INFO] [stdout] test filter::tests::test_range_adjacent ... ok
[INFO] [stdout] test insert::tests::test_execute_insert_no_returning ... ok
[INFO] [stdout] test filter::tests::test_text_search_with_config ... ok
[INFO] [stdout] test filter::tests::test_range_gt ... ok
[INFO] [stdout] test filter::tests::test_text_search_without_config ... ok
[INFO] [stdout] test filter::tests::test_range_gte ... ok
[INFO] [stdout] test geojson_select::tests::test_geojson_execute_invalid_json_body ... ok
[INFO] [stdout] test geojson_select::tests::test_geojson_execute_success ... ok
[INFO] [stdout] test filter::tests::test_range_lte ... ok
[INFO] [stdout] test filter::tests::test_range_lt ... ok
[INFO] [stdout] test geojson_select::tests::test_geojson_schema_sets_override ... ok
[INFO] [stdout] test insert::tests::test_select_columns_empty ... ok
[INFO] [stdout] test insert::tests::test_execute_insert_error ... ok
[INFO] [stdout] test geojson_select::tests::test_geojson_execute_error ... ok
[INFO] [stdout] test insert::tests::test_select_columns_star ... ok
[INFO] [stdout] test modifier::tests::test_count_option_none ... ok
[INFO] [stdout] test geojson_select::tests::test_geojson_builder_filterable ... ok
[INFO] [stdout] test modifier::tests::test_count ... ok
[INFO] [stdout] test insert::tests::test_select_columns_specific ... ok
[INFO] [stdout] test modifier::tests::test_order_ascending ... ok
[INFO] [stdout] test modifier::tests::test_order_invalid_column_ignored ... ok
[INFO] [stdout] test geojson_select::tests::test_geojson_builder_modifiable ... ok
[INFO] [stdout] test modifier::tests::test_count_option_planned ... ok
[INFO] [stdout] test modifier::tests::test_order_descending ... ok
[INFO] [stdout] test insert::tests::test_select_columns_complex_passthrough ... ok
[INFO] [stdout] test postgrest::tests::test_delete_with_filter ... ok
[INFO] [stdout] test postgrest::tests::test_filter_contains ... ok
[INFO] [stdout] test postgrest::tests::test_filter_ilike ... ok
[INFO] [stdout] test postgrest::tests::test_filter_is_null ... ok
[INFO] [stdout] test postgrest::tests::test_filter_like ... ok
[INFO] [stdout] test postgrest::tests::test_filter_match ... ok
[INFO] [stdout] test postgrest::tests::test_filter_not ... ok
[INFO] [stdout] test postgrest::tests::test_filter_or ... ok
[INFO] [stdout] test postgrest::tests::test_filter_text_search ... ok
[INFO] [stdout] test postgrest::tests::test_insert_many ... ok
[INFO] [stdout] test postgrest::tests::test_insert_return_and_count_compose ... ok
[INFO] [stdout] test postgrest::tests::test_insert_single ... ok
[INFO] [stdout] test postgrest::tests::test_raw_filter_errors ... ok
[INFO] [stdout] test postgrest::tests::test_render_param_bool ... ok
[INFO] [stdout] test postgrest::tests::test_render_param_null ... ok
[INFO] [stdout] test postgrest::tests::test_render_param_numbers ... ok
[INFO] [stdout] test postgrest::tests::test_render_param_text ... ok
[INFO] [stdout] test postgrest::tests::test_render_param_uuid ... ok
[INFO] [stdout] test postgrest::tests::test_rpc_no_args ... ok
[INFO] [stdout] test postgrest::tests::test_rpc_no_rollback_no_prefer ... ok
[INFO] [stdout] test postgrest::tests::test_rpc_rollback ... ok
[INFO] [stdout] test postgrest::tests::test_rpc_simple ... ok
[INFO] [stdout] test postgrest::tests::test_schema_override_insert ... ok
[INFO] [stdout] test postgrest::tests::test_schema_override_select ... ok
[INFO] [stdout] test postgrest::tests::test_select_count ... ok
[INFO] [stdout] test postgrest::tests::test_select_count_and_head_compose ... ok
[INFO] [stdout] test postgrest::tests::test_filter_in ... ok
[INFO] [stdout] test postgrest::tests::test_select_count_estimated ... ok
[INFO] [stdout] test postgrest::tests::test_select_count_planned ... ok
[INFO] [stdout] test postgrest::tests::test_select_head_mode ... ok
[INFO] [stdout] test postgrest::tests::test_select_simple ... ok
[INFO] [stdout] test postgrest::tests::test_select_single ... ok
[INFO] [stdout] test postgrest::tests::test_select_with_columns ... ok
[INFO] [stdout] test insert::tests::test_select_sets_returning_star ... ok
[INFO] [stdout] test postgrest::tests::test_select_with_eq_filter ... ok
[INFO] [stdout] test postgrest::tests::test_select_with_limit ... ok
[INFO] [stdout] test postgrest::tests::test_delete_return_and_count_compose ... ok
[INFO] [stdout] test postgrest::tests::test_select_with_order ... ok
[INFO] [stdout] test postgrest::tests::test_select_with_limit_offset ... ok
[INFO] [stdout] test postgrest::tests::test_update_return_and_count_compose ... ok
[INFO] [stdout] test postgrest::tests::test_select_with_multiple_filters ... ok
[INFO] [stdout] test postgrest::tests::test_select_with_order_nulls ... ok
[INFO] [stdout] test postgrest::tests::test_upsert_ignore_duplicates ... ok
[INFO] [stdout] test postgrest::tests::test_upsert_merge_duplicates ... ok
[INFO] [stdout] test postgrest::tests::test_update_with_filter ... ok
[INFO] [stdout] test postgrest::tests::test_upsert_with_count ... ok
[INFO] [stdout] test modifier::tests::test_count_option_exact ... ok
[INFO] [stdout] test insert::tests::test_schema_sets_override ... ok
[INFO] [stdout] test modifier::tests::test_maybe_single ... ok
[INFO] [stdout] test insert::tests::test_execute_insert_success ... ok
[INFO] [stdout] test modifier::tests::test_order_with_nulls_last ... ok
[INFO] [stdout] test postgrest_execute::tests::test_execute_rest_empty_body_response ... ok
[INFO] [stdout] test modifier::tests::test_order_with_nulls_invalid_column_ignored ... ok
[INFO] [stdout] test postgrest_execute::tests::test_execute_rest_204_no_content ... ok
[INFO] [stdout] test postgrest_execute::tests::test_execute_rest_4xx_error_json_body ... ok
[INFO] [stdout] test postgrest_execute::tests::test_execute_rest_maybe_single_with_multiple_rows_errors ... ok
[INFO] [stdout] test modifier::tests::test_order_with_nulls_first ... ok
[INFO] [stdout] test modifier::tests::test_count_option_estimated ... ok
[INFO] [stdout] test postgrest_execute::tests::test_execute_rest_head_with_count ... ok
[INFO] [stdout] test postgrest_execute::tests::test_execute_rest_insert_returns_created_status ... ok
[INFO] [stdout] test postgrest_execute::tests::test_parse_count_large_number ... ok
[INFO] [stdout] test postgrest_execute::tests::test_execute_rest_select_json_array ... ok
[INFO] [stdout] test postgrest_execute::tests::test_parse_count_invalid_number ... ok
[INFO] [stdout] test postgrest_execute::tests::test_parse_count_no_header ... ok
[INFO] [stdout] test postgrest_execute::tests::test_parse_count_range_format ... ok
[INFO] [stdout] test postgrest_execute::tests::test_parse_error_response_invalid_json ... ok
[INFO] [stdout] test modifier::tests::test_limit ... ok
[INFO] [stdout] test postgrest_execute::tests::test_parse_count_no_slash ... ok
[INFO] [stdout] test postgrest_execute::tests::test_parse_count_star_count ... ok
[INFO] [stdout] test postgrest_execute::tests::test_parse_error_response_valid_json_no_code ... ok
[INFO] [stdout] test postgrest_execute::tests::test_parse_count_star_range_format ... ok
[INFO] [stdout] test postgrest_execute::tests::test_parse_error_response_no_message_field ... ok
[INFO] [stdout] test postgrest_execute::tests::test_execute_rest_non_public_schema_sets_profile ... ok
[INFO] [stdout] test postgrest_execute::tests::test_execute_rest_scalar_response ... ok
[INFO] [stdout] test postgrest_execute::tests::test_parse_error_response_valid_json ... ok
[INFO] [stdout] test postgrest_execute::tests::test_execute_rest_head_error_status ... ok
[INFO] [stdout] test modifier::tests::test_single ... ok
[INFO] [stdout] test postgrest_execute::tests::test_execute_rest_sets_auth_headers ... ok
[INFO] [stdout] test postgrest_execute::tests::test_execute_rest_select_single_object ... ok
[INFO] [stdout] test modifier::tests::test_range ... ok
[INFO] [stdout] test sql::tests::test_bool_into_sql_param ... ok
[INFO] [stdout] test sql::tests::test_count_option_construction ... ok
[INFO] [stdout] test sql::tests::test_array_range_operator_as_sql ... ok
[INFO] [stdout] test modifier::tests::test_range_single_row ... ok
[INFO] [stdout] test sql::tests::test_datetime_utc_into_sql_param ... ok
[INFO] [stdout] test sql::tests::test_explain_options_default ... ok
[INFO] [stdout] test sql::tests::test_f32_into_sql_param ... ok
[INFO] [stdout] test sql::tests::test_f64_into_sql_param ... ok
[INFO] [stdout] test sql::tests::test_filter_operator_as_sql ... ok
[INFO] [stdout] test sql::tests::test_i32_into_sql_param ... ok
[INFO] [stdout] test sql::tests::test_explain_format_as_sql ... ok
[INFO] [stdout] test sql::tests::test_is_value_as_sql ... ok
[INFO] [stdout] test sql::tests::test_json_value_into_sql_param ... ok
[INFO] [stdout] test sql::tests::test_naive_date_into_sql_param ... ok
[INFO] [stdout] test sql::tests::test_i64_into_sql_param ... ok
[INFO] [stdout] test sql::tests::test_naive_datetime_into_sql_param ... ok
[INFO] [stdout] test sql::tests::test_nulls_position_as_sql ... ok
[INFO] [stdout] test sql::tests::test_naive_time_into_sql_param ... ok
[INFO] [stdout] test sql::tests::test_option_none_into_sql_param ... ok
[INFO] [stdout] test sql::tests::test_option_some_into_sql_param ... ok
[INFO] [stdout] test sql::tests::test_order_direction_as_sql ... ok
[INFO] [stdout] test sql::tests::test_param_store_get ... ok
[INFO] [stdout] test sql::tests::test_param_store_into_params ... ok
[INFO] [stdout] test sql::tests::test_param_store_len_and_is_empty ... ok
[INFO] [stdout] test sql::tests::test_param_store_new ... ok
[INFO] [stdout] test sql::tests::test_param_store_push_returns_1_based_index ... ok
[INFO] [stdout] test sql::tests::test_param_store_push_value ... ok
[INFO] [stdout] test sql::tests::test_pattern_operator_as_sql ... ok
[INFO] [stdout] test sql::tests::test_sql_param_passthrough ... ok
[INFO] [stdout] test sql::tests::test_sql_parts_new_defaults ... ok
[INFO] [stdout] test sql::tests::test_sql_parts_qualified_table_no_override ... ok
[INFO] [stdout] test sql::tests::test_sql_parts_qualified_table_with_override ... ok
[INFO] [stdout] test sql::tests::test_param_store_params ... ok
[INFO] [stdout] test sql::tests::test_str_into_sql_param ... ok
[INFO] [stdout] test sql::tests::test_string_into_sql_param ... ok
[INFO] [stdout] test sql::tests::test_text_search_type_function_name ... ok
[INFO] [stdout] test select::tests::test_csv_returns_csv_builder ... ok
[INFO] [stdout] test sql::tests::test_i16_into_sql_param ... ok
[INFO] [stdout] test sql::tests::test_validate_column_name_valid ... ok
[INFO] [stdout] test sql::tests::test_uuid_into_sql_param ... ok
[INFO] [stdout] test sql::tests::test_validate_column_name_empty ... ok
[INFO] [stdout] test sql::tests::test_validate_column_name_with_comment ... ok
[INFO] [stdout] test sql::tests::test_validate_identifier_empty ... ok
[INFO] [stdout] test sql::tests::test_validate_column_name_with_semicolons ... ok
[INFO] [stdout] test sql::tests::test_vec_i32_into_sql_param ... ok
[INFO] [stdout] test sql::tests::test_vec_i64_into_sql_param ... ok
[INFO] [stdout] test sql::tests::test_validate_column_name_with_quotes ... ok
[INFO] [stdout] test sql::tests::test_vec_u8_into_sql_param ... ok
[INFO] [stdout] test sql::tests::test_validate_identifier_valid ... ok
[INFO] [stdout] test sql::tests::test_vec_string_into_sql_param ... ok
[INFO] [stdout] test sql::tests::test_validate_identifier_prohibited_chars ... ok
[INFO] [stdout] test postgrest_execute::tests::test_execute_rest_with_body ... ok
[INFO] [stdout] test postgrest_execute::tests::test_execute_rest_with_count_header ... ok
[INFO] [stdout] test tests::test_make_backend_creates_rest ... ok
[INFO] [stdout] test select::tests::test_schema_sets_override ... ok
[INFO] [stdout] test select::tests::test_explain_with_custom_options ... ok
[INFO] [stdout] test select::tests::test_geojson_returns_geojson_builder ... ok
[INFO] [stdout] test select::tests::test_execute_error_4xx ... ok
[INFO] [stdout] test update::tests::test_select_columns_complex_expression ... ok
[INFO] [stdout] test update::tests::test_schema_sets_override ... ok
[INFO] [stdout] test update::tests::test_execute_update_success ... ok
[INFO] [stdout] test update::tests::test_select_sets_returning_star ... ok
[INFO] [stdout] test update::tests::test_select_columns_star ... ok
[INFO] [stdout] test tests::test_from_typed_returns_typed_query_builder ... ok
[INFO] [stdout] test upsert::tests::test_execute_upsert_error ... ok
[INFO] [stdout] test update::tests::test_execute_update_no_returning ... ok
[INFO] [stdout] test postgrest_execute::tests::test_execute_rest_maybe_single_with_one_row ... ok
[INFO] [stdout] test select::tests::test_execute_head_mode ... ok
[INFO] [stdout] test select::tests::test_head_sets_head_mode ... ok
[INFO] [stdout] test upsert::tests::test_on_conflict_sets_columns ... ok
[INFO] [stdout] test select::tests::test_execute_success_json_array ... ok
[INFO] [stdout] test select::tests::test_explain_sets_default_options ... ok
[INFO] [stdout] test upsert::tests::test_on_conflict_constraint_sets_name ... ok
[INFO] [stdout] test tests::test_from_returns_query_builder ... ok
[INFO] [stdout] test upsert::tests::test_ignore_duplicates_sets_flag ... ok
[INFO] [stdout] test upsert::tests::test_on_conflict_multiple_columns ... ok
[INFO] [stdout] test upsert::tests::test_execute_upsert_success ... ok
[INFO] [stdout] test select::tests::test_execute_empty_result ... ok
[INFO] [stdout] test upsert::tests::test_select_columns_star ... ok
[INFO] [stdout] test upsert::tests::test_select_columns_specific ... ok
[INFO] [stdout] test upsert::tests::test_schema_sets_override ... ok
[INFO] [stdout] test update::tests::test_select_columns_empty ... ok
[INFO] [stdout] test upsert::tests::test_select_sets_returning_star ... ok
[INFO] [stdout] test update::tests::test_execute_update_error ... ok
[INFO] [stdout] test upsert::tests::test_select_columns_empty ... ok
[INFO] [stdout] test update::tests::test_select_columns_specific ... ok
[INFO] [stdout] test upsert::tests::test_execute_upsert_no_returning ... ok
[INFO] [stdout] test upsert::tests::test_select_columns_complex ... ok
[INFO] [stdout] 
[INFO] [stdout] test result: ok. 270 passed; 0 failed; 0 ignored; 0 measured; 0 filtered out; finished in 1.51s
[INFO] [stdout] 
[INFO] [stderr]      Running tests/rest_integration.rs (/opt/rustwide/target/release/deps/rest_integration-aa92493a58dd5fd2)
[INFO] [stdout] 
[INFO] [stdout] running 28 tests
[INFO] [stdout] test rest_count_planned ... FAILED
[INFO] [stdout] test rest_csv_format ... FAILED
[INFO] [stdout] test rest_insert_many_rows ... FAILED
[INFO] [stdout] test rest_select_with_is_filter ... FAILED
[INFO] [stdout] test rest_delete_with_filter ... FAILED
[INFO] [stdout] test rest_select_with_gte_lte_filter ... FAILED
[INFO] [stdout] test rest_rpc_call ... FAILED
[INFO] [stdout] test rest_select_with_order ... FAILED
[INFO] [stdout] test rest_select_with_order_desc ... FAILED
[INFO] [stdout] test rest_rpc_rollback ... FAILED
[INFO] [stdout] test rest_select_specific_columns ... FAILED
[INFO] [stdout] test rest_update_with_filter ... FAILED
[INFO] [stdout] test rest_select_with_gt_filter ... FAILED
[INFO] [stdout] test rest_count_estimated ... FAILED
[INFO] [stdout] test rest_select_with_ilike_filter ... FAILED
[INFO] [stdout] test rest_select_with_in_filter ... FAILED
[INFO] [stdout] test rest_insert_single_row ... FAILED
[INFO] [stdout] test rest_select_with_like_filter ... FAILED
[INFO] [stdout] test rest_select_with_limit ... FAILED
[INFO] [stdout] test rest_select_with_neq_filter ... FAILED
[INFO] [stdout] test rest_rpc_scalar ... FAILED
[INFO] [stdout] test rest_select_with_range ... FAILED
[INFO] [stdout] test rest_typed_rpc ... FAILED
[INFO] [stdout] test rest_select_with_eq_filter ... FAILED
[INFO] [stdout] test rest_upsert_insert_new ... FAILED
[INFO] [stdout] test rest_select_single ... FAILED
[INFO] [stdout] test rest_select_all ... FAILED
[INFO] [stdout] test rest_select_with_count ... FAILED
[INFO] [stdout] 
[INFO] [stdout] failures:
[INFO] [stdout] 
[INFO] [stdout] ---- rest_count_planned stdout ----
[INFO] [stdout] 
[INFO] [stdout] thread 'rest_count_planned' (2174) panicked at tests/rest_integration.rs:45:5:
[INFO] [stdout] reset_test_data RPC failed: Some(Http("error sending request for url (http://127.0.0.1:64321/rest/v1/rpc/reset_test_data)"))
[INFO] [stdout] stack backtrace:
[INFO] [stdout]    0:     0x576d3e196031 - <<std[70759c8f55707aa4]::sys::backtrace::BacktraceLock>::print::DisplayBacktrace as core[df12db4294e9bfd3]::fmt::Display>::fmt
[INFO] [stdout]    1:     0x576d3e1acdca - core[df12db4294e9bfd3]::fmt::write
[INFO] [stdout]    2:     0x576d3e19abec - <alloc[2182bb758b4b3781]::vec::Vec<u8> as core[df12db4294e9bfd3]::io::write::Write>::write_fmt
[INFO] [stdout]    3:     0x576d3e1710d6 - std[70759c8f55707aa4]::panicking::default_hook::{closure#0}
[INFO] [stdout]    4:     0x576d3e18df39 - std[70759c8f55707aa4]::panicking::default_hook
[INFO] [stdout]    5:     0x576d3dea1ac0 - test[9d35eded1c95d3be]::test_main_inner::<test[9d35eded1c95d3be]::test_main_static::{closure#0}>::{closure#0}
[INFO] [stdout]    6:     0x576d3e18e262 - std[70759c8f55707aa4]::panicking::panic_with_hook
[INFO] [stdout]    7:     0x576d3e171182 - std[70759c8f55707aa4]::panicking::panic_handler::{closure#0}
[INFO] [stdout]    8:     0x576d3e169e29 - std[70759c8f55707aa4]::sys::backtrace::__rust_end_short_backtrace::<std[70759c8f55707aa4]::panicking::panic_handler::{closure#0}, !>
[INFO] [stdout]    9:     0x576d3e171f6d - __rustc[8fa7c3cbc660c2b3]::rust_begin_unwind
[INFO] [stdout]   10:     0x576d3e1ad52c - core[df12db4294e9bfd3]::panicking::panic_fmt
[INFO] [stdout]   11:     0x576d3de7363e - rest_integration[612008dace2685b7]::reset_data::{closure#0}
[INFO] [stdout]   12:     0x576d3de6a2f1 - rest_integration[612008dace2685b7]::rest_count_planned::{closure#0}::{closure#0}
[INFO] [stdout]   13:     0x576d3de88e43 - <tokio[c95ab7384fd5f832]::runtime::scheduler::current_thread::Context>::enter::<core[df12db4294e9bfd3]::task::poll::Poll<()>, <tokio[c95ab7384fd5f832]::runtime::scheduler::current_thread::CoreGuard>::block_on<core[df12db4294e9bfd3]::pin::Pin<&mut core[df12db4294e9bfd3]::pin::Pin<&mut dyn core[df12db4294e9bfd3]::future::future::Future<Output = ()>>>>::{closure#0}::{closure#0}>
[INFO] [stdout]   14:     0x576d3de87cbc - <tokio[c95ab7384fd5f832]::runtime::context::scoped::Scoped<tokio[c95ab7384fd5f832]::runtime::scheduler::Context>>::set::<<tokio[c95ab7384fd5f832]::runtime::scheduler::current_thread::CoreGuard>::enter<<tokio[c95ab7384fd5f832]::runtime::scheduler::current_thread::CoreGuard>::block_on<core[df12db4294e9bfd3]::pin::Pin<&mut core[df12db4294e9bfd3]::pin::Pin<&mut dyn core[df12db4294e9bfd3]::future::future::Future<Output = ()>>>>::{closure#0}, core[df12db4294e9bfd3]::option::Option<()>>::{closure#0}, (alloc[2182bb758b4b3781]::boxed::Box<tokio[c95ab7384fd5f832]::runtime::scheduler::current_thread::Core>, core[df12db4294e9bfd3]::option::Option<()>)>
[INFO] [stdout]   15:     0x576d3de88aad - <tokio[c95ab7384fd5f832]::runtime::scheduler::current_thread::CurrentThread>::block_on::<core[df12db4294e9bfd3]::pin::Pin<&mut dyn core[df12db4294e9bfd3]::future::future::Future<Output = ()>>>
[INFO] [stdout]   16:     0x576d3de87bad - <tokio[c95ab7384fd5f832]::runtime::runtime::Runtime>::block_on::<core[df12db4294e9bfd3]::pin::Pin<&mut dyn core[df12db4294e9bfd3]::future::future::Future<Output = ()>>>
[INFO] [stdout]   17:     0x576d3de76c58 - <rest_integration[612008dace2685b7]::rest_count_planned::{closure#0} as core[df12db4294e9bfd3]::ops::function::FnOnce<()>>::call_once
[INFO] [stdout]   18:     0x576d3e14b133 - serial_test[10560a5b75e11aeb]::serial_code_lock::local_serial_core
[INFO] [stdout]   19:     0x576d3de759ad - <rest_integration[612008dace2685b7]::rest_count_planned::{closure#0} as core[df12db4294e9bfd3]::ops::function::FnOnce<()>>::call_once
[INFO] [stdout]   20:     0x576d3de94dab - test[9d35eded1c95d3be]::__rust_begin_short_backtrace::<core[df12db4294e9bfd3]::result::Result<(), alloc[2182bb758b4b3781]::string::String>, fn() -> core[df12db4294e9bfd3]::result::Result<(), alloc[2182bb758b4b3781]::string::String>>
[INFO] [stdout]   21:     0x576d3dea2415 - test[9d35eded1c95d3be]::run_test::{closure#0}
[INFO] [stdout]   22:     0x576d3de9bcd4 - std[70759c8f55707aa4]::sys::backtrace::__rust_begin_short_backtrace::<test[9d35eded1c95d3be]::run_test::{closure#1}, ()>
[INFO] [stdout]   23:     0x576d3dea5572 - <std[70759c8f55707aa4]::thread::lifecycle::spawn_unchecked<test[9d35eded1c95d3be]::run_test::{closure#1}, ()>::{closure#1} as core[df12db4294e9bfd3]::ops::function::FnOnce<()>>::call_once::{shim:vtable#0}
[INFO] [stdout]   24:     0x576d3e195559 - <std[70759c8f55707aa4]::sys::thread::unix::Thread>::new::thread_start
[INFO] [stdout]   25:     0x7a27ffd76dfa - <unknown>
[INFO] [stdout]   26:     0x7a27ffe0a3d4 - clone
[INFO] [stdout]   27:                0x0 - <unknown>
[INFO] [stdout] 
[INFO] [stdout] ---- rest_csv_format stdout ----
[INFO] [stdout] 
[INFO] [stdout] thread 'rest_csv_format' (2175) panicked at tests/rest_integration.rs:45:5:
[INFO] [stdout] reset_test_data RPC failed: Some(Http("error sending request for url (http://127.0.0.1:64321/rest/v1/rpc/reset_test_data)"))
[INFO] [stdout] stack backtrace:
[INFO] [stdout]    0:     0x576d3e196031 - <<std[70759c8f55707aa4]::sys::backtrace::BacktraceLock>::print::DisplayBacktrace as core[df12db4294e9bfd3]::fmt::Display>::fmt
[INFO] [stdout]    1:     0x576d3e1acdca - core[df12db4294e9bfd3]::fmt::write
[INFO] [stdout]    2:     0x576d3e19abec - <alloc[2182bb758b4b3781]::vec::Vec<u8> as core[df12db4294e9bfd3]::io::write::Write>::write_fmt
[INFO] [stdout]    3:     0x576d3e1710d6 - std[70759c8f55707aa4]::panicking::default_hook::{closure#0}
[INFO] [stdout]    4:     0x576d3e18df39 - std[70759c8f55707aa4]::panicking::default_hook
[INFO] [stdout]    5:     0x576d3dea1ac0 - test[9d35eded1c95d3be]::test_main_inner::<test[9d35eded1c95d3be]::test_main_static::{closure#0}>::{closure#0}
[INFO] [stdout]    6:     0x576d3e18e262 - std[70759c8f55707aa4]::panicking::panic_with_hook
[INFO] [stdout]    7:     0x576d3e171182 - std[70759c8f55707aa4]::panicking::panic_handler::{closure#0}
[INFO] [stdout]    8:     0x576d3e169e29 - std[70759c8f55707aa4]::sys::backtrace::__rust_end_short_backtrace::<std[70759c8f55707aa4]::panicking::panic_handler::{closure#0}, !>
[INFO] [stdout]    9:     0x576d3e171f6d - __rustc[8fa7c3cbc660c2b3]::rust_begin_unwind
[INFO] [stdout]   10:     0x576d3e1ad52c - core[df12db4294e9bfd3]::panicking::panic_fmt
[INFO] [stdout]   11:     0x576d3de7363e - rest_integration[612008dace2685b7]::reset_data::{closure#0}
[INFO] [stdout]   12:     0x576d3de67ac1 - rest_integration[612008dace2685b7]::rest_csv_format::{closure#0}::{closure#0}
[INFO] [stdout]   13:     0x576d3de88e43 - <tokio[c95ab7384fd5f832]::runtime::scheduler::current_thread::Context>::enter::<core[df12db4294e9bfd3]::task::poll::Poll<()>, <tokio[c95ab7384fd5f832]::runtime::scheduler::current_thread::CoreGuard>::block_on<core[df12db4294e9bfd3]::pin::Pin<&mut core[df12db4294e9bfd3]::pin::Pin<&mut dyn core[df12db4294e9bfd3]::future::future::Future<Output = ()>>>>::{closure#0}::{closure#0}>
[INFO] [stdout]   14:     0x576d3de87cbc - <tokio[c95ab7384fd5f832]::runtime::context::scoped::Scoped<tokio[c95ab7384fd5f832]::runtime::scheduler::Context>>::set::<<tokio[c95ab7384fd5f832]::runtime::scheduler::current_thread::CoreGuard>::enter<<tokio[c95ab7384fd5f832]::runtime::scheduler::current_thread::CoreGuard>::block_on<core[df12db4294e9bfd3]::pin::Pin<&mut core[df12db4294e9bfd3]::pin::Pin<&mut dyn core[df12db4294e9bfd3]::future::future::Future<Output = ()>>>>::{closure#0}, core[df12db4294e9bfd3]::option::Option<()>>::{closure#0}, (alloc[2182bb758b4b3781]::boxed::Box<tokio[c95ab7384fd5f832]::runtime::scheduler::current_thread::Core>, core[df12db4294e9bfd3]::option::Option<()>)>
[INFO] [stdout]   15:     0x576d3de88aad - <tokio[c95ab7384fd5f832]::runtime::scheduler::current_thread::CurrentThread>::block_on::<core[df12db4294e9bfd3]::pin::Pin<&mut dyn core[df12db4294e9bfd3]::future::future::Future<Output = ()>>>
[INFO] [stdout]   16:     0x576d3de87bad - <tokio[c95ab7384fd5f832]::runtime::runtime::Runtime>::block_on::<core[df12db4294e9bfd3]::pin::Pin<&mut dyn core[df12db4294e9bfd3]::future::future::Future<Output = ()>>>
[INFO] [stdout]   17:     0x576d3de76758 - <rest_integration[612008dace2685b7]::rest_csv_format::{closure#0} as core[df12db4294e9bfd3]::ops::function::FnOnce<()>>::call_once
[INFO] [stdout]   18:     0x576d3e14b133 - serial_test[10560a5b75e11aeb]::serial_code_lock::local_serial_core
[INFO] [stdout]   19:     0x576d3de757ad - <rest_integration[612008dace2685b7]::rest_csv_format::{closure#0} as core[df12db4294e9bfd3]::ops::function::FnOnce<()>>::call_once
[INFO] [stdout]   20:     0x576d3de94dab - test[9d35eded1c95d3be]::__rust_begin_short_backtrace::<core[df12db4294e9bfd3]::result::Result<(), alloc[2182bb758b4b3781]::string::String>, fn() -> core[df12db4294e9bfd3]::result::Result<(), alloc[2182bb758b4b3781]::string::String>>
[INFO] [stdout]   21:     0x576d3dea2415 - test[9d35eded1c95d3be]::run_test::{closure#0}
[INFO] [stdout]   22:     0x576d3de9bcd4 - std[70759c8f55707aa4]::sys::backtrace::__rust_begin_short_backtrace::<test[9d35eded1c95d3be]::run_test::{closure#1}, ()>
[INFO] [stdout]   23:     0x576d3dea5572 - <std[70759c8f55707aa4]::thread::lifecycle::spawn_unchecked<test[9d35eded1c95d3be]::run_test::{closure#1}, ()>::{closure#1} as core[df12db4294e9bfd3]::ops::function::FnOnce<()>>::call_once::{shim:vtable#0}
[INFO] [stdout]   24:     0x576d3e195559 - <std[70759c8f55707aa4]::sys::thread::unix::Thread>::new::thread_start
[INFO] [stdout]   25:     0x7a27ffd76dfa - <unknown>
[INFO] [stdout]   26:     0x7a27ffe0a3d4 - clone
[INFO] [stdout]   27:                0x0 - <unknown>
[INFO] [stdout] 
[INFO] [stdout] ---- rest_insert_many_rows stdout ----
[INFO] [stdout] 
[INFO] [stdout] thread 'rest_insert_many_rows' (2177) panicked at tests/rest_integration.rs:45:5:
[INFO] [stdout] reset_test_data RPC failed: Some(Http("error sending request for url (http://127.0.0.1:64321/rest/v1/rpc/reset_test_data)"))
[INFO] [stdout] stack backtrace:
[INFO] [stdout]    0:     0x576d3e196031 - <<std[70759c8f55707aa4]::sys::backtrace::BacktraceLock>::print::DisplayBacktrace as core[df12db4294e9bfd3]::fmt::Display>::fmt
[INFO] [stdout]    1:     0x576d3e1acdca - core[df12db4294e9bfd3]::fmt::write
[INFO] [stdout]    2:     0x576d3e19abec - <alloc[2182bb758b4b3781]::vec::Vec<u8> as core[df12db4294e9bfd3]::io::write::Write>::write_fmt
[INFO] [stdout]    3:     0x576d3e1710d6 - std[70759c8f55707aa4]::panicking::default_hook::{closure#0}
[INFO] [stdout]    4:     0x576d3e18df39 - std[70759c8f55707aa4]::panicking::default_hook
[INFO] [stdout]    5:     0x576d3dea1ac0 - test[9d35eded1c95d3be]::test_main_inner::<test[9d35eded1c95d3be]::test_main_static::{closure#0}>::{closure#0}
[INFO] [stdout]    6:     0x576d3e18e262 - std[70759c8f55707aa4]::panicking::panic_with_hook
[INFO] [stdout]    7:     0x576d3e171182 - std[70759c8f55707aa4]::panicking::panic_handler::{closure#0}
[INFO] [stdout]    8:     0x576d3e169e29 - std[70759c8f55707aa4]::sys::backtrace::__rust_end_short_backtrace::<std[70759c8f55707aa4]::panicking::panic_handler::{closure#0}, !>
[INFO] [stdout]    9:     0x576d3e171f6d - __rustc[8fa7c3cbc660c2b3]::rust_begin_unwind
[INFO] [stdout]   10:     0x576d3e1ad52c - core[df12db4294e9bfd3]::panicking::panic_fmt
[INFO] [stdout]   11:     0x576d3de7363e - rest_integration[612008dace2685b7]::reset_data::{closure#0}
[INFO] [stdout]   12:     0x576d3de6ad95 - rest_integration[612008dace2685b7]::rest_insert_many_rows::{closure#0}::{closure#0}
[INFO] [stdout]   13:     0x576d3de88e43 - <tokio[c95ab7384fd5f832]::runtime::scheduler::current_thread::Context>::enter::<core[df12db4294e9bfd3]::task::poll::Poll<()>, <tokio[c95ab7384fd5f832]::runtime::scheduler::current_thread::CoreGuard>::block_on<core[df12db4294e9bfd3]::pin::Pin<&mut core[df12db4294e9bfd3]::pin::Pin<&mut dyn core[df12db4294e9bfd3]::future::future::Future<Output = ()>>>>::{closure#0}::{closure#0}>
[INFO] [stdout]   14:     0x576d3de87cbc - <tokio[c95ab7384fd5f832]::runtime::context::scoped::Scoped<tokio[c95ab7384fd5f832]::runtime::scheduler::Context>>::set::<<tokio[c95ab7384fd5f832]::runtime::scheduler::current_thread::CoreGuard>::enter<<tokio[c95ab7384fd5f832]::runtime::scheduler::current_thread::CoreGuard>::block_on<core[df12db4294e9bfd3]::pin::Pin<&mut core[df12db4294e9bfd3]::pin::Pin<&mut dyn core[df12db4294e9bfd3]::future::future::Future<Output = ()>>>>::{closure#0}, core[df12db4294e9bfd3]::option::Option<()>>::{closure#0}, (alloc[2182bb758b4b3781]::boxed::Box<tokio[c95ab7384fd5f832]::runtime::scheduler::current_thread::Core>, core[df12db4294e9bfd3]::option::Option<()>)>
[INFO] [stdout]   15:     0x576d3de88aad - <tokio[c95ab7384fd5f832]::runtime::scheduler::current_thread::CurrentThread>::block_on::<core[df12db4294e9bfd3]::pin::Pin<&mut dyn core[df12db4294e9bfd3]::future::future::Future<Output = ()>>>
[INFO] [stdout]   16:     0x576d3de87bad - <tokio[c95ab7384fd5f832]::runtime::runtime::Runtime>::block_on::<core[df12db4294e9bfd3]::pin::Pin<&mut dyn core[df12db4294e9bfd3]::future::future::Future<Output = ()>>>
[INFO] [stdout]   17:     0x576d3de77018 - <rest_integration[612008dace2685b7]::rest_insert_many_rows::{closure#0} as core[df12db4294e9bfd3]::ops::function::FnOnce<()>>::call_once
[INFO] [stdout]   18:     0x576d3e14b133 - serial_test[10560a5b75e11aeb]::serial_code_lock::local_serial_core
[INFO] [stdout]   19:     0x576d3de75b2d - <rest_integration[612008dace2685b7]::rest_insert_many_rows::{closure#0} as core[df12db4294e9bfd3]::ops::function::FnOnce<()>>::call_once
[INFO] [stdout]   20:     0x576d3de94dab - test[9d35eded1c95d3be]::__rust_begin_short_backtrace::<core[df12db4294e9bfd3]::result::Result<(), alloc[2182bb758b4b3781]::string::String>, fn() -> core[df12db4294e9bfd3]::result::Result<(), alloc[2182bb758b4b3781]::string::String>>
[INFO] [stdout]   21:     0x576d3dea2415 - test[9d35eded1c95d3be]::run_test::{closure#0}
[INFO] [stdout]   22:     0x576d3de9bcd4 - std[70759c8f55707aa4]::sys::backtrace::__rust_begin_short_backtrace::<test[9d35eded1c95d3be]::run_test::{closure#1}, ()>
[INFO] [stdout]   23:     0x576d3dea5572 - <std[70759c8f55707aa4]::thread::lifecycle::spawn_unchecked<test[9d35eded1c95d3be]::run_test::{closure#1}, ()>::{closure#1} as core[df12db4294e9bfd3]::ops::function::FnOnce<()>>::call_once::{shim:vtable#0}
[INFO] [stdout]   24:     0x576d3e195559 - <std[70759c8f55707aa4]::sys::thread::unix::Thread>::new::thread_start
[INFO] [stdout]   25:     0x7a27ffd76dfa - <unknown>
[INFO] [stdout]   26:     0x7a27ffe0a3d4 - clone
[INFO] [stdout]   27:                0x0 - <unknown>
[INFO] [stdout] 
[INFO] [stdout] ---- rest_select_with_is_filter stdout ----
[INFO] [stdout] 
[INFO] [stdout] thread 'rest_select_with_is_filter' (2191) panicked at tests/rest_integration.rs:45:5:
[INFO] [stdout] reset_test_data RPC failed: Some(Http("error sending request for url (http://127.0.0.1:64321/rest/v1/rpc/reset_test_data)"))
[INFO] [stdout] stack backtrace:
[INFO] [stdout]    0:     0x576d3e196031 - <<std[70759c8f55707aa4]::sys::backtrace::BacktraceLock>::print::DisplayBacktrace as core[df12db4294e9bfd3]::fmt::Display>::fmt
[INFO] [stdout]    1:     0x576d3e1acdca - core[df12db4294e9bfd3]::fmt::write
[INFO] [stdout]    2:     0x576d3e19abec - <alloc[2182bb758b4b3781]::vec::Vec<u8> as core[df12db4294e9bfd3]::io::write::Write>::write_fmt
[INFO] [stdout]    3:     0x576d3e1710d6 - std[70759c8f55707aa4]::panicking::default_hook::{closure#0}
[INFO] [stdout]    4:     0x576d3e18df39 - std[70759c8f55707aa4]::panicking::default_hook
[INFO] [stdout]    5:     0x576d3dea1ac0 - test[9d35eded1c95d3be]::test_main_inner::<test[9d35eded1c95d3be]::test_main_static::{closure#0}>::{closure#0}
[INFO] [stdout]    6:     0x576d3e18e262 - std[70759c8f55707aa4]::panicking::panic_with_hook
[INFO] [stdout]    7:     0x576d3e171182 - std[70759c8f55707aa4]::panicking::panic_handler::{closure#0}
[INFO] [stdout]    8:     0x576d3e169e29 - std[70759c8f55707aa4]::sys::backtrace::__rust_end_short_backtrace::<std[70759c8f55707aa4]::panicking::panic_handler::{closure#0}, !>
[INFO] [stdout]    9:     0x576d3e171f6d - __rustc[8fa7c3cbc660c2b3]::rust_begin_unwind
[INFO] [stdout]   10:     0x576d3e1ad52c - core[df12db4294e9bfd3]::panicking::panic_fmt
[INFO] [stdout]   11:     0x576d3de7363e - rest_integration[612008dace2685b7]::reset_data::{closure#0}
[INFO] [stdout]   12:     0x576d3de70f01 - rest_integration[612008dace2685b7]::rest_select_with_is_filter::{closure#0}::{closure#0}
[INFO] [stdout]   13:     0x576d3de88e43 - <tokio[c95ab7384fd5f832]::runtime::scheduler::current_thread::Context>::enter::<core[df12db4294e9bfd3]::task::poll::Poll<()>, <tokio[c95ab7384fd5f832]::runtime::scheduler::current_thread::CoreGuard>::block_on<core[df12db4294e9bfd3]::pin::Pin<&mut core[df12db4294e9bfd3]::pin::Pin<&mut dyn core[df12db4294e9bfd3]::future::future::Future<Output = ()>>>>::{closure#0}::{closure#0}>
[INFO] [stdout]   14:     0x576d3de87cbc - <tokio[c95ab7384fd5f832]::runtime::context::scoped::Scoped<tokio[c95ab7384fd5f832]::runtime::scheduler::Context>>::set::<<tokio[c95ab7384fd5f832]::runtime::scheduler::current_thread::CoreGuard>::enter<<tokio[c95ab7384fd5f832]::runtime::scheduler::current_thread::CoreGuard>::block_on<core[df12db4294e9bfd3]::pin::Pin<&mut core[df12db4294e9bfd3]::pin::Pin<&mut dyn core[df12db4294e9bfd3]::future::future::Future<Output = ()>>>>::{closure#0}, core[df12db4294e9bfd3]::option::Option<()>>::{closure#0}, (alloc[2182bb758b4b3781]::boxed::Box<tokio[c95ab7384fd5f832]::runtime::scheduler::current_thread::Core>, core[df12db4294e9bfd3]::option::Option<()>)>
[INFO] [stdout]   15:     0x576d3de88aad - <tokio[c95ab7384fd5f832]::runtime::scheduler::current_thread::CurrentThread>::block_on::<core[df12db4294e9bfd3]::pin::Pin<&mut dyn core[df12db4294e9bfd3]::future::future::Future<Output = ()>>>
[INFO] [stdout]   16:     0x576d3de87bad - <tokio[c95ab7384fd5f832]::runtime::runtime::Runtime>::block_on::<core[df12db4294e9bfd3]::pin::Pin<&mut dyn core[df12db4294e9bfd3]::future::future::Future<Output = ()>>>
[INFO] [stdout]   17:     0x576d3de77f18 - <rest_integration[612008dace2685b7]::rest_select_with_is_filter::{closure#0} as core[df12db4294e9bfd3]::ops::function::FnOnce<()>>::call_once
[INFO] [stdout]   18:     0x576d3e14b133 - serial_test[10560a5b75e11aeb]::serial_code_lock::local_serial_core
[INFO] [stdout]   19:     0x576d3de7612d - <rest_integration[612008dace2685b7]::rest_select_with_is_filter::{closure#0} as core[df12db4294e9bfd3]::ops::function::FnOnce<()>>::call_once
[INFO] [stdout]   20:     0x576d3de94dab - test[9d35eded1c95d3be]::__rust_begin_short_backtrace::<core[df12db4294e9bfd3]::result::Result<(), alloc[2182bb758b4b3781]::string::String>, fn() -> core[df12db4294e9bfd3]::result::Result<(), alloc[2182bb758b4b3781]::string::String>>
[INFO] [stdout]   21:     0x576d3dea2415 - test[9d35eded1c95d3be]::run_test::{closure#0}
[INFO] [stdout]   22:     0x576d3de9bcd4 - std[70759c8f55707aa4]::sys::backtrace::__rust_begin_short_backtrace::<test[9d35eded1c95d3be]::run_test::{closure#1}, ()>
[INFO] [stdout]   23:     0x576d3dea5572 - <std[70759c8f55707aa4]::thread::lifecycle::spawn_unchecked<test[9d35eded1c95d3be]::run_test::{closure#1}, ()>::{closure#1} as core[df12db4294e9bfd3]::ops::function::FnOnce<()>>::call_once::{shim:vtable#0}
[INFO] [stdout]   24:     0x576d3e195559 - <std[70759c8f55707aa4]::sys::thread::unix::Thread>::new::thread_start
[INFO] [stdout]   25:     0x7a27ffd76dfa - <unknown>
[INFO] [stdout]   26:     0x7a27ffe0a3d4 - clone
[INFO] [stdout]   27:                0x0 - <unknown>
[INFO] [stdout] 
[INFO] [stdout] ---- rest_delete_with_filter stdout ----
[INFO] [stdout] 
[INFO] [stdout] thread 'rest_delete_with_filter' (2176) panicked at tests/rest_integration.rs:45:5:
[INFO] [stdout] reset_test_data RPC failed: Some(Http("error sending request for url (http://127.0.0.1:64321/rest/v1/rpc/reset_test_data)"))
[INFO] [stdout] stack backtrace:
[INFO] [stdout]    0:     0x576d3e196031 - <<std[70759c8f55707aa4]::sys::backtrace::BacktraceLock>::print::DisplayBacktrace as core[df12db4294e9bfd3]::fmt::Display>::fmt
[INFO] [stdout]    1:     0x576d3e1acdca - core[df12db4294e9bfd3]::fmt::write
[INFO] [stdout]    2:     0x576d3e19abec - <alloc[2182bb758b4b3781]::vec::Vec<u8> as core[df12db4294e9bfd3]::io::write::Write>::write_fmt
[INFO] [stdout]    3:     0x576d3e1710d6 - std[70759c8f55707aa4]::panicking::default_hook::{closure#0}
[INFO] [stdout]    4:     0x576d3e18df39 - std[70759c8f55707aa4]::panicking::default_hook
[INFO] [stdout]    5:     0x576d3dea1ac0 - test[9d35eded1c95d3be]::test_main_inner::<test[9d35eded1c95d3be]::test_main_static::{closure#0}>::{closure#0}
[INFO] [stdout]    6:     0x576d3e18e262 - std[70759c8f55707aa4]::panicking::panic_with_hook
[INFO] [stdout]    7:     0x576d3e171182 - std[70759c8f55707aa4]::panicking::panic_handler::{closure#0}
[INFO] [stdout]    8:     0x576d3e169e29 - std[70759c8f55707aa4]::sys::backtrace::__rust_end_short_backtrace::<std[70759c8f55707aa4]::panicking::panic_handler::{closure#0}, !>
[INFO] [stdout]    9:     0x576d3e171f6d - __rustc[8fa7c3cbc660c2b3]::rust_begin_unwind
[INFO] [stdout]   10:     0x576d3e1ad52c - core[df12db4294e9bfd3]::panicking::panic_fmt
[INFO] [stdout]   11:     0x576d3de7363e - rest_integration[612008dace2685b7]::reset_data::{closure#0}
[INFO] [stdout]   12:     0x576d3de6e7db - rest_integration[612008dace2685b7]::rest_delete_with_filter::{closure#0}::{closure#0}
[INFO] [stdout]   13:     0x576d3de88e43 - <tokio[c95ab7384fd5f832]::runtime::scheduler::current_thread::Context>::enter::<core[df12db4294e9bfd3]::task::poll::Poll<()>, <tokio[c95ab7384fd5f832]::runtime::scheduler::current_thread::CoreGuard>::block_on<core[df12db4294e9bfd3]::pin::Pin<&mut core[df12db4294e9bfd3]::pin::Pin<&mut dyn core[df12db4294e9bfd3]::future::future::Future<Output = ()>>>>::{closure#0}::{closure#0}>
[INFO] [stdout]   14:     0x576d3de87cbc - <tokio[c95ab7384fd5f832]::runtime::context::scoped::Scoped<tokio[c95ab7384fd5f832]::runtime::scheduler::Context>>::set::<<tokio[c95ab7384fd5f832]::runtime::scheduler::current_thread::CoreGuard>::enter<<tokio[c95ab7384fd5f832]::runtime::scheduler::current_thread::CoreGuard>::block_on<core[df12db4294e9bfd3]::pin::Pin<&mut core[df12db4294e9bfd3]::pin::Pin<&mut dyn core[df12db4294e9bfd3]::future::future::Future<Output = ()>>>>::{closure#0}, core[df12db4294e9bfd3]::option::Option<()>>::{closure#0}, (alloc[2182bb758b4b3781]::boxed::Box<tokio[c95ab7384fd5f832]::runtime::scheduler::current_thread::Core>, core[df12db4294e9bfd3]::option::Option<()>)>
[INFO] [stdout]   15:     0x576d3de88aad - <tokio[c95ab7384fd5f832]::runtime::scheduler::current_thread::CurrentThread>::block_on::<core[df12db4294e9bfd3]::pin::Pin<&mut dyn core[df12db4294e9bfd3]::future::future::Future<Output = ()>>>
[INFO] [stdout]   16:     0x576d3de87bad - <tokio[c95ab7384fd5f832]::runtime::runtime::Runtime>::block_on::<core[df12db4294e9bfd3]::pin::Pin<&mut dyn core[df12db4294e9bfd3]::future::future::Future<Output = ()>>>
[INFO] [stdout]   17:     0x576d3de778d8 - <rest_integration[612008dace2685b7]::rest_delete_with_filter::{closure#0} as core[df12db4294e9bfd3]::ops::function::FnOnce<()>>::call_once
[INFO] [stdout]   18:     0x576d3e14b133 - serial_test[10560a5b75e11aeb]::serial_code_lock::local_serial_core
[INFO] [stdout]   19:     0x576d3de75ead - <rest_integration[612008dace2685b7]::rest_delete_with_filter::{closure#0} as core[df12db4294e9bfd3]::ops::function::FnOnce<()>>::call_once
[INFO] [stdout]   20:     0x576d3de94dab - test[9d35eded1c95d3be]::__rust_begin_short_backtrace::<core[df12db4294e9bfd3]::result::Result<(), alloc[2182bb758b4b3781]::string::String>, fn() -> core[df12db4294e9bfd3]::result::Result<(), alloc[2182bb758b4b3781]::string::String>>
[INFO] [stdout]   21:     0x576d3dea2415 - test[9d35eded1c95d3be]::run_test::{closure#0}
[INFO] [stdout]   22:     0x576d3de9bcd4 - std[70759c8f55707aa4]::sys::backtrace::__rust_begin_short_backtrace::<test[9d35eded1c95d3be]::run_test::{closure#1}, ()>
[INFO] [stdout]   23:     0x576d3dea5572 - <std[70759c8f55707aa4]::thread::lifecycle::spawn_unchecked<test[9d35eded1c95d3be]::run_test::{closure#1}, ()>::{closure#1} as core[df12db4294e9bfd3]::ops::function::FnOnce<()>>::call_once::{shim:vtable#0}
[INFO] [stdout]   24:     0x576d3e195559 - <std[70759c8f55707aa4]::sys::thread::unix::Thread>::new::thread_start
[INFO] [stdout]   25:     0x7a27ffd76dfa - <unknown>
[INFO] [stdout]   26:     0x7a27ffe0a3d4 - clone
[INFO] [stdout]   27:                0x0 - <unknown>
[INFO] [stdout] 
[INFO] [stdout] ---- rest_select_with_gte_lte_filter stdout ----
[INFO] [stdout] 
[INFO] [stdout] thread 'rest_select_with_gte_lte_filter' (2188) panicked at tests/rest_integration.rs:45:5:
[INFO] [stdout] reset_test_data RPC failed: Some(Http("error sending request for url (http://127.0.0.1:64321/rest/v1/rpc/reset_test_data)"))
[INFO] [stdout] stack backtrace:
[INFO] [stdout]    0:     0x576d3e196031 - <<std[70759c8f55707aa4]::sys::backtrace::BacktraceLock>::print::DisplayBacktrace as core[df12db4294e9bfd3]::fmt::Display>::fmt
[INFO] [stdout]    1:     0x576d3e1acdca - core[df12db4294e9bfd3]::fmt::write
[INFO] [stdout]    2:     0x576d3e19abec - <alloc[2182bb758b4b3781]::vec::Vec<u8> as core[df12db4294e9bfd3]::io::write::Write>::write_fmt
[INFO] [stdout]    3:     0x576d3e1710d6 - std[70759c8f55707aa4]::panicking::default_hook::{closure#0}
[INFO] [stdout]    4:     0x576d3e18df39 - std[70759c8f55707aa4]::panicking::default_hook
[INFO] [stdout]    5:     0x576d3dea1ac0 - test[9d35eded1c95d3be]::test_main_inner::<test[9d35eded1c95d3be]::test_main_static::{closure#0}>::{closure#0}
[INFO] [stdout]    6:     0x576d3e18e262 - std[70759c8f55707aa4]::panicking::panic_with_hook
[INFO] [stdout]    7:     0x576d3e171182 - std[70759c8f55707aa4]::panicking::panic_handler::{closure#0}
[INFO] [stdout]    8:     0x576d3e169e29 - std[70759c8f55707aa4]::sys::backtrace::__rust_end_short_backtrace::<std[70759c8f55707aa4]::panicking::panic_handler::{closure#0}, !>
[INFO] [stdout]    9:     0x576d3e171f6d - __rustc[8fa7c3cbc660c2b3]::rust_begin_unwind
[INFO] [stdout]   10:     0x576d3e1ad52c - core[df12db4294e9bfd3]::panicking::panic_fmt
[INFO] [stdout]   11:     0x576d3de7363e - rest_integration[612008dace2685b7]::reset_data::{closure#0}
[INFO] [stdout]   12:     0x576d3de72f61 - rest_integration[612008dace2685b7]::rest_select_with_gte_lte_filter::{closure#0}::{closure#0}
[INFO] [stdout]   13:     0x576d3de88e43 - <tokio[c95ab7384fd5f832]::runtime::scheduler::current_thread::Context>::enter::<core[df12db4294e9bfd3]::task::poll::Poll<()>, <tokio[c95ab7384fd5f832]::runtime::scheduler::current_thread::CoreGuard>::block_on<core[df12db4294e9bfd3]::pin::Pin<&mut core[df12db4294e9bfd3]::pin::Pin<&mut dyn core[df12db4294e9bfd3]::future::future::Future<Output = ()>>>>::{closure#0}::{closure#0}>
[INFO] [stdout]   14:     0x576d3de87cbc - <tokio[c95ab7384fd5f832]::runtime::context::scoped::Scoped<tokio[c95ab7384fd5f832]::runtime::scheduler::Context>>::set::<<tokio[c95ab7384fd5f832]::runtime::scheduler::current_thread::CoreGuard>::enter<<tokio[c95ab7384fd5f832]::runtime::scheduler::current_thread::CoreGuard>::block_on<core[df12db4294e9bfd3]::pin::Pin<&mut core[df12db4294e9bfd3]::pin::Pin<&mut dyn core[df12db4294e9bfd3]::future::future::Future<Output = ()>>>>::{closure#0}, core[df12db4294e9bfd3]::option::Option<()>>::{closure#0}, (alloc[2182bb758b4b3781]::boxed::Box<tokio[c95ab7384fd5f832]::runtime::scheduler::current_thread::Core>, core[df12db4294e9bfd3]::option::Option<()>)>
[INFO] [stdout]   15:     0x576d3de88aad - <tokio[c95ab7384fd5f832]::runtime::scheduler::current_thread::CurrentThread>::block_on::<core[df12db4294e9bfd3]::pin::Pin<&mut dyn core[df12db4294e9bfd3]::future::future::Future<Output = ()>>>
[INFO] [stdout]   16:     0x576d3de87bad - <tokio[c95ab7384fd5f832]::runtime::runtime::Runtime>::block_on::<core[df12db4294e9bfd3]::pin::Pin<&mut dyn core[df12db4294e9bfd3]::future::future::Future<Output = ()>>>
[INFO] [stdout]   17:     0x576d3de78698 - <rest_integration[612008dace2685b7]::rest_select_with_gte_lte_filter::{closure#0} as core[df12db4294e9bfd3]::ops::function::FnOnce<()>>::call_once
[INFO] [stdout]   18:     0x576d3e14b133 - serial_test[10560a5b75e11aeb]::serial_code_lock::local_serial_core
[INFO] [stdout]   19:     0x576d3de7642d - <rest_integration[612008dace2685b7]::rest_select_with_gte_lte_filter::{closure#0} as core[df12db4294e9bfd3]::ops::function::FnOnce<()>>::call_once
[INFO] [stdout]   20:     0x576d3de94dab - test[9d35eded1c95d3be]::__rust_begin_short_backtrace::<core[df12db4294e9bfd3]::result::Result<(), alloc[2182bb758b4b3781]::string::String>, fn() -> core[df12db4294e9bfd3]::result::Result<(), alloc[2182bb758b4b3781]::string::String>>
[INFO] [stdout]   21:     0x576d3dea2415 - test[9d35eded1c95d3be]::run_test::{closure#0}
[INFO] [stdout]   22:     0x576d3de9bcd4 - std[70759c8f55707aa4]::sys::backtrace::__rust_begin_short_backtrace::<test[9d35eded1c95d3be]::run_test::{closure#1}, ()>
[INFO] [stdout]   23:     0x576d3dea5572 - <std[70759c8f55707aa4]::thread::lifecycle::spawn_unchecked<test[9d35eded1c95d3be]::run_test::{closure#1}, ()>::{closure#1} as core[df12db4294e9bfd3]::ops::function::FnOnce<()>>::call_once::{shim:vtable#0}
[INFO] [stdout]   24:     0x576d3e195559 - <std[70759c8f55707aa4]::sys::thread::unix::Thread>::new::thread_start
[INFO] [stdout]   25:     0x7a27ffd76dfa - <unknown>
[INFO] [stdout]   26:     0x7a27ffe0a3d4 - clone
[INFO] [stdout]   27:                0x0 - <unknown>
[INFO] [stdout] 
[INFO] [stdout] ---- rest_rpc_call stdout ----
[INFO] [stdout] 
[INFO] [stdout] thread 'rest_rpc_call' (2179) panicked at tests/rest_integration.rs:45:5:
[INFO] [stdout] reset_test_data RPC failed: Some(Http("error sending request for url (http://127.0.0.1:64321/rest/v1/rpc/reset_test_data)"))
[INFO] [stdout] stack backtrace:
[INFO] [stdout]    0:     0x576d3e196031 - <<std[70759c8f55707aa4]::sys::backtrace::BacktraceLock>::print::DisplayBacktrace as core[df12db4294e9bfd3]::fmt::Display>::fmt
[INFO] [stdout]    1:     0x576d3e1acdca - core[df12db4294e9bfd3]::fmt::write
[INFO] [stdout]    2:     0x576d3e19abec - <alloc[2182bb758b4b3781]::vec::Vec<u8> as core[df12db4294e9bfd3]::io::write::Write>::write_fmt
[INFO] [stdout]    3:     0x576d3e1710d6 - std[70759c8f55707aa4]::panicking::default_hook::{closure#0}
[INFO] [stdout]    4:     0x576d3e18df39 - std[70759c8f55707aa4]::panicking::default_hook
[INFO] [stdout]    5:     0x576d3dea1ac0 - test[9d35eded1c95d3be]::test_main_inner::<test[9d35eded1c95d3be]::test_main_static::{closure#0}>::{closure#0}
[INFO] [stdout]    6:     0x576d3e18e262 - std[70759c8f55707aa4]::panicking::panic_with_hook
[INFO] [stdout]    7:     0x576d3e171182 - std[70759c8f55707aa4]::panicking::panic_handler::{closure#0}
[INFO] [stdout]    8:     0x576d3e169e29 - std[70759c8f55707aa4]::sys::backtrace::__rust_end_short_backtrace::<std[70759c8f55707aa4]::panicking::panic_handler::{closure#0}, !>
[INFO] [stdout]    9:     0x576d3e171f6d - __rustc[8fa7c3cbc660c2b3]::rust_begin_unwind
[INFO] [stdout]   10:     0x576d3e1ad52c - core[df12db4294e9bfd3]::panicking::panic_fmt
[INFO] [stdout]   11:     0x576d3de7363e - rest_integration[612008dace2685b7]::reset_data::{closure#0}
[INFO] [stdout]   12:     0x576d3de64651 - rest_integration[612008dace2685b7]::rest_rpc_call::{closure#0}::{closure#0}
[INFO] [stdout]   13:     0x576d3de88e43 - <tokio[c95ab7384fd5f832]::runtime::scheduler::current_thread::Context>::enter::<core[df12db4294e9bfd3]::task::poll::Poll<()>, <tokio[c95ab7384fd5f832]::runtime::scheduler::current_thread::CoreGuard>::block_on<core[df12db4294e9bfd3]::pin::Pin<&mut core[df12db4294e9bfd3]::pin::Pin<&mut dyn core[df12db4294e9bfd3]::future::future::Future<Output = ()>>>>::{closure#0}::{closure#0}>
[INFO] [stdout]   14:     0x576d3de87cbc - <tokio[c95ab7384fd5f832]::runtime::context::scoped::Scoped<tokio[c95ab7384fd5f832]::runtime::scheduler::Context>>::set::<<tokio[c95ab7384fd5f832]::runtime::scheduler::current_thread::CoreGuard>::enter<<tokio[c95ab7384fd5f832]::runtime::scheduler::current_thread::CoreGuard>::block_on<core[df12db4294e9bfd3]::pin::Pin<&mut core[df12db4294e9bfd3]::pin::Pin<&mut dyn core[df12db4294e9bfd3]::future::future::Future<Output = ()>>>>::{closure#0}, core[df12db4294e9bfd3]::option::Option<()>>::{closure#0}, (alloc[2182bb758b4b3781]::boxed::Box<tokio[c95ab7384fd5f832]::runtime::scheduler::current_thread::Core>, core[df12db4294e9bfd3]::option::Option<()>)>
[INFO] [stdout]   15:     0x576d3de88aad - <tokio[c95ab7384fd5f832]::runtime::scheduler::current_thread::CurrentThread>::block_on::<core[df12db4294e9bfd3]::pin::Pin<&mut dyn core[df12db4294e9bfd3]::future::future::Future<Output = ()>>>
[INFO] [stdout]   16:     0x576d3de87bad - <tokio[c95ab7384fd5f832]::runtime::runtime::Runtime>::block_on::<core[df12db4294e9bfd3]::pin::Pin<&mut dyn core[df12db4294e9bfd3]::future::future::Future<Output = ()>>>
[INFO] [stdout]   17:     0x576d3de764d8 - <rest_integration[612008dace2685b7]::rest_rpc_call::{closure#0} as core[df12db4294e9bfd3]::ops::function::FnOnce<()>>::call_once
[INFO] [stdout]   18:     0x576d3e14b133 - serial_test[10560a5b75e11aeb]::serial_code_lock::local_serial_core
[INFO] [stdout]   19:     0x576d3de756ad - <rest_integration[612008dace2685b7]::rest_rpc_call::{closure#0} as core[df12db4294e9bfd3]::ops::function::FnOnce<()>>::call_once
[INFO] [stdout]   20:     0x576d3de94dab - test[9d35eded1c95d3be]::__rust_begin_short_backtrace::<core[df12db4294e9bfd3]::result::Result<(), alloc[2182bb758b4b3781]::string::String>, fn() -> core[df12db4294e9bfd3]::result::Result<(), alloc[2182bb758b4b3781]::string::String>>
[INFO] [stdout]   21:     0x576d3dea2415 - test[9d35eded1c95d3be]::run_test::{closure#0}
[INFO] [stdout]   22:     0x576d3de9bcd4 - std[70759c8f55707aa4]::sys::backtrace::__rust_begin_short_backtrace::<test[9d35eded1c95d3be]::run_test::{closure#1}, ()>
[INFO] [stdout]   23:     0x576d3dea5572 - <std[70759c8f55707aa4]::thread::lifecycle::spawn_unchecked<test[9d35eded1c95d3be]::run_test::{closure#1}, ()>::{closure#1} as core[df12db4294e9bfd3]::ops::function::FnOnce<()>>::call_once::{shim:vtable#0}
[INFO] [stdout]   24:     0x576d3e195559 - <std[70759c8f55707aa4]::sys::thread::unix::Thread>::new::thread_start
[INFO] [stdout]   25:     0x7a27ffd76dfa - <unknown>
[INFO] [stdout]   26:     0x7a27ffe0a3d4 - clone
[INFO] [stdout]   27:                0x0 - <unknown>
[INFO] [stdout] 
[INFO] [stdout] ---- rest_select_with_order stdout ----
[INFO] [stdout] 
[INFO] [stdout] thread 'rest_select_with_order' (2195) panicked at tests/rest_integration.rs:45:5:
[INFO] [stdout] reset_test_data RPC failed: Some(Http("error sending request for url (http://127.0.0.1:64321/rest/v1/rpc/reset_test_data)"))
[INFO] [stdout] stack backtrace:
[INFO] [stdout]    0:     0x576d3e196031 - <<std[70759c8f55707aa4]::sys::backtrace::BacktraceLock>::print::DisplayBacktrace as core[df12db4294e9bfd3]::fmt::Display>::fmt
[INFO] [stdout]    1:     0x576d3e1acdca - core[df12db4294e9bfd3]::fmt::write
[INFO] [stdout]    2:     0x576d3e19abec - <alloc[2182bb758b4b3781]::vec::Vec<u8> as core[df12db4294e9bfd3]::io::write::Write>::write_fmt
[INFO] [stdout]    3:     0x576d3e1710d6 - std[70759c8f55707aa4]::panicking::default_hook::{closure#0}
[INFO] [stdout]    4:     0x576d3e18df39 - std[70759c8f55707aa4]::panicking::default_hook
[INFO] [stdout]    5:     0x576d3dea1ac0 - test[9d35eded1c95d3be]::test_main_inner::<test[9d35eded1c95d3be]::test_main_static::{closure#0}>::{closure#0}
[INFO] [stdout]    6:     0x576d3e18e262 - std[70759c8f55707aa4]::panicking::panic_with_hook
[INFO] [stdout]    7:     0x576d3e171182 - std[70759c8f55707aa4]::panicking::panic_handler::{closure#0}
[INFO] [stdout]    8:     0x576d3e169e29 - std[70759c8f55707aa4]::sys::backtrace::__rust_end_short_backtrace::<std[70759c8f55707aa4]::panicking::panic_handler::{closure#0}, !>
[INFO] [stdout]    9:     0x576d3e171f6d - __rustc[8fa7c3cbc660c2b3]::rust_begin_unwind
[INFO] [stdout]   10:     0x576d3e1ad52c - core[df12db4294e9bfd3]::panicking::panic_fmt
[INFO] [stdout]   11:     0x576d3de7363e - rest_integration[612008dace2685b7]::reset_data::{closure#0}
[INFO] [stdout]   12:     0x576d3de6cb51 - rest_integration[612008dace2685b7]::rest_select_with_order::{closure#0}::{closure#0}
[INFO] [stdout]   13:     0x576d3de88e43 - <tokio[c95ab7384fd5f832]::runtime::scheduler::current_thread::Context>::enter::<core[df12db4294e9bfd3]::task::poll::Poll<()>, <tokio[c95ab7384fd5f832]::runtime::scheduler::current_thread::CoreGuard>::block_on<core[df12db4294e9bfd3]::pin::Pin<&mut core[df12db4294e9bfd3]::pin::Pin<&mut dyn core[df12db4294e9bfd3]::future::future::Future<Output = ()>>>>::{closure#0}::{closure#0}>
[INFO] [stdout]   14:     0x576d3de87cbc - <tokio[c95ab7384fd5f832]::runtime::context::scoped::Scoped<tokio[c95ab7384fd5f832]::runtime::scheduler::Context>>::set::<<tokio[c95ab7384fd5f832]::runtime::scheduler::current_thread::CoreGuard>::enter<<tokio[c95ab7384fd5f832]::runtime::scheduler::current_thread::CoreGuard>::block_on<core[df12db4294e9bfd3]::pin::Pin<&mut core[df12db4294e9bfd3]::pin::Pin<&mut dyn core[df12db4294e9bfd3]::future::future::Future<Output = ()>>>>::{closure#0}, core[df12db4294e9bfd3]::option::Option<()>>::{closure#0}, (alloc[2182bb758b4b3781]::boxed::Box<tokio[c95ab7384fd5f832]::runtime::scheduler::current_thread::Core>, core[df12db4294e9bfd3]::option::Option<()>)>
[INFO] [stdout]   15:     0x576d3de88aad - <tokio[c95ab7384fd5f832]::runtime::scheduler::current_thread::CurrentThread>::block_on::<core[df12db4294e9bfd3]::pin::Pin<&mut dyn core[df12db4294e9bfd3]::future::future::Future<Output = ()>>>
[INFO] [stdout]   16:     0x576d3de87bad - <tokio[c95ab7384fd5f832]::runtime::runtime::Runtime>::block_on::<core[df12db4294e9bfd3]::pin::Pin<&mut dyn core[df12db4294e9bfd3]::future::future::Future<Output = ()>>>
[INFO] [stdout]   17:     0x576d3de77518 - <rest_integration[612008dace2685b7]::rest_select_with_order::{closure#0} as core[df12db4294e9bfd3]::ops::function::FnOnce<()>>::call_once
[INFO] [stdout]   18:     0x576d3e14b133 - serial_test[10560a5b75e11aeb]::serial_code_lock::local_serial_core
[INFO] [stdout]   19:     0x576d3de75d2d - <rest_integration[612008dace2685b7]::rest_select_with_order::{closure#0} as core[df12db4294e9bfd3]::ops::function::FnOnce<()>>::call_once
[INFO] [stdout]   20:     0x576d3de94dab - test[9d35eded1c95d3be]::__rust_begin_short_backtrace::<core[df12db4294e9bfd3]::result::Result<(), alloc[2182bb758b4b3781]::string::String>, fn() -> core[df12db4294e9bfd3]::result::Result<(), alloc[2182bb758b4b3781]::string::String>>
[INFO] [stdout]   21:     0x576d3dea2415 - test[9d35eded1c95d3be]::run_test::{closure#0}
[INFO] [stdout]   22:     0x576d3de9bcd4 - std[70759c8f55707aa4]::sys::backtrace::__rust_begin_short_backtrace::<test[9d35eded1c95d3be]::run_test::{closure#1}, ()>
[INFO] [stdout]   23:     0x576d3dea5572 - <std[70759c8f55707aa4]::thread::lifecycle::spawn_unchecked<test[9d35eded1c95d3be]::run_test::{closure#1}, ()>::{closure#1} as core[df12db4294e9bfd3]::ops::function::FnOnce<()>>::call_once::{shim:vtable#0}
[INFO] [stdout]   24:     0x576d3e195559 - <std[70759c8f55707aa4]::sys::thread::unix::Thread>::new::thread_start
[INFO] [stdout]   25:     0x7a27ffd76dfa - <unknown>
[INFO] [stdout]   26:     0x7a27ffe0a3d4 - clone
[INFO] [stdout]   27:                0x0 - <unknown>
[INFO] [stdout] 
[INFO] [stdout] ---- rest_select_with_order_desc stdout ----
[INFO] [stdout] 
[INFO] [stdout] thread 'rest_select_with_order_desc' (2196) panicked at tests/rest_integration.rs:45:5:
[INFO] [stdout] reset_test_data RPC failed: Some(Http("error sending request for url (http://127.0.0.1:64321/rest/v1/rpc/reset_test_data)"))
[INFO] [stdout] stack backtrace:
[INFO] [stdout]    0:     0x576d3e196031 - <<std[70759c8f55707aa4]::sys::backtrace::BacktraceLock>::print::DisplayBacktrace as core[df12db4294e9bfd3]::fmt::Display>::fmt
[INFO] [stdout]    1:     0x576d3e1acdca - core[df12db4294e9bfd3]::fmt::write
[INFO] [stdout]    2:     0x576d3e19abec - <alloc[2182bb758b4b3781]::vec::Vec<u8> as core[df12db4294e9bfd3]::io::write::Write>::write_fmt
[INFO] [stdout]    3:     0x576d3e1710d6 - std[70759c8f55707aa4]::panicking::default_hook::{closure#0}
[INFO] [stdout]    4:     0x576d3e18df39 - std[70759c8f55707aa4]::panicking::default_hook
[INFO] [stdout]    5:     0x576d3dea1ac0 - test[9d35eded1c95d3be]::test_main_inner::<test[9d35eded1c95d3be]::test_main_static::{closure#0}>::{closure#0}
[INFO] [stdout]    6:     0x576d3e18e262 - std[70759c8f55707aa4]::panicking::panic_with_hook
[INFO] [stdout]    7:     0x576d3e171182 - std[70759c8f55707aa4]::panicking::panic_handler::{closure#0}
[INFO] [stdout]    8:     0x576d3e169e29 - std[70759c8f55707aa4]::sys::backtrace::__rust_end_short_backtrace::<std[70759c8f55707aa4]::panicking::panic_handler::{closure#0}, !>
[INFO] [stdout]    9:     0x576d3e171f6d - __rustc[8fa7c3cbc660c2b3]::rust_begin_unwind
[INFO] [stdout]   10:     0x576d3e1ad52c - core[df12db4294e9bfd3]::panicking::panic_fmt
[INFO] [stdout]   11:     0x576d3de7363e - rest_integration[612008dace2685b7]::reset_data::{closure#0}
[INFO] [stdout]   12:     0x576d3de718e1 - rest_integration[612008dace2685b7]::rest_select_with_order_desc::{closure#0}::{closure#0}
[INFO] [stdout]   13:     0x576d3de88e43 - <tokio[c95ab7384fd5f832]::runtime::scheduler::current_thread::Context>::enter::<core[df12db4294e9bfd3]::task::poll::Poll<()>, <tokio[c95ab7384fd5f832]::runtime::scheduler::current_thread::CoreGuard>::block_on<core[df12db4294e9bfd3]::pin::Pin<&mut core[df12db4294e9bfd3]::pin::Pin<&mut dyn core[df12db4294e9bfd3]::future::future::Future<Output = ()>>>>::{closure#0}::{closure#0}>
[INFO] [stdout]   14:     0x576d3de87cbc - <tokio[c95ab7384fd5f832]::runtime::context::scoped::Scoped<tokio[c95ab7384fd5f832]::runtime::scheduler::Context>>::set::<<tokio[c95ab7384fd5f832]::runtime::scheduler::current_thread::CoreGuard>::enter<<tokio[c95ab7384fd5f832]::runtime::scheduler::current_thread::CoreGuard>::block_on<core[df12db4294e9bfd3]::pin::Pin<&mut core[df12db4294e9bfd3]::pin::Pin<&mut dyn core[df12db4294e9bfd3]::future::future::Future<Output = ()>>>>::{closure#0}, core[df12db4294e9bfd3]::option::Option<()>>::{closure#0}, (alloc[2182bb758b4b3781]::boxed::Box<tokio[c95ab7384fd5f832]::runtime::scheduler::current_thread::Core>, core[df12db4294e9bfd3]::option::Option<()>)>
[INFO] [stdout]   15:     0x576d3de88aad - <tokio[c95ab7384fd5f832]::runtime::scheduler::current_thread::CurrentThread>::block_on::<core[df12db4294e9bfd3]::pin::Pin<&mut dyn core[df12db4294e9bfd3]::future::future::Future<Output = ()>>>
[INFO] [stdout]   16:     0x576d3de87bad - <tokio[c95ab7384fd5f832]::runtime::runtime::Runtime>::block_on::<core[df12db4294e9bfd3]::pin::Pin<&mut dyn core[df12db4294e9bfd3]::future::future::Future<Output = ()>>>
[INFO] [stdout]   17:     0x576d3de78198 - <rest_integration[612008dace2685b7]::rest_select_with_order_desc::{closure#0} as core[df12db4294e9bfd3]::ops::function::FnOnce<()>>::call_once
[INFO] [stdout]   18:     0x576d3e14b133 - serial_test[10560a5b75e11aeb]::serial_code_lock::local_serial_core
[INFO] [stdout]   19:     0x576d3de7622d - <rest_integration[612008dace2685b7]::rest_select_with_order_desc::{closure#0} as core[df12db4294e9bfd3]::ops::function::FnOnce<()>>::call_once
[INFO] [stdout]   20:     0x576d3de94dab - test[9d35eded1c95d3be]::__rust_begin_short_backtrace::<core[df12db4294e9bfd3]::result::Result<(), alloc[2182bb758b4b3781]::string::String>, fn() -> core[df12db4294e9bfd3]::result::Result<(), alloc[2182bb758b4b3781]::string::String>>
[INFO] [stdout]   21:     0x576d3dea2415 - test[9d35eded1c95d3be]::run_test::{closure#0}
[INFO] [stdout]   22:     0x576d3de9bcd4 - std[70759c8f55707aa4]::sys::backtrace::__rust_begin_short_backtrace::<test[9d35eded1c95d3be]::run_test::{closure#1}, ()>
[INFO] [stdout]   23:     0x576d3dea5572 - <std[70759c8f55707aa4]::thread::lifecycle::spawn_unchecked<test[9d35eded1c95d3be]::run_test::{closure#1}, ()>::{closure#1} as core[df12db4294e9bfd3]::ops::function::FnOnce<()>>::call_once::{shim:vtable#0}
[INFO] [stdout]   24:     0x576d3e195559 - <std[70759c8f55707aa4]::sys::thread::unix::Thread>::new::thread_start
[INFO] [stdout]   25:     0x7a27ffd76dfa - <unknown>
[INFO] [stdout]   26:     0x7a27ffe0a3d4 - clone
[INFO] [stdout]   27:                0x0 - <unknown>
[INFO] [stdout] 
[INFO] [stdout] ---- rest_rpc_rollback stdout ----
[INFO] [stdout] 
[INFO] [stdout] thread 'rest_rpc_rollback' (2180) panicked at tests/rest_integration.rs:45:5:
[INFO] [stdout] reset_test_data RPC failed: Some(Http("error sending request for url (http://127.0.0.1:64321/rest/v1/rpc/reset_test_data)"))
[INFO] [stdout] stack backtrace:
[INFO] [stdout]    0:     0x576d3e196031 - <<std[70759c8f55707aa4]::sys::backtrace::BacktraceLock>::print::DisplayBacktrace as core[df12db4294e9bfd3]::fmt::Display>::fmt
[INFO] [stdout]    1:     0x576d3e1acdca - core[df12db4294e9bfd3]::fmt::write
[INFO] [stdout]    2:     0x576d3e19abec - <alloc[2182bb758b4b3781]::vec::Vec<u8> as core[df12db4294e9bfd3]::io::write::Write>::write_fmt
[INFO] [stdout]    3:     0x576d3e1710d6 - std[70759c8f55707aa4]::panicking::default_hook::{closure#0}
[INFO] [stdout]    4:     0x576d3e18df39 - std[70759c8f55707aa4]::panicking::default_hook
[INFO] [stdout]    5:     0x576d3dea1ac0 - test[9d35eded1c95d3be]::test_main_inner::<test[9d35eded1c95d3be]::test_main_static::{closure#0}>::{closure#0}
[INFO] [stdout]    6:     0x576d3e18e262 - std[70759c8f55707aa4]::panicking::panic_with_hook
[INFO] [stdout]    7:     0x576d3e171182 - std[70759c8f55707aa4]::panicking::panic_handler::{closure#0}
[INFO] [stdout]    8:     0x576d3e169e29 - std[70759c8f55707aa4]::sys::backtrace::__rust_end_short_backtrace::<std[70759c8f55707aa4]::panicking::panic_handler::{closure#0}, !>
[INFO] [stdout]    9:     0x576d3e171f6d - __rustc[8fa7c3cbc660c2b3]::rust_begin_unwind
[INFO] [stdout]   10:     0x576d3e1ad52c - core[df12db4294e9bfd3]::panicking::panic_fmt
[INFO] [stdout]   11:     0x576d3de7363e - rest_integration[612008dace2685b7]::reset_data::{closure#0}
[INFO] [stdout]   12:     0x576d3de69be1 - rest_integration[612008dace2685b7]::rest_rpc_rollback::{closure#0}::{closure#0}
[INFO] [stdout]   13:     0x576d3de88e43 - <tokio[c95ab7384fd5f832]::runtime::scheduler::current_thread::Context>::enter::<core[df12db4294e9bfd3]::task::poll::Poll<()>, <tokio[c95ab7384fd5f832]::runtime::scheduler::current_thread::CoreGuard>::block_on<core[df12db4294e9bfd3]::pin::Pin<&mut core[df12db4294e9bfd3]::pin::Pin<&mut dyn core[df12db4294e9bfd3]::future::future::Future<Output = ()>>>>::{closure#0}::{closure#0}>
[INFO] [stdout]   14:     0x576d3de87cbc - <tokio[c95ab7384fd5f832]::runtime::context::scoped::Scoped<tokio[c95ab7384fd5f832]::runtime::scheduler::Context>>::set::<<tokio[c95ab7384fd5f832]::runtime::scheduler::current_thread::CoreGuard>::enter<<tokio[c95ab7384fd5f832]::runtime::scheduler::current_thread::CoreGuard>::block_on<core[df12db4294e9bfd3]::pin::Pin<&mut core[df12db4294e9bfd3]::pin::Pin<&mut dyn core[df12db4294e9bfd3]::future::future::Future<Output = ()>>>>::{closure#0}, core[df12db4294e9bfd3]::option::Option<()>>::{closure#0}, (alloc[2182bb758b4b3781]::boxed::Box<tokio[c95ab7384fd5f832]::runtime::scheduler::current_thread::Core>, core[df12db4294e9bfd3]::option::Option<()>)>
[INFO] [stdout]   15:     0x576d3de88aad - <tokio[c95ab7384fd5f832]::runtime::scheduler::current_thread::CurrentThread>::block_on::<core[df12db4294e9bfd3]::pin::Pin<&mut dyn core[df12db4294e9bfd3]::future::future::Future<Output = ()>>>
[INFO] [stdout]   16:     0x576d3de87bad - <tokio[c95ab7384fd5f832]::runtime::runtime::Runtime>::block_on::<core[df12db4294e9bfd3]::pin::Pin<&mut dyn core[df12db4294e9bfd3]::future::future::Future<Output = ()>>>
[INFO] [stdout]   17:     0x576d3de76b18 - <rest_integration[612008dace2685b7]::rest_rpc_rollback::{closure#0} as core[df12db4294e9bfd3]::ops::function::FnOnce<()>>::call_once
[INFO] [stdout]   18:     0x576d3e14b133 - serial_test[10560a5b75e11aeb]::serial_code_lock::local_serial_core
[INFO] [stdout]   19:     0x576d3de7592d - <rest_integration[612008dace2685b7]::rest_rpc_rollback::{closure#0} as core[df12db4294e9bfd3]::ops::function::FnOnce<()>>::call_once
[INFO] [stdout]   20:     0x576d3de94dab - test[9d35eded1c95d3be]::__rust_begin_short_backtrace::<core[df12db4294e9bfd3]::result::Result<(), alloc[2182bb758b4b3781]::string::String>, fn() -> core[df12db4294e9bfd3]::result::Result<(), alloc[2182bb758b4b3781]::string::String>>
[INFO] [stdout]   21:     0x576d3dea2415 - test[9d35eded1c95d3be]::run_test::{closure#0}
[INFO] [stdout]   22:     0x576d3de9bcd4 - std[70759c8f55707aa4]::sys::backtrace::__rust_begin_short_backtrace::<test[9d35eded1c95d3be]::run_test::{closure#1}, ()>
[INFO] [stdout]   23:     0x576d3dea5572 - <std[70759c8f55707aa4]::thread::lifecycle::spawn_unchecked<test[9d35eded1c95d3be]::run_test::{closure#1}, ()>::{closure#1} as core[df12db4294e9bfd3]::ops::function::FnOnce<()>>::call_once::{shim:vtable#0}
[INFO] [stdout]   24:     0x576d3e195559 - <std[70759c8f55707aa4]::sys::thread::unix::Thread>::new::thread_start
[INFO] [stdout]   25:     0x7a27ffd76dfa - <unknown>
[INFO] [stdout]   26:     0x7a27ffe0a3d4 - clone
[INFO] [stdout]   27:                0x0 - <unknown>
[INFO] [stdout] 
[INFO] [stdout] ---- rest_select_specific_columns stdout ----
[INFO] [stdout] 
[INFO] [stdout] thread 'rest_select_specific_columns' (2184) panicked at tests/rest_integration.rs:45:5:
[INFO] [stdout] reset_test_data RPC failed: Some(Http("error sending request for url (http://127.0.0.1:64321/rest/v1/rpc/reset_test_data)"))
[INFO] [stdout] stack backtrace:
[INFO] [stdout]    0:     0x576d3e196031 - <<std[70759c8f55707aa4]::sys::backtrace::BacktraceLock>::print::DisplayBacktrace as core[df12db4294e9bfd3]::fmt::Display>::fmt
[INFO] [stdout]    1:     0x576d3e1acdca - core[df12db4294e9bfd3]::fmt::write
[INFO] [stdout]    2:     0x576d3e19abec - <alloc[2182bb758b4b3781]::vec::Vec<u8> as core[df12db4294e9bfd3]::io::write::Write>::write_fmt
[INFO] [stdout]    3:     0x576d3e1710d6 - std[70759c8f55707aa4]::panicking::default_hook::{closure#0}
[INFO] [stdout]    4:     0x576d3e18df39 - std[70759c8f55707aa4]::panicking::default_hook
[INFO] [stdout]    5:     0x576d3dea1ac0 - test[9d35eded1c95d3be]::test_main_inner::<test[9d35eded1c95d3be]::test_main_static::{closure#0}>::{closure#0}
[INFO] [stdout]    6:     0x576d3e18e262 - std[70759c8f55707aa4]::panicking::panic_with_hook
[INFO] [stdout]    7:     0x576d3e171182 - std[70759c8f55707aa4]::panicking::panic_handler::{closure#0}
[INFO] [stdout]    8:     0x576d3e169e29 - std[70759c8f55707aa4]::sys::backtrace::__rust_end_short_backtrace::<std[70759c8f55707aa4]::panicking::panic_handler::{closure#0}, !>
[INFO] [stdout]    9:     0x576d3e171f6d - __rustc[8fa7c3cbc660c2b3]::rust_begin_unwind
[INFO] [stdout]   10:     0x576d3e1ad52c - core[df12db4294e9bfd3]::panicking::panic_fmt
[INFO] [stdout]   11:     0x576d3de7363e - rest_integration[612008dace2685b7]::reset_data::{closure#0}
[INFO] [stdout]   12:     0x576d3de72021 - rest_integration[612008dace2685b7]::rest_select_specific_columns::{closure#0}::{closure#0}
[INFO] [stdout]   13:     0x576d3de88e43 - <tokio[c95ab7384fd5f832]::runtime::scheduler::current_thread::Context>::enter::<core[df12db4294e9bfd3]::task::poll::Poll<()>, <tokio[c95ab7384fd5f832]::runtime::scheduler::current_thread::CoreGuard>::block_on<core[df12db4294e9bfd3]::pin::Pin<&mut core[df12db4294e9bfd3]::pin::Pin<&mut dyn core[df12db4294e9bfd3]::future::future::Future<Output = ()>>>>::{closure#0}::{closure#0}>
[INFO] [stdout]   14:     0x576d3de87cbc - <tokio[c95ab7384fd5f832]::runtime::context::scoped::Scoped<tokio[c95ab7384fd5f832]::runtime::scheduler::Context>>::set::<<tokio[c95ab7384fd5f832]::runtime::scheduler::current_thread::CoreGuard>::enter<<tokio[c95ab7384fd5f832]::runtime::scheduler::current_thread::CoreGuard>::block_on<core[df12db4294e9bfd3]::pin::Pin<&mut core[df12db4294e9bfd3]::pin::Pin<&mut dyn core[df12db4294e9bfd3]::future::future::Future<Output = ()>>>>::{closure#0}, core[df12db4294e9bfd3]::option::Option<()>>::{closure#0}, (alloc[2182bb758b4b3781]::boxed::Box<tokio[c95ab7384fd5f832]::runtime::scheduler::current_thread::Core>, core[df12db4294e9bfd3]::option::Option<()>)>
[INFO] [stdout]   15:     0x576d3de88aad - <tokio[c95ab7384fd5f832]::runtime::scheduler::current_thread::CurrentThread>::block_on::<core[df12db4294e9bfd3]::pin::Pin<&mut dyn core[df12db4294e9bfd3]::future::future::Future<Output = ()>>>
[INFO] [stdout]   16:     0x576d3de87bad - <tokio[c95ab7384fd5f832]::runtime::runtime::Runtime>::block_on::<core[df12db4294e9bfd3]::pin::Pin<&mut dyn core[df12db4294e9bfd3]::future::future::Future<Output = ()>>>
[INFO] [stdout]   17:     0x576d3de782d8 - <rest_integration[612008dace2685b7]::rest_select_specific_columns::{closure#0} as core[df12db4294e9bfd3]::ops::function::FnOnce<()>>::call_once
[INFO] [stdout]   18:     0x576d3e14b133 - serial_test[10560a5b75e11aeb]::serial_code_lock::local_serial_core
[INFO] [stdout]   19:     0x576d3de762ad - <rest_integration[612008dace2685b7]::rest_select_specific_columns::{closure#0} as core[df12db4294e9bfd3]::ops::function::FnOnce<()>>::call_once
[INFO] [stdout]   20:     0x576d3de94dab - test[9d35eded1c95d3be]::__rust_begin_short_backtrace::<core[df12db4294e9bfd3]::result::Result<(), alloc[2182bb758b4b3781]::string::String>, fn() -> core[df12db4294e9bfd3]::result::Result<(), alloc[2182bb758b4b3781]::string::String>>
[INFO] [stdout]   21:     0x576d3dea2415 - test[9d35eded1c95d3be]::run_test::{closure#0}
[INFO] [stdout]   22:     0x576d3de9bcd4 - std[70759c8f55707aa4]::sys::backtrace::__rust_begin_short_backtrace::<test[9d35eded1c95d3be]::run_test::{closure#1}, ()>
[INFO] [stdout]   23:     0x576d3dea5572 - <std[70759c8f55707aa4]::thread::lifecycle::spawn_unchecked<test[9d35eded1c95d3be]::run_test::{closure#1}, ()>::{closure#1} as core[df12db4294e9bfd3]::ops::function::FnOnce<()>>::call_once::{shim:vtable#0}
[INFO] [stdout]   24:     0x576d3e195559 - <std[70759c8f55707aa4]::sys::thread::unix::Thread>::new::thread_start
[INFO] [stdout]   25:     0x7a27ffd76dfa - <unknown>
[INFO] [stdout]   26:     0x7a27ffe0a3d4 - clone
[INFO] [stdout]   27:                0x0 - <unknown>
[INFO] [stdout] 
[INFO] [stdout] ---- rest_update_with_filter stdout ----
[INFO] [stdout] 
[INFO] [stdout] thread 'rest_update_with_filter' (2199) panicked at tests/rest_integration.rs:45:5:
[INFO] [stdout] reset_test_data RPC failed: Some(Http("error sending request for url (http://127.0.0.1:64321/rest/v1/rpc/reset_test_data)"))
[INFO] [stdout] stack backtrace:
[INFO] [stdout]    0:     0x576d3e196031 - <<std[70759c8f55707aa4]::sys::backtrace::BacktraceLock>::print::DisplayBacktrace as core[df12db4294e9bfd3]::fmt::Display>::fmt
[INFO] [stdout]    1:     0x576d3e1acdca - core[df12db4294e9bfd3]::fmt::write
[INFO] [stdout]    2:     0x576d3e19abec - <alloc[2182bb758b4b3781]::vec::Vec<u8> as core[df12db4294e9bfd3]::io::write::Write>::write_fmt
[INFO] [stdout]    3:     0x576d3e1710d6 - std[70759c8f55707aa4]::panicking::default_hook::{closure#0}
[INFO] [stdout]    4:     0x576d3e18df39 - std[70759c8f55707aa4]::panicking::default_hook
[INFO] [stdout]    5:     0x576d3dea1ac0 - test[9d35eded1c95d3be]::test_main_inner::<test[9d35eded1c95d3be]::test_main_static::{closure#0}>::{closure#0}
[INFO] [stdout]    6:     0x576d3e18e262 - std[70759c8f55707aa4]::panicking::panic_with_hook
[INFO] [stdout]    7:     0x576d3e171182 - std[70759c8f55707aa4]::panicking::panic_handler::{closure#0}
[INFO] [stdout]    8:     0x576d3e169e29 - std[70759c8f55707aa4]::sys::backtrace::__rust_end_short_backtrace::<std[70759c8f55707aa4]::panicking::panic_handler::{closure#0}, !>
[INFO] [stdout]    9:     0x576d3e171f6d - __rustc[8fa7c3cbc660c2b3]::rust_begin_unwind
[INFO] [stdout]   10:     0x576d3e1ad52c - core[df12db4294e9bfd3]::panicking::panic_fmt
[INFO] [stdout]   11:     0x576d3de7363e - rest_integration[612008dace2685b7]::reset_data::{closure#0}
[INFO] [stdout]   12:     0x576d3de6f471 - rest_integration[612008dace2685b7]::rest_update_with_filter::{closure#0}::{closure#0}
[INFO] [stdout]   13:     0x576d3de88e43 - <tokio[c95ab7384fd5f832]::runtime::scheduler::current_thread::Context>::enter::<core[df12db4294e9bfd3]::task::poll::Poll<()>, <tokio[c95ab7384fd5f832]::runtime::scheduler::current_thread::CoreGuard>::block_on<core[df12db4294e9bfd3]::pin::Pin<&mut core[df12db4294e9bfd3]::pin::Pin<&mut dyn core[df12db4294e9bfd3]::future::future::Future<Output = ()>>>>::{closure#0}::{closure#0}>
[INFO] [stdout]   14:     0x576d3de87cbc - <tokio[c95ab7384fd5f832]::runtime::context::scoped::Scoped<tokio[c95ab7384fd5f832]::runtime::scheduler::Context>>::set::<<tokio[c95ab7384fd5f832]::runtime::scheduler::current_thread::CoreGuard>::enter<<tokio[c95ab7384fd5f832]::runtime::scheduler::current_thread::CoreGuard>::block_on<core[df12db4294e9bfd3]::pin::Pin<&mut core[df12db4294e9bfd3]::pin::Pin<&mut dyn core[df12db4294e9bfd3]::future::future::Future<Output = ()>>>>::{closure#0}, core[df12db4294e9bfd3]::option::Option<()>>::{closure#0}, (alloc[2182bb758b4b3781]::boxed::Box<tokio[c95ab7384fd5f832]::runtime::scheduler::current_thread::Core>, core[df12db4294e9bfd3]::option::Option<()>)>
[INFO] [stdout]   15:     0x576d3de88aad - <tokio[c95ab7384fd5f832]::runtime::scheduler::current_thread::CurrentThread>::block_on::<core[df12db4294e9bfd3]::pin::Pin<&mut dyn core[df12db4294e9bfd3]::future::future::Future<Output = ()>>>
[INFO] [stdout]   16:     0x576d3de87bad - <tokio[c95ab7384fd5f832]::runtime::runtime::Runtime>::block_on::<core[df12db4294e9bfd3]::pin::Pin<&mut dyn core[df12db4294e9bfd3]::future::future::Future<Output = ()>>>
[INFO] [stdout]   17:     0x576d3de77a18 - <rest_integration[612008dace2685b7]::rest_update_with_filter::{closure#0} as core[df12db4294e9bfd3]::ops::function::FnOnce<()>>::call_once
[INFO] [stdout]   18:     0x576d3e14b133 - serial_test[10560a5b75e11aeb]::serial_code_lock::local_serial_core
[INFO] [stdout]   19:     0x576d3de75f2d - <rest_integration[612008dace2685b7]::rest_update_with_filter::{closure#0} as core[df12db4294e9bfd3]::ops::function::FnOnce<()>>::call_once
[INFO] [stdout]   20:     0x576d3de94dab - test[9d35eded1c95d3be]::__rust_begin_short_backtrace::<core[df12db4294e9bfd3]::result::Result<(), alloc[2182bb758b4b3781]::string::String>, fn() -> core[df12db4294e9bfd3]::result::Result<(), alloc[2182bb758b4b3781]::string::String>>
[INFO] [stdout]   21:     0x576d3dea2415 - test[9d35eded1c95d3be]::run_test::{closure#0}
[INFO] [stdout]   22:     0x576d3de9bcd4 - std[70759c8f55707aa4]::sys::backtrace::__rust_begin_short_backtrace::<test[9d35eded1c95d3be]::run_test::{closure#1}, ()>
[INFO] [stdout]   23:     0x576d3dea5572 - <std[70759c8f55707aa4]::thread::lifecycle::spawn_unchecked<test[9d35eded1c95d3be]::run_test::{closure#1}, ()>::{closure#1} as core[df12db4294e9bfd3]::ops::function::FnOnce<()>>::call_once::{shim:vtable#0}
[INFO] [stdout]   24:     0x576d3e195559 - <std[70759c8f55707aa4]::sys::thread::unix::Thread>::new::thread_start
[INFO] [stdout]   25:     0x7a27ffd76dfa - <unknown>
[INFO] [stdout]   26:     0x7a27ffe0a3d4 - clone
[INFO] [stdout]   27:                0x0 - <unknown>
[INFO] [stdout] 
[INFO] [stdout] ---- rest_select_with_gt_filter stdout ----
[INFO] [stdout] 
[INFO] [stdout] thread 'rest_select_with_gt_filter' (2187) panicked at tests/rest_integration.rs:45:5:
[INFO] [stdout] reset_test_data RPC failed: Some(Http("error sending request for url (http://127.0.0.1:64321/rest/v1/rpc/reset_test_data)"))
[INFO] [stdout] stack backtrace:
[INFO] [stdout]    0:     0x576d3e196031 - <<std[70759c8f55707aa4]::sys::backtrace::BacktraceLock>::print::DisplayBacktrace as core[df12db4294e9bfd3]::fmt::Display>::fmt
[INFO] [stdout]    1:     0x576d3e1acdca - core[df12db4294e9bfd3]::fmt::write
[INFO] [stdout]    2:     0x576d3e19abec - <alloc[2182bb758b4b3781]::vec::Vec<u8> as core[df12db4294e9bfd3]::io::write::Write>::write_fmt
[INFO] [stdout]    3:     0x576d3e1710d6 - std[70759c8f55707aa4]::panicking::default_hook::{closure#0}
[INFO] [stdout]    4:     0x576d3e18df39 - std[70759c8f55707aa4]::panicking::default_hook
[INFO] [stdout]    5:     0x576d3dea1ac0 - test[9d35eded1c95d3be]::test_main_inner::<test[9d35eded1c95d3be]::test_main_static::{closure#0}>::{closure#0}
[INFO] [stdout]    6:     0x576d3e18e262 - std[70759c8f55707aa4]::panicking::panic_with_hook
[INFO] [stdout]    7:     0x576d3e171182 - std[70759c8f55707aa4]::panicking::panic_handler::{closure#0}
[INFO] [stdout]    8:     0x576d3e169e29 - std[70759c8f55707aa4]::sys::backtrace::__rust_end_short_backtrace::<std[70759c8f55707aa4]::panicking::panic_handler::{closure#0}, !>
[INFO] [stdout]    9:     0x576d3e171f6d - __rustc[8fa7c3cbc660c2b3]::rust_begin_unwind
[INFO] [stdout]   10:     0x576d3e1ad52c - core[df12db4294e9bfd3]::panicking::panic_fmt
[INFO] [stdout]   11:     0x576d3de7363e - rest_integration[612008dace2685b7]::reset_data::{closure#0}
[INFO] [stdout]   12:     0x576d3de704d1 - rest_integration[612008dace2685b7]::rest_select_with_gt_filter::{closure#0}::{closure#0}
[INFO] [stdout]   13:     0x576d3de88e43 - <tokio[c95ab7384fd5f832]::runtime::scheduler::current_thread::Context>::enter::<core[df12db4294e9bfd3]::task::poll::Poll<()>, <tokio[c95ab7384fd5f832]::runtime::scheduler::current_thread::CoreGuard>::block_on<core[df12db4294e9bfd3]::pin::Pin<&mut core[df12db4294e9bfd3]::pin::Pin<&mut dyn core[df12db4294e9bfd3]::future::future::Future<Output = ()>>>>::{closure#0}::{closure#0}>
[INFO] [stdout]   14:     0x576d3de87cbc - <tokio[c95ab7384fd5f832]::runtime::context::scoped::Scoped<tokio[c95ab7384fd5f832]::runtime::scheduler::Context>>::set::<<tokio[c95ab7384fd5f832]::runtime::scheduler::current_thread::CoreGuard>::enter<<tokio[c95ab7384fd5f832]::runtime::scheduler::current_thread::CoreGuard>::block_on<core[df12db4294e9bfd3]::pin::Pin<&mut core[df12db4294e9bfd3]::pin::Pin<&mut dyn core[df12db4294e9bfd3]::future::future::Future<Output = ()>>>>::{closure#0}, core[df12db4294e9bfd3]::option::Option<()>>::{closure#0}, (alloc[2182bb758b4b3781]::boxed::Box<tokio[c95ab7384fd5f832]::runtime::scheduler::current_thread::Core>, core[df12db4294e9bfd3]::option::Option<()>)>
[INFO] [stdout]   15:     0x576d3de88aad - <tokio[c95ab7384fd5f832]::runtime::scheduler::current_thread::CurrentThread>::block_on::<core[df12db4294e9bfd3]::pin::Pin<&mut dyn core[df12db4294e9bfd3]::future::future::Future<Output = ()>>>
[INFO] [stdout]   16:     0x576d3de87bad - <tokio[c95ab7384fd5f832]::runtime::runtime::Runtime>::block_on::<core[df12db4294e9bfd3]::pin::Pin<&mut dyn core[df12db4294e9bfd3]::future::future::Future<Output = ()>>>
[INFO] [stdout]   17:     0x576d3de77c98 - <rest_integration[612008dace2685b7]::rest_select_with_gt_filter::{closure#0} as core[df12db4294e9bfd3]::ops::function::FnOnce<()>>::call_once
[INFO] [stdout]   18:     0x576d3e14b133 - serial_test[10560a5b75e11aeb]::serial_code_lock::local_serial_core
[INFO] [stdout]   19:     0x576d3de7602d - <rest_integration[612008dace2685b7]::rest_select_with_gt_filter::{closure#0} as core[df12db4294e9bfd3]::ops::function::FnOnce<()>>::call_once
[INFO] [stdout]   20:     0x576d3de94dab - test[9d35eded1c95d3be]::__rust_begin_short_backtrace::<core[df12db4294e9bfd3]::result::Result<(), alloc[2182bb758b4b3781]::string::String>, fn() -> core[df12db4294e9bfd3]::result::Result<(), alloc[2182bb758b4b3781]::string::String>>
[INFO] [stdout]   21:     0x576d3dea2415 - test[9d35eded1c95d3be]::run_test::{closure#0}
[INFO] [stdout]   22:     0x576d3de9bcd4 - std[70759c8f55707aa4]::sys::backtrace::__rust_begin_short_backtrace::<test[9d35eded1c95d3be]::run_test::{closure#1}, ()>
[INFO] [stdout]   23:     0x576d3dea5572 - <std[70759c8f55707aa4]::thread::lifecycle::spawn_unchecked<test[9d35eded1c95d3be]::run_test::{closure#1}, ()>::{closure#1} as core[df12db4294e9bfd3]::ops::function::FnOnce<()>>::call_once::{shim:vtable#0}
[INFO] [stdout]   24:     0x576d3e195559 - <std[70759c8f55707aa4]::sys::thread::unix::Thread>::new::thread_start
[INFO] [stdout]   25:     0x7a27ffd76dfa - <unknown>
[INFO] [stdout]   26:     0x7a27ffe0a3d4 - clone
[INFO] [stdout]   27:                0x0 - <unknown>
[INFO] [stdout] 
[INFO] [stdout] ---- rest_count_estimated stdout ----
[INFO] [stdout] 
[INFO] [stdout] thread 'rest_count_estimated' (2173) panicked at tests/rest_integration.rs:45:5:
[INFO] [stdout] reset_test_data RPC failed: Some(Http("error sending request for url (http://127.0.0.1:64321/rest/v1/rpc/reset_test_data)"))
[INFO] [stdout] stack backtrace:
[INFO] [stdout]    0:     0x576d3e196031 - <<std[70759c8f55707aa4]::sys::backtrace::BacktraceLock>::print::DisplayBacktrace as core[df12db4294e9bfd3]::fmt::Display>::fmt
[INFO] [stdout]    1:     0x576d3e1acdca - core[df12db4294e9bfd3]::fmt::write
[INFO] [stdout]    2:     0x576d3e19abec - <alloc[2182bb758b4b3781]::vec::Vec<u8> as core[df12db4294e9bfd3]::io::write::Write>::write_fmt
[INFO] [stdout]    3:     0x576d3e1710d6 - std[70759c8f55707aa4]::panicking::default_hook::{closure#0}
[INFO] [stdout]    4:     0x576d3e18df39 - std[70759c8f55707aa4]::panicking::default_hook
[INFO] [stdout]    5:     0x576d3dea1ac0 - test[9d35eded1c95d3be]::test_main_inner::<test[9d35eded1c95d3be]::test_main_static::{closure#0}>::{closure#0}
[INFO] [stdout]    6:     0x576d3e18e262 - std[70759c8f55707aa4]::panicking::panic_with_hook
[INFO] [stdout]    7:     0x576d3e171182 - std[70759c8f55707aa4]::panicking::panic_handler::{closure#0}
[INFO] [stdout]    8:     0x576d3e169e29 - std[70759c8f55707aa4]::sys::backtrace::__rust_end_short_backtrace::<std[70759c8f55707aa4]::panicking::panic_handler::{closure#0}, !>
[INFO] [stdout]    9:     0x576d3e171f6d - __rustc[8fa7c3cbc660c2b3]::rust_begin_unwind
[INFO] [stdout]   10:     0x576d3e1ad52c - core[df12db4294e9bfd3]::panicking::panic_fmt
[INFO] [stdout]   11:     0x576d3de7363e - rest_integration[612008dace2685b7]::reset_data::{closure#0}
[INFO] [stdout]   12:     0x576d3de6aad1 - rest_integration[612008dace2685b7]::rest_count_estimated::{closure#0}::{closure#0}
[INFO] [stdout]   13:     0x576d3de88e43 - <tokio[c95ab7384fd5f832]::runtime::scheduler::current_thread::Context>::enter::<core[df12db4294e9bfd3]::task::poll::Poll<()>, <tokio[c95ab7384fd5f832]::runtime::scheduler::current_thread::CoreGuard>::block_on<core[df12db4294e9bfd3]::pin::Pin<&mut core[df12db4294e9bfd3]::pin::Pin<&mut dyn core[df12db4294e9bfd3]::future::future::Future<Output = ()>>>>::{closure#0}::{closure#0}>
[INFO] [stdout]   14:     0x576d3de87cbc - <tokio[c95ab7384fd5f832]::runtime::context::scoped::Scoped<tokio[c95ab7384fd5f832]::runtime::scheduler::Context>>::set::<<tokio[c95ab7384fd5f832]::runtime::scheduler::current_thread::CoreGuard>::enter<<tokio[c95ab7384fd5f832]::runtime::scheduler::current_thread::CoreGuard>::block_on<core[df12db4294e9bfd3]::pin::Pin<&mut core[df12db4294e9bfd3]::pin::Pin<&mut dyn core[df12db4294e9bfd3]::future::future::Future<Output = ()>>>>::{closure#0}, core[df12db4294e9bfd3]::option::Option<()>>::{closure#0}, (alloc[2182bb758b4b3781]::boxed::Box<tokio[c95ab7384fd5f832]::runtime::scheduler::current_thread::Core>, core[df12db4294e9bfd3]::option::Option<()>)>
[INFO] [stdout]   15:     0x576d3de88aad - <tokio[c95ab7384fd5f832]::runtime::scheduler::current_thread::CurrentThread>::block_on::<core[df12db4294e9bfd3]::pin::Pin<&mut dyn core[df12db4294e9bfd3]::future::future::Future<Output = ()>>>
[INFO] [stdout]   16:     0x576d3de87bad - <tokio[c95ab7384fd5f832]::runtime::runtime::Runtime>::block_on::<core[df12db4294e9bfd3]::pin::Pin<&mut dyn core[df12db4294e9bfd3]::future::future::Future<Output = ()>>>
[INFO] [stdout]   17:     0x576d3de76ed8 - <rest_integration[612008dace2685b7]::rest_count_estimated::{closure#0} as core[df12db4294e9bfd3]::ops::function::FnOnce<()>>::call_once
[INFO] [stdout]   18:     0x576d3e14b133 - serial_test[10560a5b75e11aeb]::serial_code_lock::local_serial_core
[INFO] [stdout]   19:     0x576d3de75aad - <rest_integration[612008dace2685b7]::rest_count_estimated::{closure#0} as core[df12db4294e9bfd3]::ops::function::FnOnce<()>>::call_once
[INFO] [stdout]   20:     0x576d3de94dab - test[9d35eded1c95d3be]::__rust_begin_short_backtrace::<core[df12db4294e9bfd3]::result::Result<(), alloc[2182bb758b4b3781]::string::String>, fn() -> core[df12db4294e9bfd3]::result::Result<(), alloc[2182bb758b4b3781]::string::String>>
[INFO] [stdout]   21:     0x576d3dea2415 - test[9d35eded1c95d3be]::run_test::{closure#0}
[INFO] [stdout]   22:     0x576d3de9bcd4 - std[70759c8f55707aa4]::sys::backtrace::__rust_begin_short_backtrace::<test[9d35eded1c95d3be]::run_test::{closure#1}, ()>
[INFO] [stdout]   23:     0x576d3dea5572 - <std[70759c8f55707aa4]::thread::lifecycle::spawn_unchecked<test[9d35eded1c95d3be]::run_test::{closure#1}, ()>::{closure#1} as core[df12db4294e9bfd3]::ops::function::FnOnce<()>>::call_once::{shim:vtable#0}
[INFO] [stdout]   24:     0x576d3e195559 - <std[70759c8f55707aa4]::sys::thread::unix::Thread>::new::thread_start
[INFO] [stdout]   25:     0x7a27ffd76dfa - <unknown>
[INFO] [stdout]   26:     0x7a27ffe0a3d4 - clone
[INFO] [stdout]   27:                0x0 - <unknown>
[INFO] [stdout] 
[INFO] [stdout] ---- rest_select_with_ilike_filter stdout ----
[INFO] [stdout] 
[INFO] [stdout] thread 'rest_select_with_ilike_filter' (2189) panicked at tests/rest_integration.rs:45:5:
[INFO] [stdout] reset_test_data RPC failed: Some(Http("error sending request for url (http://127.0.0.1:64321/rest/v1/rpc/reset_test_data)"))
[INFO] [stdout] stack backtrace:
[INFO] [stdout]    0:     0x576d3e196031 - <<std[70759c8f55707aa4]::sys::backtrace::BacktraceLock>::print::DisplayBacktrace as core[df12db4294e9bfd3]::fmt::Display>::fmt
[INFO] [stdout]    1:     0x576d3e1acdca - core[df12db4294e9bfd3]::fmt::write
[INFO] [stdout]    2:     0x576d3e19abec - <alloc[2182bb758b4b3781]::vec::Vec<u8> as core[df12db4294e9bfd3]::io::write::Write>::write_fmt
[INFO] [stdout]    3:     0x576d3e1710d6 - std[70759c8f55707aa4]::panicking::default_hook::{closure#0}
[INFO] [stdout]    4:     0x576d3e18df39 - std[70759c8f55707aa4]::panicking::default_hook
[INFO] [stdout]    5:     0x576d3dea1ac0 - test[9d35eded1c95d3be]::test_main_inner::<test[9d35eded1c95d3be]::test_main_static::{closure#0}>::{closure#0}
[INFO] [stdout]    6:     0x576d3e18e262 - std[70759c8f55707aa4]::panicking::panic_with_hook
[INFO] [stdout]    7:     0x576d3e171182 - std[70759c8f55707aa4]::panicking::panic_handler::{closure#0}
[INFO] [stdout]    8:     0x576d3e169e29 - std[70759c8f55707aa4]::sys::backtrace::__rust_end_short_backtrace::<std[70759c8f55707aa4]::panicking::panic_handler::{closure#0}, !>
[INFO] [stdout]    9:     0x576d3e171f6d - __rustc[8fa7c3cbc660c2b3]::rust_begin_unwind
[INFO] [stdout]   10:     0x576d3e1ad52c - core[df12db4294e9bfd3]::panicking::panic_fmt
[INFO] [stdout]   11:     0x576d3de7363e - rest_integration[612008dace2685b7]::reset_data::{closure#0}
[INFO] [stdout]   12:     0x576d3de72ae1 - rest_integration[612008dace2685b7]::rest_select_with_ilike_filter::{closure#0}::{closure#0}
[INFO] [stdout]   13:     0x576d3de88e43 - <tokio[c95ab7384fd5f832]::runtime::scheduler::current_thread::Context>::enter::<core[df12db4294e9bfd3]::task::poll::Poll<()>, <tokio[c95ab7384fd5f832]::runtime::scheduler::current_thread::CoreGuard>::block_on<core[df12db4294e9bfd3]::pin::Pin<&mut core[df12db4294e9bfd3]::pin::Pin<&mut dyn core[df12db4294e9bfd3]::future::future::Future<Output = ()>>>>::{closure#0}::{closure#0}>
[INFO] [stdout]   14:     0x576d3de87cbc - <tokio[c95ab7384fd5f832]::runtime::context::scoped::Scoped<tokio[c95ab7384fd5f832]::runtime::scheduler::Context>>::set::<<tokio[c95ab7384fd5f832]::runtime::scheduler::current_thread::CoreGuard>::enter<<tokio[c95ab7384fd5f832]::runtime::scheduler::current_thread::CoreGuard>::block_on<core[df12db4294e9bfd3]::pin::Pin<&mut core[df12db4294e9bfd3]::pin::Pin<&mut dyn core[df12db4294e9bfd3]::future::future::Future<Output = ()>>>>::{closure#0}, core[df12db4294e9bfd3]::option::Option<()>>::{closure#0}, (alloc[2182bb758b4b3781]::boxed::Box<tokio[c95ab7384fd5f832]::runtime::scheduler::current_thread::Core>, core[df12db4294e9bfd3]::option::Option<()>)>
[INFO] [stdout]   15:     0x576d3de88aad - <tokio[c95ab7384fd5f832]::runtime::scheduler::current_thread::CurrentThread>::block_on::<core[df12db4294e9bfd3]::pin::Pin<&mut dyn core[df12db4294e9bfd3]::future::future::Future<Output = ()>>>
[INFO] [stdout]   16:     0x576d3de87bad - <tokio[c95ab7384fd5f832]::runtime::runtime::Runtime>::block_on::<core[df12db4294e9bfd3]::pin::Pin<&mut dyn core[df12db4294e9bfd3]::future::future::Future<Output = ()>>>
[INFO] [stdout]   17:     0x576d3de78558 - <rest_integration[612008dace2685b7]::rest_select_with_ilike_filter::{closure#0} as core[df12db4294e9bfd3]::ops::function::FnOnce<()>>::call_once
[INFO] [stdout]   18:     0x576d3e14b133 - serial_test[10560a5b75e11aeb]::serial_code_lock::local_serial_core
[INFO] [stdout]   19:     0x576d3de763ad - <rest_integration[612008dace2685b7]::rest_select_with_ilike_filter::{closure#0} as core[df12db4294e9bfd3]::ops::function::FnOnce<()>>::call_once
[INFO] [stdout]   20:     0x576d3de94dab - test[9d35eded1c95d3be]::__rust_begin_short_backtrace::<core[df12db4294e9bfd3]::result::Result<(), alloc[2182bb758b4b3781]::string::String>, fn() -> core[df12db4294e9bfd3]::result::Result<(), alloc[2182bb758b4b3781]::string::String>>
[INFO] [stdout]   21:     0x576d3dea2415 - test[9d35eded1c95d3be]::run_test::{closure#0}
[INFO] [stdout]   22:     0x576d3de9bcd4 - std[70759c8f55707aa4]::sys::backtrace::__rust_begin_short_backtrace::<test[9d35eded1c95d3be]::run_test::{closure#1}, ()>
[INFO] [stdout]   23:     0x576d3dea5572 - <std[70759c8f55707aa4]::thread::lifecycle::spawn_unchecked<test[9d35eded1c95d3be]::run_test::{closure#1}, ()>::{closure#1} as core[df12db4294e9bfd3]::ops::function::FnOnce<()>>::call_once::{shim:vtable#0}
[INFO] [stdout]   24:     0x576d3e195559 - <std[70759c8f55707aa4]::sys::thread::unix::Thread>::new::thread_start
[INFO] [stdout]   25:     0x7a27ffd76dfa - <unknown>
[INFO] [stdout]   26:     0x7a27ffe0a3d4 - clone
[INFO] [stdout]   27:                0x0 - <unknown>
[INFO] [stdout] 
[INFO] [stdout] ---- rest_select_with_in_filter stdout ----
[INFO] [stdout] 
[INFO] [stdout] thread 'rest_select_with_in_filter' (2190) panicked at tests/rest_integration.rs:45:5:
[INFO] [stdout] reset_test_data RPC failed: Some(Http("error sending request for url (http://127.0.0.1:64321/rest/v1/rpc/reset_test_data)"))
[INFO] [stdout] stack backtrace:
[INFO] [stdout]    0:     0x576d3e196031 - <<std[70759c8f55707aa4]::sys::backtrace::BacktraceLock>::print::DisplayBacktrace as core[df12db4294e9bfd3]::fmt::Display>::fmt
[INFO] [stdout]    1:     0x576d3e1acdca - core[df12db4294e9bfd3]::fmt::write
[INFO] [stdout]    2:     0x576d3e19abec - <alloc[2182bb758b4b3781]::vec::Vec<u8> as core[df12db4294e9bfd3]::io::write::Write>::write_fmt
[INFO] [stdout]    3:     0x576d3e1710d6 - std[70759c8f55707aa4]::panicking::default_hook::{closure#0}
[INFO] [stdout]    4:     0x576d3e18df39 - std[70759c8f55707aa4]::panicking::default_hook
[INFO] [stdout]    5:     0x576d3dea1ac0 - test[9d35eded1c95d3be]::test_main_inner::<test[9d35eded1c95d3be]::test_main_static::{closure#0}>::{closure#0}
[INFO] [stdout]    6:     0x576d3e18e262 - std[70759c8f55707aa4]::panicking::panic_with_hook
[INFO] [stdout]    7:     0x576d3e171182 - std[70759c8f55707aa4]::panicking::panic_handler::{closure#0}
[INFO] [stdout]    8:     0x576d3e169e29 - std[70759c8f55707aa4]::sys::backtrace::__rust_end_short_backtrace::<std[70759c8f55707aa4]::panicking::panic_handler::{closure#0}, !>
[INFO] [stdout]    9:     0x576d3e171f6d - __rustc[8fa7c3cbc660c2b3]::rust_begin_unwind
[INFO] [stdout]   10:     0x576d3e1ad52c - core[df12db4294e9bfd3]::panicking::panic_fmt
[INFO] [stdout]   11:     0x576d3de7363e - rest_integration[612008dace2685b7]::reset_data::{closure#0}
[INFO] [stdout]   12:     0x576d3de709b1 - rest_integration[612008dace2685b7]::rest_select_with_in_filter::{closure#0}::{closure#0}
[INFO] [stdout]   13:     0x576d3de88e43 - <tokio[c95ab7384fd5f832]::runtime::scheduler::current_thread::Context>::enter::<core[df12db4294e9bfd3]::task::poll::Poll<()>, <tokio[c95ab7384fd5f832]::runtime::scheduler::current_thread::CoreGuard>::block_on<core[df12db4294e9bfd3]::pin::Pin<&mut core[df12db4294e9bfd3]::pin::Pin<&mut dyn core[df12db4294e9bfd3]::future::future::Future<Output = ()>>>>::{closure#0}::{closure#0}>
[INFO] [stdout]   14:     0x576d3de87cbc - <tokio[c95ab7384fd5f832]::runtime::context::scoped::Scoped<tokio[c95ab7384fd5f832]::runtime::scheduler::Context>>::set::<<tokio[c95ab7384fd5f832]::runtime::scheduler::current_thread::CoreGuard>::enter<<tokio[c95ab7384fd5f832]::runtime::scheduler::current_thread::CoreGuard>::block_on<core[df12db4294e9bfd3]::pin::Pin<&mut core[df12db4294e9bfd3]::pin::Pin<&mut dyn core[df12db4294e9bfd3]::future::future::Future<Output = ()>>>>::{closure#0}, core[df12db4294e9bfd3]::option::Option<()>>::{closure#0}, (alloc[2182bb758b4b3781]::boxed::Box<tokio[c95ab7384fd5f832]::runtime::scheduler::current_thread::Core>, core[df12db4294e9bfd3]::option::Option<()>)>
[INFO] [stdout]   15:     0x576d3de88aad - <tokio[c95ab7384fd5f832]::runtime::scheduler::current_thread::CurrentThread>::block_on::<core[df12db4294e9bfd3]::pin::Pin<&mut dyn core[df12db4294e9bfd3]::future::future::Future<Output = ()>>>
[INFO] [stdout]   16:     0x576d3de87bad - <tokio[c95ab7384fd5f832]::runtime::runtime::Runtime>::block_on::<core[df12db4294e9bfd3]::pin::Pin<&mut dyn core[df12db4294e9bfd3]::future::future::Future<Output = ()>>>
[INFO] [stdout]   17:     0x576d3de77dd8 - <rest_integration[612008dace2685b7]::rest_select_with_in_filter::{closure#0} as core[df12db4294e9bfd3]::ops::function::FnOnce<()>>::call_once
[INFO] [stdout]   18:     0x576d3e14b133 - serial_test[10560a5b75e11aeb]::serial_code_lock::local_serial_core
[INFO] [stdout]   19:     0x576d3de760ad - <rest_integration[612008dace2685b7]::rest_select_with_in_filter::{closure#0} as core[df12db4294e9bfd3]::ops::function::FnOnce<()>>::call_once
[INFO] [stdout]   20:     0x576d3de94dab - test[9d35eded1c95d3be]::__rust_begin_short_backtrace::<core[df12db4294e9bfd3]::result::Result<(), alloc[2182bb758b4b3781]::string::String>, fn() -> core[df12db4294e9bfd3]::result::Result<(), alloc[2182bb758b4b3781]::string::String>>
[INFO] [stdout]   21:     0x576d3dea2415 - test[9d35eded1c95d3be]::run_test::{closure#0}
[INFO] [stdout]   22:     0x576d3de9bcd4 - std[70759c8f55707aa4]::sys::backtrace::__rust_begin_short_backtrace::<test[9d35eded1c95d3be]::run_test::{closure#1}, ()>
[INFO] [stdout]   23:     0x576d3dea5572 - <std[70759c8f55707aa4]::thread::lifecycle::spawn_unchecked<test[9d35eded1c95d3be]::run_test::{closure#1}, ()>::{closure#1} as core[df12db4294e9bfd3]::ops::function::FnOnce<()>>::call_once::{shim:vtable#0}
[INFO] [stdout]   24:     0x576d3e195559 - <std[70759c8f55707aa4]::sys::thread::unix::Thread>::new::thread_start
[INFO] [stdout]   25:     0x7a27ffd76dfa - <unknown>
[INFO] [stdout]   26:     0x7a27ffe0a3d4 - clone
[INFO] [stdout]   27:                0x0 - <unknown>
[INFO] [stdout] 
[INFO] [stdout] ---- rest_insert_single_row stdout ----
[INFO] [stdout] 
[INFO] [stdout] thread 'rest_insert_single_row' (2178) panicked at tests/rest_integration.rs:45:5:
[INFO] [stdout] reset_test_data RPC failed: Some(Http("error sending request for url (http://127.0.0.1:64321/rest/v1/rpc/reset_test_data)"))
[INFO] [stdout] stack backtrace:
[INFO] [stdout]    0:     0x576d3e196031 - <<std[70759c8f55707aa4]::sys::backtrace::BacktraceLock>::print::DisplayBacktrace as core[df12db4294e9bfd3]::fmt::Display>::fmt
[INFO] [stdout]    1:     0x576d3e1acdca - core[df12db4294e9bfd3]::fmt::write
[INFO] [stdout]    2:     0x576d3e19abec - <alloc[2182bb758b4b3781]::vec::Vec<u8> as core[df12db4294e9bfd3]::io::write::Write>::write_fmt
[INFO] [stdout]    3:     0x576d3e1710d6 - std[70759c8f55707aa4]::panicking::default_hook::{closure#0}
[INFO] [stdout]    4:     0x576d3e18df39 - std[70759c8f55707aa4]::panicking::default_hook
[INFO] [stdout]    5:     0x576d3dea1ac0 - test[9d35eded1c95d3be]::test_main_inner::<test[9d35eded1c95d3be]::test_main_static::{closure#0}>::{closure#0}
[INFO] [stdout]    6:     0x576d3e18e262 - std[70759c8f55707aa4]::panicking::panic_with_hook
[INFO] [stdout]    7:     0x576d3e171182 - std[70759c8f55707aa4]::panicking::panic_handler::{closure#0}
[INFO] [stdout]    8:     0x576d3e169e29 - std[70759c8f55707aa4]::sys::backtrace::__rust_end_short_backtrace::<std[70759c8f55707aa4]::panicking::panic_handler::{closure#0}, !>
[INFO] [stdout]    9:     0x576d3e171f6d - __rustc[8fa7c3cbc660c2b3]::rust_begin_unwind
[INFO] [stdout]   10:     0x576d3e1ad52c - core[df12db4294e9bfd3]::panicking::panic_fmt
[INFO] [stdout]   11:     0x576d3de7363e - rest_integration[612008dace2685b7]::reset_data::{closure#0}
[INFO] [stdout]   12:     0x576d3de6b8d1 - rest_integration[612008dace2685b7]::rest_insert_single_row::{closure#0}::{closure#0}
[INFO] [stdout]   13:     0x576d3de88e43 - <tokio[c95ab7384fd5f832]::runtime::scheduler::current_thread::Context>::enter::<core[df12db4294e9bfd3]::task::poll::Poll<()>, <tokio[c95ab7384fd5f832]::runtime::scheduler::current_thread::CoreGuard>::block_on<core[df12db4294e9bfd3]::pin::Pin<&mut core[df12db4294e9bfd3]::pin::Pin<&mut dyn core[df12db4294e9bfd3]::future::future::Future<Output = ()>>>>::{closure#0}::{closure#0}>
[INFO] [stdout]   14:     0x576d3de87cbc - <tokio[c95ab7384fd5f832]::runtime::context::scoped::Scoped<tokio[c95ab7384fd5f832]::runtime::scheduler::Context>>::set::<<tokio[c95ab7384fd5f832]::runtime::scheduler::current_thread::CoreGuard>::enter<<tokio[c95ab7384fd5f832]::runtime::scheduler::current_thread::CoreGuard>::block_on<core[df12db4294e9bfd3]::pin::Pin<&mut core[df12db4294e9bfd3]::pin::Pin<&mut dyn core[df12db4294e9bfd3]::future::future::Future<Output = ()>>>>::{closure#0}, core[df12db4294e9bfd3]::option::Option<()>>::{closure#0}, (alloc[2182bb758b4b3781]::boxed::Box<tokio[c95ab7384fd5f832]::runtime::scheduler::current_thread::Core>, core[df12db4294e9bfd3]::option::Option<()>)>
[INFO] [stdout]   15:     0x576d3de88aad - <tokio[c95ab7384fd5f832]::runtime::scheduler::current_thread::CurrentThread>::block_on::<core[df12db4294e9bfd3]::pin::Pin<&mut dyn core[df12db4294e9bfd3]::future::future::Future<Output = ()>>>
[INFO] [stdout]   16:     0x576d3de87bad - <tokio[c95ab7384fd5f832]::runtime::runtime::Runtime>::block_on::<core[df12db4294e9bfd3]::pin::Pin<&mut dyn core[df12db4294e9bfd3]::future::future::Future<Output = ()>>>
[INFO] [stdout]   17:     0x576d3de77158 - <rest_integration[612008dace2685b7]::rest_insert_single_row::{closure#0} as core[df12db4294e9bfd3]::ops::function::FnOnce<()>>::call_once
[INFO] [stdout]   18:     0x576d3e14b133 - serial_test[10560a5b75e11aeb]::serial_code_lock::local_serial_core
[INFO] [stdout]   19:     0x576d3de75bad - <rest_integration[612008dace2685b7]::rest_insert_single_row::{closure#0} as core[df12db4294e9bfd3]::ops::function::FnOnce<()>>::call_once
[INFO] [stdout]   20:     0x576d3de94dab - test[9d35eded1c95d3be]::__rust_begin_short_backtrace::<core[df12db4294e9bfd3]::result::Result<(), alloc[2182bb758b4b3781]::string::String>, fn() -> core[df12db4294e9bfd3]::result::Result<(), alloc[2182bb758b4b3781]::string::String>>
[INFO] [stdout]   21:     0x576d3dea2415 - test[9d35eded1c95d3be]::run_test::{closure#0}
[INFO] [stdout]   22:     0x576d3de9bcd4 - std[70759c8f55707aa4]::sys::backtrace::__rust_begin_short_backtrace::<test[9d35eded1c95d3be]::run_test::{closure#1}, ()>
[INFO] [stdout]   23:     0x576d3dea5572 - <std[70759c8f55707aa4]::thread::lifecycle::spawn_unchecked<test[9d35eded1c95d3be]::run_test::{closure#1}, ()>::{closure#1} as core[df12db4294e9bfd3]::ops::function::FnOnce<()>>::call_once::{shim:vtable#0}
[INFO] [stdout]   24:     0x576d3e195559 - <std[70759c8f55707aa4]::sys::thread::unix::Thread>::new::thread_start
[INFO] [stdout]   25:     0x7a27ffd76dfa - <unknown>
[INFO] [stdout]   26:     0x7a27ffe0a3d4 - clone
[INFO] [stdout]   27:                0x0 - <unknown>
[INFO] [stdout] 
[INFO] [stdout] ---- rest_select_with_like_filter stdout ----
[INFO] [stdout] 
[INFO] [stdout] thread 'rest_select_with_like_filter' (2192) panicked at tests/rest_integration.rs:45:5:
[INFO] [stdout] reset_test_data RPC failed: Some(Http("error sending request for url (http://127.0.0.1:64321/rest/v1/rpc/reset_test_data)"))
[INFO] [stdout] stack backtrace:
[INFO] [stdout]    0:     0x576d3e196031 - <<std[70759c8f55707aa4]::sys::backtrace::BacktraceLock>::print::DisplayBacktrace as core[df12db4294e9bfd3]::fmt::Display>::fmt
[INFO] [stdout]    1:     0x576d3e1acdca - core[df12db4294e9bfd3]::fmt::write
[INFO] [stdout]    2:     0x576d3e19abec - <alloc[2182bb758b4b3781]::vec::Vec<u8> as core[df12db4294e9bfd3]::io::write::Write>::write_fmt
[INFO] [stdout]    3:     0x576d3e1710d6 - std[70759c8f55707aa4]::panicking::default_hook::{closure#0}
[INFO] [stdout]    4:     0x576d3e18df39 - std[70759c8f55707aa4]::panicking::default_hook
[INFO] [stdout]    5:     0x576d3dea1ac0 - test[9d35eded1c95d3be]::test_main_inner::<test[9d35eded1c95d3be]::test_main_static::{closure#0}>::{closure#0}
[INFO] [stdout]    6:     0x576d3e18e262 - std[70759c8f55707aa4]::panicking::panic_with_hook
[INFO] [stdout]    7:     0x576d3e171182 - std[70759c8f55707aa4]::panicking::panic_handler::{closure#0}
[INFO] [stdout]    8:     0x576d3e169e29 - std[70759c8f55707aa4]::sys::backtrace::__rust_end_short_backtrace::<std[70759c8f55707aa4]::panicking::panic_handler::{closure#0}, !>
[INFO] [stdout]    9:     0x576d3e171f6d - __rustc[8fa7c3cbc660c2b3]::rust_begin_unwind
[INFO] [stdout]   10:     0x576d3e1ad52c - core[df12db4294e9bfd3]::panicking::panic_fmt
[INFO] [stdout]   11:     0x576d3de7363e - rest_integration[612008dace2685b7]::reset_data::{closure#0}
[INFO] [stdout]   12:     0x576d3de72591 - rest_integration[612008dace2685b7]::rest_select_with_like_filter::{closure#0}::{closure#0}
[INFO] [stdout]   13:     0x576d3de88e43 - <tokio[c95ab7384fd5f832]::runtime::scheduler::current_thread::Context>::enter::<core[df12db4294e9bfd3]::task::poll::Poll<()>, <tokio[c95ab7384fd5f832]::runtime::scheduler::current_thread::CoreGuard>::block_on<core[df12db4294e9bfd3]::pin::Pin<&mut core[df12db4294e9bfd3]::pin::Pin<&mut dyn core[df12db4294e9bfd3]::future::future::Future<Output = ()>>>>::{closure#0}::{closure#0}>
[INFO] [stdout]   14:     0x576d3de87cbc - <tokio[c95ab7384fd5f832]::runtime::context::scoped::Scoped<tokio[c95ab7384fd5f832]::runtime::scheduler::Context>>::set::<<tokio[c95ab7384fd5f832]::runtime::scheduler::current_thread::CoreGuard>::enter<<tokio[c95ab7384fd5f832]::runtime::scheduler::current_thread::CoreGuard>::block_on<core[df12db4294e9bfd3]::pin::Pin<&mut core[df12db4294e9bfd3]::pin::Pin<&mut dyn core[df12db4294e9bfd3]::future::future::Future<Output = ()>>>>::{closure#0}, core[df12db4294e9bfd3]::option::Option<()>>::{closure#0}, (alloc[2182bb758b4b3781]::boxed::Box<tokio[c95ab7384fd5f832]::runtime::scheduler::current_thread::Core>, core[df12db4294e9bfd3]::option::Option<()>)>
[INFO] [stdout]   15:     0x576d3de88aad - <tokio[c95ab7384fd5f832]::runtime::scheduler::current_thread::CurrentThread>::block_on::<core[df12db4294e9bfd3]::pin::Pin<&mut dyn core[df12db4294e9bfd3]::future::future::Future<Output = ()>>>
[INFO] [stdout]   16:     0x576d3de87bad - <tokio[c95ab7384fd5f832]::runtime::runtime::Runtime>::block_on::<core[df12db4294e9bfd3]::pin::Pin<&mut dyn core[df12db4294e9bfd3]::future::future::Future<Output = ()>>>
[INFO] [stdout]   17:     0x576d3de78418 - <rest_integration[612008dace2685b7]::rest_select_with_like_filter::{closure#0} as core[df12db4294e9bfd3]::ops::function::FnOnce<()>>::call_once
[INFO] [stdout]   18:     0x576d3e14b133 - serial_test[10560a5b75e11aeb]::serial_code_lock::local_serial_core
[INFO] [stdout]   19:     0x576d3de7632d - <rest_integration[612008dace2685b7]::rest_select_with_like_filter::{closure#0} as core[df12db4294e9bfd3]::ops::function::FnOnce<()>>::call_once
[INFO] [stdout]   20:     0x576d3de94dab - test[9d35eded1c95d3be]::__rust_begin_short_backtrace::<core[df12db4294e9bfd3]::result::Result<(), alloc[2182bb758b4b3781]::string::String>, fn() -> core[df12db4294e9bfd3]::result::Result<(), alloc[2182bb758b4b3781]::string::String>>
[INFO] [stdout]   21:     0x576d3dea2415 - test[9d35eded1c95d3be]::run_test::{closure#0}
[INFO] [stdout]   22:     0x576d3de9bcd4 - std[70759c8f55707aa4]::sys::backtrace::__rust_begin_short_backtrace::<test[9d35eded1c95d3be]::run_test::{closure#1}, ()>
[INFO] [stdout]   23:     0x576d3dea5572 - <std[70759c8f55707aa4]::thread::lifecycle::spawn_unchecked<test[9d35eded1c95d3be]::run_test::{closure#1}, ()>::{closure#1} as core[df12db4294e9bfd3]::ops::function::FnOnce<()>>::call_once::{shim:vtable#0}
[INFO] [stdout]   24:     0x576d3e195559 - <std[70759c8f55707aa4]::sys::thread::unix::Thread>::new::thread_start
[INFO] [stdout]   25:     0x7a27ffd76dfa - <unknown>
[INFO] [stdout]   26:     0x7a27ffe0a3d4 - clone
[INFO] [stdout]   27:                0x0 - <unknown>
[INFO] [stdout] 
[INFO] [stdout] ---- rest_select_with_limit stdout ----
[INFO] [stdout] 
[INFO] [stdout] thread 'rest_select_with_limit' (2193) panicked at tests/rest_integration.rs:45:5:
[INFO] [stdout] reset_test_data RPC failed: Some(Http("error sending request for url (http://127.0.0.1:64321/rest/v1/rpc/reset_test_data)"))
[INFO] [stdout] stack backtrace:
[INFO] [stdout]    0:     0x576d3e196031 - <<std[70759c8f55707aa4]::sys::backtrace::BacktraceLock>::print::DisplayBacktrace as core[df12db4294e9bfd3]::fmt::Display>::fmt
[INFO] [stdout]    1:     0x576d3e1acdca - core[df12db4294e9bfd3]::fmt::write
[INFO] [stdout]    2:     0x576d3e19abec - <alloc[2182bb758b4b3781]::vec::Vec<u8> as core[df12db4294e9bfd3]::io::write::Write>::write_fmt
[INFO] [stdout]    3:     0x576d3e1710d6 - std[70759c8f55707aa4]::panicking::default_hook::{closure#0}
[INFO] [stdout]    4:     0x576d3e18df39 - std[70759c8f55707aa4]::panicking::default_hook
[INFO] [stdout]    5:     0x576d3dea1ac0 - test[9d35eded1c95d3be]::test_main_inner::<test[9d35eded1c95d3be]::test_main_static::{closure#0}>::{closure#0}
[INFO] [stdout]    6:     0x576d3e18e262 - std[70759c8f55707aa4]::panicking::panic_with_hook
[INFO] [stdout]    7:     0x576d3e171182 - std[70759c8f55707aa4]::panicking::panic_handler::{closure#0}
[INFO] [stdout]    8:     0x576d3e169e29 - std[70759c8f55707aa4]::sys::backtrace::__rust_end_short_backtrace::<std[70759c8f55707aa4]::panicking::panic_handler::{closure#0}, !>
[INFO] [stdout]    9:     0x576d3e171f6d - __rustc[8fa7c3cbc660c2b3]::rust_begin_unwind
[INFO] [stdout]   10:     0x576d3e1ad52c - core[df12db4294e9bfd3]::panicking::panic_fmt
[INFO] [stdout]   11:     0x576d3de7363e - rest_integration[612008dace2685b7]::reset_data::{closure#0}
[INFO] [stdout]   12:     0x576d3de6c511 - rest_integration[612008dace2685b7]::rest_select_with_limit::{closure#0}::{closure#0}
[INFO] [stdout]   13:     0x576d3de88e43 - <tokio[c95ab7384fd5f832]::runtime::scheduler::current_thread::Context>::enter::<core[df12db4294e9bfd3]::task::poll::Poll<()>, <tokio[c95ab7384fd5f832]::runtime::scheduler::current_thread::CoreGuard>::block_on<core[df12db4294e9bfd3]::pin::Pin<&mut core[df12db4294e9bfd3]::pin::Pin<&mut dyn core[df12db4294e9bfd3]::future::future::Future<Output = ()>>>>::{closure#0}::{closure#0}>
[INFO] [stdout]   14:     0x576d3de87cbc - <tokio[c95ab7384fd5f832]::runtime::context::scoped::Scoped<tokio[c95ab7384fd5f832]::runtime::scheduler::Context>>::set::<<tokio[c95ab7384fd5f832]::runtime::scheduler::current_thread::CoreGuard>::enter<<tokio[c95ab7384fd5f832]::runtime::scheduler::current_thread::CoreGuard>::block_on<core[df12db4294e9bfd3]::pin::Pin<&mut core[df12db4294e9bfd3]::pin::Pin<&mut dyn core[df12db4294e9bfd3]::future::future::Future<Output = ()>>>>::{closure#0}, core[df12db4294e9bfd3]::option::Option<()>>::{closure#0}, (alloc[2182bb758b4b3781]::boxed::Box<tokio[c95ab7384fd5f832]::runtime::scheduler::current_thread::Core>, core[df12db4294e9bfd3]::option::Option<()>)>
[INFO] [stdout]   15:     0x576d3de88aad - <tokio[c95ab7384fd5f832]::runtime::scheduler::current_thread::CurrentThread>::block_on::<core[df12db4294e9bfd3]::pin::Pin<&mut dyn core[df12db4294e9bfd3]::future::future::Future<Output = ()>>>
[INFO] [stdout]   16:     0x576d3de87bad - <tokio[c95ab7384fd5f832]::runtime::runtime::Runtime>::block_on::<core[df12db4294e9bfd3]::pin::Pin<&mut dyn core[df12db4294e9bfd3]::future::future::Future<Output = ()>>>
[INFO] [stdout]   17:     0x576d3de773d8 - <rest_integration[612008dace2685b7]::rest_select_with_limit::{closure#0} as core[df12db4294e9bfd3]::ops::function::FnOnce<()>>::call_once
[INFO] [stdout]   18:     0x576d3e14b133 - serial_test[10560a5b75e11aeb]::serial_code_lock::local_serial_core
[INFO] [stdout]   19:     0x576d3de75cad - <rest_integration[612008dace2685b7]::rest_select_with_limit::{closure#0} as core[df12db4294e9bfd3]::ops::function::FnOnce<()>>::call_once
[INFO] [stdout]   20:     0x576d3de94dab - test[9d35eded1c95d3be]::__rust_begin_short_backtrace::<core[df12db4294e9bfd3]::result::Result<(), alloc[2182bb758b4b3781]::string::String>, fn() -> core[df12db4294e9bfd3]::result::Result<(), alloc[2182bb758b4b3781]::string::String>>
[INFO] [stdout]   21:     0x576d3dea2415 - test[9d35eded1c95d3be]::run_test::{closure#0}
[INFO] [stdout]   22:     0x576d3de9bcd4 - std[70759c8f55707aa4]::sys::backtrace::__rust_begin_short_backtrace::<test[9d35eded1c95d3be]::run_test::{closure#1}, ()>
[INFO] [stdout]   23:     0x576d3dea5572 - <std[70759c8f55707aa4]::thread::lifecycle::spawn_unchecked<test[9d35eded1c95d3be]::run_test::{closure#1}, ()>::{closure#1} as core[df12db4294e9bfd3]::ops::function::FnOnce<()>>::call_once::{shim:vtable#0}
[INFO] [stdout]   24:     0x576d3e195559 - <std[70759c8f55707aa4]::sys::thread::unix::Thread>::new::thread_start
[INFO] [stdout]   25:     0x7a27ffd76dfa - <unknown>
[INFO] [stdout]   26:     0x7a27ffe0a3d4 - clone
[INFO] [stdout]   27:                0x0 - <unknown>
[INFO] [stdout] 
[INFO] [stdout] ---- rest_select_with_neq_filter stdout ----
[INFO] [stdout] 
[INFO] [stdout] thread 'rest_select_with_neq_filter' (2194) panicked at tests/rest_integration.rs:45:5:
[INFO] [stdout] reset_test_data RPC failed: Some(Http("error sending request for url (http://127.0.0.1:64321/rest/v1/rpc/reset_test_data)"))
[INFO] [stdout] stack backtrace:
[INFO] [stdout]    0:     0x576d3e196031 - <<std[70759c8f55707aa4]::sys::backtrace::BacktraceLock>::print::DisplayBacktrace as core[df12db4294e9bfd3]::fmt::Display>::fmt
[INFO] [stdout]    1:     0x576d3e1acdca - core[df12db4294e9bfd3]::fmt::write
[INFO] [stdout]    2:     0x576d3e19abec - <alloc[2182bb758b4b3781]::vec::Vec<u8> as core[df12db4294e9bfd3]::io::write::Write>::write_fmt
[INFO] [stdout]    3:     0x576d3e1710d6 - std[70759c8f55707aa4]::panicking::default_hook::{closure#0}
[INFO] [stdout]    4:     0x576d3e18df39 - std[70759c8f55707aa4]::panicking::default_hook
[INFO] [stdout]    5:     0x576d3dea1ac0 - test[9d35eded1c95d3be]::test_main_inner::<test[9d35eded1c95d3be]::test_main_static::{closure#0}>::{closure#0}
[INFO] [stdout]    6:     0x576d3e18e262 - std[70759c8f55707aa4]::panicking::panic_with_hook
[INFO] [stdout]    7:     0x576d3e171182 - std[70759c8f55707aa4]::panicking::panic_handler::{closure#0}
[INFO] [stdout]    8:     0x576d3e169e29 - std[70759c8f55707aa4]::sys::backtrace::__rust_end_short_backtrace::<std[70759c8f55707aa4]::panicking::panic_handler::{closure#0}, !>
[INFO] [stdout]    9:     0x576d3e171f6d - __rustc[8fa7c3cbc660c2b3]::rust_begin_unwind
[INFO] [stdout]   10:     0x576d3e1ad52c - core[df12db4294e9bfd3]::panicking::panic_fmt
[INFO] [stdout]   11:     0x576d3de7363e - rest_integration[612008dace2685b7]::reset_data::{closure#0}
[INFO] [stdout]   12:     0x576d3de713e1 - rest_integration[612008dace2685b7]::rest_select_with_neq_filter::{closure#0}::{closure#0}
[INFO] [stdout]   13:     0x576d3de88e43 - <tokio[c95ab7384fd5f832]::runtime::scheduler::current_thread::Context>::enter::<core[df12db4294e9bfd3]::task::poll::Poll<()>, <tokio[c95ab7384fd5f832]::runtime::scheduler::current_thread::CoreGuard>::block_on<core[df12db4294e9bfd3]::pin::Pin<&mut core[df12db4294e9bfd3]::pin::Pin<&mut dyn core[df12db4294e9bfd3]::future::future::Future<Output = ()>>>>::{closure#0}::{closure#0}>
[INFO] [stdout]   14:     0x576d3de87cbc - <tokio[c95ab7384fd5f832]::runtime::context::scoped::Scoped<tokio[c95ab7384fd5f832]::runtime::scheduler::Context>>::set::<<tokio[c95ab7384fd5f832]::runtime::scheduler::current_thread::CoreGuard>::enter<<tokio[c95ab7384fd5f832]::runtime::scheduler::current_thread::CoreGuard>::block_on<core[df12db4294e9bfd3]::pin::Pin<&mut core[df12db4294e9bfd3]::pin::Pin<&mut dyn core[df12db4294e9bfd3]::future::future::Future<Output = ()>>>>::{closure#0}, core[df12db4294e9bfd3]::option::Option<()>>::{closure#0}, (alloc[2182bb758b4b3781]::boxed::Box<tokio[c95ab7384fd5f832]::runtime::scheduler::current_thread::Core>, core[df12db4294e9bfd3]::option::Option<()>)>
[INFO] [stdout]   15:     0x576d3de88aad - <tokio[c95ab7384fd5f832]::runtime::scheduler::current_thread::CurrentThread>::block_on::<core[df12db4294e9bfd3]::pin::Pin<&mut dyn core[df12db4294e9bfd3]::future::future::Future<Output = ()>>>
[INFO] [stdout]   16:     0x576d3de87bad - <tokio[c95ab7384fd5f832]::runtime::runtime::Runtime>::block_on::<core[df12db4294e9bfd3]::pin::Pin<&mut dyn core[df12db4294e9bfd3]::future::future::Future<Output = ()>>>
[INFO] [stdout]   17:     0x576d3de78058 - <rest_integration[612008dace2685b7]::rest_select_with_neq_filter::{closure#0} as core[df12db4294e9bfd3]::ops::function::FnOnce<()>>::call_once
[INFO] [stdout]   18:     0x576d3e14b133 - serial_test[10560a5b75e11aeb]::serial_code_lock::local_serial_core
[INFO] [stdout]   19:     0x576d3de761ad - <rest_integration[612008dace2685b7]::rest_select_with_neq_filter::{closure#0} as core[df12db4294e9bfd3]::ops::function::FnOnce<()>>::call_once
[INFO] [stdout]   20:     0x576d3de94dab - test[9d35eded1c95d3be]::__rust_begin_short_backtrace::<core[df12db4294e9bfd3]::result::Result<(), alloc[2182bb758b4b3781]::string::String>, fn() -> core[df12db4294e9bfd3]::result::Result<(), alloc[2182bb758b4b3781]::string::String>>
[INFO] [stdout]   21:     0x576d3dea2415 - test[9d35eded1c95d3be]::run_test::{closure#0}
[INFO] [stdout]   22:     0x576d3de9bcd4 - std[70759c8f55707aa4]::sys::backtrace::__rust_begin_short_backtrace::<test[9d35eded1c95d3be]::run_test::{closure#1}, ()>
[INFO] [stdout]   23:     0x576d3dea5572 - <std[70759c8f55707aa4]::thread::lifecycle::spawn_unchecked<test[9d35eded1c95d3be]::run_test::{closure#1}, ()>::{closure#1} as core[df12db4294e9bfd3]::ops::function::FnOnce<()>>::call_once::{shim:vtable#0}
[INFO] [stdout]   24:     0x576d3e195559 - <std[70759c8f55707aa4]::sys::thread::unix::Thread>::new::thread_start
[INFO] [stdout]   25:     0x7a27ffd76dfa - <unknown>
[INFO] [stdout]   26:     0x7a27ffe0a3d4 - clone
[INFO] [stdout]   27:                0x0 - <unknown>
[INFO] [stdout] 
[INFO] [stdout] ---- rest_rpc_scalar stdout ----
[INFO] [stdout] 
[INFO] [stdout] thread 'rest_rpc_scalar' (2181) panicked at tests/rest_integration.rs:536:5:
[INFO] [stdout] rpc scalar failed: Some(Http("error sending request for url (http://127.0.0.1:64321/rest/v1/rpc/add_numbers)"))
[INFO] [stdout] stack backtrace:
[INFO] [stdout]    0:     0x576d3e196031 - <<std[70759c8f55707aa4]::sys::backtrace::BacktraceLock>::print::DisplayBacktrace as core[df12db4294e9bfd3]::fmt::Display>::fmt
[INFO] [stdout]    1:     0x576d3e1acdca - core[df12db4294e9bfd3]::fmt::write
[INFO] [stdout]    2:     0x576d3e19abec - <alloc[2182bb758b4b3781]::vec::Vec<u8> as core[df12db4294e9bfd3]::io::write::Write>::write_fmt
[INFO] [stdout]    3:     0x576d3e1710d6 - std[70759c8f55707aa4]::panicking::default_hook::{closure#0}
[INFO] [stdout]    4:     0x576d3e18df39 - std[70759c8f55707aa4]::panicking::default_hook
[INFO] [stdout]    5:     0x576d3dea1ac0 - test[9d35eded1c95d3be]::test_main_inner::<test[9d35eded1c95d3be]::test_main_static::{closure#0}>::{closure#0}
[INFO] [stdout]    6:     0x576d3e18e262 - std[70759c8f55707aa4]::panicking::panic_with_hook
[INFO] [stdout]    7:     0x576d3e171182 - std[70759c8f55707aa4]::panicking::panic_handler::{closure#0}
[INFO] [stdout]    8:     0x576d3e169e29 - std[70759c8f55707aa4]::sys::backtrace::__rust_end_short_backtrace::<std[70759c8f55707aa4]::panicking::panic_handler::{closure#0}, !>
[INFO] [stdout]    9:     0x576d3e171f6d - __rustc[8fa7c3cbc660c2b3]::rust_begin_unwind
[INFO] [stdout]   10:     0x576d3e1ad52c - core[df12db4294e9bfd3]::panicking::panic_fmt
[INFO] [stdout]   11:     0x576d3de695a2 - rest_integration[612008dace2685b7]::rest_rpc_scalar::{closure#0}::{closure#0}
[INFO] [stdout]   12:     0x576d3de88e43 - <tokio[c95ab7384fd5f832]::runtime::scheduler::current_thread::Context>::enter::<core[df12db4294e9bfd3]::task::poll::Poll<()>, <tokio[c95ab7384fd5f832]::runtime::scheduler::current_thread::CoreGuard>::block_on<core[df12db4294e9bfd3]::pin::Pin<&mut core[df12db4294e9bfd3]::pin::Pin<&mut dyn core[df12db4294e9bfd3]::future::future::Future<Output = ()>>>>::{closure#0}::{closure#0}>
[INFO] [stdout]   13:     0x576d3de87cbc - <tokio[c95ab7384fd5f832]::runtime::context::scoped::Scoped<tokio[c95ab7384fd5f832]::runtime::scheduler::Context>>::set::<<tokio[c95ab7384fd5f832]::runtime::scheduler::current_thread::CoreGuard>::enter<<tokio[c95ab7384fd5f832]::runtime::scheduler::current_thread::CoreGuard>::block_on<core[df12db4294e9bfd3]::pin::Pin<&mut core[df12db4294e9bfd3]::pin::Pin<&mut dyn core[df12db4294e9bfd3]::future::future::Future<Output = ()>>>>::{closure#0}, core[df12db4294e9bfd3]::option::Option<()>>::{closure#0}, (alloc[2182bb758b4b3781]::boxed::Box<tokio[c95ab7384fd5f832]::runtime::scheduler::current_thread::Core>, core[df12db4294e9bfd3]::option::Option<()>)>
[INFO] [stdout]   14:     0x576d3de88aad - <tokio[c95ab7384fd5f832]::runtime::scheduler::current_thread::CurrentThread>::block_on::<core[df12db4294e9bfd3]::pin::Pin<&mut dyn core[df12db4294e9bfd3]::future::future::Future<Output = ()>>>
[INFO] [stdout]   15:     0x576d3de87bad - <tokio[c95ab7384fd5f832]::runtime::runtime::Runtime>::block_on::<core[df12db4294e9bfd3]::pin::Pin<&mut dyn core[df12db4294e9bfd3]::future::future::Future<Output = ()>>>
[INFO] [stdout]   16:     0x576d3de76898 - <rest_integration[612008dace2685b7]::rest_rpc_scalar::{closure#0} as core[df12db4294e9bfd3]::ops::function::FnOnce<()>>::call_once
[INFO] [stdout]   17:     0x576d3e14b133 - serial_test[10560a5b75e11aeb]::serial_code_lock::local_serial_core
[INFO] [stdout]   18:     0x576d3de7582d - <rest_integration[612008dace2685b7]::rest_rpc_scalar::{closure#0} as core[df12db4294e9bfd3]::ops::function::FnOnce<()>>::call_once
[INFO] [stdout]   19:     0x576d3de94dab - test[9d35eded1c95d3be]::__rust_begin_short_backtrace::<core[df12db4294e9bfd3]::result::Result<(), alloc[2182bb758b4b3781]::string::String>, fn() -> core[df12db4294e9bfd3]::result::Result<(), alloc[2182bb758b4b3781]::string::String>>
[INFO] [stdout]   20:     0x576d3dea2415 - test[9d35eded1c95d3be]::run_test::{closure#0}
[INFO] [stdout]   21:     0x576d3de9bcd4 - std[70759c8f55707aa4]::sys::backtrace::__rust_begin_short_backtrace::<test[9d35eded1c95d3be]::run_test::{closure#1}, ()>
[INFO] [stdout]   22:     0x576d3dea5572 - <std[70759c8f55707aa4]::thread::lifecycle::spawn_unchecked<test[9d35eded1c95d3be]::run_test::{closure#1}, ()>::{closure#1} as core[df12db4294e9bfd3]::ops::function::FnOnce<()>>::call_once::{shim:vtable#0}
[INFO] [stdout]   23:     0x576d3e195559 - <std[70759c8f55707aa4]::sys::thread::unix::Thread>::new::thread_start
[INFO] [stdout]   24:     0x7a27ffd76dfa - <unknown>
[INFO] [stdout]   25:     0x7a27ffe0a3d4 - clone
[INFO] [stdout]   26:                0x0 - <unknown>
[INFO] [stdout] 
[INFO] [stdout] ---- rest_select_with_range stdout ----
[INFO] [stdout] 
[INFO] [stdout] thread 'rest_select_with_range' (2197) panicked at tests/rest_integration.rs:45:5:
[INFO] [stdout] reset_test_data RPC failed: Some(Http("error sending request for url (http://127.0.0.1:64321/rest/v1/rpc/reset_test_data)"))
[INFO] [stdout] stack backtrace:
[INFO] [stdout]    0:     0x576d3e196031 - <<std[70759c8f55707aa4]::sys::backtrace::BacktraceLock>::print::DisplayBacktrace as core[df12db4294e9bfd3]::fmt::Display>::fmt
[INFO] [stdout]    1:     0x576d3e1acdca - core[df12db4294e9bfd3]::fmt::write
[INFO] [stdout]    2:     0x576d3e19abec - <alloc[2182bb758b4b3781]::vec::Vec<u8> as core[df12db4294e9bfd3]::io::write::Write>::write_fmt
[INFO] [stdout]    3:     0x576d3e1710d6 - std[70759c8f55707aa4]::panicking::default_hook::{closure#0}
[INFO] [stdout]    4:     0x576d3e18df39 - std[70759c8f55707aa4]::panicking::default_hook
[INFO] [stdout]    5:     0x576d3dea1ac0 - test[9d35eded1c95d3be]::test_main_inner::<test[9d35eded1c95d3be]::test_main_static::{closure#0}>::{closure#0}
[INFO] [stdout]    6:     0x576d3e18e262 - std[70759c8f55707aa4]::panicking::panic_with_hook
[INFO] [stdout]    7:     0x576d3e171182 - std[70759c8f55707aa4]::panicking::panic_handler::{closure#0}
[INFO] [stdout]    8:     0x576d3e169e29 - std[70759c8f55707aa4]::sys::backtrace::__rust_end_short_backtrace::<std[70759c8f55707aa4]::panicking::panic_handler::{closure#0}, !>
[INFO] [stdout]    9:     0x576d3e171f6d - __rustc[8fa7c3cbc660c2b3]::rust_begin_unwind
[INFO] [stdout]   10:     0x576d3e1ad52c - core[df12db4294e9bfd3]::panicking::panic_fmt
[INFO] [stdout]   11:     0x576d3de7363e - rest_integration[612008dace2685b7]::reset_data::{closure#0}
[INFO] [stdout]   12:     0x576d3de6d291 - rest_integration[612008dace2685b7]::rest_select_with_range::{closure#0}::{closure#0}
[INFO] [stdout]   13:     0x576d3de88e43 - <tokio[c95ab7384fd5f832]::runtime::scheduler::current_thread::Context>::enter::<core[df12db4294e9bfd3]::task::poll::Poll<()>, <tokio[c95ab7384fd5f832]::runtime::scheduler::current_thread::CoreGuard>::block_on<core[df12db4294e9bfd3]::pin::Pin<&mut core[df12db4294e9bfd3]::pin::Pin<&mut dyn core[df12db4294e9bfd3]::future::future::Future<Output = ()>>>>::{closure#0}::{closure#0}>
[INFO] [stdout]   14:     0x576d3de87cbc - <tokio[c95ab7384fd5f832]::runtime::context::scoped::Scoped<tokio[c95ab7384fd5f832]::runtime::scheduler::Context>>::set::<<tokio[c95ab7384fd5f832]::runtime::scheduler::current_thread::CoreGuard>::enter<<tokio[c95ab7384fd5f832]::runtime::scheduler::current_thread::CoreGuard>::block_on<core[df12db4294e9bfd3]::pin::Pin<&mut core[df12db4294e9bfd3]::pin::Pin<&mut dyn core[df12db4294e9bfd3]::future::future::Future<Output = ()>>>>::{closure#0}, core[df12db4294e9bfd3]::option::Option<()>>::{closure#0}, (alloc[2182bb758b4b3781]::boxed::Box<tokio[c95ab7384fd5f832]::runtime::scheduler::current_thread::Core>, core[df12db4294e9bfd3]::option::Option<()>)>
[INFO] [stdout]   15:     0x576d3de88aad - <tokio[c95ab7384fd5f832]::runtime::scheduler::current_thread::CurrentThread>::block_on::<core[df12db4294e9bfd3]::pin::Pin<&mut dyn core[df12db4294e9bfd3]::future::future::Future<Output = ()>>>
[INFO] [stdout]   16:     0x576d3de87bad - <tokio[c95ab7384fd5f832]::runtime::runtime::Runtime>::block_on::<core[df12db4294e9bfd3]::pin::Pin<&mut dyn core[df12db4294e9bfd3]::future::future::Future<Output = ()>>>
[INFO] [stdout]   17:     0x576d3de77658 - <rest_integration[612008dace2685b7]::rest_select_with_range::{closure#0} as core[df12db4294e9bfd3]::ops::function::FnOnce<()>>::call_once
[INFO] [stdout]   18:     0x576d3e14b133 - serial_test[10560a5b75e11aeb]::serial_code_lock::local_serial_core
[INFO] [stdout]   19:     0x576d3de75dad - <rest_integration[612008dace2685b7]::rest_select_with_range::{closure#0} as core[df12db4294e9bfd3]::ops::function::FnOnce<()>>::call_once
[INFO] [stdout]   20:     0x576d3de94dab - test[9d35eded1c95d3be]::__rust_begin_short_backtrace::<core[df12db4294e9bfd3]::result::Result<(), alloc[2182bb758b4b3781]::string::String>, fn() -> core[df12db4294e9bfd3]::result::Result<(), alloc[2182bb758b4b3781]::string::String>>
[INFO] [stdout]   21:     0x576d3dea2415 - test[9d35eded1c95d3be]::run_test::{closure#0}
[INFO] [stdout]   22:     0x576d3de9bcd4 - std[70759c8f55707aa4]::sys::backtrace::__rust_begin_short_backtrace::<test[9d35eded1c95d3be]::run_test::{closure#1}, ()>
[INFO] [stdout]   23:     0x576d3dea5572 - <std[70759c8f55707aa4]::thread::lifecycle::spawn_unchecked<test[9d35eded1c95d3be]::run_test::{closure#1}, ()>::{closure#1} as core[df12db4294e9bfd3]::ops::function::FnOnce<()>>::call_once::{shim:vtable#0}
[INFO] [stdout]   24:     0x576d3e195559 - <std[70759c8f55707aa4]::sys::thread::unix::Thread>::new::thread_start
[INFO] [stdout]   25:     0x7a27ffd76dfa - <unknown>
[INFO] [stdout]   26:     0x7a27ffe0a3d4 - clone
[INFO] [stdout]   27:                0x0 - <unknown>
[INFO] [stdout] 
[INFO] [stdout] ---- rest_typed_rpc stdout ----
[INFO] [stdout] 
[INFO] [stdout] thread 'rest_typed_rpc' (2198) panicked at tests/rest_integration.rs:45:5:
[INFO] [stdout] reset_test_data RPC failed: Some(Http("error sending request for url (http://127.0.0.1:64321/rest/v1/rpc/reset_test_data)"))
[INFO] [stdout] stack backtrace:
[INFO] [stdout]    0:     0x576d3e196031 - <<std[70759c8f55707aa4]::sys::backtrace::BacktraceLock>::print::DisplayBacktrace as core[df12db4294e9bfd3]::fmt::Display>::fmt
[INFO] [stdout]    1:     0x576d3e1acdca - core[df12db4294e9bfd3]::fmt::write
[INFO] [stdout]    2:     0x576d3e19abec - <alloc[2182bb758b4b3781]::vec::Vec<u8> as core[df12db4294e9bfd3]::io::write::Write>::write_fmt
[INFO] [stdout]    3:     0x576d3e1710d6 - std[70759c8f55707aa4]::panicking::default_hook::{closure#0}
[INFO] [stdout]    4:     0x576d3e18df39 - std[70759c8f55707aa4]::panicking::default_hook
[INFO] [stdout]    5:     0x576d3dea1ac0 - test[9d35eded1c95d3be]::test_main_inner::<test[9d35eded1c95d3be]::test_main_static::{closure#0}>::{closure#0}
[INFO] [stdout]    6:     0x576d3e18e262 - std[70759c8f55707aa4]::panicking::panic_with_hook
[INFO] [stdout]    7:     0x576d3e171182 - std[70759c8f55707aa4]::panicking::panic_handler::{closure#0}
[INFO] [stdout]    8:     0x576d3e169e29 - std[70759c8f55707aa4]::sys::backtrace::__rust_end_short_backtrace::<std[70759c8f55707aa4]::panicking::panic_handler::{closure#0}, !>
[INFO] [stdout]    9:     0x576d3e171f6d - __rustc[8fa7c3cbc660c2b3]::rust_begin_unwind
[INFO] [stdout]   10:     0x576d3e1ad52c - core[df12db4294e9bfd3]::panicking::panic_fmt
[INFO] [stdout]   11:     0x576d3de7363e - rest_integration[612008dace2685b7]::reset_data::{closure#0}
[INFO] [stdout]   12:     0x576d3de64ef0 - rest_integration[612008dace2685b7]::rest_typed_rpc::{closure#0}::{closure#0}
[INFO] [stdout]   13:     0x576d3de88e43 - <tokio[c95ab7384fd5f832]::runtime::scheduler::current_thread::Context>::enter::<core[df12db4294e9bfd3]::task::poll::Poll<()>, <tokio[c95ab7384fd5f832]::runtime::scheduler::current_thread::CoreGuard>::block_on<core[df12db4294e9bfd3]::pin::Pin<&mut core[df12db4294e9bfd3]::pin::Pin<&mut dyn core[df12db4294e9bfd3]::future::future::Future<Output = ()>>>>::{closure#0}::{closure#0}>
[INFO] [stdout]   14:     0x576d3de87cbc - <tokio[c95ab7384fd5f832]::runtime::context::scoped::Scoped<tokio[c95ab7384fd5f832]::runtime::scheduler::Context>>::set::<<tokio[c95ab7384fd5f832]::runtime::scheduler::current_thread::CoreGuard>::enter<<tokio[c95ab7384fd5f832]::runtime::scheduler::current_thread::CoreGuard>::block_on<core[df12db4294e9bfd3]::pin::Pin<&mut core[df12db4294e9bfd3]::pin::Pin<&mut dyn core[df12db4294e9bfd3]::future::future::Future<Output = ()>>>>::{closure#0}, core[df12db4294e9bfd3]::option::Option<()>>::{closure#0}, (alloc[2182bb758b4b3781]::boxed::Box<tokio[c95ab7384fd5f832]::runtime::scheduler::current_thread::Core>, core[df12db4294e9bfd3]::option::Option<()>)>
[INFO] [stdout]   15:     0x576d3de88aad - <tokio[c95ab7384fd5f832]::runtime::scheduler::current_thread::CurrentThread>::block_on::<core[df12db4294e9bfd3]::pin::Pin<&mut dyn core[df12db4294e9bfd3]::future::future::Future<Output = ()>>>
[INFO] [stdout]   16:     0x576d3de87bad - <tokio[c95ab7384fd5f832]::runtime::runtime::Runtime>::block_on::<core[df12db4294e9bfd3]::pin::Pin<&mut dyn core[df12db4294e9bfd3]::future::future::Future<Output = ()>>>
[INFO] [stdout]   17:     0x576d3de76618 - <rest_integration[612008dace2685b7]::rest_typed_rpc::{closure#0} as core[df12db4294e9bfd3]::ops::function::FnOnce<()>>::call_once
[INFO] [stdout]   18:     0x576d3e14b133 - serial_test[10560a5b75e11aeb]::serial_code_lock::local_serial_core
[INFO] [stdout]   19:     0x576d3de7572d - <rest_integration[612008dace2685b7]::rest_typed_rpc::{closure#0} as core[df12db4294e9bfd3]::ops::function::FnOnce<()>>::call_once
[INFO] [stdout]   20:     0x576d3de94dab - test[9d35eded1c95d3be]::__rust_begin_short_backtrace::<core[df12db4294e9bfd3]::result::Result<(), alloc[2182bb758b4b3781]::string::String>, fn() -> core[df12db4294e9bfd3]::result::Result<(), alloc[2182bb758b4b3781]::string::String>>
[INFO] [stdout]   21:     0x576d3dea2415 - test[9d35eded1c95d3be]::run_test::{closure#0}
[INFO] [stdout]   22:     0x576d3de9bcd4 - std[70759c8f55707aa4]::sys::backtrace::__rust_begin_short_backtrace::<test[9d35eded1c95d3be]::run_test::{closure#1}, ()>
[INFO] [stdout]   23:     0x576d3dea5572 - <std[70759c8f55707aa4]::thread::lifecycle::spawn_unchecked<test[9d35eded1c95d3be]::run_test::{closure#1}, ()>::{closure#1} as core[df12db4294e9bfd3]::ops::function::FnOnce<()>>::call_once::{shim:vtable#0}
[INFO] [stdout]   24:     0x576d3e195559 - <std[70759c8f55707aa4]::sys::thread::unix::Thread>::new::thread_start
[INFO] [stdout]   25:     0x7a27ffd76dfa - <unknown>
[INFO] [stdout]   26:     0x7a27ffe0a3d4 - clone
[INFO] [stdout]   27:                0x0 - <unknown>
[INFO] [stdout] 
[INFO] [stdout] ---- rest_select_with_eq_filter stdout ----
[INFO] [stdout] 
[INFO] [stdout] thread 'rest_select_with_eq_filter' (2186) panicked at tests/rest_integration.rs:45:5:
[INFO] [stdout] reset_test_data RPC failed: Some(Http("error sending request for url (http://127.0.0.1:64321/rest/v1/rpc/reset_test_data)"))
[INFO] [stdout] stack backtrace:
[INFO] [stdout]    0:     0x576d3e196031 - <<std[70759c8f55707aa4]::sys::backtrace::BacktraceLock>::print::DisplayBacktrace as core[df12db4294e9bfd3]::fmt::Display>::fmt
[INFO] [stdout]    1:     0x576d3e1acdca - core[df12db4294e9bfd3]::fmt::write
[INFO] [stdout]    2:     0x576d3e19abec - <alloc[2182bb758b4b3781]::vec::Vec<u8> as core[df12db4294e9bfd3]::io::write::Write>::write_fmt
[INFO] [stdout]    3:     0x576d3e1710d6 - std[70759c8f55707aa4]::panicking::default_hook::{closure#0}
[INFO] [stdout]    4:     0x576d3e18df39 - std[70759c8f55707aa4]::panicking::default_hook
[INFO] [stdout]    5:     0x576d3dea1ac0 - test[9d35eded1c95d3be]::test_main_inner::<test[9d35eded1c95d3be]::test_main_static::{closure#0}>::{closure#0}
[INFO] [stdout]    6:     0x576d3e18e262 - std[70759c8f55707aa4]::panicking::panic_with_hook
[INFO] [stdout]    7:     0x576d3e171182 - std[70759c8f55707aa4]::panicking::panic_handler::{closure#0}
[INFO] [stdout]    8:     0x576d3e169e29 - std[70759c8f55707aa4]::sys::backtrace::__rust_end_short_backtrace::<std[70759c8f55707aa4]::panicking::panic_handler::{closure#0}, !>
[INFO] [stdout]    9:     0x576d3e171f6d - __rustc[8fa7c3cbc660c2b3]::rust_begin_unwind
[INFO] [stdout]   10:     0x576d3e1ad52c - core[df12db4294e9bfd3]::panicking::panic_fmt
[INFO] [stdout]   11:     0x576d3de7363e - rest_integration[612008dace2685b7]::reset_data::{closure#0}
[INFO] [stdout]   12:     0x576d3de6ff81 - rest_integration[612008dace2685b7]::rest_select_with_eq_filter::{closure#0}::{closure#0}
[INFO] [stdout]   13:     0x576d3de88e43 - <tokio[c95ab7384fd5f832]::runtime::scheduler::current_thread::Context>::enter::<core[df12db4294e9bfd3]::task::poll::Poll<()>, <tokio[c95ab7384fd5f832]::runtime::scheduler::current_thread::CoreGuard>::block_on<core[df12db4294e9bfd3]::pin::Pin<&mut core[df12db4294e9bfd3]::pin::Pin<&mut dyn core[df12db4294e9bfd3]::future::future::Future<Output = ()>>>>::{closure#0}::{closure#0}>
[INFO] [stdout]   14:     0x576d3de87cbc - <tokio[c95ab7384fd5f832]::runtime::context::scoped::Scoped<tokio[c95ab7384fd5f832]::runtime::scheduler::Context>>::set::<<tokio[c95ab7384fd5f832]::runtime::scheduler::current_thread::CoreGuard>::enter<<tokio[c95ab7384fd5f832]::runtime::scheduler::current_thread::CoreGuard>::block_on<core[df12db4294e9bfd3]::pin::Pin<&mut core[df12db4294e9bfd3]::pin::Pin<&mut dyn core[df12db4294e9bfd3]::future::future::Future<Output = ()>>>>::{closure#0}, core[df12db4294e9bfd3]::option::Option<()>>::{closure#0}, (alloc[2182bb758b4b3781]::boxed::Box<tokio[c95ab7384fd5f832]::runtime::scheduler::current_thread::Core>, core[df12db4294e9bfd3]::option::Option<()>)>
[INFO] [stdout]   15:     0x576d3de88aad - <tokio[c95ab7384fd5f832]::runtime::scheduler::current_thread::CurrentThread>::block_on::<core[df12db4294e9bfd3]::pin::Pin<&mut dyn core[df12db4294e9bfd3]::future::future::Future<Output = ()>>>
[INFO] [stdout]   16:     0x576d3de87bad - <tokio[c95ab7384fd5f832]::runtime::runtime::Runtime>::block_on::<core[df12db4294e9bfd3]::pin::Pin<&mut dyn core[df12db4294e9bfd3]::future::future::Future<Output = ()>>>
[INFO] [stdout]   17:     0x576d3de77b58 - <rest_integration[612008dace2685b7]::rest_select_with_eq_filter::{closure#0} as core[df12db4294e9bfd3]::ops::function::FnOnce<()>>::call_once
[INFO] [stdout]   18:     0x576d3e14b133 - serial_test[10560a5b75e11aeb]::serial_code_lock::local_serial_core
[INFO] [stdout]   19:     0x576d3de75fad - <rest_integration[612008dace2685b7]::rest_select_with_eq_filter::{closure#0} as core[df12db4294e9bfd3]::ops::function::FnOnce<()>>::call_once
[INFO] [stdout]   20:     0x576d3de94dab - test[9d35eded1c95d3be]::__rust_begin_short_backtrace::<core[df12db4294e9bfd3]::result::Result<(), alloc[2182bb758b4b3781]::string::String>, fn() -> core[df12db4294e9bfd3]::result::Result<(), alloc[2182bb758b4b3781]::string::String>>
[INFO] [stdout]   21:     0x576d3dea2415 - test[9d35eded1c95d3be]::run_test::{closure#0}
[INFO] [stdout]   22:     0x576d3de9bcd4 - std[70759c8f55707aa4]::sys::backtrace::__rust_begin_short_backtrace::<test[9d35eded1c95d3be]::run_test::{closure#1}, ()>
[INFO] [stdout]   23:     0x576d3dea5572 - <std[70759c8f55707aa4]::thread::lifecycle::spawn_unchecked<test[9d35eded1c95d3be]::run_test::{closure#1}, ()>::{closure#1} as core[df12db4294e9bfd3]::ops::function::FnOnce<()>>::call_once::{shim:vtable#0}
[INFO] [stdout]   24:     0x576d3e195559 - <std[70759c8f55707aa4]::sys::thread::unix::Thread>::new::thread_start
[INFO] [stdout]   25:     0x7a27ffd76dfa - <unknown>
[INFO] [stdout]   26:     0x7a27ffe0a3d4 - clone
[INFO] [stdout]   27:                0x0 - <unknown>
[INFO] [stdout] 
[INFO] [stdout] ---- rest_upsert_insert_new stdout ----
[INFO] [stdout] 
[INFO] [stdout] thread 'rest_upsert_insert_new' (2200) panicked at tests/rest_integration.rs:45:5:
[INFO] [stdout] reset_test_data RPC failed: Some(Http("error sending request for url (http://127.0.0.1:64321/rest/v1/rpc/reset_test_data)"))
[INFO] [stdout] stack backtrace:
[INFO] [stdout]    0:     0x576d3e196031 - <<std[70759c8f55707aa4]::sys::backtrace::BacktraceLock>::print::DisplayBacktrace as core[df12db4294e9bfd3]::fmt::Display>::fmt
[INFO] [stdout]    1:     0x576d3e1acdca - core[df12db4294e9bfd3]::fmt::write
[INFO] [stdout]    2:     0x576d3e19abec - <alloc[2182bb758b4b3781]::vec::Vec<u8> as core[df12db4294e9bfd3]::io::write::Write>::write_fmt
[INFO] [stdout]    3:     0x576d3e1710d6 - std[70759c8f55707aa4]::panicking::default_hook::{closure#0}
[INFO] [stdout]    4:     0x576d3e18df39 - std[70759c8f55707aa4]::panicking::default_hook
[INFO] [stdout]    5:     0x576d3dea1ac0 - test[9d35eded1c95d3be]::test_main_inner::<test[9d35eded1c95d3be]::test_main_static::{closure#0}>::{closure#0}
[INFO] [stdout]    6:     0x576d3e18e262 - std[70759c8f55707aa4]::panicking::panic_with_hook
[INFO] [stdout]    7:     0x576d3e171182 - std[70759c8f55707aa4]::panicking::panic_handler::{closure#0}
[INFO] [stdout]    8:     0x576d3e169e29 - std[70759c8f55707aa4]::sys::backtrace::__rust_end_short_backtrace::<std[70759c8f55707aa4]::panicking::panic_handler::{closure#0}, !>
[INFO] [stdout]    9:     0x576d3e171f6d - __rustc[8fa7c3cbc660c2b3]::rust_begin_unwind
[INFO] [stdout]   10:     0x576d3e1ad52c - core[df12db4294e9bfd3]::panicking::panic_fmt
[INFO] [stdout]   11:     0x576d3de7363e - rest_integration[612008dace2685b7]::reset_data::{closure#0}
[INFO] [stdout]   12:     0x576d3de6d9f1 - rest_integration[612008dace2685b7]::rest_upsert_insert_new::{closure#0}::{closure#0}
[INFO] [stdout]   13:     0x576d3de88e43 - <tokio[c95ab7384fd5f832]::runtime::scheduler::current_thread::Context>::enter::<core[df12db4294e9bfd3]::task::poll::Poll<()>, <tokio[c95ab7384fd5f832]::runtime::scheduler::current_thread::CoreGuard>::block_on<core[df12db4294e9bfd3]::pin::Pin<&mut core[df12db4294e9bfd3]::pin::Pin<&mut dyn core[df12db4294e9bfd3]::future::future::Future<Output = ()>>>>::{closure#0}::{closure#0}>
[INFO] [stdout]   14:     0x576d3de87cbc - <tokio[c95ab7384fd5f832]::runtime::context::scoped::Scoped<tokio[c95ab7384fd5f832]::runtime::scheduler::Context>>::set::<<tokio[c95ab7384fd5f832]::runtime::scheduler::current_thread::CoreGuard>::enter<<tokio[c95ab7384fd5f832]::runtime::scheduler::current_thread::CoreGuard>::block_on<core[df12db4294e9bfd3]::pin::Pin<&mut core[df12db4294e9bfd3]::pin::Pin<&mut dyn core[df12db4294e9bfd3]::future::future::Future<Output = ()>>>>::{closure#0}, core[df12db4294e9bfd3]::option::Option<()>>::{closure#0}, (alloc[2182bb758b4b3781]::boxed::Box<tokio[c95ab7384fd5f832]::runtime::scheduler::current_thread::Core>, core[df12db4294e9bfd3]::option::Option<()>)>
[INFO] [stdout]   15:     0x576d3de88aad - <tokio[c95ab7384fd5f832]::runtime::scheduler::current_thread::CurrentThread>::block_on::<core[df12db4294e9bfd3]::pin::Pin<&mut dyn core[df12db4294e9bfd3]::future::future::Future<Output = ()>>>
[INFO] [stdout]   16:     0x576d3de87bad - <tokio[c95ab7384fd5f832]::runtime::runtime::Runtime>::block_on::<core[df12db4294e9bfd3]::pin::Pin<&mut dyn core[df12db4294e9bfd3]::future::future::Future<Output = ()>>>
[INFO] [stdout]   17:     0x576d3de77798 - <rest_integration[612008dace2685b7]::rest_upsert_insert_new::{closure#0} as core[df12db4294e9bfd3]::ops::function::FnOnce<()>>::call_once
[INFO] [stdout]   18:     0x576d3e14b133 - serial_test[10560a5b75e11aeb]::serial_code_lock::local_serial_core
[INFO] [stdout]   19:     0x576d3de75e2d - <rest_integration[612008dace2685b7]::rest_upsert_insert_new::{closure#0} as core[df12db4294e9bfd3]::ops::function::FnOnce<()>>::call_once
[INFO] [stdout]   20:     0x576d3de94dab - test[9d35eded1c95d3be]::__rust_begin_short_backtrace::<core[df12db4294e9bfd3]::result::Result<(), alloc[2182bb758b4b3781]::string::String>, fn() -> core[df12db4294e9bfd3]::result::Result<(), alloc[2182bb758b4b3781]::string::String>>
[INFO] [stdout]   21:     0x576d3dea2415 - test[9d35eded1c95d3be]::run_test::{closure#0}
[INFO] [stdout]   22:     0x576d3de9bcd4 - std[70759c8f55707aa4]::sys::backtrace::__rust_begin_short_backtrace::<test[9d35eded1c95d3be]::run_test::{closure#1}, ()>
[INFO] [stdout]   23:     0x576d3dea5572 - <std[70759c8f55707aa4]::thread::lifecycle::spawn_unchecked<test[9d35eded1c95d3be]::run_test::{closure#1}, ()>::{closure#1} as core[df12db4294e9bfd3]::ops::function::FnOnce<()>>::call_once::{shim:vtable#0}
[INFO] [stdout]   24:     0x576d3e195559 - <std[70759c8f55707aa4]::sys::thread::unix::Thread>::new::thread_start
[INFO] [stdout]   25:     0x7a27ffd76dfa - <unknown>
[INFO] [stdout]   26:     0x7a27ffe0a3d4 - clone
[INFO] [stdout]   27:                0x0 - <unknown>
[INFO] [stdout] 
[INFO] [stdout] ---- rest_select_single stdout ----
[INFO] [stdout] 
[INFO] [stdout] thread 'rest_select_single' (2183) panicked at tests/rest_integration.rs:45:5:
[INFO] [stdout] reset_test_data RPC failed: Some(Http("error sending request for url (http://127.0.0.1:64321/rest/v1/rpc/reset_test_data)"))
[INFO] [stdout] stack backtrace:
[INFO] [stdout]    0:     0x576d3e196031 - <<std[70759c8f55707aa4]::sys::backtrace::BacktraceLock>::print::DisplayBacktrace as core[df12db4294e9bfd3]::fmt::Display>::fmt
[INFO] [stdout]    1:     0x576d3e1acdca - core[df12db4294e9bfd3]::fmt::write
[INFO] [stdout]    2:     0x576d3e19abec - <alloc[2182bb758b4b3781]::vec::Vec<u8> as core[df12db4294e9bfd3]::io::write::Write>::write_fmt
[INFO] [stdout]    3:     0x576d3e1710d6 - std[70759c8f55707aa4]::panicking::default_hook::{closure#0}
[INFO] [stdout]    4:     0x576d3e18df39 - std[70759c8f55707aa4]::panicking::default_hook
[INFO] [stdout]    5:     0x576d3dea1ac0 - test[9d35eded1c95d3be]::test_main_inner::<test[9d35eded1c95d3be]::test_main_static::{closure#0}>::{closure#0}
[INFO] [stdout]    6:     0x576d3e18e262 - std[70759c8f55707aa4]::panicking::panic_with_hook
[INFO] [stdout]    7:     0x576d3e171182 - std[70759c8f55707aa4]::panicking::panic_handler::{closure#0}
[INFO] [stdout]    8:     0x576d3e169e29 - std[70759c8f55707aa4]::sys::backtrace::__rust_end_short_backtrace::<std[70759c8f55707aa4]::panicking::panic_handler::{closure#0}, !>
[INFO] [stdout]    9:     0x576d3e171f6d - __rustc[8fa7c3cbc660c2b3]::rust_begin_unwind
[INFO] [stdout]   10:     0x576d3e1ad52c - core[df12db4294e9bfd3]::panicking::panic_fmt
[INFO] [stdout]   11:     0x576d3de7363e - rest_integration[612008dace2685b7]::reset_data::{closure#0}
[INFO] [stdout]   12:     0x576d3de6a5d1 - rest_integration[612008dace2685b7]::rest_select_single::{closure#0}::{closure#0}
[INFO] [stdout]   13:     0x576d3de88e43 - <tokio[c95ab7384fd5f832]::runtime::scheduler::current_thread::Context>::enter::<core[df12db4294e9bfd3]::task::poll::Poll<()>, <tokio[c95ab7384fd5f832]::runtime::scheduler::current_thread::CoreGuard>::block_on<core[df12db4294e9bfd3]::pin::Pin<&mut core[df12db4294e9bfd3]::pin::Pin<&mut dyn core[df12db4294e9bfd3]::future::future::Future<Output = ()>>>>::{closure#0}::{closure#0}>
[INFO] [stdout]   14:     0x576d3de87cbc - <tokio[c95ab7384fd5f832]::runtime::context::scoped::Scoped<tokio[c95ab7384fd5f832]::runtime::scheduler::Context>>::set::<<tokio[c95ab7384fd5f832]::runtime::scheduler::current_thread::CoreGuard>::enter<<tokio[c95ab7384fd5f832]::runtime::scheduler::current_thread::CoreGuard>::block_on<core[df12db4294e9bfd3]::pin::Pin<&mut core[df12db4294e9bfd3]::pin::Pin<&mut dyn core[df12db4294e9bfd3]::future::future::Future<Output = ()>>>>::{closure#0}, core[df12db4294e9bfd3]::option::Option<()>>::{closure#0}, (alloc[2182bb758b4b3781]::boxed::Box<tokio[c95ab7384fd5f832]::runtime::scheduler::current_thread::Core>, core[df12db4294e9bfd3]::option::Option<()>)>
[INFO] [stdout]   15:     0x576d3de88aad - <tokio[c95ab7384fd5f832]::runtime::scheduler::current_thread::CurrentThread>::block_on::<core[df12db4294e9bfd3]::pin::Pin<&mut dyn core[df12db4294e9bfd3]::future::future::Future<Output = ()>>>
[INFO] [stdout]   16:     0x576d3de87bad - <tokio[c95ab7384fd5f832]::runtime::runtime::Runtime>::block_on::<core[df12db4294e9bfd3]::pin::Pin<&mut dyn core[df12db4294e9bfd3]::future::future::Future<Output = ()>>>
[INFO] [stdout]   17:     0x576d3de76d98 - <rest_integration[612008dace2685b7]::rest_select_single::{closure#0} as core[df12db4294e9bfd3]::ops::function::FnOnce<()>>::call_once
[INFO] [stdout]   18:     0x576d3e14b133 - serial_test[10560a5b75e11aeb]::serial_code_lock::local_serial_core
[INFO] [stdout]   19:     0x576d3de75a2d - <rest_integration[612008dace2685b7]::rest_select_single::{closure#0} as core[df12db4294e9bfd3]::ops::function::FnOnce<()>>::call_once
[INFO] [stdout]   20:     0x576d3de94dab - test[9d35eded1c95d3be]::__rust_begin_short_backtrace::<core[df12db4294e9bfd3]::result::Result<(), alloc[2182bb758b4b3781]::string::String>, fn() -> core[df12db4294e9bfd3]::result::Result<(), alloc[2182bb758b4b3781]::string::String>>
[INFO] [stdout]   21:     0x576d3dea2415 - test[9d35eded1c95d3be]::run_test::{closure#0}
[INFO] [stdout]   22:     0x576d3de9bcd4 - std[70759c8f55707aa4]::sys::backtrace::__rust_begin_short_backtrace::<test[9d35eded1c95d3be]::run_test::{closure#1}, ()>
[INFO] [stdout]   23:     0x576d3dea5572 - <std[70759c8f55707aa4]::thread::lifecycle::spawn_unchecked<test[9d35eded1c95d3be]::run_test::{closure#1}, ()>::{closure#1} as core[df12db4294e9bfd3]::ops::function::FnOnce<()>>::call_once::{shim:vtable#0}
[INFO] [stdout]   24:     0x576d3e195559 - <std[70759c8f55707aa4]::sys::thread::unix::Thread>::new::thread_start
[INFO] [stdout]   25:     0x7a27ffd76dfa - <unknown>
[INFO] [stdout]   26:     0x7a27ffe0a3d4 - clone
[INFO] [stdout]   27:                0x0 - <unknown>
[INFO] [stdout] 
[INFO] [stdout] ---- rest_select_all stdout ----
[INFO] [stdout] 
[INFO] [stdout] thread 'rest_select_all' (2182) panicked at tests/rest_integration.rs:45:5:
[INFO] [stdout] reset_test_data RPC failed: Some(Http("error sending request for url (http://127.0.0.1:64321/rest/v1/rpc/reset_test_data)"))
[INFO] [stdout] stack backtrace:
[INFO] [stdout]    0:     0x576d3e196031 - <<std[70759c8f55707aa4]::sys::backtrace::BacktraceLock>::print::DisplayBacktrace as core[df12db4294e9bfd3]::fmt::Display>::fmt
[INFO] [stdout]    1:     0x576d3e1acdca - core[df12db4294e9bfd3]::fmt::write
[INFO] [stdout]    2:     0x576d3e19abec - <alloc[2182bb758b4b3781]::vec::Vec<u8> as core[df12db4294e9bfd3]::io::write::Write>::write_fmt
[INFO] [stdout]    3:     0x576d3e1710d6 - std[70759c8f55707aa4]::panicking::default_hook::{closure#0}
[INFO] [stdout]    4:     0x576d3e18df39 - std[70759c8f55707aa4]::panicking::default_hook
[INFO] [stdout]    5:     0x576d3dea1ac0 - test[9d35eded1c95d3be]::test_main_inner::<test[9d35eded1c95d3be]::test_main_static::{closure#0}>::{closure#0}
[INFO] [stdout]    6:     0x576d3e18e262 - std[70759c8f55707aa4]::panicking::panic_with_hook
[INFO] [stdout]    7:     0x576d3e171182 - std[70759c8f55707aa4]::panicking::panic_handler::{closure#0}
[INFO] [stdout]    8:     0x576d3e169e29 - std[70759c8f55707aa4]::sys::backtrace::__rust_end_short_backtrace::<std[70759c8f55707aa4]::panicking::panic_handler::{closure#0}, !>
[INFO] [stdout]    9:     0x576d3e171f6d - __rustc[8fa7c3cbc660c2b3]::rust_begin_unwind
[INFO] [stdout]   10:     0x576d3e1ad52c - core[df12db4294e9bfd3]::panicking::panic_fmt
[INFO] [stdout]   11:     0x576d3de7363e - rest_integration[612008dace2685b7]::reset_data::{closure#0}
[INFO] [stdout]   12:     0x576d3de696f1 - rest_integration[612008dace2685b7]::rest_select_all::{closure#0}::{closure#0}
[INFO] [stdout]   13:     0x576d3de88e43 - <tokio[c95ab7384fd5f832]::runtime::scheduler::current_thread::Context>::enter::<core[df12db4294e9bfd3]::task::poll::Poll<()>, <tokio[c95ab7384fd5f832]::runtime::scheduler::current_thread::CoreGuard>::block_on<core[df12db4294e9bfd3]::pin::Pin<&mut core[df12db4294e9bfd3]::pin::Pin<&mut dyn core[df12db4294e9bfd3]::future::future::Future<Output = ()>>>>::{closure#0}::{closure#0}>
[INFO] [stdout]   14:     0x576d3de87cbc - <tokio[c95ab7384fd5f832]::runtime::context::scoped::Scoped<tokio[c95ab7384fd5f832]::runtime::scheduler::Context>>::set::<<tokio[c95ab7384fd5f832]::runtime::scheduler::current_thread::CoreGuard>::enter<<tokio[c95ab7384fd5f832]::runtime::scheduler::current_thread::CoreGuard>::block_on<core[df12db4294e9bfd3]::pin::Pin<&mut core[df12db4294e9bfd3]::pin::Pin<&mut dyn core[df12db4294e9bfd3]::future::future::Future<Output = ()>>>>::{closure#0}, core[df12db4294e9bfd3]::option::Option<()>>::{closure#0}, (alloc[2182bb758b4b3781]::boxed::Box<tokio[c95ab7384fd5f832]::runtime::scheduler::current_thread::Core>, core[df12db4294e9bfd3]::option::Option<()>)>
[INFO] [stdout]   15:     0x576d3de88aad - <tokio[c95ab7384fd5f832]::runtime::scheduler::current_thread::CurrentThread>::block_on::<core[df12db4294e9bfd3]::pin::Pin<&mut dyn core[df12db4294e9bfd3]::future::future::Future<Output = ()>>>
[INFO] [stdout]   16:     0x576d3de87bad - <tokio[c95ab7384fd5f832]::runtime::runtime::Runtime>::block_on::<core[df12db4294e9bfd3]::pin::Pin<&mut dyn core[df12db4294e9bfd3]::future::future::Future<Output = ()>>>
[INFO] [stdout]   17:     0x576d3de769d8 - <rest_integration[612008dace2685b7]::rest_select_all::{closure#0} as core[df12db4294e9bfd3]::ops::function::FnOnce<()>>::call_once
[INFO] [stdout]   18:     0x576d3e14b133 - serial_test[10560a5b75e11aeb]::serial_code_lock::local_serial_core
[INFO] [stdout]   19:     0x576d3de758ad - <rest_integration[612008dace2685b7]::rest_select_all::{closure#0} as core[df12db4294e9bfd3]::ops::function::FnOnce<()>>::call_once
[INFO] [stdout]   20:     0x576d3de94dab - test[9d35eded1c95d3be]::__rust_begin_short_backtrace::<core[df12db4294e9bfd3]::result::Result<(), alloc[2182bb758b4b3781]::string::String>, fn() -> core[df12db4294e9bfd3]::result::Result<(), alloc[2182bb758b4b3781]::string::String>>
[INFO] [stdout]   21:     0x576d3dea2415 - test[9d35eded1c95d3be]::run_test::{closure#0}
[INFO] [stdout]   22:     0x576d3de9bcd4 - std[70759c8f55707aa4]::sys::backtrace::__rust_begin_short_backtrace::<test[9d35eded1c95d3be]::run_test::{closure#1}, ()>
[INFO] [stdout]   23:     0x576d3dea5572 - <std[70759c8f55707aa4]::thread::lifecycle::spawn_unchecked<test[9d35eded1c95d3be]::run_test::{closure#1}, ()>::{closure#1} as core[df12db4294e9bfd3]::ops::function::FnOnce<()>>::call_once::{shim:vtable#0}
[INFO] [stdout]   24:     0x576d3e195559 - <std[70759c8f55707aa4]::sys::thread::unix::Thread>::new::thread_start
[INFO] [stdout]   25:     0x7a27ffd76dfa - <unknown>
[INFO] [stdout]   26:     0x7a27ffe0a3d4 - clone
[INFO] [stdout]   27:                0x0 - <unknown>
[INFO] [stdout] 
[INFO] [stdout] ---- rest_select_with_count stdout ----
[INFO] [stdout] 
[INFO] [stdout] thread 'rest_select_with_count' (2185) panicked at tests/rest_integration.rs:45:5:
[INFO] [stdout] reset_test_data RPC failed: Some(Http("error sending request for url (http://127.0.0.1:64321/rest/v1/rpc/reset_test_data)"))
[INFO] [stdout] stack backtrace:
[INFO] [stdout]    0:     0x576d3e196031 - <<std[70759c8f55707aa4]::sys::backtrace::BacktraceLock>::print::DisplayBacktrace as core[df12db4294e9bfd3]::fmt::Display>::fmt
[INFO] [stdout]    1:     0x576d3e1acdca - core[df12db4294e9bfd3]::fmt::write
[INFO] [stdout]    2:     0x576d3e19abec - <alloc[2182bb758b4b3781]::vec::Vec<u8> as core[df12db4294e9bfd3]::io::write::Write>::write_fmt
[INFO] [stdout]    3:     0x576d3e1710d6 - std[70759c8f55707aa4]::panicking::default_hook::{closure#0}
[INFO] [stdout]    4:     0x576d3e18df39 - std[70759c8f55707aa4]::panicking::default_hook
[INFO] [stdout]    5:     0x576d3dea1ac0 - test[9d35eded1c95d3be]::test_main_inner::<test[9d35eded1c95d3be]::test_main_static::{closure#0}>::{closure#0}
[INFO] [stdout]    6:     0x576d3e18e262 - std[70759c8f55707aa4]::panicking::panic_with_hook
[INFO] [stdout]    7:     0x576d3e171182 - std[70759c8f55707aa4]::panicking::panic_handler::{closure#0}
[INFO] [stdout]    8:     0x576d3e169e29 - std[70759c8f55707aa4]::sys::backtrace::__rust_end_short_backtrace::<std[70759c8f55707aa4]::panicking::panic_handler::{closure#0}, !>
[INFO] [stdout]    9:     0x576d3e171f6d - __rustc[8fa7c3cbc660c2b3]::rust_begin_unwind
[INFO] [stdout]   10:     0x576d3e1ad52c - core[df12db4294e9bfd3]::panicking::panic_fmt
[INFO] [stdout]   11:     0x576d3de7363e - rest_integration[612008dace2685b7]::reset_data::{closure#0}
[INFO] [stdout]   12:     0x576d3de6c241 - rest_integration[612008dace2685b7]::rest_select_with_count::{closure#0}::{closure#0}
[INFO] [stdout]   13:     0x576d3de88e43 - <tokio[c95ab7384fd5f832]::runtime::scheduler::current_thread::Context>::enter::<core[df12db4294e9bfd3]::task::poll::Poll<()>, <tokio[c95ab7384fd5f832]::runtime::scheduler::current_thread::CoreGuard>::block_on<core[df12db4294e9bfd3]::pin::Pin<&mut core[df12db4294e9bfd3]::pin::Pin<&mut dyn core[df12db4294e9bfd3]::future::future::Future<Output = ()>>>>::{closure#0}::{closure#0}>
[INFO] [stdout]   14:     0x576d3de87cbc - <tokio[c95ab7384fd5f832]::runtime::context::scoped::Scoped<tokio[c95ab7384fd5f832]::runtime::scheduler::Context>>::set::<<tokio[c95ab7384fd5f832]::runtime::scheduler::current_thread::CoreGuard>::enter<<tokio[c95ab7384fd5f832]::runtime::scheduler::current_thread::CoreGuard>::block_on<core[df12db4294e9bfd3]::pin::Pin<&mut core[df12db4294e9bfd3]::pin::Pin<&mut dyn core[df12db4294e9bfd3]::future::future::Future<Output = ()>>>>::{closure#0}, core[df12db4294e9bfd3]::option::Option<()>>::{closure#0}, (alloc[2182bb758b4b3781]::boxed::Box<tokio[c95ab7384fd5f832]::runtime::scheduler::current_thread::Core>, core[df12db4294e9bfd3]::option::Option<()>)>
[INFO] [stdout]   15:     0x576d3de88aad - <tokio[c95ab7384fd5f832]::runtime::scheduler::current_thread::CurrentThread>::block_on::<core[df12db4294e9bfd3]::pin::Pin<&mut dyn core[df12db4294e9bfd3]::future::future::Future<Output = ()>>>
[INFO] [stdout]   16:     0x576d3de87bad - <tokio[c95ab7384fd5f832]::runtime::runtime::Runtime>::block_on::<core[df12db4294e9bfd3]::pin::Pin<&mut dyn core[df12db4294e9bfd3]::future::future::Future<Output = ()>>>
[INFO] [stdout]   17:     0x576d3de77298 - <rest_integration[612008dace2685b7]::rest_select_with_count::{closure#0} as core[df12db4294e9bfd3]::ops::function::FnOnce<()>>::call_once
[INFO] [stdout]   18:     0x576d3e14b133 - serial_test[10560a5b75e11aeb]::serial_code_lock::local_serial_core
[INFO] [stdout]   19:     0x576d3de75c2d - <rest_integration[612008dace2685b7]::rest_select_with_count::{closure#0} as core[df12db4294e9bfd3]::ops::function::FnOnce<()>>::call_once
[INFO] [stdout]   20:     0x576d3de94dab - test[9d35eded1c95d3be]::__rust_begin_short_backtrace::<core[df12db4294e9bfd3]::result::Result<(), alloc[2182bb758b4b3781]::string::String>, fn() -> core[df12db4294e9bfd3]::result::Result<(), alloc[2182bb758b4b3781]::string::String>>
[INFO] [stdout]   21:     0x576d3dea2415 - test[9d35eded1c95d3be]::run_test::{closure#0}
[INFO] [stdout]   22:     0x576d3de9bcd4 - std[70759c8f55707aa4]::sys::backtrace::__rust_begin_short_backtrace::<test[9d35eded1c95d3be]::run_test::{closure#1}, ()>
[INFO] [stdout]   23:     0x576d3dea5572 - <std[70759c8f55707aa4]::thread::lifecycle::spawn_unchecked<test[9d35eded1c95d3be]::run_test::{closure#1}, ()>::{closure#1} as core[df12db4294e9bfd3]::ops::function::FnOnce<()>>::call_once::{shim:vtable#0}
[INFO] [stdout]   24:     0x576d3e195559 - <std[70759c8f55707aa4]::sys::thread::unix::Thread>::new::thread_start
[INFO] [stdout]   25:     0x7a27ffd76dfa - <unknown>
[INFO] [stdout]   26:     0x7a27ffe0a3d4 - clone
[INFO] [stdout]   27:                0x0 - <unknown>
[INFO] [stdout] 
[INFO] [stdout] 
[INFO] [stdout] failures:
[INFO] [stdout]     rest_count_estimated
[INFO] [stdout]     rest_count_planned
[INFO] [stdout]     rest_csv_format
[INFO] [stdout]     rest_delete_with_filter
[INFO] [stdout]     rest_insert_many_rows
[INFO] [stdout]     rest_insert_single_row
[INFO] [stdout]     rest_rpc_call
[INFO] [stdout]     rest_rpc_rollback
[INFO] [stdout]     rest_rpc_scalar
[INFO] [stdout]     rest_select_all
[INFO] [stdout]     rest_select_single
[INFO] [stdout]     rest_select_specific_columns
[INFO] [stdout]     rest_select_with_count
[INFO] [stdout]     rest_select_with_eq_filter
[INFO] [stdout]     rest_select_with_gt_filter
[INFO] [stdout]     rest_select_with_gte_lte_filter
[INFO] [stdout]     rest_select_with_ilike_filter
[INFO] [stdout]     rest_select_with_in_filter
[INFO] [stdout]     rest_select_with_is_filter
[INFO] [stdout]     rest_select_with_like_filter
[INFO] [stdout]     rest_select_with_limit
[INFO] [stdout]     rest_select_with_neq_filter
[INFO] [stdout]     rest_select_with_order
[INFO] [stdout]     rest_select_with_order_desc
[INFO] [stdout]     rest_select_with_range
[INFO] [stdout]     rest_typed_rpc
[INFO] [stdout]     rest_update_with_filter
[INFO] [stdout]     rest_upsert_insert_new
[INFO] [stdout] 
[INFO] [stdout] test result: FAILED. 0 passed; 28 failed; 0 ignored; 0 measured; 0 filtered out; finished in 2.37s
[INFO] [stdout] 
[INFO] [stderr] error: test failed, to rerun pass `--test rest_integration`
[INFO] running `Command { std: "docker" "inspect" "7d70af47c9f5dd7c0b0fb715c5561f0df56808f4f5f1fdee77fce2142a11271f", kill_on_drop: false }`
[INFO] running `Command { std: "docker" "rm" "-f" "7d70af47c9f5dd7c0b0fb715c5561f0df56808f4f5f1fdee77fce2142a11271f", kill_on_drop: false }`
[INFO] [stdout] 7d70af47c9f5dd7c0b0fb715c5561f0df56808f4f5f1fdee77fce2142a11271f
