[INFO] fetching crate sunspec-modbus-lib-rs 0.4.0...
[INFO] testing sunspec-modbus-lib-rs-0.4.0 against 1.100.0-beta.1+cargoflags=--release for beta-release-1.100-2
[INFO] extracting crate sunspec-modbus-lib-rs 0.4.0 into /workspace/builds/worker-0-tc2/source
[INFO] started tweaking crates.io crate sunspec-modbus-lib-rs 0.4.0
[INFO] removed 0 missing examples
[INFO] finished tweaking crates.io crate sunspec-modbus-lib-rs 0.4.0
[INFO] tweaked toml for crates.io crate sunspec-modbus-lib-rs 0.4.0 written to /workspace/builds/worker-0-tc2/source/Cargo.toml
[INFO] validating manifest of crates.io crate sunspec-modbus-lib-rs 0.4.0 on toolchain 1.100.0-beta.1
[INFO] running `Command { std: CARGO_HOME="/workspace/cargo-home" RUSTUP_HOME="/workspace/rustup-home" "/workspace/cargo-home/bin/cargo" "+1.100.0-beta.1" "metadata" "--manifest-path" "Cargo.toml" "--no-deps", kill_on_drop: false }`
[INFO] crate crates.io crate sunspec-modbus-lib-rs 0.4.0 already has a lockfile, it will not be regenerated
[INFO] running `Command { std: CARGO_HOME="/workspace/cargo-home" RUSTUP_HOME="/workspace/rustup-home" "/workspace/cargo-home/bin/cargo" "+1.100.0-beta.1" "fetch" "--manifest-path" "Cargo.toml", kill_on_drop: false }`
[INFO] running `Command { std: "docker" "create" "-v" "/var/lib/crater-agent-workspace/builds/worker-0-tc2/source:/opt/rustwide/workdir:ro,Z" "-v" "/var/lib/crater-agent-workspace/builds/worker-0-tc2/target:/opt/rustwide/target:rw,Z" "-v" "/var/lib/crater-agent-workspace/cargo-home:/opt/rustwide/cargo-home:ro,Z" "-v" "/var/lib/crater-agent-workspace/rustup-home:/opt/rustwide/rustup-home:ro,Z" "-m" "1610612736" "--network" "none" "ghcr.io/rust-lang/crates-build-env/linux@sha256:77db811e55d90add9212f6832c23229e3de5f1c1f9905e8cb07319ea15df73ac" "sleep" "infinity", kill_on_drop: false }`
[INFO] [stdout] 8afc90450c616530f37c2725c33f7d5ecd1d8b3d1ae8717fc0f97a11968ea187
[INFO] running `Command { std: "docker" "start" "8afc90450c616530f37c2725c33f7d5ecd1d8b3d1ae8717fc0f97a11968ea187", kill_on_drop: false }`
[INFO] running `Command { std: "docker" "inspect" "8afc90450c616530f37c2725c33f7d5ecd1d8b3d1ae8717fc0f97a11968ea187", kill_on_drop: false }`
[INFO] running `Command { std: "docker" "exec" "-e" "SOURCE_DIR=/opt/rustwide/workdir" "-e" "CARGO_HOME=/opt/rustwide/cargo-home" "-e" "RUSTUP_HOME=/opt/rustwide/rustup-home" "-e" "CARGO_TARGET_DIR=/opt/rustwide/target" "-w" "/opt/rustwide/workdir" "--user" "0:0" "8afc90450c616530f37c2725c33f7d5ecd1d8b3d1ae8717fc0f97a11968ea187" "/opt/rustwide/cargo-home/bin/cargo" "+1.100.0-beta.1" "metadata" "--no-deps" "--format-version=1", kill_on_drop: false }`
[INFO] running `Command { std: "docker" "inspect" "8afc90450c616530f37c2725c33f7d5ecd1d8b3d1ae8717fc0f97a11968ea187", kill_on_drop: false }`
[INFO] running `Command { std: "docker" "exec" "-e" "SOURCE_DIR=/opt/rustwide/workdir" "-e" "CARGO_HOME=/opt/rustwide/cargo-home" "-e" "RUSTUP_HOME=/opt/rustwide/rustup-home" "-e" "CARGO_TARGET_DIR=/opt/rustwide/target" "-e" "CARGO_INCREMENTAL=0" "-e" "RUST_BACKTRACE=full" "-e" "RUSTFLAGS=--cap-lints=warn" "-e" "RUSTDOCFLAGS=--cap-lints=warn" "-w" "/opt/rustwide/workdir" "--user" "0:0" "8afc90450c616530f37c2725c33f7d5ecd1d8b3d1ae8717fc0f97a11968ea187" "/opt/rustwide/cargo-home/bin/cargo" "+1.100.0-beta.1" "build" "--frozen" "--message-format=json" "--release", kill_on_drop: false }`
[INFO] [stderr]    Compiling proc-macro2 v1.0.107
[INFO] [stderr]    Compiling unicode-ident v1.0.24
[INFO] [stderr]    Compiling quote v1.0.47
[INFO] [stderr]    Compiling bytemuck v1.25.2
[INFO] [stderr]    Compiling syn v2.0.119
[INFO] [stderr]    Compiling sunspec-modbus-derive v0.4.0
[INFO] [stderr]    Compiling sunspec-modbus-lib-rs v0.4.0 (/opt/rustwide/workdir)
[INFO] [stderr]     Finished `release` profile [optimized] target(s) in 6.75s
[INFO] running `Command { std: "docker" "inspect" "8afc90450c616530f37c2725c33f7d5ecd1d8b3d1ae8717fc0f97a11968ea187", kill_on_drop: false }`
[INFO] running `Command { std: "docker" "exec" "-e" "SOURCE_DIR=/opt/rustwide/workdir" "-e" "CARGO_HOME=/opt/rustwide/cargo-home" "-e" "RUSTUP_HOME=/opt/rustwide/rustup-home" "-e" "CARGO_TARGET_DIR=/opt/rustwide/target" "-e" "CARGO_INCREMENTAL=0" "-e" "RUST_BACKTRACE=full" "-e" "RUSTFLAGS=--cap-lints=warn" "-e" "RUSTDOCFLAGS=--cap-lints=warn" "-w" "/opt/rustwide/workdir" "--user" "0:0" "8afc90450c616530f37c2725c33f7d5ecd1d8b3d1ae8717fc0f97a11968ea187" "/opt/rustwide/cargo-home/bin/cargo" "+1.100.0-beta.1" "test" "--frozen" "--no-run" "--message-format=json" "--release", kill_on_drop: false }`
[INFO] [stderr]    Compiling libc v0.2.189
[INFO] [stderr]    Compiling cfg-if v1.0.4
[INFO] [stderr]    Compiling futures-core v0.3.34
[INFO] [stderr]    Compiling byteorder v1.5.0
[INFO] [stderr]    Compiling heapless v0.9.3
[INFO] [stderr]    Compiling stable_deref_trait v1.2.1
[INFO] [stderr]    Compiling pin-project-lite v0.2.17
[INFO] [stderr]    Compiling syn v2.0.119
[INFO] [stderr]    Compiling syn v3.0.3
[INFO] [stderr]    Compiling nb v1.1.0
[INFO] [stderr]    Compiling futures-sink v0.3.34
[INFO] [stderr]    Compiling ident_case v1.0.1
[INFO] [stderr]    Compiling strsim v0.11.1
[INFO] [stderr]    Compiling rustix v1.1.4
[INFO] [stderr]    Compiling crossbeam-utils v0.8.23
[INFO] [stderr]    Compiling fnv v1.0.7
[INFO] [stderr]    Compiling litrs v1.0.0
[INFO] [stderr]    Compiling bitflags v2.13.1
[INFO] [stderr]    Compiling hash32 v0.3.1
[INFO] [stderr]    Compiling autocfg v1.5.1
[INFO] [stderr]    Compiling critical-section v1.2.0
[INFO] [stderr]    Compiling embassy-time-driver v0.2.2
[INFO] [stderr]    Compiling embassy-time-queue-utils v0.3.2
[INFO] [stderr]    Compiling embedded-hal-async v1.0.0
[INFO] [stderr]    Compiling embedded-io v0.7.1
[INFO] [stderr]    Compiling linux-raw-sys v0.12.1
[INFO] [stderr]    Compiling document-features v0.2.12
[INFO] [stderr]    Compiling embassy-executor-timer-queue v0.1.0
[INFO] [stderr]    Compiling embedded-io-async v0.7.0
[INFO] [stderr]    Compiling async-io v2.6.0
[INFO] [stderr]    Compiling nb v0.1.3
[INFO] [stderr]    Compiling thiserror v2.0.20
[INFO] [stderr]    Compiling rand_core v0.10.1
[INFO] [stderr]    Compiling embassy-sync v0.8.0
[INFO] [stderr]    Compiling void v1.0.2
[INFO] [stderr]    Compiling smoltcp v0.13.1
[INFO] [stderr]    Compiling bytes v1.12.1
[INFO] [stderr]    Compiling getrandom v0.4.3
[INFO] [stderr]    Compiling portable-atomic v1.15.0
[INFO] [stderr]    Compiling mio v1.2.2
[INFO] [stderr]    Compiling socket2 v0.6.5
[INFO] [stderr]    Compiling embedded-hal v1.0.0
[INFO] [stderr]    Compiling concurrent-queue v2.5.0
[INFO] [stderr]    Compiling embedded-hal v0.2.7
[INFO] [stderr]    Compiling embedded-nal v0.9.0
[INFO] [stderr]    Compiling futures-lite v2.6.1
[INFO] [stderr]    Compiling log v0.4.33
[INFO] [stderr]    Compiling slab v0.4.12
[INFO] [stderr]    Compiling parking v2.2.1
[INFO] [stderr]    Compiling futures-task v0.3.34
[INFO] [stderr]    Compiling managed v0.8.0
[INFO] [stderr]    Compiling futures-io v0.3.34
[INFO] [stderr]    Compiling embassy-net-driver v0.2.0
[INFO] [stderr]    Compiling bitflags v1.3.2
[INFO] [stderr]    Compiling cpufeatures v0.3.0
[INFO] [stderr]    Compiling crc-catalog v2.5.0
[INFO] [stderr]    Compiling embassy-executor v0.10.0
[INFO] [stderr]    Compiling crc v3.4.0
[INFO] [stderr]    Compiling chacha20 v0.10.1
[INFO] [stderr]    Compiling futures-util v0.3.34
[INFO] [stderr]    Compiling embedded-nal-async v0.9.0
[INFO] [stderr]    Compiling embassy-time v0.5.1
[INFO] [stderr]    Compiling cordyceps v0.3.5
[INFO] [stderr]    Compiling ieee754 v0.2.6
[INFO] [stderr]    Compiling rmodbus v0.12.2
[INFO] [stderr]    Compiling rand v0.10.2
[INFO] [stderr]    Compiling static_cell v2.1.1
[INFO] [stderr]    Compiling hex v0.4.3
[INFO] [stderr]    Compiling darling_core v0.20.11
[INFO] [stderr]    Compiling embassy-net v0.9.1
[INFO] [stderr]    Compiling tokio-macros v2.7.2
[INFO] [stderr]    Compiling thiserror-impl v2.0.20
[INFO] [stderr]    Compiling async-trait v0.1.92
[INFO] [stderr]    Compiling tokio v1.53.1
[INFO] [stderr]    Compiling sunspec-modbus-derive v0.4.0
[INFO] [stderr]    Compiling sunspec-modbus-lib-rs v0.4.0 (/opt/rustwide/workdir)
[INFO] [stderr]    Compiling darling_macro v0.20.11
[INFO] [stderr]    Compiling darling v0.20.11
[INFO] [stderr]    Compiling embassy-executor-macros v0.8.0
[INFO] [stderr]    Compiling polling v3.11.0
[INFO] [stderr]    Compiling embassy-net-tuntap v0.1.1
[INFO] [stderr]    Compiling tokio-util v0.7.19
[INFO] [stderr]    Compiling tokio-modbus v0.17.0
[INFO] [stderr]     Finished `release` profile [optimized] target(s) in 1m 04s
[INFO] running `Command { std: "docker" "inspect" "8afc90450c616530f37c2725c33f7d5ecd1d8b3d1ae8717fc0f97a11968ea187", kill_on_drop: false }`
[INFO] running `Command { std: "docker" "exec" "-e" "SOURCE_DIR=/opt/rustwide/workdir" "-e" "CARGO_HOME=/opt/rustwide/cargo-home" "-e" "RUSTUP_HOME=/opt/rustwide/rustup-home" "-e" "CARGO_TARGET_DIR=/opt/rustwide/target" "-e" "CARGO_INCREMENTAL=0" "-e" "RUST_BACKTRACE=full" "-e" "RUSTFLAGS=--cap-lints=warn" "-e" "RUSTDOCFLAGS=--cap-lints=warn" "-w" "/opt/rustwide/workdir" "--user" "0:0" "8afc90450c616530f37c2725c33f7d5ecd1d8b3d1ae8717fc0f97a11968ea187" "/opt/rustwide/cargo-home/bin/cargo" "+1.100.0-beta.1" "test" "--frozen" "--release", kill_on_drop: false }`
[INFO] [stderr]     Finished `release` profile [optimized] target(s) in 0.13s
[INFO] [stderr]      Running unittests src/lib.rs (/opt/rustwide/target/release/build/sunspec-modbus-lib-rs/acb06916c52c6213/out/sunspec_modbus_lib_rs-acb06916c52c6213)
[INFO] [stdout] 
[INFO] [stdout] running 8 tests
[INFO] [stdout] test tests::strict_mode_rejects_reads_outside_the_map ... ok
[INFO] [stdout] test tests::strict_mode_rejects_writes_outside_the_map_before_writing ... ok
[INFO] [stdout] test tests::strict_mode_rejects_writes_to_the_suns_identifier_and_end_model ... ok
[INFO] [stdout] test tests::simple_common_adapter ... ok
[INFO] [stdout] test tests::configured_base_address_moves_the_map ... ok
[INFO] [stdout] test tests::lenient_mode_fills_reads_and_ignores_writes_outside_the_models ... ok
[INFO] [stdout] test cursor::tests::test_empty_cursor ... ok
[INFO] [stdout] test cursor::tests::test_optional_blocks ... ok
[INFO] [stdout] 
[INFO] [stdout] test result: ok. 8 passed; 0 failed; 0 ignored; 0 measured; 0 filtered out; finished in 0.01s
[INFO] [stdout] 
[INFO] [stderr]    Doc-tests sunspec_modbus_lib_rs
[INFO] [stdout] 
[INFO] [stdout] running 3 tests
[INFO] [stdout] test src/lib.rs - Sunspec (line 246) ... ignored
[INFO] [stdout] test src/lib.rs - SunspecConfig (line 186) ... ignored
[INFO] [stdout] test src/../README.md - (line 33) ... FAILED
[INFO] [stdout] 
[INFO] [stdout] failures:
[INFO] [stdout] 
[INFO] [stdout] ---- src/../README.md - (line 33) stdout ----
[INFO] [stdout] error[E0432]: unresolved imports `sunspec_modbus_lib_rs::sunspec::models::model_103`, `sunspec_modbus_lib_rs::sunspec::models::model_708`
[INFO] [stdout]    --> src/../README.md:37:32
[INFO] [stdout]     |
[INFO] [stdout]  37 |     sunspec::models::{model_1, model_103, model_708},
[INFO] [stdout]     |                                ^^^^^^^^^  ^^^^^^^^^ no `model_708` in `sunspec::models`
[INFO] [stdout]     |                                |
[INFO] [stdout]     |                                no `model_103` in `sunspec::models`
[INFO] [stdout]     |
[INFO] [stdout] note: found an item that was configured out
[INFO] [stdout]    --> src/sunspec/models.rs:71:9
[INFO] [stdout]     |
[INFO] [stdout]  70 | #[cfg(feature = "model_103")]
[INFO] [stdout]     |       --------------------- the item is gated behind the `model_103` feature
[INFO] [stdout]  71 | pub mod model_103;
[INFO] [stdout]     |         ^^^^^^^^^
[INFO] [stdout] note: found an item that was configured out
[INFO] [stdout]    --> src/sunspec/models.rs:254:9
[INFO] [stdout]     |
[INFO] [stdout] 253 | #[cfg(feature = "model_708")]
[INFO] [stdout]     |       --------------------- the item is gated behind the `model_708` feature
[INFO] [stdout] 254 | pub mod model_708;
[INFO] [stdout]     |         ^^^^^^^^^
[INFO] [stdout] help: a similar name exists in the module
[INFO] [stdout]     |
[INFO] [stdout]  37 -     sunspec::models::{model_1, model_103, model_708},
[INFO] [stdout]  37 +     sunspec::models::{model_1, model_1, model_708},
[INFO] [stdout]     |
[INFO] [stdout] help: a similar name exists in the module
[INFO] [stdout]     |
[INFO] [stdout]  37 -     sunspec::models::{model_1, model_103, model_708},
[INFO] [stdout]  37 +     sunspec::models::{model_1, model_103, model_1},
[INFO] [stdout]     |
[INFO] [stdout] 
[INFO] [stdout] error: aborting due to 1 previous error
[INFO] [stdout] 
[INFO] [stdout] For more information about this error, try `rustc --explain E0432`.
[INFO] [stdout] Couldn't compile the test.
[INFO] [stdout] 
[INFO] [stdout] failures:
[INFO] [stdout]     src/../README.md - (line 33)
[INFO] [stdout] 
[INFO] [stdout] test result: FAILED. 0 passed; 1 failed; 2 ignored; 0 measured; 0 filtered out; finished in 0.17s
[INFO] [stdout] 
[INFO] [stdout] all doctests ran in 0.33s; merged doctests compilation took 0.16s
[INFO] [stderr] error: doctest failed, to rerun pass `--doc`
[INFO] running `Command { std: "docker" "inspect" "8afc90450c616530f37c2725c33f7d5ecd1d8b3d1ae8717fc0f97a11968ea187", kill_on_drop: false }`
[INFO] running `Command { std: "docker" "rm" "-f" "8afc90450c616530f37c2725c33f7d5ecd1d8b3d1ae8717fc0f97a11968ea187", kill_on_drop: false }`
[INFO] [stdout] 8afc90450c616530f37c2725c33f7d5ecd1d8b3d1ae8717fc0f97a11968ea187
