[INFO] fetching crate sunny 1.1.0...
[INFO] testing sunny-1.1.0 against 1.100.0-beta.1+cargoflags=--release for beta-release-1.100-2
[INFO] extracting crate sunny 1.1.0 into /workspace/builds/worker-6-tc2/source
[INFO] removed /workspace/builds/worker-6-tc2/source/.cargo/config
[INFO] started tweaking crates.io crate sunny 1.1.0
[INFO] finished tweaking crates.io crate sunny 1.1.0
[INFO] tweaked toml for crates.io crate sunny 1.1.0 written to /workspace/builds/worker-6-tc2/source/Cargo.toml
[INFO] validating manifest of crates.io crate sunny 1.1.0 on toolchain 1.100.0-beta.1
[INFO] running `Command { std: CARGO_HOME="/workspace/cargo-home" RUSTUP_HOME="/workspace/rustup-home" "/workspace/cargo-home/bin/cargo" "+1.100.0-beta.1" "metadata" "--manifest-path" "Cargo.toml" "--no-deps", kill_on_drop: false }`
[INFO] crate crates.io crate sunny 1.1.0 already has a lockfile, it will not be regenerated
[INFO] running `Command { std: CARGO_HOME="/workspace/cargo-home" RUSTUP_HOME="/workspace/rustup-home" "/workspace/cargo-home/bin/cargo" "+1.100.0-beta.1" "fetch" "--manifest-path" "Cargo.toml", kill_on_drop: false }`
[INFO] running `Command { std: "docker" "create" "-v" "/var/lib/crater-agent-workspace/builds/worker-6-tc2/source:/opt/rustwide/workdir:ro,Z" "-v" "/var/lib/crater-agent-workspace/builds/worker-6-tc2/target:/opt/rustwide/target:rw,Z" "-v" "/var/lib/crater-agent-workspace/cargo-home:/opt/rustwide/cargo-home:ro,Z" "-v" "/var/lib/crater-agent-workspace/rustup-home:/opt/rustwide/rustup-home:ro,Z" "-m" "1610612736" "--network" "none" "ghcr.io/rust-lang/crates-build-env/linux@sha256:77db811e55d90add9212f6832c23229e3de5f1c1f9905e8cb07319ea15df73ac" "sleep" "infinity", kill_on_drop: false }`
[INFO] [stdout] 324be27c91067e6fd3b5dddf7a74347edacba572b303a55f8d88618d8e76ca27
[INFO] running `Command { std: "docker" "start" "324be27c91067e6fd3b5dddf7a74347edacba572b303a55f8d88618d8e76ca27", kill_on_drop: false }`
[INFO] running `Command { std: "docker" "inspect" "324be27c91067e6fd3b5dddf7a74347edacba572b303a55f8d88618d8e76ca27", kill_on_drop: false }`
[INFO] running `Command { std: "docker" "exec" "-e" "SOURCE_DIR=/opt/rustwide/workdir" "-e" "CARGO_HOME=/opt/rustwide/cargo-home" "-e" "RUSTUP_HOME=/opt/rustwide/rustup-home" "-e" "CARGO_TARGET_DIR=/opt/rustwide/target" "-w" "/opt/rustwide/workdir" "--user" "0:0" "324be27c91067e6fd3b5dddf7a74347edacba572b303a55f8d88618d8e76ca27" "/opt/rustwide/cargo-home/bin/cargo" "+1.100.0-beta.1" "metadata" "--no-deps" "--format-version=1", kill_on_drop: false }`
[INFO] running `Command { std: "docker" "inspect" "324be27c91067e6fd3b5dddf7a74347edacba572b303a55f8d88618d8e76ca27", kill_on_drop: false }`
[INFO] running `Command { std: "docker" "exec" "-e" "SOURCE_DIR=/opt/rustwide/workdir" "-e" "CARGO_HOME=/opt/rustwide/cargo-home" "-e" "RUSTUP_HOME=/opt/rustwide/rustup-home" "-e" "CARGO_TARGET_DIR=/opt/rustwide/target" "-e" "CARGO_INCREMENTAL=0" "-e" "RUST_BACKTRACE=full" "-e" "RUSTFLAGS=--cap-lints=warn" "-e" "RUSTDOCFLAGS=--cap-lints=warn" "-w" "/opt/rustwide/workdir" "--user" "0:0" "324be27c91067e6fd3b5dddf7a74347edacba572b303a55f8d88618d8e76ca27" "/opt/rustwide/cargo-home/bin/cargo" "+1.100.0-beta.1" "build" "--frozen" "--message-format=json" "--release", kill_on_drop: false }`
[INFO] [stderr]    Compiling libc v0.2.147
[INFO] [stderr]    Compiling cfg-if v1.0.0
[INFO] [stderr]    Compiling autocfg v1.0.1
[INFO] [stderr]    Compiling proc-macro2 v1.0.66
[INFO] [stderr]    Compiling unicode-ident v1.0.5
[INFO] [stderr]    Compiling ppv-lite86 v0.2.16
[INFO] [stderr]    Compiling siphasher v0.3.8
[INFO] [stderr]    Compiling getrandom v0.1.16
[INFO] [stderr]    Compiling syn v1.0.85
[INFO] [stderr]    Compiling pkg-config v0.3.24
[INFO] [stderr]    Compiling lazy_static v1.4.0
[INFO] [stderr]    Compiling unicode-xid v0.2.2
[INFO] [stderr]    Compiling cc v1.0.72
[INFO] [stderr]    Compiling scopeguard v1.1.0
[INFO] [stderr]    Compiling proc-macro-hack v0.5.19
[INFO] [stderr]    Compiling once_cell v1.16.0
[INFO] [stderr]    Compiling smallvec v1.11.0
[INFO] [stderr]    Compiling parking_lot_core v0.8.5
[INFO] [stderr]    Compiling crossbeam-utils v0.8.11
[INFO] [stderr]    Compiling new_debug_unreachable v1.0.4
[INFO] [stderr]    Compiling instant v0.1.12
[INFO] [stderr]    Compiling log v0.4.14
[INFO] [stderr]    Compiling serde v1.0.133
[INFO] [stderr]    Compiling lock_api v0.4.5
[INFO] [stderr]    Compiling phf_shared v0.10.0
[INFO] [stderr]    Compiling precomputed-hash v0.1.1
[INFO] [stderr]    Compiling phf_shared v0.8.0
[INFO] [stderr]    Compiling memoffset v0.6.5
[INFO] [stderr]    Compiling memchr v2.5.0
[INFO] [stderr]    Compiling mac v0.1.1
[INFO] [stderr]    Compiling crossbeam-epoch v0.9.6
[INFO] [stderr]    Compiling futf v0.1.5
[INFO] [stderr]    Compiling miniz_oxide v0.4.4
[INFO] [stderr]    Compiling utf-8 v0.7.6
[INFO] [stderr]    Compiling byteorder v1.4.3
[INFO] [stderr]    Compiling version_check v0.9.4
[INFO] [stderr]    Compiling dtoa v0.4.8
[INFO] [stderr]    Compiling crc32fast v1.3.0
[INFO] [stderr]    Compiling tinyvec_macros v0.1.0
[INFO] [stderr]    Compiling quote v1.0.32
[INFO] [stderr]    Compiling tinyvec v1.6.0
[INFO] [stderr]    Compiling tendril v0.4.3
[INFO] [stderr]    Compiling dtoa-short v0.3.3
[INFO] [stderr]    Compiling num-traits v0.2.15
[INFO] [stderr]    Compiling unicode-width v0.1.9
[INFO] [stderr]    Compiling adler v1.0.2
[INFO] [stderr]    Compiling syn v2.0.28
[INFO] [stderr]    Compiling ahash v0.8.3
[INFO] [stderr]    Compiling portable-atomic v1.4.2
[INFO] [stderr]    Compiling bitflags v2.3.3
[INFO] [stderr]    Compiling rayon-core v1.11.0
[INFO] [stderr]    Compiling stable_deref_trait v1.2.0
[INFO] [stderr]    Compiling itoa v1.0.9
[INFO] [stderr]    Compiling libz-sys v1.1.3
[INFO] [stderr]    Compiling openssl-sys v0.9.72
[INFO] [stderr]    Compiling curl-sys v0.4.59+curl-7.86.0
[INFO] [stderr]    Compiling parking_lot v0.11.2
[INFO] [stderr]    Compiling servo_arc v0.3.0
[INFO] [stderr]    Compiling getrandom v0.2.10
[INFO] [stderr]    Compiling num_cpus v1.13.1
[INFO] [stderr]    Compiling crossbeam-deque v0.8.1
[INFO] [stderr]    Compiling rand_core v0.6.3
[INFO] [stderr]    Compiling fxhash v0.2.1
[INFO] [stderr]    Compiling crossbeam-channel v0.5.2
[INFO] [stderr]    Compiling anstyle v1.0.1
[INFO] [stderr]    Compiling rand_chacha v0.3.1
[INFO] [stderr]    Compiling regex-syntax v0.6.28
[INFO] [stderr]    Compiling rand_core v0.5.1
[INFO] [stderr]    Compiling heck v0.4.0
[INFO] [stderr]    Compiling unicode-normalization v0.1.22
[INFO] [stderr]    Compiling curl v0.4.44
[INFO] [stderr]    Compiling anyhow v1.0.75
[INFO] [stderr]    Compiling unicode-bidi v0.3.13
[INFO] [stderr]    Compiling clap_lex v0.5.0
[INFO] [stderr]    Compiling rand_chacha v0.2.2
[INFO] [stderr]    Compiling rand_pcg v0.2.1
[INFO] [stderr]    Compiling rand v0.8.4
[INFO] [stderr]    Compiling aho-corasick v0.7.20
[INFO] [stderr]    Compiling percent-encoding v2.3.0
[INFO] [stderr]    Compiling rand v0.7.3
[INFO] [stderr]    Compiling strsim v0.10.0
[INFO] [stderr]    Compiling form_urlencoded v1.2.0
[INFO] [stderr]    Compiling clap_builder v4.4.2
[INFO] [stderr]    Compiling flate2 v1.0.22
[INFO] [stderr]    Compiling idna v0.4.0
[INFO] [stderr]    Compiling console v0.15.7
[INFO] [stderr]    Compiling socket2 v0.4.2
[INFO] [stderr]    Compiling openssl-probe v0.1.5
[INFO] [stderr]    Compiling phf_generator v0.10.0
[INFO] [stderr]    Compiling phf_codegen v0.10.0
[INFO] [stderr]    Compiling number_prefix v0.4.0
[INFO] [stderr]    Compiling selectors v0.25.0
[INFO] [stderr]    Compiling ego-tree v0.6.2
[INFO] [stderr]    Compiling utf8-width v0.1.5
[INFO] [stderr]    Compiling either v1.6.1
[INFO] [stderr]    Compiling html-escape v0.2.13
[INFO] [stderr]    Compiling phf_generator v0.8.0
[INFO] [stderr]    Compiling regex v1.7.0
[INFO] [stderr]    Compiling string_cache_codegen v0.5.1
[INFO] [stderr]    Compiling chrono v0.4.31
[INFO] [stderr]    Compiling indicatif v0.17.6
[INFO] [stderr]    Compiling rayon v1.7.0
[INFO] [stderr]    Compiling url v2.4.1
[INFO] [stderr]    Compiling id3 v1.7.0
[INFO] [stderr]    Compiling markup5ever v0.11.0
[INFO] [stderr]    Compiling strfmt v0.2.4
[INFO] [stderr]    Compiling gjson v0.8.1
[INFO] [stderr]    Compiling string_cache v0.8.2
[INFO] [stderr]    Compiling term-table v1.3.2
[INFO] [stderr]    Compiling cssparser-macros v0.6.1
[INFO] [stderr]    Compiling clap_derive v4.4.2
[INFO] [stderr]    Compiling clap v4.4.3
[INFO] [stderr]    Compiling phf_macros v0.10.0
[INFO] [stderr]    Compiling html5ever v0.26.0
[INFO] [stderr]    Compiling derive_more v0.99.17
[INFO] [stderr]    Compiling phf v0.10.1
[INFO] [stderr]    Compiling cssparser v0.31.2
[INFO] [stderr]    Compiling scraper v0.17.1
[INFO] [stderr]    Compiling sunny v1.1.0 (/opt/rustwide/workdir)
[INFO] [stdout] warning: hiding a lifetime that's named elsewhere is confusing
[INFO] [stdout]   --> src/lib/./multi_dl.rs:90:80
[INFO] [stdout]    |
[INFO] [stdout] 90 |     fn download(&'a self, token: usize, cfg: Config<'a>) -> Result<Easy2Handle<Collector>> {
[INFO] [stdout]    |                  --                                 --                         ^^^^^^^^^ the same lifetime is hidden here
[INFO] [stdout]    |                  |                                  |
[INFO] [stdout]    |                  the lifetime is named here         the lifetime is named here
[INFO] [stdout]    |
[INFO] [stdout]    = help: the same lifetime is referred to in inconsistent ways, making the signature confusing
[INFO] [stdout]    = note: `#[warn(mismatched_lifetime_syntaxes)]` on by default
[INFO] [stdout] help: consistently use `'a`
[INFO] [stdout]    |
[INFO] [stdout] 90 |     fn download(&'a self, token: usize, cfg: Config<'a>) -> Result<Easy2Handle<Collector<'a>>> {
[INFO] [stdout]    |                                                                                         ++++
[INFO] [stdout] 
[INFO] [stdout] 
[INFO] [stderr]     Finished `release` profile [optimized] target(s) in 1m 16s
[INFO] running `Command { std: "docker" "inspect" "324be27c91067e6fd3b5dddf7a74347edacba572b303a55f8d88618d8e76ca27", kill_on_drop: false }`
[INFO] running `Command { std: "docker" "exec" "-e" "SOURCE_DIR=/opt/rustwide/workdir" "-e" "CARGO_HOME=/opt/rustwide/cargo-home" "-e" "RUSTUP_HOME=/opt/rustwide/rustup-home" "-e" "CARGO_TARGET_DIR=/opt/rustwide/target" "-e" "CARGO_INCREMENTAL=0" "-e" "RUST_BACKTRACE=full" "-e" "RUSTFLAGS=--cap-lints=warn" "-e" "RUSTDOCFLAGS=--cap-lints=warn" "-w" "/opt/rustwide/workdir" "--user" "0:0" "324be27c91067e6fd3b5dddf7a74347edacba572b303a55f8d88618d8e76ca27" "/opt/rustwide/cargo-home/bin/cargo" "+1.100.0-beta.1" "test" "--frozen" "--no-run" "--message-format=json" "--release", kill_on_drop: false }`
[INFO] [stdout] warning: hiding a lifetime that's named elsewhere is confusing
[INFO] [stdout]   --> src/lib/./multi_dl.rs:90:80
[INFO] [stdout]    |
[INFO] [stdout] 90 |     fn download(&'a self, token: usize, cfg: Config<'a>) -> Result<Easy2Handle<Collector>> {
[INFO] [stdout]    |                  --                                 --                         ^^^^^^^^^ the same lifetime is hidden here
[INFO] [stdout]    |                  |                                  |
[INFO] [stdout]    |                  the lifetime is named here         the lifetime is named here
[INFO] [stdout]    |
[INFO] [stdout]    = help: the same lifetime is referred to in inconsistent ways, making the signature confusing
[INFO] [stdout]    = note: `#[warn(mismatched_lifetime_syntaxes)]` on by default
[INFO] [stdout] help: consistently use `'a`
[INFO] [stdout]    |
[INFO] [stdout] 90 |     fn download(&'a self, token: usize, cfg: Config<'a>) -> Result<Easy2Handle<Collector<'a>>> {
[INFO] [stdout]    |                                                                                         ++++
[INFO] [stdout] 
[INFO] [stdout] 
[INFO] [stderr]    Compiling sunny v1.1.0 (/opt/rustwide/workdir)
[INFO] [stdout] warning: hiding a lifetime that's named elsewhere is confusing
[INFO] [stdout]   --> src/lib/./multi_dl.rs:90:80
[INFO] [stdout]    |
[INFO] [stdout] 90 |     fn download(&'a self, token: usize, cfg: Config<'a>) -> Result<Easy2Handle<Collector>> {
[INFO] [stdout]    |                  --                                 --                         ^^^^^^^^^ the same lifetime is hidden here
[INFO] [stdout]    |                  |                                  |
[INFO] [stdout]    |                  the lifetime is named here         the lifetime is named here
[INFO] [stdout]    |
[INFO] [stdout]    = help: the same lifetime is referred to in inconsistent ways, making the signature confusing
[INFO] [stdout]    = note: `#[warn(mismatched_lifetime_syntaxes)]` on by default
[INFO] [stdout] help: consistently use `'a`
[INFO] [stdout]    |
[INFO] [stdout] 90 |     fn download(&'a self, token: usize, cfg: Config<'a>) -> Result<Easy2Handle<Collector<'a>>> {
[INFO] [stdout]    |                                                                                         ++++
[INFO] [stdout] 
[INFO] [stdout] 
[INFO] [stderr]     Finished `release` profile [optimized] target(s) in 17.71s
[INFO] running `Command { std: "docker" "inspect" "324be27c91067e6fd3b5dddf7a74347edacba572b303a55f8d88618d8e76ca27", kill_on_drop: false }`
[INFO] running `Command { std: "docker" "exec" "-e" "SOURCE_DIR=/opt/rustwide/workdir" "-e" "CARGO_HOME=/opt/rustwide/cargo-home" "-e" "RUSTUP_HOME=/opt/rustwide/rustup-home" "-e" "CARGO_TARGET_DIR=/opt/rustwide/target" "-e" "CARGO_INCREMENTAL=0" "-e" "RUST_BACKTRACE=full" "-e" "RUSTFLAGS=--cap-lints=warn" "-e" "RUSTDOCFLAGS=--cap-lints=warn" "-w" "/opt/rustwide/workdir" "--user" "0:0" "324be27c91067e6fd3b5dddf7a74347edacba572b303a55f8d88618d8e76ca27" "/opt/rustwide/cargo-home/bin/cargo" "+1.100.0-beta.1" "test" "--frozen" "--release", kill_on_drop: false }`
[INFO] [stderr] warning: hiding a lifetime that's named elsewhere is confusing
[INFO] [stderr]   --> src/lib/./multi_dl.rs:90:80
[INFO] [stderr]    |
[INFO] [stderr] 90 |     fn download(&'a self, token: usize, cfg: Config<'a>) -> Result<Easy2Handle<Collector>> {
[INFO] [stderr]    |                  --                                 --                         ^^^^^^^^^ the same lifetime is hidden here
[INFO] [stderr]    |                  |                                  |
[INFO] [stderr]    |                  the lifetime is named here         the lifetime is named here
[INFO] [stderr]    |
[INFO] [stderr]    = help: the same lifetime is referred to in inconsistent ways, making the signature confusing
[INFO] [stderr]    = note: `#[warn(mismatched_lifetime_syntaxes)]` on by default
[INFO] [stderr] help: consistently use `'a`
[INFO] [stderr]    |
[INFO] [stderr] 90 |     fn download(&'a self, token: usize, cfg: Config<'a>) -> Result<Easy2Handle<Collector<'a>>> {
[INFO] [stderr]    |                                                                                         ++++
[INFO] [stderr] 
[INFO] [stderr] warning: `sunny` (lib) generated 1 warning (run `cargo fix --lib -p sunny` to apply 1 suggestion)
[INFO] [stderr] warning: `sunny` (lib test) generated 1 warning (1 duplicate)
[INFO] [stderr]     Finished `release` profile [optimized] target(s) in 0.17s
[INFO] [stderr]      Running unittests src/lib/mod.rs (/opt/rustwide/target/release/build/sunny/913b574d4a35b2f9/out/sunny-913b574d4a35b2f9)
[INFO] [stdout] 
[INFO] [stdout] running 0 tests
[INFO] [stdout] 
[INFO] [stdout] test result: ok. 0 passed; 0 failed; 0 ignored; 0 measured; 0 filtered out; finished in 0.00s
[INFO] [stdout] 
[INFO] [stderr]      Running unittests src/main.rs (/opt/rustwide/target/release/build/sunny/570a00f9f3f9b933/out/sunny-570a00f9f3f9b933)
[INFO] [stdout] 
[INFO] [stderr]      Running tests/utils.rs (/opt/rustwide/target/release/build/sunny/d90ced25cdb18ee4/out/utils-d90ced25cdb18ee4)
[INFO] [stdout] running 0 tests
[INFO] [stdout] 
[INFO] [stdout] test result: ok. 0 passed; 0 failed; 0 ignored; 0 measured; 0 filtered out; finished in 0.00s
[INFO] [stdout] 
[INFO] [stdout] 
[INFO] [stdout] running 2 tests
[INFO] [stdout] test timestamp_case2 ... FAILED
[INFO] [stdout] test timestamp_case1 ... FAILED
[INFO] [stdout] 
[INFO] [stdout] failures:
[INFO] [stdout] 
[INFO] [stdout] ---- timestamp_case2 stdout ----
[INFO] [stdout] 
[INFO] [stdout] thread 'timestamp_case2' (2142) panicked at tests/utils.rs:14:5:
[INFO] [stdout] assertion failed: ret.is_some()
[INFO] [stdout] stack backtrace:
[INFO] [stdout]    0:     0x626e99383747 - <unknown>
[INFO] [stdout]    1:     0x626e9936ba6a - <unknown>
[INFO] [stdout]    2:     0x626e99382cfb - <unknown>
[INFO] [stdout]    3:     0x626e993827df - <unknown>
[INFO] [stdout]    4:     0x626e9938240a - <unknown>
[INFO] [stdout]    5:     0x626e99381f45 - <unknown>
[INFO] [stdout]    6:     0x626e993a8d22 - <unknown>
[INFO] [stdout]    7:     0x626e993a8ca9 - <unknown>
[INFO] [stdout]    8:     0x626e993a91ac - <unknown>
[INFO] [stdout]    9:     0x626e9936b8fb - <unknown>
[INFO] [stdout]   10:     0x626e9936d051 - <unknown>
[INFO] [stdout]   11:     0x626e9936368b - <unknown>
[INFO] [stdout]   12:     0x626e993c1a8b - <unknown>
[INFO] [stdout]   13:     0x626e993bceef - <unknown>
[INFO] [stdout]   14:     0x626e993bc96c - <unknown>
[INFO] [stdout]   15:     0x626e993dcedc - <unknown>
[INFO] [stdout]   16:     0x626e993aa984 - <unknown>
[INFO] [stdout]   17:     0x7fd9ac13bdfa - <unknown>
[INFO] [stdout]   18:     0x7fd9ac1cf3d4 - clone
[INFO] [stdout]   19:                0x0 - <unknown>
[INFO] [stdout] 
[INFO] [stdout] ---- timestamp_case1 stdout ----
[INFO] [stdout] 
[INFO] [stdout] thread 'timestamp_case1' (2141) panicked at tests/utils.rs:7:5:
[INFO] [stdout] assertion failed: ret.is_some()
[INFO] [stdout] stack backtrace:
[INFO] [stdout]    0:     0x626e99383747 - <unknown>
[INFO] [stdout]    1:     0x626e9936ba6a - <unknown>
[INFO] [stdout]    2:     0x626e99382cfb - <unknown>
[INFO] [stdout]    3:     0x626e993827df - <unknown>
[INFO] [stdout]    4:     0x626e9938240a - <unknown>
[INFO] [stdout]    5:     0x626e99381f45 - <unknown>
[INFO] [stdout]    6:     0x626e993a8d22 - <unknown>
[INFO] [stdout]    7:     0x626e993a8ca9 - <unknown>
[INFO] [stdout]    8:     0x626e993a91ac - <unknown>
[INFO] [stdout]    9:     0x626e9936b8fb - <unknown>
[INFO] [stdout]   10:     0x626e9936d051 - <unknown>
[INFO] [stdout]   11:     0x626e9936363b - <unknown>
[INFO] [stdout]   12:     0x626e993c1a8b - <unknown>
[INFO] [stdout]   13:     0x626e993bceef - <unknown>
[INFO] [stdout]   14:     0x626e993bc96c - <unknown>
[INFO] [stdout]   15:     0x626e993dcedc - <unknown>
[INFO] [stdout]   16:     0x626e993aa984 - <unknown>
[INFO] [stdout]   17:     0x7fd9ac13bdfa - <unknown>
[INFO] [stdout]   18:     0x7fd9ac1cf3d4 - clone
[INFO] [stdout]   19:                0x0 - <unknown>
[INFO] [stdout] 
[INFO] [stdout] 
[INFO] [stdout] failures:
[INFO] [stdout]     timestamp_case1
[INFO] [stdout]     timestamp_case2
[INFO] [stdout] 
[INFO] [stdout] test result: FAILED. 0 passed; 2 failed; 0 ignored; 0 measured; 0 filtered out; finished in 0.00s
[INFO] [stdout] 
[INFO] [stderr] error: test failed, to rerun pass `--test utils`
[INFO] running `Command { std: "docker" "inspect" "324be27c91067e6fd3b5dddf7a74347edacba572b303a55f8d88618d8e76ca27", kill_on_drop: false }`
[INFO] running `Command { std: "docker" "rm" "-f" "324be27c91067e6fd3b5dddf7a74347edacba572b303a55f8d88618d8e76ca27", kill_on_drop: false }`
[INFO] [stdout] 324be27c91067e6fd3b5dddf7a74347edacba572b303a55f8d88618d8e76ca27
