[INFO] fetching crate sundial-cli 0.1.0...
[INFO] testing sundial-cli-0.1.0 against 1.99.0-beta.8+cargoflags=--release for beta-release-1.100-2
[INFO] extracting crate sundial-cli 0.1.0 into /workspace/builds/worker-6-tc1/source
[INFO] started tweaking crates.io crate sundial-cli 0.1.0
[INFO] removed 0 missing tests
[INFO] finished tweaking crates.io crate sundial-cli 0.1.0
[INFO] tweaked toml for crates.io crate sundial-cli 0.1.0 written to /workspace/builds/worker-6-tc1/source/Cargo.toml
[INFO] validating manifest of crates.io crate sundial-cli 0.1.0 on toolchain 1.99.0-beta.8
[INFO] running `Command { std: CARGO_HOME="/workspace/cargo-home" RUSTUP_HOME="/workspace/rustup-home" "/workspace/cargo-home/bin/cargo" "+1.99.0-beta.8" "metadata" "--manifest-path" "Cargo.toml" "--no-deps", kill_on_drop: false }`
[INFO] crate crates.io crate sundial-cli 0.1.0 already has a lockfile, it will not be regenerated
[INFO] running `Command { std: CARGO_HOME="/workspace/cargo-home" RUSTUP_HOME="/workspace/rustup-home" "/workspace/cargo-home/bin/cargo" "+1.99.0-beta.8" "fetch" "--manifest-path" "Cargo.toml", kill_on_drop: false }`
[INFO] [stderr]     Updating crates.io index
[INFO] [stderr]  Downloading crates ...
[INFO] [stderr]   Downloaded naga-types v30.0.0
[INFO] [stderr]   Downloaded sundial-mps v0.1.0
[INFO] [stderr]   Downloaded wgpu-naga-bridge v30.0.0
[INFO] [stderr]   Downloaded wgpu-core-deps-emscripten v30.0.0
[INFO] [stderr]   Downloaded wgpu-core-deps-windows-linux-android v30.0.0
[INFO] [stderr]   Downloaded wgpu-core-deps-apple v30.0.0
[INFO] [stderr]   Downloaded sundial-core v0.1.0
[INFO] [stderr]   Downloaded wgpu-types v30.0.0
[INFO] [stderr]   Downloaded wgpu v30.0.0
[INFO] [stderr]   Downloaded wgpu-core v30.0.0
[INFO] [stderr]   Downloaded wgpu-hal v30.0.0
[INFO] [stderr]   Downloaded naga v30.0.0
[INFO] running `Command { std: "docker" "create" "-v" "/var/lib/crater-agent-workspace/builds/worker-6-tc1/source:/opt/rustwide/workdir:ro,Z" "-v" "/var/lib/crater-agent-workspace/builds/worker-6-tc1/target:/opt/rustwide/target:rw,Z" "-v" "/var/lib/crater-agent-workspace/cargo-home:/opt/rustwide/cargo-home:ro,Z" "-v" "/var/lib/crater-agent-workspace/rustup-home:/opt/rustwide/rustup-home:ro,Z" "-m" "1610612736" "--network" "none" "ghcr.io/rust-lang/crates-build-env/linux@sha256:77db811e55d90add9212f6832c23229e3de5f1c1f9905e8cb07319ea15df73ac" "sleep" "infinity", kill_on_drop: false }`
[INFO] [stdout] 9e719ca7bb96754f87a8307fe5b236e8cdd71137a46d2ab705a1b41552a69556
[INFO] running `Command { std: "docker" "start" "9e719ca7bb96754f87a8307fe5b236e8cdd71137a46d2ab705a1b41552a69556", kill_on_drop: false }`
[INFO] running `Command { std: "docker" "inspect" "9e719ca7bb96754f87a8307fe5b236e8cdd71137a46d2ab705a1b41552a69556", kill_on_drop: false }`
[INFO] running `Command { std: "docker" "exec" "-e" "SOURCE_DIR=/opt/rustwide/workdir" "-e" "CARGO_HOME=/opt/rustwide/cargo-home" "-e" "RUSTUP_HOME=/opt/rustwide/rustup-home" "-e" "CARGO_TARGET_DIR=/opt/rustwide/target" "-w" "/opt/rustwide/workdir" "--user" "0:0" "9e719ca7bb96754f87a8307fe5b236e8cdd71137a46d2ab705a1b41552a69556" "/opt/rustwide/cargo-home/bin/cargo" "+1.99.0-beta.8" "metadata" "--no-deps" "--format-version=1", kill_on_drop: false }`
[INFO] running `Command { std: "docker" "inspect" "9e719ca7bb96754f87a8307fe5b236e8cdd71137a46d2ab705a1b41552a69556", kill_on_drop: false }`
[INFO] running `Command { std: "docker" "exec" "-e" "SOURCE_DIR=/opt/rustwide/workdir" "-e" "CARGO_HOME=/opt/rustwide/cargo-home" "-e" "RUSTUP_HOME=/opt/rustwide/rustup-home" "-e" "CARGO_TARGET_DIR=/opt/rustwide/target" "-e" "CARGO_INCREMENTAL=0" "-e" "RUST_BACKTRACE=full" "-e" "RUSTFLAGS=--cap-lints=warn" "-e" "RUSTDOCFLAGS=--cap-lints=warn" "-w" "/opt/rustwide/workdir" "--user" "0:0" "9e719ca7bb96754f87a8307fe5b236e8cdd71137a46d2ab705a1b41552a69556" "/opt/rustwide/cargo-home/bin/cargo" "+1.99.0-beta.8" "build" "--frozen" "--message-format=json" "--release", kill_on_drop: false }`
[INFO] [stderr]    Compiling zerocopy v0.8.53
[INFO] [stderr]    Compiling num-traits v0.2.19
[INFO] [stderr]    Compiling hashbrown v0.17.1
[INFO] [stderr]    Compiling naga v30.0.0
[INFO] [stderr]    Compiling ash v0.38.0+1.3.281
[INFO] [stderr]    Compiling bit-vec v0.9.1
[INFO] [stderr]    Compiling spirv v0.4.0+sdk-1.4.341.0
[INFO] [stderr]    Compiling codespan-reporting v0.13.1
[INFO] [stderr]    Compiling wayland-sys v0.31.11
[INFO] [stderr]    Compiling unicode-ident v1.0.24
[INFO] [stderr]    Compiling smallvec v1.15.2
[INFO] [stderr]    Compiling syn v2.0.118
[INFO] [stderr]    Compiling khronos-egl v6.0.0
[INFO] [stderr]    Compiling dlib v0.5.3
[INFO] [stderr]    Compiling wgpu-hal v30.0.0
[INFO] [stderr]    Compiling presser v0.3.1
[INFO] [stderr]    Compiling renderdoc-sys v1.1.0
[INFO] [stderr]    Compiling profiling v1.0.18
[INFO] [stderr]    Compiling glow v0.17.0
[INFO] [stderr]    Compiling wgpu-core v30.0.0
[INFO] [stderr]    Compiling wgpu v30.0.0
[INFO] [stderr]    Compiling simd-adler32 v0.3.9
[INFO] [stderr]    Compiling bit-set v0.10.0
[INFO] [stderr]    Compiling futures-core v0.3.32
[INFO] [stderr]    Compiling miniz_oxide v0.8.9
[INFO] [stderr]    Compiling pollster v0.4.0
[INFO] [stderr]    Compiling parking_lot_core v0.9.12
[INFO] [stderr]    Compiling futures-channel v0.3.32
[INFO] [stderr]    Compiling anyhow v1.0.103
[INFO] [stderr]    Compiling parking_lot v0.12.5
[INFO] [stderr]    Compiling flate2 v1.1.9
[INFO] [stderr]    Compiling indexmap v2.14.0
[INFO] [stderr]    Compiling ordered-float v5.3.0
[INFO] [stderr]    Compiling thiserror-impl v2.0.18
[INFO] [stderr]    Compiling zerocopy-derive v0.8.53
[INFO] [stderr]    Compiling bytemuck_derive v1.10.2
[INFO] [stderr]    Compiling serde_derive v1.0.228
[INFO] [stderr]    Compiling clap_derive v4.6.1
[INFO] [stderr]    Compiling thiserror v2.0.18
[INFO] [stderr]    Compiling naga-types v30.0.0
[INFO] [stderr]    Compiling bytemuck v1.25.0
[INFO] [stderr]    Compiling wgpu-types v30.0.0
[INFO] [stderr]    Compiling clap v4.6.1
[INFO] [stderr]    Compiling serde v1.0.228
[INFO] [stderr]    Compiling half v2.7.1
[INFO] [stderr]    Compiling gpu-allocator v0.28.0
[INFO] [stderr]    Compiling wgpu-naga-bridge v30.0.0
[INFO] [stderr]    Compiling wgpu-core-deps-windows-linux-android v30.0.0
[INFO] [stderr]    Compiling sundial-core v0.1.0
[INFO] [stderr]    Compiling sundial-mps v0.1.0
[INFO] [stderr]    Compiling sundial-cli v0.1.0 (/opt/rustwide/workdir)
[INFO] [stderr]     Finished `release` profile [optimized] target(s) in 1m 56s
[INFO] running `Command { std: "docker" "inspect" "9e719ca7bb96754f87a8307fe5b236e8cdd71137a46d2ab705a1b41552a69556", kill_on_drop: false }`
[INFO] running `Command { std: "docker" "exec" "-e" "SOURCE_DIR=/opt/rustwide/workdir" "-e" "CARGO_HOME=/opt/rustwide/cargo-home" "-e" "RUSTUP_HOME=/opt/rustwide/rustup-home" "-e" "CARGO_TARGET_DIR=/opt/rustwide/target" "-e" "CARGO_INCREMENTAL=0" "-e" "RUST_BACKTRACE=full" "-e" "RUSTFLAGS=--cap-lints=warn" "-e" "RUSTDOCFLAGS=--cap-lints=warn" "-w" "/opt/rustwide/workdir" "--user" "0:0" "9e719ca7bb96754f87a8307fe5b236e8cdd71137a46d2ab705a1b41552a69556" "/opt/rustwide/cargo-home/bin/cargo" "+1.99.0-beta.8" "test" "--frozen" "--no-run" "--message-format=json" "--release", kill_on_drop: false }`
[INFO] [stderr]    Compiling sundial-cli v0.1.0 (/opt/rustwide/workdir)
[INFO] [stderr]     Finished `release` profile [optimized] target(s) in 3.10s
[INFO] running `Command { std: "docker" "inspect" "9e719ca7bb96754f87a8307fe5b236e8cdd71137a46d2ab705a1b41552a69556", kill_on_drop: false }`
[INFO] running `Command { std: "docker" "exec" "-e" "SOURCE_DIR=/opt/rustwide/workdir" "-e" "CARGO_HOME=/opt/rustwide/cargo-home" "-e" "RUSTUP_HOME=/opt/rustwide/rustup-home" "-e" "CARGO_TARGET_DIR=/opt/rustwide/target" "-e" "CARGO_INCREMENTAL=0" "-e" "RUST_BACKTRACE=full" "-e" "RUSTFLAGS=--cap-lints=warn" "-e" "RUSTDOCFLAGS=--cap-lints=warn" "-w" "/opt/rustwide/workdir" "--user" "0:0" "9e719ca7bb96754f87a8307fe5b236e8cdd71137a46d2ab705a1b41552a69556" "/opt/rustwide/cargo-home/bin/cargo" "+1.99.0-beta.8" "test" "--frozen" "--release", kill_on_drop: false }`
[INFO] [stderr]     Finished `release` profile [optimized] target(s) in 0.12s
[INFO] [stderr]      Running unittests src/main.rs (/opt/rustwide/target/release/deps/sundial-49227adfaa7b9bf0)
[INFO] [stdout] 
[INFO] [stdout] running 7 tests
[INFO] [stdout] test report::tests::pipes_scrubbed_from_table_cells ... ok
[INFO] [stdout] test report::tests::parse_optima_reads_csv ... ok
[INFO] [stdout] test report::tests::quoted_names_unescape ... ok
[INFO] [stdout] test report::tests::note_column_renders_footnote ... ok
[INFO] [stdout] test report::tests::unknown_instances_get_dash ... ok
[INFO] [stdout] test report::tests::renders_status_and_rel_err ... ok
[INFO] [stdout] test report::tests::two_column_optima_still_parse ... ok
[INFO] [stdout] 
[INFO] [stdout] test result: ok. 7 passed; 0 failed; 0 ignored; 0 measured; 0 filtered out; finished in 0.00s
[INFO] [stdout] 
[INFO] [stderr]      Running tests/netlib.rs (/opt/rustwide/target/release/deps/netlib-16c496da2d7dbeba)
[INFO] [stdout] 
[INFO] [stdout] running 2 tests
[INFO] [stdout] test gpu_solves_netlib_fixtures_to_1e4 ... ignored, requires GPU
[INFO] [stdout] test cpu_reference_solves_netlib_smalls_to_1e4 ... FAILED
[INFO] [stdout] 
[INFO] [stdout] failures:
[INFO] [stdout] 
[INFO] [stdout] ---- cpu_reference_solves_netlib_smalls_to_1e4 stdout ----
[INFO] [stdout] 
[INFO] [stdout] thread 'cpu_reference_solves_netlib_smalls_to_1e4' (1358) panicked at tests/netlib.rs:54:78:
[INFO] [stdout] called `Result::unwrap()` on an `Err` value: Os { code: 2, kind: NotFound, message: "No such file or directory" }
[INFO] [stdout] stack backtrace:
[INFO] [stdout]    0:     0x640d32c9f931 - <<std[70759c8f55707aa4]::sys::backtrace::BacktraceLock>::print::DisplayBacktrace as core[df12db4294e9bfd3]::fmt::Display>::fmt
[INFO] [stdout]    1:     0x640d32cb7a4a - core[df12db4294e9bfd3]::fmt::write
[INFO] [stdout]    2:     0x640d32ca3dcc - <alloc[2182bb758b4b3781]::vec::Vec<u8> as core[df12db4294e9bfd3]::io::write::Write>::write_fmt
[INFO] [stdout]    3:     0x640d32c7b796 - std[70759c8f55707aa4]::panicking::default_hook::{closure#0}
[INFO] [stdout]    4:     0x640d32c97bd9 - std[70759c8f55707aa4]::panicking::default_hook
[INFO] [stdout]    5:     0x640d328aa9d0 - test[9d35eded1c95d3be]::test_main_inner::<test[9d35eded1c95d3be]::test_main_static::{closure#0}>::{closure#0}
[INFO] [stdout]    6:     0x640d32c97d92 - std[70759c8f55707aa4]::panicking::panic_with_hook
[INFO] [stdout]    7:     0x640d32c7b842 - std[70759c8f55707aa4]::panicking::panic_handler::{closure#0}
[INFO] [stdout]    8:     0x640d32c74439 - std[70759c8f55707aa4]::sys::backtrace::__rust_end_short_backtrace::<std[70759c8f55707aa4]::panicking::panic_handler::{closure#0}, !>
[INFO] [stdout]    9:     0x640d32c7c43d - __rustc[8fa7c3cbc660c2b3]::rust_begin_unwind
[INFO] [stdout]   10:     0x640d32cb81ac - core[df12db4294e9bfd3]::panicking::panic_fmt
[INFO] [stdout]   11:     0x640d32cb7f82 - core[df12db4294e9bfd3]::result::unwrap_failed
[INFO] [stdout]   12:     0x640d3288bdbd - <netlib[e3df4839e06dc6c8]::cpu_reference_solves_netlib_smalls_to_1e4::{closure#0} as core[df12db4294e9bfd3]::ops::function::FnOnce<()>>::call_once
[INFO] [stdout]   13:     0x640d3289dcbb - test[9d35eded1c95d3be]::__rust_begin_short_backtrace::<core[df12db4294e9bfd3]::result::Result<(), alloc[2182bb758b4b3781]::string::String>, fn() -> core[df12db4294e9bfd3]::result::Result<(), alloc[2182bb758b4b3781]::string::String>>
[INFO] [stdout]   14:     0x640d328ab325 - test[9d35eded1c95d3be]::run_test::{closure#0}
[INFO] [stdout]   15:     0x640d328a4be4 - std[70759c8f55707aa4]::sys::backtrace::__rust_begin_short_backtrace::<test[9d35eded1c95d3be]::run_test::{closure#1}, ()>
[INFO] [stdout]   16:     0x640d328ae482 - <std[70759c8f55707aa4]::thread::lifecycle::spawn_unchecked<test[9d35eded1c95d3be]::run_test::{closure#1}, ()>::{closure#1} as core[df12db4294e9bfd3]::ops::function::FnOnce<()>>::call_once::{shim:vtable#0}
[INFO] [stdout]   17:     0x640d32c9eeb9 - <std[70759c8f55707aa4]::sys::thread::unix::Thread>::new::thread_start
[INFO] [stdout]   18:     0x7bc71ec04dfa - <unknown>
[INFO] [stdout]   19:     0x7bc71ec983d4 - clone
[INFO] [stdout]   20:                0x0 - <unknown>
[INFO] [stdout] 
[INFO] [stdout] 
[INFO] [stdout] failures:
[INFO] [stdout]     cpu_reference_solves_netlib_smalls_to_1e4
[INFO] [stdout] 
[INFO] [stdout] test result: FAILED. 0 passed; 1 failed; 1 ignored; 0 measured; 0 filtered out; finished in 0.00s
[INFO] [stdout] 
[INFO] [stderr] error: test failed, to rerun pass `--test netlib`
[INFO] running `Command { std: "docker" "inspect" "9e719ca7bb96754f87a8307fe5b236e8cdd71137a46d2ab705a1b41552a69556", kill_on_drop: false }`
[INFO] running `Command { std: "docker" "rm" "-f" "9e719ca7bb96754f87a8307fe5b236e8cdd71137a46d2ab705a1b41552a69556", kill_on_drop: false }`
[INFO] [stdout] 9e719ca7bb96754f87a8307fe5b236e8cdd71137a46d2ab705a1b41552a69556
