[INFO] fetching crate summer 0.7.1...
[INFO] testing summer-0.7.1 against 1.99.0-beta.8+cargoflags=--release for beta-release-1.100-2
[INFO] extracting crate summer 0.7.1 into /workspace/builds/worker-7-tc1/source
[INFO] started tweaking crates.io crate summer 0.7.1
[INFO] removed 0 missing tests
[INFO] finished tweaking crates.io crate summer 0.7.1
[INFO] tweaked toml for crates.io crate summer 0.7.1 written to /workspace/builds/worker-7-tc1/source/Cargo.toml
[INFO] validating manifest of crates.io crate summer 0.7.1 on toolchain 1.99.0-beta.8
[INFO] running `Command { std: CARGO_HOME="/workspace/cargo-home" RUSTUP_HOME="/workspace/rustup-home" "/workspace/cargo-home/bin/cargo" "+1.99.0-beta.8" "metadata" "--manifest-path" "Cargo.toml" "--no-deps", kill_on_drop: false }`
[INFO] crate crates.io crate summer 0.7.1 already has a lockfile, it will not be regenerated
[INFO] running `Command { std: CARGO_HOME="/workspace/cargo-home" RUSTUP_HOME="/workspace/rustup-home" "/workspace/cargo-home/bin/cargo" "+1.99.0-beta.8" "fetch" "--manifest-path" "Cargo.toml", kill_on_drop: false }`
[INFO] [stderr]     Updating crates.io index
[INFO] [stderr]  Downloading crates ...
[INFO] [stderr]   Downloaded summer-macros v0.7.1
[INFO] [stderr]   Downloaded serde-toml-merge v0.3.11
[INFO] running `Command { std: "docker" "create" "-v" "/var/lib/crater-agent-workspace/builds/worker-7-tc1/source:/opt/rustwide/workdir:ro,Z" "-v" "/var/lib/crater-agent-workspace/builds/worker-7-tc1/target:/opt/rustwide/target:rw,Z" "-v" "/var/lib/crater-agent-workspace/cargo-home:/opt/rustwide/cargo-home:ro,Z" "-v" "/var/lib/crater-agent-workspace/rustup-home:/opt/rustwide/rustup-home:ro,Z" "-m" "1610612736" "--network" "none" "ghcr.io/rust-lang/crates-build-env/linux@sha256:77db811e55d90add9212f6832c23229e3de5f1c1f9905e8cb07319ea15df73ac" "sleep" "infinity", kill_on_drop: false }`
[INFO] [stdout] 1d3e8e94eeda30f8226a97bda5d130b3c84f374fa7eb30d81bf39c932600fdb5
[INFO] running `Command { std: "docker" "start" "1d3e8e94eeda30f8226a97bda5d130b3c84f374fa7eb30d81bf39c932600fdb5", kill_on_drop: false }`
[INFO] running `Command { std: "docker" "inspect" "1d3e8e94eeda30f8226a97bda5d130b3c84f374fa7eb30d81bf39c932600fdb5", kill_on_drop: false }`
[INFO] running `Command { std: "docker" "exec" "-e" "SOURCE_DIR=/opt/rustwide/workdir" "-e" "CARGO_HOME=/opt/rustwide/cargo-home" "-e" "RUSTUP_HOME=/opt/rustwide/rustup-home" "-e" "CARGO_TARGET_DIR=/opt/rustwide/target" "-w" "/opt/rustwide/workdir" "--user" "0:0" "1d3e8e94eeda30f8226a97bda5d130b3c84f374fa7eb30d81bf39c932600fdb5" "/opt/rustwide/cargo-home/bin/cargo" "+1.99.0-beta.8" "metadata" "--no-deps" "--format-version=1", kill_on_drop: false }`
[INFO] running `Command { std: "docker" "inspect" "1d3e8e94eeda30f8226a97bda5d130b3c84f374fa7eb30d81bf39c932600fdb5", kill_on_drop: false }`
[INFO] running `Command { std: "docker" "exec" "-e" "SOURCE_DIR=/opt/rustwide/workdir" "-e" "CARGO_HOME=/opt/rustwide/cargo-home" "-e" "RUSTUP_HOME=/opt/rustwide/rustup-home" "-e" "CARGO_TARGET_DIR=/opt/rustwide/target" "-e" "CARGO_INCREMENTAL=0" "-e" "RUST_BACKTRACE=full" "-e" "RUSTFLAGS=--cap-lints=warn" "-e" "RUSTDOCFLAGS=--cap-lints=warn" "-w" "/opt/rustwide/workdir" "--user" "0:0" "1d3e8e94eeda30f8226a97bda5d130b3c84f374fa7eb30d81bf39c932600fdb5" "/opt/rustwide/cargo-home/bin/cargo" "+1.99.0-beta.8" "build" "--frozen" "--message-format=json" "--release", kill_on_drop: false }`
[INFO] [stderr]    Compiling serde_json v1.0.150
[INFO] [stderr]    Compiling matchers v0.2.0
[INFO] [stderr]    Compiling tracing-log v0.2.0
[INFO] [stderr]    Compiling parking_lot_core v0.9.12
[INFO] [stderr]    Compiling chrono v0.4.44
[INFO] [stderr]    Compiling toml v0.9.12+spec-1.1.0
[INFO] [stderr]    Compiling tracing v0.1.44
[INFO] [stderr]    Compiling time v0.3.47
[INFO] [stderr]    Compiling crossbeam-channel v0.5.15
[INFO] [stderr]    Compiling tracing-serde v0.2.0
[INFO] [stderr]    Compiling symlink v0.1.0
[INFO] [stderr]    Compiling summer-macros v0.7.1
[INFO] [stderr]    Compiling parking_lot v0.12.5
[INFO] [stderr]    Compiling dashmap v6.2.1
[INFO] [stderr]    Compiling tokio v1.52.3
[INFO] [stderr]    Compiling serde-toml-merge v0.3.11
[INFO] [stderr]    Compiling schemars v1.2.1
[INFO] [stderr]    Compiling tracing-subscriber v0.3.23
[INFO] [stderr]    Compiling tracing-appender v0.2.5
[INFO] [stderr]    Compiling tracing-error v0.2.1
[INFO] [stderr]    Compiling summer v0.7.1 (/opt/rustwide/workdir)
[INFO] [stderr]     Finished `release` profile [optimized] target(s) in 33.53s
[INFO] running `Command { std: "docker" "inspect" "1d3e8e94eeda30f8226a97bda5d130b3c84f374fa7eb30d81bf39c932600fdb5", kill_on_drop: false }`
[INFO] running `Command { std: "docker" "exec" "-e" "SOURCE_DIR=/opt/rustwide/workdir" "-e" "CARGO_HOME=/opt/rustwide/cargo-home" "-e" "RUSTUP_HOME=/opt/rustwide/rustup-home" "-e" "CARGO_TARGET_DIR=/opt/rustwide/target" "-e" "CARGO_INCREMENTAL=0" "-e" "RUST_BACKTRACE=full" "-e" "RUSTFLAGS=--cap-lints=warn" "-e" "RUSTDOCFLAGS=--cap-lints=warn" "-w" "/opt/rustwide/workdir" "--user" "0:0" "1d3e8e94eeda30f8226a97bda5d130b3c84f374fa7eb30d81bf39c932600fdb5" "/opt/rustwide/cargo-home/bin/cargo" "+1.99.0-beta.8" "test" "--frozen" "--no-run" "--message-format=json" "--release", kill_on_drop: false }`
[INFO] [stderr]    Compiling summer v0.7.1 (/opt/rustwide/workdir)
[INFO] [stderr]     Finished `release` profile [optimized] target(s) in 14.70s
[INFO] running `Command { std: "docker" "inspect" "1d3e8e94eeda30f8226a97bda5d130b3c84f374fa7eb30d81bf39c932600fdb5", kill_on_drop: false }`
[INFO] running `Command { std: "docker" "exec" "-e" "SOURCE_DIR=/opt/rustwide/workdir" "-e" "CARGO_HOME=/opt/rustwide/cargo-home" "-e" "RUSTUP_HOME=/opt/rustwide/rustup-home" "-e" "CARGO_TARGET_DIR=/opt/rustwide/target" "-e" "CARGO_INCREMENTAL=0" "-e" "RUST_BACKTRACE=full" "-e" "RUSTFLAGS=--cap-lints=warn" "-e" "RUSTDOCFLAGS=--cap-lints=warn" "-w" "/opt/rustwide/workdir" "--user" "0:0" "1d3e8e94eeda30f8226a97bda5d130b3c84f374fa7eb30d81bf39c932600fdb5" "/opt/rustwide/cargo-home/bin/cargo" "+1.99.0-beta.8" "test" "--frozen" "--release", kill_on_drop: false }`
[INFO] [stderr]     Finished `release` profile [optimized] target(s) in 0.12s
[INFO] [stderr]      Running unittests src/lib.rs (/opt/rustwide/target/release/deps/summer-36b4e2bd7908bdc0)
[INFO] [stdout] 
[INFO] [stdout] running 42 tests
[INFO] [stdout] test error::tests::test_deserialize_error ... ok
[INFO] [stdout] test error::tests::test_error_chain ... ok
[INFO] [stdout] test error::tests::test_from_io_error ... ok
[INFO] [stdout] test error::tests::test_component_not_exist_error ... ok
[INFO] [stdout] test config::toml::tests::test_load_config ... ok
[INFO] [stdout] test error::tests::test_io_error_conversion ... ok
[INFO] [stdout] test error::tests::test_error_result_ok ... ok
[INFO] [stderr] [2m2026-10-18T17:54:51.769715Z[0m [33m WARN[0m [2msummer::config::toml[0m[2m:[0m Failed to read configuration file "./config/app.toml": No such file or directory (os error 2)
[INFO] [stdout] test plugin::component::tests::test_component_ref_clone ... ok
[INFO] [stdout] test error::tests::test_toml_merge_error ... ok
[INFO] [stdout] test plugin::component::tests::test_component_ref_deref ... ok
[INFO] [stdout] test config::env::tests::test_env ... ok
[INFO] [stdout] test error::tests::test_all_error_variants_display ... ok
[INFO] [stdout] test error::tests::test_anyhow_error_conversion ... ok
[INFO] [stdout] test config::env::tests::test_interpolate ... ok
[INFO] [stdout] test plugin::component::tests::test_component_ref_into_raw ... ok
[INFO] [stdout] test error::tests::test_error_result_type ... ok
[INFO] [stdout] test config::env::tests::test_get_config_path ... ok
[INFO] [stdout] [2m2026-10-18T17:54:51[0m [33m WARN[0m [2msummer::config::toml[0m[2m:[0m Failed to read configuration file "./config/app.toml": No such file or directory (os error 2)
[INFO] [stdout] [2m2026-10-18T17:54:51[0m [33m WARN[0m [2msummer::config::toml[0m[2m:[0m Failed to read configuration file "./config/app.toml": No such file or directory (os error 2)
[INFO] [stdout] [2m2026-10-18T17:54:51[0m [33m WARN[0m [2msummer::config::toml[0m[2m:[0m Failed to read configuration file "./config/app.toml": No such file or directory (os error 2)
[INFO] [stdout] [2m2026-10-18T17:54:51[0m [33m WARN[0m [2msummer::config::toml[0m[2m:[0m Failed to read configuration file "./config/app.toml": No such file or directory (os error 2)
[INFO] [stdout] [2m2026-10-18T17:54:51[0m [32m INFO[0m [2msummer::app[0m[2m:[0m summer::app::tests::LifecycleListenerPlugin plugin registered
[INFO] [stdout] test plugin::tests::test_component_registry_has_component ... ok
[INFO] [stdout] test event::tests::publish_dispatches_listeners_in_registration_order ... ok
[INFO] [stdout] test event::tests::publish_dispatches_to_matching_listeners ... ok
[INFO] [stdout] test app::tests::test_plugin_can_subscribe_to_lifecycle_events ... ok
[INFO] [stdout] [2m2026-10-18T17:54:51[0m [33m WARN[0m [2msummer::config::toml[0m[2m:[0m Failed to read configuration file "./config/app.toml": No such file or directory (os error 2)
[INFO] [stdout] [2m2026-10-18T17:54:51[0m [33m WARN[0m [2msummer::config::toml[0m[2m:[0m Failed to read configuration file "./config/app.toml": No such file or directory (os error 2)
[INFO] [stdout] test plugin::tests::test_component_registry_get_nonexistent ... ok
[INFO] [stdout] test plugin::tests::test_duplicate_component_panic - should panic ... ok
[INFO] [stdout] test plugin::tests::test_component_registry_multiple_types ... ok
[INFO] [stdout] [2m2026-10-18T17:54:51[0m [33m WARN[0m [2msummer::config::toml[0m[2m:[0m Failed to read configuration file "./config/app.toml": No such file or directory (os error 2)
[INFO] [stdout] [2m2026-10-18T17:54:51[0m [33m WARN[0m [2msummer::config::toml[0m[2m:[0m Failed to read configuration file "./config/app.toml": No such file or directory (os error 2)
[INFO] [stdout] [2m2026-10-18T17:54:51[0m [33m WARN[0m [2msummer::config::toml[0m[2m:[0m Failed to read configuration file "./config/app.toml": No such file or directory (os error 2)
[INFO] [stdout] [2m2026-10-18T17:54:51[0m [33m WARN[0m [2msummer::config::toml[0m[2m:[0m Failed to read configuration file "./config/app.toml": No such file or directory (os error 2)
[INFO] [stdout] [2m2026-10-18T17:54:51[0m [33m WARN[0m [2msummer::config::toml[0m[2m:[0m Failed to read configuration file "./config/app.toml": No such file or directory (os error 2)
[INFO] [stdout] [2m2026-10-18T17:54:51[0m [33m WARN[0m [2msummer::config::toml[0m[2m:[0m Failed to read configuration file "./config/app.toml": No such file or directory (os error 2)
[INFO] [stdout] [2m2026-10-18T17:54:51[0m [33m WARN[0m [2msummer::config::toml[0m[2m:[0m Failed to read configuration file "./config/app.toml": No such file or directory (os error 2)
[INFO] [stdout] [2m2026-10-18T17:54:51[0m [33m WARN[0m [2msummer::config::toml[0m[2m:[0m Failed to read configuration file "./config/app.toml": No such file or directory (os error 2)
[INFO] [stdout] test event::tests::publish_keeps_event_types_isolated ... ok
[INFO] [stdout] test app::tests::test_component_registry ... ok
[INFO] [stdout] test plugin::component::tests::test_dyn_component_ref_downcast_success ... ok
[INFO] [stdout] test plugin::component::tests::test_dyn_component_ref_new ... ok
[INFO] [stdout] test plugin::tests::test_get_component_ref ... ok
[INFO] [stdout] test plugin::tests::test_plugin_build_adds_component ... ok
[INFO] [stdout] test plugin::tests::test_component_registry_add_and_get ... ok
[INFO] [stdout] test plugin::tests::test_get_expect_component_panic - should panic ... ok
[INFO] [stdout] test plugin::tests::test_get_expect_component_success ... ok
[INFO] [stdout] test plugin::tests::test_immediate_plugin ... ok
[INFO] [stdout] test plugin::component::tests::test_multiple_component_types ... ok
[INFO] [stdout] test plugin::component::tests::test_dyn_component_ref_downcast_failure ... ok
[INFO] [stdout] test plugin::component::tests::test_dyn_component_ref_clone ... ok
[INFO] [stdout] [2m2026-10-18T17:54:51[0m [33m WARN[0m [2msummer::config::toml[0m[2m:[0m Failed to read configuration file "./config/app.toml": No such file or directory (os error 2)
[INFO] [stdout] [2m2026-10-18T17:54:51[0m [33m WARN[0m [2msummer::config::toml[0m[2m:[0m Failed to read configuration file "./config/app.toml": No such file or directory (os error 2)
[INFO] [stdout] test plugin::tests::test_plugin_dependencies_order ... ok
[INFO] [stdout] test plugin::tests::test_plugin_registration ... ok
[INFO] [stdout] [2m2026-10-18T17:54:51[0m [33m WARN[0m [2msummer::config::toml[0m[2m:[0m Failed to read configuration file "./config/app.toml": No such file or directory (os error 2)
[INFO] [stdout] test plugin::tests::test_try_get_component_success ... ok
[INFO] [stdout] [2m2026-10-18T17:54:51[0m [33m WARN[0m [2msummer::config::toml[0m[2m:[0m Failed to read configuration file "./config/app.toml": No such file or directory (os error 2)
[INFO] [stdout] test plugin::tests::test_try_get_component_failure ... ok
[INFO] [stdout] [2m2026-10-18T17:54:51[0m [33m WARN[0m [2msummer::config::toml[0m[2m:[0m Failed to read configuration file "./config/app.toml": No such file or directory (os error 2)
[INFO] [stderr]      Running tests/component_macro_test.rs (/opt/rustwide/target/release/deps/component_macro_test-0e6c3232217a8732)
[INFO] [stdout] test plugin::tests::test_duplicate_plugin_panic - should panic ... ok
[INFO] [stdout] 
[INFO] [stdout] test result: ok. 42 passed; 0 failed; 0 ignored; 0 measured; 0 filtered out; finished in 0.02s
[INFO] [stdout] 
[INFO] [stdout] 
[INFO] [stdout] running 10 tests
[INFO] [stderr] [2m2026-10-18T17:54:51.785599Z[0m [33m WARN[0m [2msummer::config::toml[0m[2m:[0m Failed to read configuration file "./config/app.toml": No such file or directory (os error 2)
[INFO] [stdout] [2m2026-10-18T17:54:51[0m [33m WARN[0m [2msummer::config::toml[0m[2m:[0m Failed to read configuration file "./config/app.toml": No such file or directory (os error 2)
[INFO] [stderr] [2m2026-10-18T17:54:51.785739Z[0m [33m WARN[0m [2msummer::config::toml[0m[2m:[0m Failed to read configuration file "./config/app.toml": No such file or directory (os error 2)
[INFO] [stdout] [2m2026-10-18T17:54:51[0m [32m INFO[0m [2msummer::app[0m[2m:[0m __CreateResultPlugin plugin registered
[INFO] [stderr] [2m2026-10-18T17:54:51.785599Z[0m [33m WARN[0m [2msummer::config::toml[0m[2m:[0m Failed to read configuration file "./config/app.toml": No such file or directory (os error 2)
[INFO] [stdout] [2m2026-10-18T17:54:51[0m [32m INFO[0m [2msummer::app[0m[2m:[0m __CreateTestConnectionPlugin plugin registered
[INFO] [stdout] [2m2026-10-18T17:54:51[0m [32m INFO[0m [2msummer::app[0m[2m:[0m __CreateConfigOnlyComponentPlugin plugin registered
[INFO] [stdout] [2m2026-10-18T17:54:51[0m [32m INFO[0m [2msummer::app[0m[2m:[0m __CreateInjectedConsumerPlugin plugin registered
[INFO] [stdout] [2m2026-10-18T17:54:51[0m [33m WARN[0m [2msummer::config::toml[0m[2m:[0m Failed to read configuration file "./config/app.toml": No such file or directory (os error 2)
[INFO] [stdout] [2m2026-10-18T17:54:51[0m [33m WARN[0m [2msummer::config::toml[0m[2m:[0m Failed to read configuration file "./config/app.toml": No such file or directory (os error 2)
[INFO] [stdout] [2m2026-10-18T17:54:51[0m [32m INFO[0m [2msummer::app[0m[2m:[0m __CreateResultPlugin plugin registered
[INFO] [stdout] [2m2026-10-18T17:54:51[0m [33m WARN[0m [2msummer::config::toml[0m[2m:[0m Failed to read configuration file "./config/app.toml": No such file or directory (os error 2)
[INFO] [stdout] [2m2026-10-18T17:54:51[0m [32m INFO[0m [2msummer::app[0m[2m:[0m __CreateAsyncConnectionPlugin plugin registered
[INFO] [stdout] [2m2026-10-18T17:54:51[0m [32m INFO[0m [2msummer::app[0m[2m:[0m __CreateConfigOnlyComponentPlugin plugin registered
[INFO] [stdout] [2m2026-10-18T17:54:51[0m [32m INFO[0m [2msummer::app[0m[2m:[0m __CreateTestConnectionPlugin plugin registered
[INFO] [stdout] [2m2026-10-18T17:54:51[0m [32m INFO[0m [2msummer::app[0m[2m:[0m __CreateConfigOnlyComponentPlugin plugin registered
[INFO] [stdout] [2m2026-10-18T17:54:51[0m [32m INFO[0m [2msummer::app[0m[2m:[0m __CreateTestRepositoryPlugin plugin registered
[INFO] [stdout] [2m2026-10-18T17:54:51[0m [32m INFO[0m [2msummer::app[0m[2m:[0m __CreateTestServicePlugin plugin registered
[INFO] [stdout] [2m2026-10-18T17:54:51[0m [32m INFO[0m [2msummer::app[0m[2m:[0m __CreateInjectedConsumerPlugin plugin registered
[INFO] [stdout] [2m2026-10-18T17:54:51[0m [33m WARN[0m [2msummer::config::toml[0m[2m:[0m Failed to read configuration file "./config/app.toml": No such file or directory (os error 2)
[INFO] [stdout] [2m2026-10-18T17:54:51[0m [32m INFO[0m [2msummer::app[0m[2m:[0m __CreateAsyncConnectionPlugin plugin registered
[INFO] [stdout] [2m2026-10-18T17:54:51[0m [32m INFO[0m [2msummer::app[0m[2m:[0m __CreateTestRepositoryPlugin plugin registered
[INFO] [stdout] [2m2026-10-18T17:54:51[0m [32m INFO[0m [2msummer::app[0m[2m:[0m __CreateResultPlugin plugin registered
[INFO] [stdout] [2m2026-10-18T17:54:51[0m [32m INFO[0m [2msummer::app[0m[2m:[0m __CreateTestServicePlugin plugin registered
[INFO] [stdout] [2m2026-10-18T17:54:51[0m [32m INFO[0m [2msummer::app[0m[2m:[0m __CreateConfigOnlyComponentPlugin plugin registered
[INFO] [stdout] [2m2026-10-18T17:54:51[0m [32m INFO[0m [2msummer::app[0m[2m:[0m __CreateResultPlugin plugin registered
[INFO] [stdout] test test_try_get_component ... ok[2m2026-10-18T17:54:51[0m [32m INFO[0m [2msummer::app[0m[2m:[0m __CreateTestConnectionPlugin plugin registered
[INFO] [stdout] 
[INFO] [stdout] test test_component_macro_basic ... ok
[INFO] [stdout] [2m2026-10-18T17:54:51[0m [32m INFO[0m [2msummer::app[0m[2m:[0m __CreateResultPlugin plugin registered
[INFO] [stdout] [2m2026-10-18T17:54:51[0m [32m INFO[0m [2msummer::app[0m[2m:[0m __CreateAsyncConnectionPlugin plugin registered
[INFO] [stdout] [2m2026-10-18T17:54:51[0m [32m INFO[0m [2msummer::app[0m[2m:[0m __CreateTestConnectionPlugin plugin registered
[INFO] [stdout] [2m2026-10-18T17:54:51[0m [32m INFO[0m [2msummer::app[0m[2m:[0m __CreateConfigOnlyComponentPlugin plugin registered
[INFO] [stdout] [2m2026-10-18T17:54:51[0m [32m INFO[0m [2msummer::app[0m[2m:[0m __CreateTestRepositoryPlugin plugin registered
[INFO] [stdout] [2m2026-10-18T17:54:51[0m [32m INFO[0m [2msummer::app[0m[2m:[0m __CreateResultPlugin plugin registered
[INFO] [stdout] [2m2026-10-18T17:54:51[0m [32m INFO[0m [2msummer::app[0m[2m:[0m __CreateTestServicePlugin plugin registered
[INFO] [stdout] [2m2026-10-18T17:54:51[0m [32m INFO[0m [2msummer::app[0m[2m:[0m __CreateInjectedConsumerPlugin plugin registered
[INFO] [stdout] test test_result_return_type ... ok
[INFO] [stdout] [2m2026-10-18T17:54:51[0m [33m WARN[0m [2msummer::config::toml[0m[2m:[0m Failed to read configuration file "./config/app.toml": No such file or directory (os error 2)
[INFO] [stdout] [2m2026-10-18T17:54:51[0m [32m INFO[0m [2msummer::app[0m[2m:[0m __CreateAsyncConnectionPlugin plugin registered
[INFO] [stdout] [2m2026-10-18T17:54:51[0m [32m INFO[0m [2msummer::app[0m[2m:[0m __CreateConfigOnlyComponentPlugin plugin registered
[INFO] [stdout] [2m2026-10-18T17:54:51[0m [32m INFO[0m [2msummer::app[0m[2m:[0m __CreateTestConnectionPlugin plugin registered
[INFO] [stdout] [2m2026-10-18T17:54:51[0m [32m INFO[0m [2msummer::app[0m[2m:[0m __CreateTestRepositoryPlugin plugin registered
[INFO] [stdout] [2m2026-10-18T17:54:51[0m [32m INFO[0m [2msummer::app[0m[2m:[0m __CreateInjectedConsumerPlugin plugin registered
[INFO] [stdout] [2m2026-10-18T17:54:51[0m [32m INFO[0m [2msummer::app[0m[2m:[0m __CreateTestServicePlugin plugin registered
[INFO] [stdout] [2m2026-10-18T17:54:51[0m [33m WARN[0m [2msummer::config::toml[0m[2m:[0m Failed to read configuration file "./config/app.toml": No such file or directory (os error 2)
[INFO] [stdout] test test_component_with_inject_dependency_name_override ... ok
[INFO] [stdout] [2m2026-10-18T17:54:51[0m [32m INFO[0m [2msummer::app[0m[2m:[0m __CreateResultPlugin plugin registered
[INFO] [stdout] [2m2026-10-18T17:54:51[0m [32m INFO[0m [2msummer::app[0m[2m:[0m __CreateConfigOnlyComponentPlugin plugin registered
[INFO] [stdout] [2m2026-10-18T17:54:51[0m [32m INFO[0m [2msummer::app[0m[2m:[0m __CreateAsyncConnectionPlugin plugin registered
[INFO] [stdout] [2m2026-10-18T17:54:51[0m [32m INFO[0m [2msummer::app[0m[2m:[0m __CreateTestConnectionPlugin plugin registered
[INFO] [stdout] [2m2026-10-18T17:54:51[0m [32m INFO[0m [2msummer::app[0m[2m:[0m __CreateResultPlugin plugin registered
[INFO] [stdout] [2m2026-10-18T17:54:51[0m [32m INFO[0m [2msummer::app[0m[2m:[0m __CreateTestRepositoryPlugin plugin registered
[INFO] [stdout] [2m2026-10-18T17:54:51[0m [32m INFO[0m [2msummer::app[0m[2m:[0m __CreateInjectedConsumerPlugin plugin registered
[INFO] [stdout] [2m2026-10-18T17:54:51[0m [32m INFO[0m [2msummer::app[0m[2m:[0m __CreateTestServicePlugin plugin registered
[INFO] [stdout] [2m2026-10-18T17:54:51[0m [32m INFO[0m [2msummer::app[0m[2m:[0m __CreateAsyncConnectionPlugin plugin registered
[INFO] [stdout] [2m2026-10-18T17:54:51[0m [32m INFO[0m [2msummer::app[0m[2m:[0m __CreateConfigOnlyComponentPlugin plugin registered
[INFO] [stdout] [2m2026-10-18T17:54:51[0m [32m INFO[0m [2msummer::app[0m[2m:[0m __CreateResultPlugin plugin registered
[INFO] [stdout] [2m2026-10-18T17:54:51[0m [32m INFO[0m [2msummer::app[0m[2m:[0m __CreateTestConnectionPlugin plugin registered
[INFO] [stdout] [2m2026-10-18T17:54:51[0m [32m INFO[0m [2msummer::app[0m[2m:[0m __CreateTestRepositoryPlugin plugin registered
[INFO] [stdout] [2m2026-10-18T17:54:51[0m [32m INFO[0m [2msummer::app[0m[2m:[0m __CreateTestServicePlugin plugin registered
[INFO] [stdout] [2m2026-10-18T17:54:51[0m [32m INFO[0m [2msummer::app[0m[2m:[0m __CreateInjectedConsumerPlugin plugin registered
[INFO] [stdout] [2m2026-10-18T17:54:51[0m [32m INFO[0m [2msummer::app[0m[2m:[0m __CreateAsyncConnectionPlugin plugin registered
[INFO] [stdout] [2m2026-10-18T17:54:51[0m [32m INFO[0m [2msummer::app[0m[2m:[0m __CreateConfigOnlyComponentPlugin plugin registered
[INFO] [stdout] [2m2026-10-18T17:54:51[0m [32m INFO[0m [2msummer::app[0m[2m:[0m __CreateTestConnectionPlugin plugin registered
[INFO] [stdout] [2m2026-10-18T17:54:51[0m [32m INFO[0m [2msummer::app[0m[2m:[0m __CreateTestRepositoryPlugin plugin registered
[INFO] [stdout] [2m2026-10-18T17:54:51[0m [32m INFO[0m [2msummer::app[0m[2m:[0m __CreateTestServicePlugin plugin registered
[INFO] [stdout] [2m2026-10-18T17:54:51[0m [32m INFO[0m [2msummer::app[0m[2m:[0m __CreateInjectedConsumerPlugin plugin registered
[INFO] [stdout] [2m2026-10-18T17:54:51[0m [32m INFO[0m [2msummer::app[0m[2m:[0m __CreateAsyncConnectionPlugin plugin registered
[INFO] [stdout] [2m2026-10-18T17:54:51[0m [32m INFO[0m [2msummer::app[0m[2m:[0m __CreateTestRepositoryPlugin plugin registered
[INFO] [stdout] [2m2026-10-18T17:54:51[0m [32m INFO[0m [2msummer::app[0m[2m:[0m __CreateInjectedConsumerPlugin plugin registered
[INFO] [stdout] [2m2026-10-18T17:54:51[0m [32m INFO[0m [2msummer::app[0m[2m:[0m __CreateTestServicePlugin plugin registered
[INFO] [stdout] test test_component_clone_semantics ... ok
[INFO] [stdout] test test_component_ref_usage ... ok
[INFO] [stdout] test test_component_dependency_order ... ok
[INFO] [stdout] test test_async_component ... ok
[INFO] [stdout] [2m2026-10-18T17:54:51[0m [32m INFO[0m [2msummer::app[0m[2m:[0m __CreateAsyncConnectionPlugin plugin registered
[INFO] [stderr]      Running tests/integration_test.rs (/opt/rustwide/target/release/deps/integration_test-8e95ddf2eee8d107)
[INFO] [stdout] [2m2026-10-18T17:54:51[0m [32m INFO[0m [2msummer::app[0m[2m:[0m __CreateConfigOnlyComponentPlugin plugin registered
[INFO] [stdout] [2m2026-10-18T17:54:51[0m [32m INFO[0m [2msummer::app[0m[2m:[0m __CreateTestConnectionPlugin plugin registered
[INFO] [stdout] [2m2026-10-18T17:54:51[0m [32m INFO[0m [2msummer::app[0m[2m:[0m __CreateInjectedConsumerPlugin plugin registered
[INFO] [stdout] [2m2026-10-18T17:54:51[0m [32m INFO[0m [2msummer::app[0m[2m:[0m __CreateTestRepositoryPlugin plugin registered
[INFO] [stdout] [2m2026-10-18T17:54:51[0m [32m INFO[0m [2msummer::app[0m[2m:[0m __CreateTestServicePlugin plugin registered
[INFO] [stdout] [2m2026-10-18T17:54:51[0m [32m INFO[0m [2msummer::app[0m[2m:[0m __CreateAsyncConnectionPlugin plugin registered
[INFO] [stdout] [2m2026-10-18T17:54:51[0m [32m INFO[0m [2msummer::app[0m[2m:[0m ManualPlugin plugin registered
[INFO] [stdout] [2m2026-10-18T17:54:51[0m [32m INFO[0m [2msummer::app[0m[2m:[0m __CreateTestConnectionPlugin plugin registered
[INFO] [stdout] [2m2026-10-18T17:54:51[0m [32m INFO[0m [2msummer::app[0m[2m:[0m __CreateResultPlugin plugin registered
[INFO] [stdout] [2m2026-10-18T17:54:51[0m [32m INFO[0m [2msummer::app[0m[2m:[0m __CreateInjectedConsumerPlugin plugin registered
[INFO] [stdout] [2m2026-10-18T17:54:51[0m [32m INFO[0m [2msummer::app[0m[2m:[0m __CreateTestRepositoryPlugin plugin registered
[INFO] [stdout] [2m2026-10-18T17:54:51[0m [32m INFO[0m [2msummer::app[0m[2m:[0m __CreateTestServicePlugin plugin registered
[INFO] [stdout] test test_component_with_config_only ... ok
[INFO] [stdout] test test_mixed_manual_and_auto_plugins ... ok
[INFO] [stdout] 
[INFO] [stdout] test result: ok. 10 passed; 0 failed; 0 ignored; 0 measured; 0 filtered out; finished in 0.01s
[INFO] [stdout] 
[INFO] [stdout] 
[INFO] [stdout] running 10 tests
[INFO] [stderr] [2m2026-10-18T17:54:51.801819Z[0m [33m WARN[0m [2msummer::config::toml[0m[2m:[0m Failed to read configuration file "./config/app.toml": No such file or directory (os error 2)
[INFO] [stderr] [2m2026-10-18T17:54:51.802375Z[0m [33m WARN[0m [2msummer::config::toml[0m[2m:[0m Failed to read configuration file "./config/app.toml": No such file or directory (os error 2)
[INFO] [stderr] [2m2026-10-18T17:54:51.802409Z[0m [33m WARN[0m [2msummer::config::toml[0m[2m:[0m Failed to read configuration file "./config/app.toml": No such file or directory (os error 2)
[INFO] [stderr] [2m2026-10-18T17:54:51.802547Z[0m [33m WARN[0m [2msummer::config::toml[0m[2m:[0m Failed to read configuration file "./config/app.toml": No such file or directory (os error 2)
[INFO] [stderr] [2m2026-10-18T17:54:51.802555Z[0m [33m WARN[0m [2msummer::config::toml[0m[2m:[0m Failed to read configuration file "./config/app.toml": No such file or directory (os error 2)
[INFO] [stderr] [2m2026-10-18T17:54:51.803173Z[0m [33m WARN[0m [2msummer::config::toml[0m[2m:[0m Failed to read configuration file "./config/app.toml": No such file or directory (os error 2)
[INFO] [stdout] test test_component_clone_semantics ... ok
[INFO] [stdout] test test_app_environment ... ok
[INFO] [stdout] test test_plugin_initialization_order ... ok
[INFO] [stdout] test test_plugin_dependency_resolution ... ok
[INFO] [stderr] [2m2026-10-18T17:54:51.804408Z[0m [33m WARN[0m [2msummer::config::toml[0m[2m:[0m Failed to read configuration file "./config/app.toml": No such file or directory (os error 2)
[INFO] [stdout] test test_try_get_component_error_handling ... ok
[INFO] [stderr] [2m2026-10-18T17:54:51.804569Z[0m [33m WARN[0m [2msummer::config::toml[0m[2m:[0m Failed to read configuration file "./config/app.toml": No such file or directory (os error 2)
[INFO] [stdout] test test_multiple_plugins ... ok
[INFO] [stdout] test test_component_ref_lifetime ... ok
[INFO] [stdout] test test_immediate_plugin ... ok
[INFO] [stdout] test test_app_builder_with_components ... ok
[INFO] [stderr] [2m2026-10-18T17:54:51.810447Z[0m [33m WARN[0m [2msummer::config::toml[0m[2m:[0m Failed to read configuration file "./config/app.toml": No such file or directory (os error 2)
[INFO] [stderr] [2m2026-10-18T17:54:51.827433Z[0m [33m WARN[0m [2msummer::config::toml[0m[2m:[0m Failed to read configuration file "./config/app.toml": No such file or directory (os error 2)
[INFO] [stdout] test test_app_builder_with_plugin ... ok
[INFO] [stderr]    Doc-tests summer
[INFO] [stdout] 
[INFO] [stdout] test result: ok. 10 passed; 0 failed; 0 ignored; 0 measured; 0 filtered out; finished in 0.03s
[INFO] [stdout] 
[INFO] [stderr] warning: unexpected character `=`
[INFO] [stderr]   |
[INFO] [stderr]   = note: `#[warn(rustdoc::invalid_codeblock_attributes)]` on by default
[INFO] [stderr] 
[INFO] [stderr] warning: 1 warning emitted
[INFO] [stderr] 
[INFO] [stdout] 
[INFO] [stdout] running 13 tests
[INFO] [stdout] test src/extractor.rs - extractor::Component (line 10) ... ignored
[INFO] [stdout] test src/extractor.rs - extractor::Config (line 40) ... ignored
[INFO] [stdout] test src/lib.rs - (line 75) ... ignored
[INFO] [stdout] test src/plugin/lazy.rs - plugin::lazy::LazyComponent (line 13) ... ignored
[INFO] [stdout] test src/plugin/mod.rs - plugin::submit_component_plugin (line 31) ... ignored
[INFO] [stdout] test src/lib.rs - (line 139) - compile ... ok
[INFO] [stdout] test src/lib.rs - plugin (line 44) ... ok
[INFO] [stdout] test src/plugin/mod.rs - plugin::service (line 81) ... ok
[INFO] [stdout] test src/lib.rs - (line 29) - compile ... FAILED
[INFO] [stdout] test src/plugin/mod.rs - plugin::service (line 53) ... ok
[INFO] [stdout] test src/plugin/service.rs - plugin::service::Service (line 11) ... FAILED
[INFO] [stdout] test src/plugin/mod.rs - plugin::service (line 15) ... FAILED
[INFO] [stdout] test src/lib.rs - config (line 15) ... ok
[INFO] [stdout] 
[INFO] [stdout] failures:
[INFO] [stdout] 
[INFO] [stdout] ---- src/lib.rs - (line 29) stdout ----
[INFO] [stdout] error[E0433]: cannot find module or crate `summer_sqlx` in this scope
[INFO] [stdout]   --> src/lib.rs:32:5
[INFO] [stdout]    |
[INFO] [stdout] 32 | use summer_sqlx::{
[INFO] [stdout]    |     ^^^^^^^^^^^ use of unresolved module or unlinked crate `summer_sqlx`
[INFO] [stdout]    |
[INFO] [stdout]    = help: if you wanted to use a crate named `summer_sqlx`, use `cargo add summer_sqlx` to add it to your `Cargo.toml`
[INFO] [stdout] 
[INFO] [stdout] error[E0432]: unresolved import `summer_sqlx`
[INFO] [stdout]   --> src/lib.rs:32:5
[INFO] [stdout]    |
[INFO] [stdout] 32 | use summer_sqlx::{
[INFO] [stdout]    |     ^^^^^^^^^^^ use of unresolved module or unlinked crate `summer_sqlx`
[INFO] [stdout]    |
[INFO] [stdout]    = help: if you wanted to use a crate named `summer_sqlx`, use `cargo add summer_sqlx` to add it to your `Cargo.toml`
[INFO] [stdout] 
[INFO] [stdout] error[E0433]: cannot find module or crate `summer_web` in this scope
[INFO] [stdout]   --> src/lib.rs:37:5
[INFO] [stdout]    |
[INFO] [stdout] 37 | use summer_web::{
[INFO] [stdout]    |     ^^^^^^^^^^ use of unresolved module or unlinked crate `summer_web`
[INFO] [stdout]    |
[INFO] [stdout]    = help: if you wanted to use a crate named `summer_web`, use `cargo add summer_web` to add it to your `Cargo.toml`
[INFO] [stdout] 
[INFO] [stdout] error[E0432]: unresolved import `summer_web`
[INFO] [stdout]   --> src/lib.rs:36:5
[INFO] [stdout]    |
[INFO] [stdout] 36 | use summer_web::{get, route};
[INFO] [stdout]    |     ^^^^^^^^^^ use of unresolved module or unlinked crate `summer_web`
[INFO] [stdout]    |
[INFO] [stdout]    = help: if you wanted to use a crate named `summer_web`, use `cargo add summer_web` to add it to your `Cargo.toml`
[INFO] [stdout] 
[INFO] [stdout] error[E0432]: unresolved import `summer_web`
[INFO] [stdout]   --> src/lib.rs:37:5
[INFO] [stdout]    |
[INFO] [stdout] 37 | use summer_web::{
[INFO] [stdout]    |     ^^^^^^^^^^ use of unresolved module or unlinked crate `summer_web`
[INFO] [stdout]    |
[INFO] [stdout]    = help: if you wanted to use a crate named `summer_web`, use `cargo add summer_web` to add it to your `Cargo.toml`
[INFO] [stdout] 
[INFO] [stdout] error[E0433]: cannot find `summer_web` in the list of imported crates
[INFO] [stdout]   --> src/lib.rs:43:1
[INFO] [stdout]    |
[INFO] [stdout] 43 | #[auto_config(WebConfigurator)]
[INFO] [stdout]    | ^^^^^^^^^^^^^^^^^^^^^^^^^^^^^^^ could not find `summer_web` in the list of imported crates
[INFO] [stdout]    |
[INFO] [stdout]    = note: this error originates in the attribute macro `auto_config` (in Nightly builds, run with -Z macro-backtrace for more info)
[INFO] [stdout] 
[INFO] [stdout] error: aborting due to 6 previous errors
[INFO] [stdout] 
[INFO] [stdout] Some errors have detailed explanations: E0432, E0433.
[INFO] [stdout] For more information about an error, try `rustc --explain E0432`.
[INFO] [stdout] Couldn't compile the test.
[INFO] [stdout] ---- src/plugin/service.rs - plugin::service::Service (line 11) stdout ----
[INFO] [stdout] error[E0432]: unresolved import `summer_sqlx`
[INFO] [stdout]   --> src/plugin/service.rs:14:5
[INFO] [stdout]    |
[INFO] [stdout] 14 | use summer_sqlx::ConnectPool;
[INFO] [stdout]    |     ^^^^^^^^^^^ use of unresolved module or unlinked crate `summer_sqlx`
[INFO] [stdout]    |
[INFO] [stdout]    = help: if you wanted to use a crate named `summer_sqlx`, use `cargo add summer_sqlx` to add it to your `Cargo.toml`
[INFO] [stdout] 
[INFO] [stdout] error: aborting due to 1 previous error
[INFO] [stdout] 
[INFO] [stdout] For more information about this error, try `rustc --explain E0432`.
[INFO] [stdout] Couldn't compile the test.
[INFO] [stdout] ---- src/plugin/mod.rs - plugin::service (line 15) stdout ----
[INFO] [stdout] error[E0432]: unresolved import `summer_sqlx`
[INFO] [stdout]   --> src/plugin/mod.rs:17:5
[INFO] [stdout]    |
[INFO] [stdout] 17 | use summer_sqlx::ConnectPool;
[INFO] [stdout]    |     ^^^^^^^^^^^ use of unresolved module or unlinked crate `summer_sqlx`
[INFO] [stdout]    |
[INFO] [stdout]    = help: if you wanted to use a crate named `summer_sqlx`, use `cargo add summer_sqlx` to add it to your `Cargo.toml`
[INFO] [stdout] 
[INFO] [stdout] error: aborting due to 1 previous error
[INFO] [stdout] 
[INFO] [stdout] For more information about this error, try `rustc --explain E0432`.
[INFO] [stdout] Couldn't compile the test.
[INFO] [stdout] 
[INFO] [stdout] failures:
[INFO] [stdout]     src/lib.rs - (line 29)
[INFO] [stdout]     src/plugin/mod.rs - plugin::service (line 15)
[INFO] [stdout]     src/plugin/service.rs - plugin::service::Service (line 11)
[INFO] [stdout] 
[INFO] [stdout] test result: FAILED. 5 passed; 3 failed; 5 ignored; 0 measured; 0 filtered out; finished in 0.75s
[INFO] [stdout] 
[INFO] [stderr] error: doctest failed, to rerun pass `--doc`
[INFO] running `Command { std: "docker" "inspect" "1d3e8e94eeda30f8226a97bda5d130b3c84f374fa7eb30d81bf39c932600fdb5", kill_on_drop: false }`
[INFO] running `Command { std: "docker" "rm" "-f" "1d3e8e94eeda30f8226a97bda5d130b3c84f374fa7eb30d81bf39c932600fdb5", kill_on_drop: false }`
[INFO] [stdout] 1d3e8e94eeda30f8226a97bda5d130b3c84f374fa7eb30d81bf39c932600fdb5
